--
-- Host: 127.0.0.1    Database: shofy
-- ------------------------------------------------------


--
-- Table structure for table `activations`
--

CREATE TABLE `activations` (
  `id` bigint unsigned NOT NULL AUTO_INCREMENT,
  `user_id` bigint unsigned NOT NULL,
  `code` varchar(120) COLLATE utf8mb4_unicode_ci NOT NULL,
  `completed` tinyint(1) NOT NULL DEFAULT '0',
  `completed_at` timestamp NULL DEFAULT NULL,
  `created_at` timestamp NULL DEFAULT NULL,
  `updated_at` timestamp NULL DEFAULT NULL,
  PRIMARY KEY (`id`),
  KEY `activations_user_id_index` (`user_id`)
) ENGINE=InnoDB AUTO_INCREMENT=2 DEFAULT CHARSET=utf8mb4 COLLATE=utf8mb4_unicode_ci;

--
-- Dumping data for table `activations`
--

INSERT INTO `activations` VALUES (1,1,'RHCfox4iE39TOzx0I9rhxmrMKwjQG5u8',1,'2025-03-31 21:07:05','2025-03-31 21:07:05','2025-03-31 21:07:05');

--
-- Table structure for table `admin_notifications`
--

CREATE TABLE `admin_notifications` (
  `id` bigint unsigned NOT NULL AUTO_INCREMENT,
  `title` varchar(191) COLLATE utf8mb4_unicode_ci NOT NULL,
  `action_label` varchar(191) COLLATE utf8mb4_unicode_ci DEFAULT NULL,
  `action_url` varchar(191) COLLATE utf8mb4_unicode_ci DEFAULT NULL,
  `description` varchar(400) COLLATE utf8mb4_unicode_ci DEFAULT NULL,
  `read_at` timestamp NULL DEFAULT NULL,
  `created_at` timestamp NULL DEFAULT NULL,
  `updated_at` timestamp NULL DEFAULT NULL,
  `permission` varchar(191) COLLATE utf8mb4_unicode_ci DEFAULT NULL,
  PRIMARY KEY (`id`)
) ENGINE=InnoDB DEFAULT CHARSET=utf8mb4 COLLATE=utf8mb4_unicode_ci;

--
-- Dumping data for table `admin_notifications`
--


--
-- Table structure for table `ads_translations`
--

CREATE TABLE `ads_translations` (
  `lang_code` varchar(191) COLLATE utf8mb4_unicode_ci NOT NULL,
  `ads_id` bigint unsigned NOT NULL,
  `name` varchar(191) COLLATE utf8mb4_unicode_ci DEFAULT NULL,
  `image` varchar(191) COLLATE utf8mb4_unicode_ci DEFAULT NULL,
  `url` varchar(191) COLLATE utf8mb4_unicode_ci DEFAULT NULL,
  PRIMARY KEY (`lang_code`,`ads_id`)
) ENGINE=InnoDB DEFAULT CHARSET=utf8mb4 COLLATE=utf8mb4_unicode_ci;

--
-- Dumping data for table `ads_translations`
--


--
-- Table structure for table `announcements`
--

CREATE TABLE `announcements` (
  `id` bigint unsigned NOT NULL AUTO_INCREMENT,
  `name` varchar(191) COLLATE utf8mb4_unicode_ci NOT NULL,
  `content` text COLLATE utf8mb4_unicode_ci NOT NULL,
  `has_action` tinyint(1) NOT NULL DEFAULT '0',
  `action_label` varchar(60) COLLATE utf8mb4_unicode_ci DEFAULT NULL,
  `action_url` varchar(400) COLLATE utf8mb4_unicode_ci DEFAULT NULL,
  `action_open_new_tab` tinyint(1) NOT NULL DEFAULT '0',
  `dismissible` tinyint(1) NOT NULL DEFAULT '0',
  `start_date` datetime DEFAULT NULL,
  `end_date` datetime DEFAULT NULL,
  `is_active` tinyint(1) NOT NULL DEFAULT '1',
  `created_at` timestamp NULL DEFAULT NULL,
  `updated_at` timestamp NULL DEFAULT NULL,
  PRIMARY KEY (`id`)
) ENGINE=InnoDB AUTO_INCREMENT=4 DEFAULT CHARSET=utf8mb4 COLLATE=utf8mb4_unicode_ci;

--
-- Dumping data for table `announcements`
--

INSERT INTO `announcements` VALUES (1,'Announcement 1','Enjoy free shipping on all orders over $99! Shop now and save on delivery costs.',0,NULL,NULL,0,1,'2025-04-01 04:07:17',NULL,1,'2025-03-31 21:07:17','2025-03-31 21:07:17'),(2,'Announcement 2','Need assistance? Our customer support is available 24/7 to help you with any questions or concerns.',0,NULL,NULL,0,1,'2025-04-01 04:07:17',NULL,1,'2025-03-31 21:07:17','2025-03-31 21:07:17'),(3,'Announcement 3','Shop with confidence! We offer a hassle-free 30 days return service for your peace of mind.',0,NULL,NULL,0,1,'2025-04-01 04:07:17',NULL,1,'2025-03-31 21:07:17','2025-03-31 21:07:17');

--
-- Table structure for table `announcements_translations`
--

CREATE TABLE `announcements_translations` (
  `lang_code` varchar(191) COLLATE utf8mb4_unicode_ci NOT NULL,
  `announcements_id` bigint unsigned NOT NULL,
  `content` text COLLATE utf8mb4_unicode_ci,
  `action_label` varchar(60) COLLATE utf8mb4_unicode_ci DEFAULT NULL,
  PRIMARY KEY (`lang_code`,`announcements_id`)
) ENGINE=InnoDB DEFAULT CHARSET=utf8mb4 COLLATE=utf8mb4_unicode_ci;

--
-- Dumping data for table `announcements_translations`
--


--
-- Table structure for table `audit_histories`
--

CREATE TABLE `audit_histories` (
  `id` bigint unsigned NOT NULL AUTO_INCREMENT,
  `user_id` bigint unsigned NOT NULL,
  `module` varchar(60) COLLATE utf8mb4_unicode_ci NOT NULL,
  `request` longtext COLLATE utf8mb4_unicode_ci,
  `action` varchar(120) COLLATE utf8mb4_unicode_ci NOT NULL,
  `user_agent` text COLLATE utf8mb4_unicode_ci,
  `ip_address` varchar(45) COLLATE utf8mb4_unicode_ci DEFAULT NULL,
  `reference_user` bigint unsigned NOT NULL,
  `reference_id` bigint unsigned NOT NULL,
  `reference_name` varchar(191) COLLATE utf8mb4_unicode_ci NOT NULL,
  `type` varchar(20) COLLATE utf8mb4_unicode_ci NOT NULL,
  `created_at` timestamp NULL DEFAULT NULL,
  `updated_at` timestamp NULL DEFAULT NULL,
  PRIMARY KEY (`id`),
  KEY `audit_histories_user_id_index` (`user_id`),
  KEY `audit_histories_module_index` (`module`)
) ENGINE=InnoDB DEFAULT CHARSET=utf8mb4 COLLATE=utf8mb4_unicode_ci;

--
-- Dumping data for table `audit_histories`
--


--
-- Table structure for table `cache`
--

CREATE TABLE `cache` (
  `key` varchar(191) COLLATE utf8mb4_unicode_ci NOT NULL,
  `value` mediumtext COLLATE utf8mb4_unicode_ci NOT NULL,
  `expiration` int NOT NULL,
  PRIMARY KEY (`key`)
) ENGINE=InnoDB DEFAULT CHARSET=utf8mb4 COLLATE=utf8mb4_unicode_ci;

--
-- Dumping data for table `cache`
--


--
-- Table structure for table `cache_locks`
--

CREATE TABLE `cache_locks` (
  `key` varchar(191) COLLATE utf8mb4_unicode_ci NOT NULL,
  `owner` varchar(191) COLLATE utf8mb4_unicode_ci NOT NULL,
  `expiration` int NOT NULL,
  PRIMARY KEY (`key`)
) ENGINE=InnoDB DEFAULT CHARSET=utf8mb4 COLLATE=utf8mb4_unicode_ci;

--
-- Dumping data for table `cache_locks`
--


--
-- Table structure for table `categories`
--

CREATE TABLE `categories` (
  `id` bigint unsigned NOT NULL AUTO_INCREMENT,
  `name` varchar(120) COLLATE utf8mb4_unicode_ci NOT NULL,
  `parent_id` bigint unsigned NOT NULL DEFAULT '0',
  `description` varchar(400) COLLATE utf8mb4_unicode_ci DEFAULT NULL,
  `status` varchar(60) COLLATE utf8mb4_unicode_ci NOT NULL DEFAULT 'published',
  `author_id` bigint unsigned DEFAULT NULL,
  `author_type` varchar(191) COLLATE utf8mb4_unicode_ci NOT NULL DEFAULT 'Botble\\ACL\\Models\\User',
  `icon` varchar(60) COLLATE utf8mb4_unicode_ci DEFAULT NULL,
  `order` int unsigned NOT NULL DEFAULT '0',
  `is_featured` tinyint NOT NULL DEFAULT '0',
  `is_default` tinyint unsigned NOT NULL DEFAULT '0',
  `created_at` timestamp NULL DEFAULT NULL,
  `updated_at` timestamp NULL DEFAULT NULL,
  PRIMARY KEY (`id`),
  KEY `categories_parent_id_index` (`parent_id`),
  KEY `categories_status_index` (`status`),
  KEY `categories_created_at_index` (`created_at`)
) ENGINE=InnoDB AUTO_INCREMENT=7 DEFAULT CHARSET=utf8mb4 COLLATE=utf8mb4_unicode_ci;

--
-- Dumping data for table `categories`
--

INSERT INTO `categories` VALUES (1,'Crisp Bread &amp; Cake',0,'Dolor voluptatum et vel officiis. Facere nesciunt excepturi commodi sunt porro dolorem aperiam quo. Ut fugit nihil impedit aliquid distinctio aliquid.','published',1,'Botble\\ACL\\Models\\User',NULL,0,0,0,'2025-03-31 21:07:11','2025-03-31 21:07:11'),(2,'Fashion',0,'Qui est modi vel qui ea nesciunt est eum. Quaerat rerum et aut explicabo. Consequatur fugit molestiae a molestiae cumque eaque.','published',1,'Botble\\ACL\\Models\\User',NULL,0,1,0,'2025-03-31 21:07:11','2025-03-31 21:07:11'),(3,'Electronic',0,'Quia dicta magni consectetur explicabo quia. Asperiores quos ut enim ab non eum mollitia. Quasi sed qui earum error. Quia aut blanditiis eligendi dolorum excepturi.','published',1,'Botble\\ACL\\Models\\User',NULL,0,1,0,'2025-03-31 21:07:11','2025-03-31 21:07:11'),(4,'Commercial',0,'Est voluptatem qui quos autem est sed. Non sequi deserunt magni. Maxime iste pariatur ipsa dolor laborum. Sed modi odio illum atque voluptatum et.','published',1,'Botble\\ACL\\Models\\User',NULL,0,1,0,'2025-03-31 21:07:11','2025-03-31 21:07:11'),(5,'Organic Fruits',0,'Voluptatem dolor quaerat qui consequuntur libero nemo ut laudantium. Error eum et impedit dolorem quis.','published',1,'Botble\\ACL\\Models\\User',NULL,0,1,0,'2025-03-31 21:07:11','2025-03-31 21:07:11'),(6,'Ecological',0,'Dolor est ipsum dolorem eum recusandae sed. Dignissimos eius quos aliquid aperiam. Sequi non in laborum.','published',1,'Botble\\ACL\\Models\\User',NULL,0,1,0,'2025-03-31 21:07:12','2025-03-31 21:07:12');

--
-- Table structure for table `categories_translations`
--

CREATE TABLE `categories_translations` (
  `lang_code` varchar(20) COLLATE utf8mb4_unicode_ci NOT NULL,
  `categories_id` bigint unsigned NOT NULL,
  `name` varchar(191) COLLATE utf8mb4_unicode_ci DEFAULT NULL,
  `description` varchar(400) COLLATE utf8mb4_unicode_ci DEFAULT NULL,
  PRIMARY KEY (`lang_code`,`categories_id`)
) ENGINE=InnoDB DEFAULT CHARSET=utf8mb4 COLLATE=utf8mb4_unicode_ci;

--
-- Dumping data for table `categories_translations`
--


--
-- Table structure for table `cities`
--

CREATE TABLE `cities` (
  `id` bigint unsigned NOT NULL AUTO_INCREMENT,
  `name` varchar(120) COLLATE utf8mb4_unicode_ci NOT NULL,
  `slug` varchar(120) COLLATE utf8mb4_unicode_ci DEFAULT NULL,
  `state_id` bigint unsigned DEFAULT NULL,
  `country_id` bigint unsigned DEFAULT NULL,
  `record_id` varchar(40) COLLATE utf8mb4_unicode_ci DEFAULT NULL,
  `order` tinyint NOT NULL DEFAULT '0',
  `image` varchar(191) COLLATE utf8mb4_unicode_ci DEFAULT NULL,
  `is_default` tinyint unsigned NOT NULL DEFAULT '0',
  `status` varchar(60) COLLATE utf8mb4_unicode_ci NOT NULL DEFAULT 'published',
  `created_at` timestamp NULL DEFAULT NULL,
  `updated_at` timestamp NULL DEFAULT NULL,
  `zip_code` varchar(20) COLLATE utf8mb4_unicode_ci DEFAULT NULL,
  PRIMARY KEY (`id`),
  UNIQUE KEY `cities_slug_unique` (`slug`)
) ENGINE=InnoDB DEFAULT CHARSET=utf8mb4 COLLATE=utf8mb4_unicode_ci;

--
-- Dumping data for table `cities`
--


--
-- Table structure for table `cities_translations`
--

CREATE TABLE `cities_translations` (
  `lang_code` varchar(20) COLLATE utf8mb4_unicode_ci NOT NULL,
  `cities_id` bigint unsigned NOT NULL,
  `name` varchar(120) COLLATE utf8mb4_unicode_ci DEFAULT NULL,
  `slug` varchar(120) COLLATE utf8mb4_unicode_ci DEFAULT NULL,
  PRIMARY KEY (`lang_code`,`cities_id`)
) ENGINE=InnoDB DEFAULT CHARSET=utf8mb4 COLLATE=utf8mb4_unicode_ci;

--
-- Dumping data for table `cities_translations`
--


--
-- Table structure for table `contact_custom_field_options`
--

CREATE TABLE `contact_custom_field_options` (
  `id` bigint unsigned NOT NULL AUTO_INCREMENT,
  `custom_field_id` bigint unsigned NOT NULL,
  `label` varchar(191) COLLATE utf8mb4_unicode_ci DEFAULT NULL,
  `value` varchar(191) COLLATE utf8mb4_unicode_ci NOT NULL,
  `order` int NOT NULL DEFAULT '999',
  `created_at` timestamp NULL DEFAULT NULL,
  `updated_at` timestamp NULL DEFAULT NULL,
  PRIMARY KEY (`id`)
) ENGINE=InnoDB DEFAULT CHARSET=utf8mb4 COLLATE=utf8mb4_unicode_ci;

--
-- Dumping data for table `contact_custom_field_options`
--


--
-- Table structure for table `contact_custom_field_options_translations`
--

CREATE TABLE `contact_custom_field_options_translations` (
  `contact_custom_field_options_id` bigint unsigned NOT NULL,
  `lang_code` varchar(191) COLLATE utf8mb4_unicode_ci NOT NULL,
  `label` varchar(191) COLLATE utf8mb4_unicode_ci DEFAULT NULL,
  `value` varchar(191) COLLATE utf8mb4_unicode_ci DEFAULT NULL,
  PRIMARY KEY (`lang_code`,`contact_custom_field_options_id`)
) ENGINE=InnoDB DEFAULT CHARSET=utf8mb4 COLLATE=utf8mb4_unicode_ci;

--
-- Dumping data for table `contact_custom_field_options_translations`
--


--
-- Table structure for table `contact_custom_fields`
--

CREATE TABLE `contact_custom_fields` (
  `id` bigint unsigned NOT NULL AUTO_INCREMENT,
  `type` varchar(191) COLLATE utf8mb4_unicode_ci NOT NULL,
  `required` tinyint(1) NOT NULL DEFAULT '0',
  `name` varchar(191) COLLATE utf8mb4_unicode_ci NOT NULL,
  `placeholder` varchar(191) COLLATE utf8mb4_unicode_ci DEFAULT NULL,
  `order` int NOT NULL DEFAULT '999',
  `status` varchar(191) COLLATE utf8mb4_unicode_ci NOT NULL DEFAULT 'published',
  `created_at` timestamp NULL DEFAULT NULL,
  `updated_at` timestamp NULL DEFAULT NULL,
  PRIMARY KEY (`id`)
) ENGINE=InnoDB DEFAULT CHARSET=utf8mb4 COLLATE=utf8mb4_unicode_ci;

--
-- Dumping data for table `contact_custom_fields`
--


--
-- Table structure for table `contact_custom_fields_translations`
--

CREATE TABLE `contact_custom_fields_translations` (
  `contact_custom_fields_id` bigint unsigned NOT NULL,
  `lang_code` varchar(191) COLLATE utf8mb4_unicode_ci NOT NULL,
  `name` varchar(191) COLLATE utf8mb4_unicode_ci DEFAULT NULL,
  `placeholder` varchar(191) COLLATE utf8mb4_unicode_ci DEFAULT NULL,
  PRIMARY KEY (`lang_code`,`contact_custom_fields_id`)
) ENGINE=InnoDB DEFAULT CHARSET=utf8mb4 COLLATE=utf8mb4_unicode_ci;

--
-- Dumping data for table `contact_custom_fields_translations`
--


--
-- Table structure for table `contact_replies`
--

CREATE TABLE `contact_replies` (
  `id` bigint unsigned NOT NULL AUTO_INCREMENT,
  `message` longtext COLLATE utf8mb4_unicode_ci NOT NULL,
  `contact_id` bigint unsigned NOT NULL,
  `created_at` timestamp NULL DEFAULT NULL,
  `updated_at` timestamp NULL DEFAULT NULL,
  PRIMARY KEY (`id`)
) ENGINE=InnoDB DEFAULT CHARSET=utf8mb4 COLLATE=utf8mb4_unicode_ci;

--
-- Dumping data for table `contact_replies`
--


--
-- Table structure for table `contacts`
--

CREATE TABLE `contacts` (
  `id` bigint unsigned NOT NULL AUTO_INCREMENT,
  `name` varchar(60) COLLATE utf8mb4_unicode_ci NOT NULL,
  `email` varchar(60) COLLATE utf8mb4_unicode_ci DEFAULT NULL,
  `phone` varchar(60) COLLATE utf8mb4_unicode_ci DEFAULT NULL,
  `address` varchar(120) COLLATE utf8mb4_unicode_ci DEFAULT NULL,
  `subject` varchar(120) COLLATE utf8mb4_unicode_ci DEFAULT NULL,
  `content` longtext COLLATE utf8mb4_unicode_ci NOT NULL,
  `custom_fields` text COLLATE utf8mb4_unicode_ci,
  `status` varchar(60) COLLATE utf8mb4_unicode_ci NOT NULL DEFAULT 'unread',
  `created_at` timestamp NULL DEFAULT NULL,
  `updated_at` timestamp NULL DEFAULT NULL,
  PRIMARY KEY (`id`)
) ENGINE=InnoDB AUTO_INCREMENT=11 DEFAULT CHARSET=utf8mb4 COLLATE=utf8mb4_unicode_ci;

--
-- Dumping data for table `contacts`
--

INSERT INTO `contacts` VALUES (1,'Mertie Marks','lebsack.marcelo@example.com','+1-631-835-4524','8401 Mya Pines\nWest Leifburgh, ID 40401-0136','Voluptas ea voluptate perferendis sunt dolorem.','Aut non a aut quis ipsam sequi. Quidem nisi nostrum unde est asperiores quo. Est dolorem aliquid omnis corporis nobis enim maxime magnam. Sunt ut quibusdam consequatur ut et fuga. Voluptatum numquam cum rerum laudantium quam tenetur. Alias perspiciatis voluptate voluptates commodi. Ab qui est omnis ea et facere est. Magni ab praesentium autem maiores doloremque necessitatibus ipsa. Nobis voluptatem quo numquam et recusandae qui ducimus. Et ea laborum sed fugiat odio dolore culpa vero.',NULL,'unread','2025-03-31 21:07:09','2025-03-31 21:07:09'),(2,'Miss Mittie Aufderhar PhD','moshe.mitchell@example.org','+15717371070','951 Shirley Parkways\nNew Maude, OH 17667','Doloremque rerum debitis perferendis atque.','Saepe est eligendi et error. Qui nobis et sit cupiditate nisi. Qui quas nam adipisci voluptatibus. Repellendus nulla repudiandae occaecati. Quasi perferendis consequatur optio cum. Magni omnis esse quia quia et corrupti natus. Ipsa voluptatem rem et reprehenderit. Omnis dolore neque recusandae neque et sed eum debitis.',NULL,'unread','2025-03-31 21:07:09','2025-03-31 21:07:09'),(3,'Josianne D\'Amore','doyle18@example.org','405.278.5174','1962 Streich Drive Suite 862\nAlycebury, DE 07551-0890','Magnam ut vel sint laborum corporis.','Aut voluptatem soluta et. Inventore non enim aut debitis debitis. Repellendus a laborum ipsa non accusamus recusandae nesciunt. Dolorem ad esse sunt eum accusamus. Expedita impedit minus commodi quo omnis voluptatem tempore distinctio. Ex ut ipsum ipsa mollitia cupiditate. Ut ut ad est praesentium eum. Sed voluptatibus excepturi necessitatibus consequatur. Qui facere velit mollitia ut qui enim.',NULL,'read','2025-03-31 21:07:09','2025-03-31 21:07:09'),(4,'Hayley Thiel V','vince.weber@example.com','820.957.9610','3200 Ladarius Dam Suite 562\nSavannahaven, WA 08116','Non veritatis facere quo neque.','Commodi unde dignissimos quis qui sit accusantium iure blanditiis. Voluptas reiciendis laboriosam voluptatem cupiditate dolores tempore aut velit. Et corporis consequatur optio. Voluptate voluptatem labore sit non molestiae. Nesciunt aperiam fugit sed sed ducimus odit. Alias iste veniam eius et consectetur iusto eius. Qui et quo officiis sunt et. Voluptatum beatae sed modi maxime nisi.',NULL,'unread','2025-03-31 21:07:09','2025-03-31 21:07:09'),(5,'Grayson Parker II','odie58@example.com','(323) 429-3222','748 Hayes Roads\nWest Barton, OK 68325-3587','Temporibus sint iure ex et architecto.','Sit qui perferendis vitae voluptatem. Eum ratione sunt quas dolorem est dolorum illo commodi. Quia aliquam similique consectetur voluptas maxime magni. Aspernatur molestiae et non iste. Delectus modi eius exercitationem non fugiat est nihil dolorem. Dicta ut quaerat voluptate aliquam. Iure perferendis harum consequatur unde. Odit praesentium illum omnis eos aperiam rerum vel. Magnam id quo veniam aut laboriosam nam. Unde beatae nam repellendus rerum autem sed repudiandae.',NULL,'read','2025-03-31 21:07:09','2025-03-31 21:07:09'),(6,'Prof. Spencer Balistreri','tara.ryan@example.com','+1 (319) 877-7570','60438 Jacobi Mountain\nEldoratown, WY 24819-9647','Laborum ut quo ut quaerat at voluptate.','Omnis fuga nemo quam quia esse sed. Impedit perferendis sed corporis rerum repellat ex et dignissimos. Labore earum corrupti beatae. Assumenda optio sed nobis ratione velit id unde. Voluptatem dolor aspernatur vel fugit odit magnam in. Omnis perferendis minus aut sit consequatur. Ut eius libero id dolorum illum distinctio non sed. Quis sed consectetur necessitatibus aperiam animi cumque. Inventore qui non illum quis animi. Et asperiores eaque dolorem molestiae fugit laboriosam.',NULL,'unread','2025-03-31 21:07:09','2025-03-31 21:07:09'),(7,'Rasheed Murphy','bartoletti.stewart@example.com','+1 (785) 910-5903','5928 Alejandra Land Apt. 783\nNew Rogelioport, FL 08760-5904','Placeat ut unde voluptates.','Aut maiores voluptatem et illo. Expedita eum et tempora eos sint voluptatem et natus. Fugit voluptatum numquam occaecati quo illo. Earum culpa dignissimos dolorem dolorem magni. Mollitia eum saepe dolorum nobis itaque consectetur. Delectus consequuntur temporibus doloribus saepe quis ut omnis. Autem quo porro eaque dolor odio qui. Consequuntur enim excepturi laudantium ea quos. Eaque quia distinctio est dolores cumque voluptas.',NULL,'unread','2025-03-31 21:07:09','2025-03-31 21:07:09'),(8,'Garfield Waters I','klein.cali@example.org','1-930-628-8951','77386 Viviane Mission\nSouth Maxwell, MD 09565','Voluptatem molestiae animi quia.','Officiis nesciunt rem voluptatibus quis. Dolore eveniet in possimus necessitatibus. Quis sint officiis velit rerum id corrupti. Est praesentium iure omnis sed. Nisi animi est earum id dicta aliquid aut. Et voluptatibus illum eos optio iure sunt nihil. Nobis corporis eaque et qui voluptatem. Qui inventore accusantium officia totam minima est possimus.',NULL,'unread','2025-03-31 21:07:09','2025-03-31 21:07:09'),(9,'Otis Mosciski','kathryne99@example.org','+1 (972) 491-8575','61329 Kris Motorway Apt. 966\nBritneyville, IN 20146','Omnis vel inventore dolorem aut.','Itaque modi impedit sit est sit veniam. Fugit sed ullam dolorem voluptas ut quam ea. Voluptas laborum in vel molestiae. Error distinctio aliquid nihil ut autem enim aut iste. Quia et modi aperiam harum dolores vel repellat odit. Qui alias est ipsam quis. Aut molestias molestias est eligendi est. Qui non sed dicta neque. Eaque et quia eius quo totam et. Ipsam quia molestiae quia. Quo culpa error dignissimos ipsa possimus qui. Non eos dolorum omnis velit placeat et.',NULL,'read','2025-03-31 21:07:09','2025-03-31 21:07:09'),(10,'Dr. Juana Jast I','bayer.isabell@example.org','(586) 229-7153','54604 Nelson Common\nWest Lillian, CO 14515','Voluptas consectetur sunt quia aspernatur ad.','Omnis perspiciatis sed eos dolores sint laboriosam suscipit. Voluptatem qui accusamus accusantium necessitatibus dignissimos. Et iste qui et in saepe dolores corporis. Aliquam ratione beatae vitae fuga qui. Ut cumque quos et nihil voluptatem inventore fugiat. Sint beatae voluptatem cumque occaecati eius aliquid quas. Vitae odio sunt facere nostrum. Et et quidem ex enim qui. Facere ipsum quis harum impedit ullam consequatur sunt.',NULL,'read','2025-03-31 21:07:09','2025-03-31 21:07:09');

--
-- Table structure for table `countries`
--

CREATE TABLE `countries` (
  `id` bigint unsigned NOT NULL AUTO_INCREMENT,
  `name` varchar(120) COLLATE utf8mb4_unicode_ci NOT NULL,
  `nationality` varchar(120) COLLATE utf8mb4_unicode_ci DEFAULT NULL,
  `order` tinyint NOT NULL DEFAULT '0',
  `image` varchar(191) COLLATE utf8mb4_unicode_ci DEFAULT NULL,
  `is_default` tinyint unsigned NOT NULL DEFAULT '0',
  `status` varchar(60) COLLATE utf8mb4_unicode_ci NOT NULL DEFAULT 'published',
  `created_at` timestamp NULL DEFAULT NULL,
  `updated_at` timestamp NULL DEFAULT NULL,
  `code` varchar(10) COLLATE utf8mb4_unicode_ci DEFAULT NULL,
  PRIMARY KEY (`id`)
) ENGINE=InnoDB DEFAULT CHARSET=utf8mb4 COLLATE=utf8mb4_unicode_ci;

--
-- Dumping data for table `countries`
--


--
-- Table structure for table `countries_translations`
--

CREATE TABLE `countries_translations` (
  `lang_code` varchar(20) COLLATE utf8mb4_unicode_ci NOT NULL,
  `countries_id` bigint unsigned NOT NULL,
  `name` varchar(120) COLLATE utf8mb4_unicode_ci DEFAULT NULL,
  `nationality` varchar(120) COLLATE utf8mb4_unicode_ci DEFAULT NULL,
  PRIMARY KEY (`lang_code`,`countries_id`)
) ENGINE=InnoDB DEFAULT CHARSET=utf8mb4 COLLATE=utf8mb4_unicode_ci;

--
-- Dumping data for table `countries_translations`
--


--
-- Table structure for table `dashboard_widget_settings`
--

CREATE TABLE `dashboard_widget_settings` (
  `id` bigint unsigned NOT NULL AUTO_INCREMENT,
  `settings` text COLLATE utf8mb4_unicode_ci,
  `user_id` bigint unsigned NOT NULL,
  `widget_id` bigint unsigned NOT NULL,
  `order` tinyint unsigned NOT NULL DEFAULT '0',
  `status` tinyint unsigned NOT NULL DEFAULT '1',
  `created_at` timestamp NULL DEFAULT NULL,
  `updated_at` timestamp NULL DEFAULT NULL,
  PRIMARY KEY (`id`),
  KEY `dashboard_widget_settings_user_id_index` (`user_id`),
  KEY `dashboard_widget_settings_widget_id_index` (`widget_id`)
) ENGINE=InnoDB DEFAULT CHARSET=utf8mb4 COLLATE=utf8mb4_unicode_ci;

--
-- Dumping data for table `dashboard_widget_settings`
--


--
-- Table structure for table `dashboard_widgets`
--

CREATE TABLE `dashboard_widgets` (
  `id` bigint unsigned NOT NULL AUTO_INCREMENT,
  `name` varchar(120) COLLATE utf8mb4_unicode_ci NOT NULL,
  `created_at` timestamp NULL DEFAULT NULL,
  `updated_at` timestamp NULL DEFAULT NULL,
  PRIMARY KEY (`id`)
) ENGINE=InnoDB DEFAULT CHARSET=utf8mb4 COLLATE=utf8mb4_unicode_ci;

--
-- Dumping data for table `dashboard_widgets`
--


--
-- Table structure for table `ec_brands`
--

CREATE TABLE `ec_brands` (
  `id` bigint unsigned NOT NULL AUTO_INCREMENT,
  `name` varchar(191) COLLATE utf8mb4_unicode_ci NOT NULL,
  `description` mediumtext COLLATE utf8mb4_unicode_ci,
  `website` varchar(191) COLLATE utf8mb4_unicode_ci DEFAULT NULL,
  `logo` varchar(191) COLLATE utf8mb4_unicode_ci DEFAULT NULL,
  `status` varchar(60) COLLATE utf8mb4_unicode_ci NOT NULL DEFAULT 'published',
  `order` tinyint unsigned NOT NULL DEFAULT '0',
  `is_featured` tinyint unsigned NOT NULL DEFAULT '0',
  `created_at` timestamp NULL DEFAULT NULL,
  `updated_at` timestamp NULL DEFAULT NULL,
  PRIMARY KEY (`id`)
) ENGINE=InnoDB AUTO_INCREMENT=6 DEFAULT CHARSET=utf8mb4 COLLATE=utf8mb4_unicode_ci;

--
-- Dumping data for table `ec_brands`
--

INSERT INTO `ec_brands` VALUES (1,'FoodPound','New Snacks Release',NULL,'main/brands/1.png','published',0,1,'2025-03-31 21:07:05','2025-03-31 21:07:05'),(2,'iTea JSC','Happy Tea 100% Organic. From $29.9',NULL,'main/brands/2.png','published',1,1,'2025-03-31 21:07:05','2025-03-31 21:07:05'),(3,'Soda Brand','Fresh Meat Sausage. BUY 2 GET 1!',NULL,'main/brands/3.png','published',2,1,'2025-03-31 21:07:05','2025-03-31 21:07:05'),(4,'Shofy','Fresh Meat Sausage. BUY 2 GET 1!',NULL,'main/brands/4.png','published',3,1,'2025-03-31 21:07:05','2025-03-31 21:07:05'),(5,'Soda Brand','Fresh Meat Sausage. BUY 2 GET 1!',NULL,'main/brands/5.png','published',4,1,'2025-03-31 21:07:05','2025-03-31 21:07:05');

--
-- Table structure for table `ec_brands_translations`
--

CREATE TABLE `ec_brands_translations` (
  `lang_code` varchar(191) COLLATE utf8mb4_unicode_ci NOT NULL,
  `ec_brands_id` bigint unsigned NOT NULL,
  `name` varchar(191) COLLATE utf8mb4_unicode_ci DEFAULT NULL,
  `description` mediumtext COLLATE utf8mb4_unicode_ci,
  PRIMARY KEY (`lang_code`,`ec_brands_id`)
) ENGINE=InnoDB DEFAULT CHARSET=utf8mb4 COLLATE=utf8mb4_unicode_ci;

--
-- Dumping data for table `ec_brands_translations`
--


--
-- Table structure for table `ec_cart`
--

CREATE TABLE `ec_cart` (
  `identifier` varchar(60) COLLATE utf8mb4_unicode_ci NOT NULL,
  `instance` varchar(60) COLLATE utf8mb4_unicode_ci NOT NULL,
  `content` longtext COLLATE utf8mb4_unicode_ci NOT NULL,
  `created_at` timestamp NULL DEFAULT NULL,
  `updated_at` timestamp NULL DEFAULT NULL,
  PRIMARY KEY (`identifier`,`instance`)
) ENGINE=InnoDB DEFAULT CHARSET=utf8mb4 COLLATE=utf8mb4_unicode_ci;

--
-- Dumping data for table `ec_cart`
--


--
-- Table structure for table `ec_currencies`
--

CREATE TABLE `ec_currencies` (
  `id` bigint unsigned NOT NULL AUTO_INCREMENT,
  `title` varchar(191) COLLATE utf8mb4_unicode_ci NOT NULL,
  `symbol` varchar(10) COLLATE utf8mb4_unicode_ci NOT NULL,
  `is_prefix_symbol` tinyint unsigned NOT NULL DEFAULT '0',
  `decimals` tinyint unsigned DEFAULT '0',
  `order` int unsigned DEFAULT '0',
  `is_default` tinyint NOT NULL DEFAULT '0',
  `exchange_rate` double NOT NULL DEFAULT '1',
  `created_at` timestamp NULL DEFAULT NULL,
  `updated_at` timestamp NULL DEFAULT NULL,
  PRIMARY KEY (`id`)
) ENGINE=InnoDB AUTO_INCREMENT=5 DEFAULT CHARSET=utf8mb4 COLLATE=utf8mb4_unicode_ci;

--
-- Dumping data for table `ec_currencies`
--

INSERT INTO `ec_currencies` VALUES (1,'USD','$',1,2,0,1,1,'2025-03-31 21:07:05','2025-03-31 21:07:05'),(2,'EUR','€',0,2,1,0,0.84,'2025-03-31 21:07:05','2025-03-31 21:07:05'),(3,'VND','₫',0,0,2,0,23203,'2025-03-31 21:07:05','2025-03-31 21:07:05'),(4,'NGN','₦',1,2,2,0,895.52,'2025-03-31 21:07:05','2025-03-31 21:07:05');

--
-- Table structure for table `ec_customer_addresses`
--

CREATE TABLE `ec_customer_addresses` (
  `id` bigint unsigned NOT NULL AUTO_INCREMENT,
  `name` varchar(191) COLLATE utf8mb4_unicode_ci NOT NULL,
  `email` varchar(60) COLLATE utf8mb4_unicode_ci DEFAULT NULL,
  `phone` varchar(20) COLLATE utf8mb4_unicode_ci DEFAULT NULL,
  `country` varchar(120) COLLATE utf8mb4_unicode_ci DEFAULT NULL,
  `state` varchar(120) COLLATE utf8mb4_unicode_ci DEFAULT NULL,
  `city` varchar(120) COLLATE utf8mb4_unicode_ci DEFAULT NULL,
  `address` varchar(191) COLLATE utf8mb4_unicode_ci DEFAULT NULL,
  `customer_id` bigint unsigned NOT NULL,
  `is_default` tinyint unsigned NOT NULL DEFAULT '0',
  `created_at` timestamp NULL DEFAULT NULL,
  `updated_at` timestamp NULL DEFAULT NULL,
  `zip_code` varchar(20) COLLATE utf8mb4_unicode_ci DEFAULT NULL,
  PRIMARY KEY (`id`)
) ENGINE=InnoDB AUTO_INCREMENT=13 DEFAULT CHARSET=utf8mb4 COLLATE=utf8mb4_unicode_ci;

--
-- Dumping data for table `ec_customer_addresses`
--

INSERT INTO `ec_customer_addresses` VALUES (1,'Coby Roob Jr.','customer@botble.com','+17815039512','SV','Utah','McKenzieport','3575 Eliseo View Suite 064',1,1,'2025-03-31 21:07:06','2025-03-31 21:07:06','62438'),(2,'Coby Roob Jr.','customer@botble.com','+17179543954','TL','Mississippi','West Anibalburgh','2809 Lowe Extension',1,0,'2025-03-31 21:07:06','2025-03-31 21:07:06','58866'),(3,'Stanford Stracke','vendor@botble.com','+15059632959','WF','Rhode Island','North Carolanne','17537 Theodora Village',2,1,'2025-03-31 21:07:06','2025-03-31 21:07:06','86145'),(4,'Stanford Stracke','vendor@botble.com','+18568712337','GG','Connecticut','Handmouth','4120 Pansy Cove',2,0,'2025-03-31 21:07:06','2025-03-31 21:07:06','71007-3317'),(5,'Frederic Thiel','bailey.bauch@example.com','+19346700823','ST','South Dakota','Abshiremouth','5558 Farrell Stravenue',3,1,'2025-03-31 21:07:07','2025-03-31 21:07:07','47231'),(6,'Gayle Keeling','anna.reilly@example.org','+12482857412','JO','Illinois','Dimitrichester','5191 Johnston Mountains',4,1,'2025-03-31 21:07:07','2025-03-31 21:07:07','74479-3451'),(7,'Jermain Gusikowski','oromaguera@example.org','+17033646740','CO','Texas','Stephanyport','5468 Prosacco Junction Apt. 311',5,1,'2025-03-31 21:07:08','2025-03-31 21:07:08','69140'),(8,'Alexandra Bernier','tiffany.hilpert@example.net','+17204607383','GM','Delaware','Watersville','496 Maximo Point Apt. 201',6,1,'2025-03-31 21:07:08','2025-03-31 21:07:08','23481-5638'),(9,'Jaylon Langosh','wkovacek@example.com','+15515992952','RS','Vermont','Alainafurt','8663 Effertz Parks Suite 702',7,1,'2025-03-31 21:07:08','2025-03-31 21:07:08','23863'),(10,'Prof. Kade Cruickshank','hsipes@example.org','+19568811618','TN','North Carolina','South Tristonbury','28287 Lauretta Key',8,1,'2025-03-31 21:07:09','2025-03-31 21:07:09','05474-4504'),(11,'Deshawn Roberts','shaun.reichel@example.com','+17857425504','SD','Nebraska','South Hoyt','7436 Lera Mountains Suite 883',9,1,'2025-03-31 21:07:09','2025-03-31 21:07:09','25067-3709'),(12,'Callie Pagac','hoppe.romaine@example.com','+15094732657','BZ','Wisconsin','Mayamouth','92448 Elnora Route',10,1,'2025-03-31 21:07:09','2025-03-31 21:07:09','13203-3206');

--
-- Table structure for table `ec_customer_password_resets`
--

CREATE TABLE `ec_customer_password_resets` (
  `email` varchar(191) COLLATE utf8mb4_unicode_ci NOT NULL,
  `token` varchar(191) COLLATE utf8mb4_unicode_ci NOT NULL,
  `created_at` timestamp NULL DEFAULT NULL,
  KEY `ec_customer_password_resets_email_index` (`email`),
  KEY `ec_customer_password_resets_token_index` (`token`)
) ENGINE=InnoDB DEFAULT CHARSET=utf8mb4 COLLATE=utf8mb4_unicode_ci;

--
-- Dumping data for table `ec_customer_password_resets`
--


--
-- Table structure for table `ec_customer_recently_viewed_products`
--

CREATE TABLE `ec_customer_recently_viewed_products` (
  `id` bigint unsigned NOT NULL AUTO_INCREMENT,
  `customer_id` bigint unsigned NOT NULL,
  `product_id` bigint unsigned NOT NULL,
  PRIMARY KEY (`id`)
) ENGINE=InnoDB DEFAULT CHARSET=utf8mb4 COLLATE=utf8mb4_unicode_ci;

--
-- Dumping data for table `ec_customer_recently_viewed_products`
--


--
-- Table structure for table `ec_customer_used_coupons`
--

CREATE TABLE `ec_customer_used_coupons` (
  `discount_id` bigint unsigned NOT NULL,
  `customer_id` bigint unsigned NOT NULL,
  PRIMARY KEY (`discount_id`,`customer_id`)
) ENGINE=InnoDB DEFAULT CHARSET=utf8mb4 COLLATE=utf8mb4_unicode_ci;

--
-- Dumping data for table `ec_customer_used_coupons`
--


--
-- Table structure for table `ec_discount_customers`
--

CREATE TABLE `ec_discount_customers` (
  `discount_id` bigint unsigned NOT NULL,
  `customer_id` bigint unsigned NOT NULL,
  PRIMARY KEY (`discount_id`,`customer_id`)
) ENGINE=InnoDB DEFAULT CHARSET=utf8mb4 COLLATE=utf8mb4_unicode_ci;

--
-- Dumping data for table `ec_discount_customers`
--


--
-- Table structure for table `ec_discount_product_categories`
--

CREATE TABLE `ec_discount_product_categories` (
  `discount_id` bigint unsigned NOT NULL,
  `product_category_id` bigint unsigned NOT NULL,
  PRIMARY KEY (`discount_id`,`product_category_id`)
) ENGINE=InnoDB DEFAULT CHARSET=utf8mb4 COLLATE=utf8mb4_unicode_ci;

--
-- Dumping data for table `ec_discount_product_categories`
--


--
-- Table structure for table `ec_discount_product_collections`
--

CREATE TABLE `ec_discount_product_collections` (
  `discount_id` bigint unsigned NOT NULL,
  `product_collection_id` bigint unsigned NOT NULL,
  PRIMARY KEY (`discount_id`,`product_collection_id`)
) ENGINE=InnoDB DEFAULT CHARSET=utf8mb4 COLLATE=utf8mb4_unicode_ci;

--
-- Dumping data for table `ec_discount_product_collections`
--


--
-- Table structure for table `ec_discount_products`
--

CREATE TABLE `ec_discount_products` (
  `discount_id` bigint unsigned NOT NULL,
  `product_id` bigint unsigned NOT NULL,
  PRIMARY KEY (`discount_id`,`product_id`)
) ENGINE=InnoDB DEFAULT CHARSET=utf8mb4 COLLATE=utf8mb4_unicode_ci;

--
-- Dumping data for table `ec_discount_products`
--


--
-- Table structure for table `ec_discounts`
--

CREATE TABLE `ec_discounts` (
  `id` bigint unsigned NOT NULL AUTO_INCREMENT,
  `title` varchar(120) COLLATE utf8mb4_unicode_ci DEFAULT NULL,
  `code` varchar(20) COLLATE utf8mb4_unicode_ci DEFAULT NULL,
  `start_date` datetime DEFAULT NULL,
  `end_date` datetime DEFAULT NULL,
  `quantity` int DEFAULT NULL,
  `total_used` int unsigned NOT NULL DEFAULT '0',
  `value` double DEFAULT NULL,
  `type` varchar(60) COLLATE utf8mb4_unicode_ci DEFAULT 'coupon',
  `can_use_with_promotion` tinyint(1) NOT NULL DEFAULT '0',
  `can_use_with_flash_sale` tinyint(1) NOT NULL DEFAULT '0',
  `discount_on` varchar(20) COLLATE utf8mb4_unicode_ci DEFAULT NULL,
  `product_quantity` int unsigned DEFAULT NULL,
  `type_option` varchar(100) COLLATE utf8mb4_unicode_ci NOT NULL DEFAULT 'amount',
  `target` varchar(100) COLLATE utf8mb4_unicode_ci NOT NULL DEFAULT 'all-orders',
  `min_order_price` decimal(15,2) DEFAULT NULL,
  `apply_via_url` tinyint(1) NOT NULL DEFAULT '0',
  `display_at_checkout` tinyint(1) NOT NULL DEFAULT '0',
  `created_at` timestamp NULL DEFAULT NULL,
  `updated_at` timestamp NULL DEFAULT NULL,
  `store_id` bigint unsigned DEFAULT NULL,
  `description` varchar(400) COLLATE utf8mb4_unicode_ci DEFAULT NULL,
  PRIMARY KEY (`id`),
  UNIQUE KEY `ec_discounts_code_unique` (`code`)
) ENGINE=InnoDB AUTO_INCREMENT=11 DEFAULT CHARSET=utf8mb4 COLLATE=utf8mb4_unicode_ci;

--
-- Dumping data for table `ec_discounts`
--

INSERT INTO `ec_discounts` VALUES (1,'Discount 1','Y72ETYC4U7AT','2025-03-31 04:07:12',NULL,NULL,0,397,'coupon',0,0,NULL,NULL,'same-price','all-orders',NULL,0,1,'2025-03-31 21:07:12','2025-03-31 21:07:12',NULL,NULL),(2,'Discount 2','QGF3WKGU3OAI','2025-03-31 04:07:12','2025-04-24 04:07:12',NULL,0,81,'coupon',0,0,NULL,NULL,'amount','all-orders',NULL,0,1,'2025-03-31 21:07:12','2025-03-31 21:07:12',NULL,NULL),(3,'Discount 3','B0EJDBAKT7RZ','2025-03-31 04:07:12','2025-04-18 04:07:12',NULL,0,937,'coupon',0,0,NULL,NULL,'amount','all-orders',NULL,0,1,'2025-03-31 21:07:12','2025-03-31 21:07:12',NULL,NULL),(4,'Discount 4','QJDRHYKVSWQ3','2025-03-31 04:07:12','2025-04-03 04:07:12',NULL,0,382,'coupon',0,0,NULL,NULL,'same-price','all-orders',NULL,0,1,'2025-03-31 21:07:12','2025-03-31 21:07:12',NULL,NULL),(5,'Discount 5','VPDG6BWPB5W6','2025-03-31 04:07:12',NULL,NULL,0,792,'coupon',0,0,NULL,NULL,'shipping','all-orders',NULL,0,1,'2025-03-31 21:07:12','2025-03-31 21:07:12',NULL,NULL),(6,'Discount 6','W30EOI6CC3T9','2025-03-31 04:07:12','2025-04-18 04:07:12',NULL,0,141,'coupon',0,0,NULL,NULL,'same-price','all-orders',NULL,0,1,'2025-03-31 21:07:12','2025-03-31 21:07:12',NULL,NULL),(7,'Discount 7','MXZ2JJ8WVCJ8','2025-03-31 04:07:12',NULL,NULL,0,23,'coupon',0,0,NULL,NULL,'percentage','all-orders',NULL,0,1,'2025-03-31 21:07:12','2025-03-31 21:07:12',NULL,NULL),(8,'Discount 8','KBCRCGNIGLJZ','2025-03-31 04:07:12','2025-04-25 04:07:12',NULL,0,100,'coupon',0,0,NULL,NULL,'percentage','all-orders',NULL,0,1,'2025-03-31 21:07:12','2025-03-31 21:07:12',NULL,NULL),(9,'Discount 9','HUSS2QM0FFZB','2025-03-31 04:07:12',NULL,NULL,0,442,'coupon',0,0,NULL,NULL,'same-price','all-orders',NULL,0,1,'2025-03-31 21:07:12','2025-03-31 21:07:12',NULL,NULL),(10,'Discount 10','BJ6RCMPDSSBT','2025-03-31 04:07:12',NULL,NULL,0,365,'coupon',0,0,NULL,NULL,'shipping','all-orders',NULL,0,1,'2025-03-31 21:07:12','2025-03-31 21:07:12',NULL,NULL);

--
-- Table structure for table `ec_flash_sale_products`
--

CREATE TABLE `ec_flash_sale_products` (
  `flash_sale_id` bigint unsigned NOT NULL,
  `product_id` bigint unsigned NOT NULL,
  `price` double unsigned DEFAULT NULL,
  `quantity` int unsigned DEFAULT NULL,
  `sold` int unsigned NOT NULL DEFAULT '0'
) ENGINE=InnoDB DEFAULT CHARSET=utf8mb4 COLLATE=utf8mb4_unicode_ci;

--
-- Dumping data for table `ec_flash_sale_products`
--

INSERT INTO `ec_flash_sale_products` VALUES (1,1,1181.28,9,2),(1,2,455.7,14,2),(1,3,1148.07,19,1),(1,4,112.59,14,2),(1,5,818.79,18,2),(1,6,649.42,17,1),(1,7,13.77,10,2),(1,8,532.713,18,3),(1,9,767.7,6,4),(1,10,862,11,3);

--
-- Table structure for table `ec_flash_sales`
--

CREATE TABLE `ec_flash_sales` (
  `id` bigint unsigned NOT NULL AUTO_INCREMENT,
  `name` varchar(191) COLLATE utf8mb4_unicode_ci NOT NULL,
  `end_date` datetime NOT NULL,
  `status` varchar(60) COLLATE utf8mb4_unicode_ci NOT NULL DEFAULT 'published',
  `created_at` timestamp NULL DEFAULT NULL,
  `updated_at` timestamp NULL DEFAULT NULL,
  PRIMARY KEY (`id`)
) ENGINE=InnoDB AUTO_INCREMENT=2 DEFAULT CHARSET=utf8mb4 COLLATE=utf8mb4_unicode_ci;

--
-- Dumping data for table `ec_flash_sales`
--

INSERT INTO `ec_flash_sales` VALUES (1,'Winter Sale','2025-07-13 00:00:00','published','2025-03-31 21:07:24','2025-03-31 21:07:24');

--
-- Table structure for table `ec_flash_sales_translations`
--

CREATE TABLE `ec_flash_sales_translations` (
  `lang_code` varchar(191) COLLATE utf8mb4_unicode_ci NOT NULL,
  `ec_flash_sales_id` bigint unsigned NOT NULL,
  `name` varchar(191) COLLATE utf8mb4_unicode_ci DEFAULT NULL,
  PRIMARY KEY (`lang_code`,`ec_flash_sales_id`)
) ENGINE=InnoDB DEFAULT CHARSET=utf8mb4 COLLATE=utf8mb4_unicode_ci;

--
-- Dumping data for table `ec_flash_sales_translations`
--


--
-- Table structure for table `ec_global_option_value`
--

CREATE TABLE `ec_global_option_value` (
  `id` bigint unsigned NOT NULL AUTO_INCREMENT,
  `option_id` bigint unsigned NOT NULL COMMENT 'option id',
  `option_value` tinytext COLLATE utf8mb4_unicode_ci COMMENT 'option value',
  `affect_price` double DEFAULT NULL COMMENT 'value of price of this option affect',
  `order` int NOT NULL DEFAULT '9999',
  `affect_type` tinyint NOT NULL DEFAULT '0' COMMENT '0. fixed 1. percent',
  `created_at` timestamp NULL DEFAULT NULL,
  `updated_at` timestamp NULL DEFAULT NULL,
  PRIMARY KEY (`id`)
) ENGINE=InnoDB AUTO_INCREMENT=13 DEFAULT CHARSET=utf8mb4 COLLATE=utf8mb4_unicode_ci;

--
-- Dumping data for table `ec_global_option_value`
--

INSERT INTO `ec_global_option_value` VALUES (1,1,'1 Year',0,9999,0,'2025-03-31 21:07:12','2025-03-31 21:07:12'),(2,1,'2 Year',10,9999,0,'2025-03-31 21:07:12','2025-03-31 21:07:12'),(3,1,'3 Year',20,9999,0,'2025-03-31 21:07:12','2025-03-31 21:07:12'),(4,2,'4GB',0,9999,0,'2025-03-31 21:07:12','2025-03-31 21:07:12'),(5,2,'8GB',10,9999,0,'2025-03-31 21:07:12','2025-03-31 21:07:12'),(6,2,'16GB',20,9999,0,'2025-03-31 21:07:12','2025-03-31 21:07:12'),(7,3,'Core i5',0,9999,0,'2025-03-31 21:07:12','2025-03-31 21:07:12'),(8,3,'Core i7',10,9999,0,'2025-03-31 21:07:12','2025-03-31 21:07:12'),(9,3,'Core i9',20,9999,0,'2025-03-31 21:07:12','2025-03-31 21:07:12'),(10,4,'128GB',0,9999,0,'2025-03-31 21:07:12','2025-03-31 21:07:12'),(11,4,'256GB',10,9999,0,'2025-03-31 21:07:12','2025-03-31 21:07:12'),(12,4,'512GB',20,9999,0,'2025-03-31 21:07:12','2025-03-31 21:07:12');

--
-- Table structure for table `ec_global_option_value_translations`
--

CREATE TABLE `ec_global_option_value_translations` (
  `lang_code` varchar(191) COLLATE utf8mb4_unicode_ci NOT NULL,
  `ec_global_option_value_id` bigint unsigned NOT NULL,
  `option_value` varchar(191) COLLATE utf8mb4_unicode_ci DEFAULT NULL,
  PRIMARY KEY (`lang_code`,`ec_global_option_value_id`)
) ENGINE=InnoDB DEFAULT CHARSET=utf8mb4 COLLATE=utf8mb4_unicode_ci;

--
-- Dumping data for table `ec_global_option_value_translations`
--


--
-- Table structure for table `ec_global_options`
--

CREATE TABLE `ec_global_options` (
  `id` bigint unsigned NOT NULL AUTO_INCREMENT,
  `name` varchar(191) COLLATE utf8mb4_unicode_ci NOT NULL COMMENT 'Name of options',
  `option_type` varchar(191) COLLATE utf8mb4_unicode_ci NOT NULL COMMENT 'option type',
  `required` tinyint(1) NOT NULL DEFAULT '0' COMMENT 'Checked if this option is required',
  `created_at` timestamp NULL DEFAULT NULL,
  `updated_at` timestamp NULL DEFAULT NULL,
  PRIMARY KEY (`id`)
) ENGINE=InnoDB AUTO_INCREMENT=5 DEFAULT CHARSET=utf8mb4 COLLATE=utf8mb4_unicode_ci;

--
-- Dumping data for table `ec_global_options`
--

INSERT INTO `ec_global_options` VALUES (1,'Warranty','Botble\\Ecommerce\\Option\\OptionType\\RadioButton',1,'2025-03-31 21:07:12','2025-03-31 21:07:12'),(2,'RAM','Botble\\Ecommerce\\Option\\OptionType\\RadioButton',1,'2025-03-31 21:07:12','2025-03-31 21:07:12'),(3,'CPU','Botble\\Ecommerce\\Option\\OptionType\\RadioButton',1,'2025-03-31 21:07:12','2025-03-31 21:07:12'),(4,'HDD','Botble\\Ecommerce\\Option\\OptionType\\Dropdown',0,'2025-03-31 21:07:12','2025-03-31 21:07:12');

--
-- Table structure for table `ec_global_options_translations`
--

CREATE TABLE `ec_global_options_translations` (
  `lang_code` varchar(191) COLLATE utf8mb4_unicode_ci NOT NULL,
  `ec_global_options_id` bigint unsigned NOT NULL,
  `name` varchar(191) COLLATE utf8mb4_unicode_ci DEFAULT NULL,
  PRIMARY KEY (`lang_code`,`ec_global_options_id`)
) ENGINE=InnoDB DEFAULT CHARSET=utf8mb4 COLLATE=utf8mb4_unicode_ci;

--
-- Dumping data for table `ec_global_options_translations`
--


--
-- Table structure for table `ec_grouped_products`
--

CREATE TABLE `ec_grouped_products` (
  `id` bigint unsigned NOT NULL AUTO_INCREMENT,
  `parent_product_id` bigint unsigned NOT NULL,
  `product_id` bigint unsigned NOT NULL,
  `fixed_qty` int NOT NULL DEFAULT '1',
  PRIMARY KEY (`id`)
) ENGINE=InnoDB DEFAULT CHARSET=utf8mb4 COLLATE=utf8mb4_unicode_ci;

--
-- Dumping data for table `ec_grouped_products`
--


--
-- Table structure for table `ec_invoice_items`
--

CREATE TABLE `ec_invoice_items` (
  `id` bigint unsigned NOT NULL AUTO_INCREMENT,
  `invoice_id` bigint unsigned NOT NULL,
  `reference_type` varchar(191) COLLATE utf8mb4_unicode_ci NOT NULL,
  `reference_id` bigint unsigned NOT NULL,
  `name` varchar(191) COLLATE utf8mb4_unicode_ci NOT NULL,
  `description` varchar(400) COLLATE utf8mb4_unicode_ci DEFAULT NULL,
  `image` varchar(191) COLLATE utf8mb4_unicode_ci DEFAULT NULL,
  `qty` int unsigned NOT NULL,
  `price` decimal(15,2) NOT NULL DEFAULT '0.00',
  `sub_total` decimal(15,2) unsigned NOT NULL,
  `tax_amount` decimal(15,2) unsigned NOT NULL DEFAULT '0.00',
  `discount_amount` decimal(15,2) unsigned NOT NULL DEFAULT '0.00',
  `amount` decimal(15,2) unsigned NOT NULL,
  `options` text COLLATE utf8mb4_unicode_ci,
  `created_at` timestamp NULL DEFAULT NULL,
  `updated_at` timestamp NULL DEFAULT NULL,
  PRIMARY KEY (`id`),
  KEY `ec_invoice_items_reference_type_reference_id_index` (`reference_type`,`reference_id`)
) ENGINE=InnoDB DEFAULT CHARSET=utf8mb4 COLLATE=utf8mb4_unicode_ci;

--
-- Dumping data for table `ec_invoice_items`
--


--
-- Table structure for table `ec_invoices`
--

CREATE TABLE `ec_invoices` (
  `id` bigint unsigned NOT NULL AUTO_INCREMENT,
  `reference_type` varchar(191) COLLATE utf8mb4_unicode_ci NOT NULL,
  `reference_id` bigint unsigned NOT NULL,
  `code` varchar(191) COLLATE utf8mb4_unicode_ci NOT NULL,
  `customer_name` varchar(191) COLLATE utf8mb4_unicode_ci DEFAULT NULL,
  `company_name` varchar(191) COLLATE utf8mb4_unicode_ci DEFAULT NULL,
  `company_logo` varchar(191) COLLATE utf8mb4_unicode_ci DEFAULT NULL,
  `customer_email` varchar(191) COLLATE utf8mb4_unicode_ci DEFAULT NULL,
  `customer_phone` varchar(191) COLLATE utf8mb4_unicode_ci DEFAULT NULL,
  `customer_address` varchar(191) COLLATE utf8mb4_unicode_ci DEFAULT NULL,
  `customer_tax_id` varchar(191) COLLATE utf8mb4_unicode_ci DEFAULT NULL,
  `sub_total` decimal(15,2) unsigned NOT NULL,
  `tax_amount` decimal(15,2) unsigned NOT NULL DEFAULT '0.00',
  `shipping_amount` decimal(15,2) unsigned NOT NULL DEFAULT '0.00',
  `discount_amount` decimal(15,2) unsigned NOT NULL DEFAULT '0.00',
  `shipping_option` varchar(60) COLLATE utf8mb4_unicode_ci DEFAULT NULL,
  `shipping_method` varchar(60) COLLATE utf8mb4_unicode_ci NOT NULL DEFAULT 'default',
  `coupon_code` varchar(120) COLLATE utf8mb4_unicode_ci DEFAULT NULL,
  `discount_description` varchar(191) COLLATE utf8mb4_unicode_ci DEFAULT NULL,
  `amount` decimal(15,2) unsigned NOT NULL,
  `description` text COLLATE utf8mb4_unicode_ci,
  `payment_id` bigint unsigned DEFAULT NULL,
  `status` varchar(191) COLLATE utf8mb4_unicode_ci NOT NULL DEFAULT 'pending',
  `paid_at` timestamp NULL DEFAULT NULL,
  `created_at` timestamp NULL DEFAULT NULL,
  `updated_at` timestamp NULL DEFAULT NULL,
  PRIMARY KEY (`id`),
  UNIQUE KEY `ec_invoices_code_unique` (`code`),
  KEY `ec_invoices_reference_type_reference_id_index` (`reference_type`,`reference_id`),
  KEY `ec_invoices_payment_id_index` (`payment_id`),
  KEY `ec_invoices_status_index` (`status`)
) ENGINE=InnoDB DEFAULT CHARSET=utf8mb4 COLLATE=utf8mb4_unicode_ci;

--
-- Dumping data for table `ec_invoices`
--


--
-- Table structure for table `ec_option_value`
--

CREATE TABLE `ec_option_value` (
  `id` bigint unsigned NOT NULL AUTO_INCREMENT,
  `option_id` bigint unsigned NOT NULL COMMENT 'option id',
  `option_value` tinytext COLLATE utf8mb4_unicode_ci COMMENT 'option value',
  `affect_price` double DEFAULT NULL COMMENT 'value of price of this option affect',
  `order` int NOT NULL DEFAULT '9999',
  `affect_type` tinyint NOT NULL DEFAULT '0' COMMENT '0. fixed 1. percent',
  `created_at` timestamp NULL DEFAULT NULL,
  `updated_at` timestamp NULL DEFAULT NULL,
  PRIMARY KEY (`id`)
) ENGINE=InnoDB DEFAULT CHARSET=utf8mb4 COLLATE=utf8mb4_unicode_ci;

--
-- Dumping data for table `ec_option_value`
--


--
-- Table structure for table `ec_option_value_translations`
--

CREATE TABLE `ec_option_value_translations` (
  `lang_code` varchar(191) COLLATE utf8mb4_unicode_ci NOT NULL,
  `ec_option_value_id` bigint unsigned NOT NULL,
  `option_value` varchar(191) COLLATE utf8mb4_unicode_ci DEFAULT NULL,
  PRIMARY KEY (`lang_code`,`ec_option_value_id`)
) ENGINE=InnoDB DEFAULT CHARSET=utf8mb4 COLLATE=utf8mb4_unicode_ci;

--
-- Dumping data for table `ec_option_value_translations`
--


--
-- Table structure for table `ec_options`
--

CREATE TABLE `ec_options` (
  `id` bigint unsigned NOT NULL AUTO_INCREMENT,
  `name` varchar(191) COLLATE utf8mb4_unicode_ci NOT NULL COMMENT 'Name of options',
  `option_type` varchar(191) COLLATE utf8mb4_unicode_ci DEFAULT NULL COMMENT 'option type',
  `product_id` bigint unsigned NOT NULL DEFAULT '0',
  `order` int NOT NULL DEFAULT '9999',
  `required` tinyint(1) NOT NULL DEFAULT '0' COMMENT 'Checked if this option is required',
  `created_at` timestamp NULL DEFAULT NULL,
  `updated_at` timestamp NULL DEFAULT NULL,
  PRIMARY KEY (`id`)
) ENGINE=InnoDB DEFAULT CHARSET=utf8mb4 COLLATE=utf8mb4_unicode_ci;

--
-- Dumping data for table `ec_options`
--


--
-- Table structure for table `ec_options_translations`
--

CREATE TABLE `ec_options_translations` (
  `lang_code` varchar(191) COLLATE utf8mb4_unicode_ci NOT NULL,
  `ec_options_id` bigint unsigned NOT NULL,
  `name` varchar(191) COLLATE utf8mb4_unicode_ci DEFAULT NULL,
  PRIMARY KEY (`lang_code`,`ec_options_id`)
) ENGINE=InnoDB DEFAULT CHARSET=utf8mb4 COLLATE=utf8mb4_unicode_ci;

--
-- Dumping data for table `ec_options_translations`
--


--
-- Table structure for table `ec_order_addresses`
--

CREATE TABLE `ec_order_addresses` (
  `id` bigint unsigned NOT NULL AUTO_INCREMENT,
  `name` varchar(191) COLLATE utf8mb4_unicode_ci NOT NULL,
  `phone` varchar(20) COLLATE utf8mb4_unicode_ci DEFAULT NULL,
  `email` varchar(191) COLLATE utf8mb4_unicode_ci DEFAULT NULL,
  `country` varchar(120) COLLATE utf8mb4_unicode_ci DEFAULT NULL,
  `state` varchar(120) COLLATE utf8mb4_unicode_ci DEFAULT NULL,
  `city` varchar(120) COLLATE utf8mb4_unicode_ci DEFAULT NULL,
  `address` varchar(191) COLLATE utf8mb4_unicode_ci DEFAULT NULL,
  `order_id` bigint unsigned NOT NULL,
  `zip_code` varchar(20) COLLATE utf8mb4_unicode_ci DEFAULT NULL,
  `type` varchar(60) COLLATE utf8mb4_unicode_ci NOT NULL DEFAULT 'shipping_address',
  PRIMARY KEY (`id`)
) ENGINE=InnoDB DEFAULT CHARSET=utf8mb4 COLLATE=utf8mb4_unicode_ci;

--
-- Dumping data for table `ec_order_addresses`
--


--
-- Table structure for table `ec_order_histories`
--

CREATE TABLE `ec_order_histories` (
  `id` bigint unsigned NOT NULL AUTO_INCREMENT,
  `action` varchar(120) COLLATE utf8mb4_unicode_ci NOT NULL,
  `description` varchar(400) COLLATE utf8mb4_unicode_ci DEFAULT NULL,
  `user_id` bigint unsigned DEFAULT NULL,
  `order_id` bigint unsigned NOT NULL,
  `extras` text COLLATE utf8mb4_unicode_ci,
  `created_at` timestamp NULL DEFAULT NULL,
  `updated_at` timestamp NULL DEFAULT NULL,
  PRIMARY KEY (`id`)
) ENGINE=InnoDB DEFAULT CHARSET=utf8mb4 COLLATE=utf8mb4_unicode_ci;

--
-- Dumping data for table `ec_order_histories`
--


--
-- Table structure for table `ec_order_product`
--

CREATE TABLE `ec_order_product` (
  `id` bigint unsigned NOT NULL AUTO_INCREMENT,
  `order_id` bigint unsigned NOT NULL,
  `qty` int NOT NULL,
  `price` decimal(15,2) NOT NULL,
  `tax_amount` decimal(15,2) NOT NULL,
  `options` text COLLATE utf8mb4_unicode_ci,
  `product_options` text COLLATE utf8mb4_unicode_ci COMMENT 'product option data',
  `product_id` bigint unsigned DEFAULT NULL,
  `product_name` varchar(191) COLLATE utf8mb4_unicode_ci NOT NULL,
  `product_image` varchar(191) COLLATE utf8mb4_unicode_ci DEFAULT NULL,
  `weight` double DEFAULT '0',
  `restock_quantity` int unsigned DEFAULT '0',
  `created_at` timestamp NULL DEFAULT NULL,
  `updated_at` timestamp NULL DEFAULT NULL,
  `product_type` varchar(60) COLLATE utf8mb4_unicode_ci NOT NULL DEFAULT 'physical',
  `times_downloaded` int NOT NULL DEFAULT '0',
  `license_code` char(36) COLLATE utf8mb4_unicode_ci DEFAULT NULL,
  `downloaded_at` timestamp NULL DEFAULT NULL,
  PRIMARY KEY (`id`)
) ENGINE=InnoDB DEFAULT CHARSET=utf8mb4 COLLATE=utf8mb4_unicode_ci;

--
-- Dumping data for table `ec_order_product`
--


--
-- Table structure for table `ec_order_referrals`
--

CREATE TABLE `ec_order_referrals` (
  `id` bigint unsigned NOT NULL AUTO_INCREMENT,
  `ip` varchar(39) COLLATE utf8mb4_unicode_ci DEFAULT NULL,
  `landing_domain` varchar(191) COLLATE utf8mb4_unicode_ci DEFAULT NULL,
  `landing_page` varchar(191) COLLATE utf8mb4_unicode_ci DEFAULT NULL,
  `landing_params` varchar(191) COLLATE utf8mb4_unicode_ci DEFAULT NULL,
  `referral` varchar(191) COLLATE utf8mb4_unicode_ci DEFAULT NULL,
  `gclid` varchar(191) COLLATE utf8mb4_unicode_ci DEFAULT NULL,
  `fclid` varchar(191) COLLATE utf8mb4_unicode_ci DEFAULT NULL,
  `utm_source` varchar(191) COLLATE utf8mb4_unicode_ci DEFAULT NULL,
  `utm_campaign` varchar(191) COLLATE utf8mb4_unicode_ci DEFAULT NULL,
  `utm_medium` varchar(191) COLLATE utf8mb4_unicode_ci DEFAULT NULL,
  `utm_term` varchar(191) COLLATE utf8mb4_unicode_ci DEFAULT NULL,
  `utm_content` varchar(191) COLLATE utf8mb4_unicode_ci DEFAULT NULL,
  `referrer_url` text COLLATE utf8mb4_unicode_ci,
  `referrer_domain` varchar(191) COLLATE utf8mb4_unicode_ci DEFAULT NULL,
  `order_id` bigint unsigned DEFAULT NULL,
  `created_at` timestamp NULL DEFAULT NULL,
  `updated_at` timestamp NULL DEFAULT NULL,
  PRIMARY KEY (`id`),
  KEY `ec_order_referrals_order_id_index` (`order_id`)
) ENGINE=InnoDB DEFAULT CHARSET=utf8mb4 COLLATE=utf8mb4_unicode_ci;

--
-- Dumping data for table `ec_order_referrals`
--


--
-- Table structure for table `ec_order_return_histories`
--

CREATE TABLE `ec_order_return_histories` (
  `id` bigint unsigned NOT NULL AUTO_INCREMENT,
  `user_id` bigint unsigned DEFAULT NULL,
  `order_return_id` bigint unsigned NOT NULL,
  `action` varchar(191) COLLATE utf8mb4_unicode_ci NOT NULL,
  `description` varchar(400) COLLATE utf8mb4_unicode_ci DEFAULT NULL,
  `reason` varchar(191) COLLATE utf8mb4_unicode_ci DEFAULT NULL,
  `created_at` timestamp NULL DEFAULT NULL,
  `updated_at` timestamp NULL DEFAULT NULL,
  PRIMARY KEY (`id`)
) ENGINE=InnoDB DEFAULT CHARSET=utf8mb4 COLLATE=utf8mb4_unicode_ci;

--
-- Dumping data for table `ec_order_return_histories`
--


--
-- Table structure for table `ec_order_return_items`
--

CREATE TABLE `ec_order_return_items` (
  `id` bigint unsigned NOT NULL AUTO_INCREMENT,
  `order_return_id` bigint unsigned NOT NULL COMMENT 'Order return id',
  `order_product_id` bigint unsigned NOT NULL COMMENT 'Order product id',
  `product_id` bigint unsigned NOT NULL COMMENT 'Product id',
  `product_name` varchar(191) COLLATE utf8mb4_unicode_ci NOT NULL,
  `product_image` varchar(191) COLLATE utf8mb4_unicode_ci DEFAULT NULL,
  `qty` int NOT NULL COMMENT 'Quantity return',
  `price` decimal(15,2) NOT NULL COMMENT 'Price Product',
  `reason` text COLLATE utf8mb4_unicode_ci,
  `created_at` timestamp NULL DEFAULT NULL,
  `updated_at` timestamp NULL DEFAULT NULL,
  `refund_amount` decimal(12,2) DEFAULT '0.00',
  PRIMARY KEY (`id`)
) ENGINE=InnoDB DEFAULT CHARSET=utf8mb4 COLLATE=utf8mb4_unicode_ci;

--
-- Dumping data for table `ec_order_return_items`
--


--
-- Table structure for table `ec_order_returns`
--

CREATE TABLE `ec_order_returns` (
  `id` bigint unsigned NOT NULL AUTO_INCREMENT,
  `code` varchar(191) COLLATE utf8mb4_unicode_ci DEFAULT NULL,
  `order_id` bigint unsigned NOT NULL COMMENT 'Order ID',
  `store_id` bigint unsigned DEFAULT NULL COMMENT 'Store ID',
  `user_id` bigint unsigned NOT NULL COMMENT 'Customer ID',
  `reason` text COLLATE utf8mb4_unicode_ci COMMENT 'Reason return order',
  `order_status` varchar(191) COLLATE utf8mb4_unicode_ci DEFAULT NULL COMMENT 'Order current status',
  `return_status` varchar(191) COLLATE utf8mb4_unicode_ci NOT NULL COMMENT 'Return status',
  `created_at` timestamp NULL DEFAULT NULL,
  `updated_at` timestamp NULL DEFAULT NULL,
  PRIMARY KEY (`id`),
  UNIQUE KEY `ec_order_returns_code_unique` (`code`)
) ENGINE=InnoDB DEFAULT CHARSET=utf8mb4 COLLATE=utf8mb4_unicode_ci;

--
-- Dumping data for table `ec_order_returns`
--


--
-- Table structure for table `ec_order_tax_information`
--

CREATE TABLE `ec_order_tax_information` (
  `id` bigint unsigned NOT NULL AUTO_INCREMENT,
  `order_id` bigint unsigned NOT NULL,
  `company_name` varchar(120) COLLATE utf8mb4_unicode_ci NOT NULL,
  `company_address` varchar(191) COLLATE utf8mb4_unicode_ci NOT NULL,
  `company_tax_code` varchar(20) COLLATE utf8mb4_unicode_ci NOT NULL,
  `company_email` varchar(60) COLLATE utf8mb4_unicode_ci NOT NULL,
  `created_at` timestamp NULL DEFAULT NULL,
  `updated_at` timestamp NULL DEFAULT NULL,
  PRIMARY KEY (`id`),
  KEY `ec_order_tax_information_order_id_index` (`order_id`)
) ENGINE=InnoDB DEFAULT CHARSET=utf8mb4 COLLATE=utf8mb4_unicode_ci;

--
-- Dumping data for table `ec_order_tax_information`
--


--
-- Table structure for table `ec_orders`
--

CREATE TABLE `ec_orders` (
  `id` bigint unsigned NOT NULL AUTO_INCREMENT,
  `code` varchar(191) COLLATE utf8mb4_unicode_ci DEFAULT NULL,
  `user_id` bigint unsigned NOT NULL,
  `shipping_option` varchar(60) COLLATE utf8mb4_unicode_ci DEFAULT NULL,
  `shipping_method` varchar(60) COLLATE utf8mb4_unicode_ci NOT NULL DEFAULT 'default',
  `status` varchar(120) COLLATE utf8mb4_unicode_ci NOT NULL DEFAULT 'pending',
  `amount` decimal(15,2) NOT NULL,
  `tax_amount` decimal(15,2) DEFAULT NULL,
  `shipping_amount` decimal(15,2) DEFAULT NULL,
  `description` text COLLATE utf8mb4_unicode_ci,
  `coupon_code` varchar(120) COLLATE utf8mb4_unicode_ci DEFAULT NULL,
  `discount_amount` decimal(15,2) DEFAULT NULL,
  `sub_total` decimal(15,2) NOT NULL,
  `is_confirmed` tinyint(1) NOT NULL DEFAULT '0',
  `discount_description` varchar(191) COLLATE utf8mb4_unicode_ci DEFAULT NULL,
  `is_finished` tinyint(1) DEFAULT '0',
  `cancellation_reason` varchar(191) COLLATE utf8mb4_unicode_ci DEFAULT NULL,
  `cancellation_reason_description` varchar(191) COLLATE utf8mb4_unicode_ci DEFAULT NULL,
  `completed_at` timestamp NULL DEFAULT NULL,
  `token` varchar(120) COLLATE utf8mb4_unicode_ci DEFAULT NULL,
  `payment_id` bigint unsigned DEFAULT NULL,
  `created_at` timestamp NULL DEFAULT NULL,
  `updated_at` timestamp NULL DEFAULT NULL,
  `store_id` bigint unsigned DEFAULT NULL,
  `proof_file` varchar(191) COLLATE utf8mb4_unicode_ci DEFAULT NULL,
  `private_notes` text COLLATE utf8mb4_unicode_ci,
  PRIMARY KEY (`id`),
  UNIQUE KEY `ec_orders_code_unique` (`code`),
  KEY `ec_orders_user_id_status_created_at_index` (`user_id`,`status`,`created_at`)
) ENGINE=InnoDB DEFAULT CHARSET=utf8mb4 COLLATE=utf8mb4_unicode_ci;

--
-- Dumping data for table `ec_orders`
--


--
-- Table structure for table `ec_product_attribute_sets`
--

CREATE TABLE `ec_product_attribute_sets` (
  `id` bigint unsigned NOT NULL AUTO_INCREMENT,
  `title` varchar(120) COLLATE utf8mb4_unicode_ci NOT NULL,
  `slug` varchar(120) COLLATE utf8mb4_unicode_ci DEFAULT NULL,
  `display_layout` varchar(191) COLLATE utf8mb4_unicode_ci NOT NULL DEFAULT 'swatch_dropdown',
  `is_searchable` tinyint unsigned NOT NULL DEFAULT '1',
  `is_comparable` tinyint unsigned NOT NULL DEFAULT '1',
  `is_use_in_product_listing` tinyint unsigned NOT NULL DEFAULT '0',
  `status` varchar(60) COLLATE utf8mb4_unicode_ci NOT NULL DEFAULT 'published',
  `order` tinyint unsigned NOT NULL DEFAULT '0',
  `created_at` timestamp NULL DEFAULT NULL,
  `updated_at` timestamp NULL DEFAULT NULL,
  `use_image_from_product_variation` tinyint unsigned NOT NULL DEFAULT '0',
  PRIMARY KEY (`id`)
) ENGINE=InnoDB AUTO_INCREMENT=5 DEFAULT CHARSET=utf8mb4 COLLATE=utf8mb4_unicode_ci;

--
-- Dumping data for table `ec_product_attribute_sets`
--

INSERT INTO `ec_product_attribute_sets` VALUES (1,'Color','color','visual',1,1,1,'published',0,'2025-03-31 21:07:05','2025-03-31 21:07:05',0),(2,'Size','size','text',1,1,1,'published',1,'2025-03-31 21:07:05','2025-03-31 21:07:05',0),(3,'Weight','weight','text',1,1,1,'published',0,'2025-03-31 21:07:05','2025-03-31 21:07:05',0),(4,'Boxes','boxes','text',1,1,1,'published',1,'2025-03-31 21:07:05','2025-03-31 21:07:05',0);

--
-- Table structure for table `ec_product_attribute_sets_translations`
--

CREATE TABLE `ec_product_attribute_sets_translations` (
  `lang_code` varchar(191) COLLATE utf8mb4_unicode_ci NOT NULL,
  `ec_product_attribute_sets_id` bigint unsigned NOT NULL,
  `title` varchar(191) COLLATE utf8mb4_unicode_ci DEFAULT NULL,
  PRIMARY KEY (`lang_code`,`ec_product_attribute_sets_id`)
) ENGINE=InnoDB DEFAULT CHARSET=utf8mb4 COLLATE=utf8mb4_unicode_ci;

--
-- Dumping data for table `ec_product_attribute_sets_translations`
--


--
-- Table structure for table `ec_product_attributes`
--

CREATE TABLE `ec_product_attributes` (
  `id` bigint unsigned NOT NULL AUTO_INCREMENT,
  `attribute_set_id` bigint unsigned NOT NULL,
  `title` varchar(120) COLLATE utf8mb4_unicode_ci NOT NULL,
  `slug` varchar(120) COLLATE utf8mb4_unicode_ci DEFAULT NULL,
  `color` varchar(120) COLLATE utf8mb4_unicode_ci DEFAULT NULL,
  `image` varchar(191) COLLATE utf8mb4_unicode_ci DEFAULT NULL,
  `is_default` tinyint unsigned NOT NULL DEFAULT '0',
  `order` tinyint unsigned NOT NULL DEFAULT '0',
  `created_at` timestamp NULL DEFAULT NULL,
  `updated_at` timestamp NULL DEFAULT NULL,
  PRIMARY KEY (`id`),
  KEY `attribute_set_status_index` (`attribute_set_id`)
) ENGINE=InnoDB AUTO_INCREMENT=21 DEFAULT CHARSET=utf8mb4 COLLATE=utf8mb4_unicode_ci;

--
-- Dumping data for table `ec_product_attributes`
--

INSERT INTO `ec_product_attributes` VALUES (1,1,'Green','green','#5FB7D4',NULL,1,1,'2025-03-31 21:07:05','2025-03-31 21:07:05'),(2,1,'Blue','blue','#333333',NULL,0,2,'2025-03-31 21:07:05','2025-03-31 21:07:05'),(3,1,'Red','red','#DA323F',NULL,0,3,'2025-03-31 21:07:05','2025-03-31 21:07:05'),(4,1,'Black','black','#2F366C',NULL,0,4,'2025-03-31 21:07:05','2025-03-31 21:07:05'),(5,1,'Brown','brown','#87554B',NULL,0,5,'2025-03-31 21:07:05','2025-03-31 21:07:05'),(6,2,'S','s',NULL,NULL,1,1,'2025-03-31 21:07:05','2025-03-31 21:07:05'),(7,2,'M','m',NULL,NULL,0,2,'2025-03-31 21:07:05','2025-03-31 21:07:05'),(8,2,'L','l',NULL,NULL,0,3,'2025-03-31 21:07:05','2025-03-31 21:07:05'),(9,2,'XL','xl',NULL,NULL,0,4,'2025-03-31 21:07:05','2025-03-31 21:07:05'),(10,2,'XXL','xxl',NULL,NULL,0,5,'2025-03-31 21:07:05','2025-03-31 21:07:05'),(11,3,'1KG','1kg',NULL,NULL,1,1,'2025-03-31 21:07:05','2025-03-31 21:07:05'),(12,3,'2KG','2kg',NULL,NULL,0,2,'2025-03-31 21:07:05','2025-03-31 21:07:05'),(13,3,'3KG','3kg',NULL,NULL,0,3,'2025-03-31 21:07:05','2025-03-31 21:07:05'),(14,3,'4KG','4kg',NULL,NULL,0,4,'2025-03-31 21:07:05','2025-03-31 21:07:05'),(15,3,'5KG','5kg',NULL,NULL,0,5,'2025-03-31 21:07:05','2025-03-31 21:07:05'),(16,4,'1 Box','1-box',NULL,NULL,1,1,'2025-03-31 21:07:05','2025-03-31 21:07:05'),(17,4,'2 Boxes','2-boxes',NULL,NULL,0,2,'2025-03-31 21:07:05','2025-03-31 21:07:05'),(18,4,'3 Boxes','3-boxes',NULL,NULL,0,3,'2025-03-31 21:07:05','2025-03-31 21:07:05'),(19,4,'4 Boxes','4-boxes',NULL,NULL,0,4,'2025-03-31 21:07:05','2025-03-31 21:07:05'),(20,4,'5 Boxes','5-boxes',NULL,NULL,0,5,'2025-03-31 21:07:05','2025-03-31 21:07:05');

--
-- Table structure for table `ec_product_attributes_translations`
--

CREATE TABLE `ec_product_attributes_translations` (
  `lang_code` varchar(191) COLLATE utf8mb4_unicode_ci NOT NULL,
  `ec_product_attributes_id` bigint unsigned NOT NULL,
  `title` varchar(191) COLLATE utf8mb4_unicode_ci DEFAULT NULL,
  PRIMARY KEY (`lang_code`,`ec_product_attributes_id`)
) ENGINE=InnoDB DEFAULT CHARSET=utf8mb4 COLLATE=utf8mb4_unicode_ci;

--
-- Dumping data for table `ec_product_attributes_translations`
--


--
-- Table structure for table `ec_product_categories`
--

CREATE TABLE `ec_product_categories` (
  `id` bigint unsigned NOT NULL AUTO_INCREMENT,
  `name` varchar(191) COLLATE utf8mb4_unicode_ci NOT NULL,
  `parent_id` bigint unsigned NOT NULL DEFAULT '0',
  `description` mediumtext COLLATE utf8mb4_unicode_ci,
  `status` varchar(60) COLLATE utf8mb4_unicode_ci NOT NULL DEFAULT 'published',
  `order` int unsigned NOT NULL DEFAULT '0',
  `image` varchar(191) COLLATE utf8mb4_unicode_ci DEFAULT NULL,
  `is_featured` tinyint unsigned NOT NULL DEFAULT '0',
  `created_at` timestamp NULL DEFAULT NULL,
  `updated_at` timestamp NULL DEFAULT NULL,
  `icon` varchar(191) COLLATE utf8mb4_unicode_ci DEFAULT NULL,
  `icon_image` varchar(191) COLLATE utf8mb4_unicode_ci DEFAULT NULL,
  PRIMARY KEY (`id`),
  KEY `ec_product_categories_parent_id_status_created_at_index` (`parent_id`,`status`,`created_at`),
  KEY `ec_product_categories_parent_id_status_index` (`parent_id`,`status`)
) ENGINE=InnoDB AUTO_INCREMENT=20 DEFAULT CHARSET=utf8mb4 COLLATE=utf8mb4_unicode_ci;

--
-- Dumping data for table `ec_product_categories`
--

INSERT INTO `ec_product_categories` VALUES (1,'Bags',0,NULL,'published',0,'fashion/product-categories/1.jpg',1,'2025-03-31 21:07:19','2025-03-31 21:07:19',NULL,NULL),(2,'Clothing',0,NULL,'published',1,'fashion/product-categories/4.jpg',1,'2025-03-31 21:07:19','2025-03-31 21:07:19',NULL,NULL),(3,'Men\'s Clothing',2,NULL,'published',0,NULL,0,'2025-03-31 21:07:19','2025-03-31 21:07:19',NULL,NULL),(4,'T-Shirts',3,NULL,'published',0,NULL,0,'2025-03-31 21:07:19','2025-03-31 21:07:19',NULL,NULL),(5,'Jeans',3,NULL,'published',1,NULL,0,'2025-03-31 21:07:19','2025-03-31 21:07:19',NULL,NULL),(6,'Suits',3,NULL,'published',2,NULL,0,'2025-03-31 21:07:19','2025-03-31 21:07:19',NULL,NULL),(7,'Women\'s Clothing',2,NULL,'published',1,'fashion/product-categories/2.jpg',1,'2025-03-31 21:07:19','2025-03-31 21:07:19',NULL,NULL),(8,'Dresses',7,NULL,'published',0,NULL,0,'2025-03-31 21:07:19','2025-03-31 21:07:19',NULL,NULL),(9,'Blouses',7,NULL,'published',1,NULL,0,'2025-03-31 21:07:19','2025-03-31 21:07:19',NULL,NULL),(10,'Pants',7,NULL,'published',2,NULL,0,'2025-03-31 21:07:19','2025-03-31 21:07:19',NULL,NULL),(11,'Footwear',0,NULL,'published',2,'fashion/product-categories/6.jpg',1,'2025-03-31 21:07:19','2025-03-31 21:07:19',NULL,NULL),(12,'Accessories',0,NULL,'published',3,NULL,0,'2025-03-31 21:07:19','2025-03-31 21:07:19',NULL,NULL),(13,'Hats',12,NULL,'published',0,NULL,0,'2025-03-31 21:07:19','2025-03-31 21:07:19',NULL,NULL),(14,'Scarves',12,NULL,'published',1,NULL,0,'2025-03-31 21:07:19','2025-03-31 21:07:19',NULL,NULL),(15,'Jewelry',12,NULL,'published',2,NULL,0,'2025-03-31 21:07:19','2025-03-31 21:07:19',NULL,NULL),(16,'Sportswear',0,NULL,'published',4,NULL,0,'2025-03-31 21:07:19','2025-03-31 21:07:19',NULL,NULL),(17,'Activewear',16,NULL,'published',0,NULL,0,'2025-03-31 21:07:19','2025-03-31 21:07:19',NULL,NULL),(18,'Running Shoes',16,NULL,'published',1,'fashion/product-categories/3.jpg',1,'2025-03-31 21:07:19','2025-03-31 21:07:19',NULL,NULL),(19,'Outerwear',0,NULL,'published',5,'fashion/product-categories/5.jpg',1,'2025-03-31 21:07:19','2025-03-31 21:07:19',NULL,NULL);

--
-- Table structure for table `ec_product_categories_translations`
--

CREATE TABLE `ec_product_categories_translations` (
  `lang_code` varchar(191) COLLATE utf8mb4_unicode_ci NOT NULL,
  `ec_product_categories_id` bigint unsigned NOT NULL,
  `name` varchar(191) COLLATE utf8mb4_unicode_ci DEFAULT NULL,
  `description` mediumtext COLLATE utf8mb4_unicode_ci,
  PRIMARY KEY (`lang_code`,`ec_product_categories_id`)
) ENGINE=InnoDB DEFAULT CHARSET=utf8mb4 COLLATE=utf8mb4_unicode_ci;

--
-- Dumping data for table `ec_product_categories_translations`
--


--
-- Table structure for table `ec_product_categorizables`
--

CREATE TABLE `ec_product_categorizables` (
  `category_id` bigint unsigned NOT NULL,
  `reference_id` bigint unsigned NOT NULL,
  `reference_type` varchar(120) COLLATE utf8mb4_unicode_ci NOT NULL,
  PRIMARY KEY (`category_id`,`reference_id`,`reference_type`),
  KEY `ec_product_categorizables_category_id_index` (`category_id`),
  KEY `ec_product_categorizables_reference_id_index` (`reference_id`),
  KEY `ec_product_categorizables_reference_type_index` (`reference_type`)
) ENGINE=InnoDB DEFAULT CHARSET=utf8mb4 COLLATE=utf8mb4_unicode_ci;

--
-- Dumping data for table `ec_product_categorizables`
--


--
-- Table structure for table `ec_product_category_product`
--

CREATE TABLE `ec_product_category_product` (
  `category_id` bigint unsigned NOT NULL,
  `product_id` bigint unsigned NOT NULL,
  PRIMARY KEY (`product_id`,`category_id`),
  KEY `ec_product_category_product_category_id_index` (`category_id`),
  KEY `ec_product_category_product_product_id_index` (`product_id`)
) ENGINE=InnoDB DEFAULT CHARSET=utf8mb4 COLLATE=utf8mb4_unicode_ci;

--
-- Dumping data for table `ec_product_category_product`
--

INSERT INTO `ec_product_category_product` VALUES (1,6),(1,10),(1,16),(1,19),(1,25),(1,29),(1,32),(1,35),(1,41),(2,9),(2,14),(2,20),(2,22),(3,1),(3,7),(3,8),(3,15),(3,17),(3,19),(3,20),(3,23),(3,27),(3,31),(3,32),(3,33),(3,34),(3,37),(4,9),(4,13),(4,19),(4,26),(4,39),(4,42),(5,2),(5,11),(5,14),(5,16),(5,21),(5,25),(5,35),(5,41),(6,3),(6,10),(6,12),(6,27),(6,29),(6,31),(6,36),(6,39),(6,40),(6,43),(7,5),(7,6),(7,27),(7,36),(7,39),(7,41),(7,43),(8,3),(8,4),(8,10),(8,14),(8,30),(8,34),(8,37),(9,4),(9,6),(9,10),(9,12),(9,13),(9,18),(9,20),(9,21),(9,22),(9,23),(9,26),(9,29),(9,30),(9,33),(9,34),(9,42),(10,2),(10,7),(10,8),(10,11),(10,20),(10,21),(10,22),(10,24),(10,34),(10,35),(10,36),(10,38),(10,40),(11,4),(11,7),(11,12),(11,15),(11,16),(11,24),(11,26),(11,28),(11,29),(11,30),(11,35),(11,40),(12,7),(12,8),(12,33),(12,37),(12,38),(12,43),(13,5),(13,6),(13,11),(13,12),(13,17),(13,18),(13,24),(13,28),(13,30),(13,41),(14,1),(14,9),(14,13),(14,36),(15,3),(15,9),(15,21),(15,23),(15,25),(15,31),(15,38),(15,40),(16,1),(16,4),(16,13),(16,14),(16,18),(16,24),(16,26),(16,33),(16,39),(17,2),(17,3),(17,5),(17,15),(17,17),(17,18),(17,23),(17,32),(17,38),(17,42),(18,1),(18,2),(18,8),(18,11),(18,17),(18,25),(18,27),(18,28),(18,37),(18,42),(18,43),(19,5),(19,15),(19,16),(19,19),(19,22),(19,28),(19,31),(19,32);

--
-- Table structure for table `ec_product_collection_products`
--

CREATE TABLE `ec_product_collection_products` (
  `product_collection_id` bigint unsigned NOT NULL,
  `product_id` bigint unsigned NOT NULL,
  PRIMARY KEY (`product_id`,`product_collection_id`),
  KEY `ec_product_collection_products_product_collection_id_index` (`product_collection_id`),
  KEY `ec_product_collection_products_product_id_index` (`product_id`)
) ENGINE=InnoDB DEFAULT CHARSET=utf8mb4 COLLATE=utf8mb4_unicode_ci;

--
-- Dumping data for table `ec_product_collection_products`
--

INSERT INTO `ec_product_collection_products` VALUES (1,9),(1,14),(1,19),(1,22),(1,25),(1,28),(1,29),(1,30),(1,31),(1,32),(1,33),(1,35),(1,36),(1,42),(2,2),(2,4),(2,6),(2,10),(2,11),(2,16),(2,17),(2,24),(2,37),(2,40),(3,3),(3,13),(3,38),(3,43),(4,1),(4,5),(4,7),(4,8),(4,12),(4,15),(4,18),(4,20),(4,21),(4,23),(4,26),(4,27),(4,34),(4,39),(4,41);

--
-- Table structure for table `ec_product_collections`
--

CREATE TABLE `ec_product_collections` (
  `id` bigint unsigned NOT NULL AUTO_INCREMENT,
  `name` varchar(191) COLLATE utf8mb4_unicode_ci NOT NULL,
  `slug` varchar(191) COLLATE utf8mb4_unicode_ci NOT NULL,
  `description` varchar(400) COLLATE utf8mb4_unicode_ci DEFAULT NULL,
  `image` varchar(191) COLLATE utf8mb4_unicode_ci DEFAULT NULL,
  `status` varchar(60) COLLATE utf8mb4_unicode_ci NOT NULL DEFAULT 'published',
  `created_at` timestamp NULL DEFAULT NULL,
  `updated_at` timestamp NULL DEFAULT NULL,
  `is_featured` tinyint unsigned NOT NULL DEFAULT '0',
  PRIMARY KEY (`id`)
) ENGINE=InnoDB AUTO_INCREMENT=5 DEFAULT CHARSET=utf8mb4 COLLATE=utf8mb4_unicode_ci;

--
-- Dumping data for table `ec_product_collections`
--

INSERT INTO `ec_product_collections` VALUES (1,'Trendy Wardrobe Essentials','trendy-wardrobe-essentials',NULL,NULL,'published','2025-03-31 21:07:19','2025-03-31 21:07:19',0),(2,'Fashion Forward Finds','fashion-forward-finds',NULL,NULL,'published','2025-03-31 21:07:19','2025-03-31 21:07:19',0),(3,'Chic &amp; Stylish Collection','chic-stylish-collection',NULL,NULL,'published','2025-03-31 21:07:19','2025-03-31 21:07:19',0),(4,'Weekly Fashion Picks','weekly-fashion-picks',NULL,NULL,'published','2025-03-31 21:07:19','2025-03-31 21:07:19',0);

--
-- Table structure for table `ec_product_collections_translations`
--

CREATE TABLE `ec_product_collections_translations` (
  `lang_code` varchar(191) COLLATE utf8mb4_unicode_ci NOT NULL,
  `ec_product_collections_id` bigint unsigned NOT NULL,
  `name` varchar(191) COLLATE utf8mb4_unicode_ci DEFAULT NULL,
  `description` varchar(400) COLLATE utf8mb4_unicode_ci DEFAULT NULL,
  PRIMARY KEY (`lang_code`,`ec_product_collections_id`)
) ENGINE=InnoDB DEFAULT CHARSET=utf8mb4 COLLATE=utf8mb4_unicode_ci;

--
-- Dumping data for table `ec_product_collections_translations`
--


--
-- Table structure for table `ec_product_cross_sale_relations`
--

CREATE TABLE `ec_product_cross_sale_relations` (
  `from_product_id` bigint unsigned NOT NULL,
  `to_product_id` bigint unsigned NOT NULL,
  `is_variant` tinyint(1) NOT NULL DEFAULT '0',
  `price` decimal(15,2) DEFAULT '0.00',
  `price_type` varchar(191) COLLATE utf8mb4_unicode_ci NOT NULL DEFAULT 'fixed',
  `apply_to_all_variations` tinyint(1) NOT NULL DEFAULT '1',
  PRIMARY KEY (`from_product_id`,`to_product_id`),
  KEY `ec_product_cross_sale_relations_from_product_id_index` (`from_product_id`),
  KEY `ec_product_cross_sale_relations_to_product_id_index` (`to_product_id`)
) ENGINE=InnoDB DEFAULT CHARSET=utf8mb4 COLLATE=utf8mb4_unicode_ci;

--
-- Dumping data for table `ec_product_cross_sale_relations`
--

INSERT INTO `ec_product_cross_sale_relations` VALUES (1,12,0,0.00,'fixed',1),(1,14,0,0.00,'fixed',1),(1,18,0,0.00,'fixed',1),(1,33,0,0.00,'fixed',1),(1,34,0,0.00,'fixed',1),(1,36,0,0.00,'fixed',1),(1,40,0,0.00,'fixed',1),(2,1,0,0.00,'fixed',1),(2,3,0,0.00,'fixed',1),(2,6,0,0.00,'fixed',1),(2,24,0,0.00,'fixed',1),(2,26,0,0.00,'fixed',1),(2,28,0,0.00,'fixed',1),(2,34,0,0.00,'fixed',1),(3,2,0,0.00,'fixed',1),(3,10,0,0.00,'fixed',1),(3,14,0,0.00,'fixed',1),(3,15,0,0.00,'fixed',1),(3,17,0,0.00,'fixed',1),(3,24,0,0.00,'fixed',1),(3,36,0,0.00,'fixed',1),(4,3,0,0.00,'fixed',1),(4,5,0,0.00,'fixed',1),(4,7,0,0.00,'fixed',1),(4,8,0,0.00,'fixed',1),(4,11,0,0.00,'fixed',1),(4,24,0,0.00,'fixed',1),(4,34,0,0.00,'fixed',1),(5,1,0,0.00,'fixed',1),(5,3,0,0.00,'fixed',1),(5,18,0,0.00,'fixed',1),(5,23,0,0.00,'fixed',1),(5,34,0,0.00,'fixed',1),(5,38,0,0.00,'fixed',1),(6,4,0,0.00,'fixed',1),(6,5,0,0.00,'fixed',1),(6,11,0,0.00,'fixed',1),(6,30,0,0.00,'fixed',1),(6,32,0,0.00,'fixed',1),(6,37,0,0.00,'fixed',1),(6,39,0,0.00,'fixed',1),(7,9,0,0.00,'fixed',1),(7,12,0,0.00,'fixed',1),(7,24,0,0.00,'fixed',1),(7,27,0,0.00,'fixed',1),(7,30,0,0.00,'fixed',1),(7,31,0,0.00,'fixed',1),(7,37,0,0.00,'fixed',1),(8,7,0,0.00,'fixed',1),(8,20,0,0.00,'fixed',1),(8,33,0,0.00,'fixed',1),(8,37,0,0.00,'fixed',1),(8,39,0,0.00,'fixed',1),(8,41,0,0.00,'fixed',1),(9,10,0,0.00,'fixed',1),(9,12,0,0.00,'fixed',1),(9,21,0,0.00,'fixed',1),(9,23,0,0.00,'fixed',1),(9,33,0,0.00,'fixed',1),(9,40,0,0.00,'fixed',1),(9,41,0,0.00,'fixed',1),(10,4,0,0.00,'fixed',1),(10,7,0,0.00,'fixed',1),(10,17,0,0.00,'fixed',1),(10,26,0,0.00,'fixed',1),(10,29,0,0.00,'fixed',1),(10,30,0,0.00,'fixed',1),(10,37,0,0.00,'fixed',1),(11,4,0,0.00,'fixed',1),(11,13,0,0.00,'fixed',1),(11,14,0,0.00,'fixed',1),(11,18,0,0.00,'fixed',1),(11,36,0,0.00,'fixed',1),(11,37,0,0.00,'fixed',1),(11,43,0,0.00,'fixed',1),(12,6,0,0.00,'fixed',1),(12,19,0,0.00,'fixed',1),(12,21,0,0.00,'fixed',1),(12,38,0,0.00,'fixed',1),(12,42,0,0.00,'fixed',1),(13,1,0,0.00,'fixed',1),(13,4,0,0.00,'fixed',1),(13,15,0,0.00,'fixed',1),(13,25,0,0.00,'fixed',1),(13,27,0,0.00,'fixed',1),(13,30,0,0.00,'fixed',1),(13,34,0,0.00,'fixed',1),(14,5,0,0.00,'fixed',1),(14,8,0,0.00,'fixed',1),(14,30,0,0.00,'fixed',1),(14,33,0,0.00,'fixed',1),(14,36,0,0.00,'fixed',1),(14,40,0,0.00,'fixed',1),(15,4,0,0.00,'fixed',1),(15,6,0,0.00,'fixed',1),(15,7,0,0.00,'fixed',1),(15,16,0,0.00,'fixed',1),(15,17,0,0.00,'fixed',1),(15,32,0,0.00,'fixed',1),(15,42,0,0.00,'fixed',1),(16,2,0,0.00,'fixed',1),(16,12,0,0.00,'fixed',1),(16,14,0,0.00,'fixed',1),(16,21,0,0.00,'fixed',1),(16,23,0,0.00,'fixed',1),(16,28,0,0.00,'fixed',1),(16,31,0,0.00,'fixed',1),(17,9,0,0.00,'fixed',1),(17,10,0,0.00,'fixed',1),(17,18,0,0.00,'fixed',1),(17,26,0,0.00,'fixed',1),(17,40,0,0.00,'fixed',1),(17,43,0,0.00,'fixed',1),(18,16,0,0.00,'fixed',1),(18,17,0,0.00,'fixed',1),(18,20,0,0.00,'fixed',1),(18,30,0,0.00,'fixed',1),(18,31,0,0.00,'fixed',1),(18,36,0,0.00,'fixed',1),(18,40,0,0.00,'fixed',1),(19,2,0,0.00,'fixed',1),(19,4,0,0.00,'fixed',1),(19,15,0,0.00,'fixed',1),(19,20,0,0.00,'fixed',1),(19,26,0,0.00,'fixed',1),(19,36,0,0.00,'fixed',1),(19,39,0,0.00,'fixed',1),(20,7,0,0.00,'fixed',1),(20,14,0,0.00,'fixed',1),(20,16,0,0.00,'fixed',1),(20,21,0,0.00,'fixed',1),(20,37,0,0.00,'fixed',1),(20,39,0,0.00,'fixed',1),(21,2,0,0.00,'fixed',1),(21,4,0,0.00,'fixed',1),(21,8,0,0.00,'fixed',1),(21,20,0,0.00,'fixed',1),(21,27,0,0.00,'fixed',1),(21,33,0,0.00,'fixed',1),(21,35,0,0.00,'fixed',1),(22,1,0,0.00,'fixed',1),(22,11,0,0.00,'fixed',1),(22,17,0,0.00,'fixed',1),(22,20,0,0.00,'fixed',1),(22,24,0,0.00,'fixed',1),(22,43,0,0.00,'fixed',1),(23,2,0,0.00,'fixed',1),(23,6,0,0.00,'fixed',1),(23,16,0,0.00,'fixed',1),(23,28,0,0.00,'fixed',1),(23,30,0,0.00,'fixed',1),(23,35,0,0.00,'fixed',1),(23,40,0,0.00,'fixed',1),(24,1,0,0.00,'fixed',1),(24,4,0,0.00,'fixed',1),(24,5,0,0.00,'fixed',1),(24,7,0,0.00,'fixed',1),(24,11,0,0.00,'fixed',1),(24,20,0,0.00,'fixed',1),(24,30,0,0.00,'fixed',1),(25,4,0,0.00,'fixed',1),(25,23,0,0.00,'fixed',1),(25,24,0,0.00,'fixed',1),(25,27,0,0.00,'fixed',1),(25,37,0,0.00,'fixed',1),(25,39,0,0.00,'fixed',1),(25,40,0,0.00,'fixed',1),(26,7,0,0.00,'fixed',1),(26,15,0,0.00,'fixed',1),(26,20,0,0.00,'fixed',1),(26,22,0,0.00,'fixed',1),(26,25,0,0.00,'fixed',1),(26,32,0,0.00,'fixed',1),(26,40,0,0.00,'fixed',1),(27,6,0,0.00,'fixed',1),(27,8,0,0.00,'fixed',1),(27,15,0,0.00,'fixed',1),(27,17,0,0.00,'fixed',1),(27,30,0,0.00,'fixed',1),(27,31,0,0.00,'fixed',1),(27,35,0,0.00,'fixed',1),(28,4,0,0.00,'fixed',1),(28,10,0,0.00,'fixed',1),(28,15,0,0.00,'fixed',1),(28,17,0,0.00,'fixed',1),(28,31,0,0.00,'fixed',1),(28,35,0,0.00,'fixed',1),(29,1,0,0.00,'fixed',1),(29,3,0,0.00,'fixed',1),(29,7,0,0.00,'fixed',1),(29,8,0,0.00,'fixed',1),(29,12,0,0.00,'fixed',1),(29,20,0,0.00,'fixed',1),(29,27,0,0.00,'fixed',1),(30,4,0,0.00,'fixed',1),(30,8,0,0.00,'fixed',1),(30,9,0,0.00,'fixed',1),(30,14,0,0.00,'fixed',1),(30,15,0,0.00,'fixed',1),(30,29,0,0.00,'fixed',1),(30,36,0,0.00,'fixed',1),(31,14,0,0.00,'fixed',1),(31,17,0,0.00,'fixed',1),(31,19,0,0.00,'fixed',1),(31,22,0,0.00,'fixed',1),(31,29,0,0.00,'fixed',1),(31,34,0,0.00,'fixed',1),(31,38,0,0.00,'fixed',1),(32,8,0,0.00,'fixed',1),(32,9,0,0.00,'fixed',1),(32,29,0,0.00,'fixed',1),(32,30,0,0.00,'fixed',1),(32,33,0,0.00,'fixed',1),(32,40,0,0.00,'fixed',1),(33,8,0,0.00,'fixed',1),(33,9,0,0.00,'fixed',1),(33,21,0,0.00,'fixed',1),(33,34,0,0.00,'fixed',1),(33,39,0,0.00,'fixed',1),(33,40,0,0.00,'fixed',1),(34,6,0,0.00,'fixed',1),(34,14,0,0.00,'fixed',1),(34,27,0,0.00,'fixed',1),(34,29,0,0.00,'fixed',1),(34,30,0,0.00,'fixed',1),(34,33,0,0.00,'fixed',1),(35,11,0,0.00,'fixed',1),(35,13,0,0.00,'fixed',1),(35,18,0,0.00,'fixed',1),(35,19,0,0.00,'fixed',1),(35,21,0,0.00,'fixed',1),(35,27,0,0.00,'fixed',1),(36,1,0,0.00,'fixed',1),(36,14,0,0.00,'fixed',1),(36,17,0,0.00,'fixed',1),(36,24,0,0.00,'fixed',1),(36,27,0,0.00,'fixed',1),(36,34,0,0.00,'fixed',1),(36,38,0,0.00,'fixed',1),(37,1,0,0.00,'fixed',1),(37,3,0,0.00,'fixed',1),(37,8,0,0.00,'fixed',1),(37,18,0,0.00,'fixed',1),(37,24,0,0.00,'fixed',1),(37,28,0,0.00,'fixed',1),(37,41,0,0.00,'fixed',1),(38,1,0,0.00,'fixed',1),(38,4,0,0.00,'fixed',1),(38,8,0,0.00,'fixed',1),(38,12,0,0.00,'fixed',1),(38,13,0,0.00,'fixed',1),(38,27,0,0.00,'fixed',1),(38,42,0,0.00,'fixed',1),(39,11,0,0.00,'fixed',1),(39,21,0,0.00,'fixed',1),(39,24,0,0.00,'fixed',1),(39,25,0,0.00,'fixed',1),(39,35,0,0.00,'fixed',1),(39,36,0,0.00,'fixed',1),(40,3,0,0.00,'fixed',1),(40,4,0,0.00,'fixed',1),(40,12,0,0.00,'fixed',1),(40,17,0,0.00,'fixed',1),(40,23,0,0.00,'fixed',1),(40,35,0,0.00,'fixed',1),(40,37,0,0.00,'fixed',1),(41,15,0,0.00,'fixed',1),(41,19,0,0.00,'fixed',1),(41,27,0,0.00,'fixed',1),(41,35,0,0.00,'fixed',1),(41,39,0,0.00,'fixed',1),(42,4,0,0.00,'fixed',1),(42,16,0,0.00,'fixed',1),(42,19,0,0.00,'fixed',1),(42,21,0,0.00,'fixed',1),(42,23,0,0.00,'fixed',1),(43,3,0,0.00,'fixed',1),(43,7,0,0.00,'fixed',1),(43,15,0,0.00,'fixed',1),(43,16,0,0.00,'fixed',1),(43,17,0,0.00,'fixed',1),(43,18,0,0.00,'fixed',1),(43,22,0,0.00,'fixed',1);

--
-- Table structure for table `ec_product_files`
--

CREATE TABLE `ec_product_files` (
  `id` bigint unsigned NOT NULL AUTO_INCREMENT,
  `product_id` bigint unsigned DEFAULT NULL,
  `url` varchar(400) COLLATE utf8mb4_unicode_ci DEFAULT NULL,
  `extras` mediumtext COLLATE utf8mb4_unicode_ci,
  `created_at` timestamp NULL DEFAULT NULL,
  `updated_at` timestamp NULL DEFAULT NULL,
  PRIMARY KEY (`id`),
  KEY `ec_product_files_product_id_index` (`product_id`)
) ENGINE=InnoDB AUTO_INCREMENT=30 DEFAULT CHARSET=utf8mb4 COLLATE=utf8mb4_unicode_ci;

--
-- Dumping data for table `ec_product_files`
--

INSERT INTO `ec_product_files` VALUES (1,4,'ecommerce/digital-product-files/product-20.jpg','{\"filename\":\"product-20.jpg\",\"url\":\"ecommerce\\/digital-product-files\\/product-20.jpg\",\"mime_type\":\"image\\/jpeg\",\"size\":9803,\"modified\":\"2025-04-01 04:07:23\",\"name\":\"product-20\",\"extension\":\"jpg\"}','2025-03-31 21:07:23','2025-03-31 21:07:23'),(2,4,'ecommerce/digital-product-files/product-2.jpg','{\"filename\":\"product-2.jpg\",\"url\":\"ecommerce\\/digital-product-files\\/product-2.jpg\",\"mime_type\":\"image\\/jpeg\",\"size\":9803,\"modified\":\"2025-04-01 04:07:23\",\"name\":\"product-2\",\"extension\":\"jpg\"}','2025-03-31 21:07:23','2025-03-31 21:07:23'),(3,8,'ecommerce/digital-product-files/product-5.jpg','{\"filename\":\"product-5.jpg\",\"url\":\"ecommerce\\/digital-product-files\\/product-5.jpg\",\"mime_type\":\"image\\/jpeg\",\"size\":9803,\"modified\":\"2025-04-01 04:07:23\",\"name\":\"product-5\",\"extension\":\"jpg\"}','2025-03-31 21:07:23','2025-03-31 21:07:23'),(4,8,'ecommerce/digital-product-files/product-14.jpg','{\"filename\":\"product-14.jpg\",\"url\":\"ecommerce\\/digital-product-files\\/product-14.jpg\",\"mime_type\":\"image\\/jpeg\",\"size\":9803,\"modified\":\"2025-04-01 04:07:23\",\"name\":\"product-14\",\"extension\":\"jpg\"}','2025-03-31 21:07:23','2025-03-31 21:07:23'),(5,12,'ecommerce/digital-product-files/product-16.jpg','{\"filename\":\"product-16.jpg\",\"url\":\"ecommerce\\/digital-product-files\\/product-16.jpg\",\"mime_type\":\"image\\/jpeg\",\"size\":9803,\"modified\":\"2025-04-01 04:07:23\",\"name\":\"product-16\",\"extension\":\"jpg\"}','2025-03-31 21:07:23','2025-03-31 21:07:23'),(6,12,'ecommerce/digital-product-files/product-8.jpg','{\"filename\":\"product-8.jpg\",\"url\":\"ecommerce\\/digital-product-files\\/product-8.jpg\",\"mime_type\":\"image\\/jpeg\",\"size\":9803,\"modified\":\"2025-04-01 04:07:23\",\"name\":\"product-8\",\"extension\":\"jpg\"}','2025-03-31 21:07:23','2025-03-31 21:07:23'),(7,16,'ecommerce/digital-product-files/product-19.jpg','{\"filename\":\"product-19.jpg\",\"url\":\"ecommerce\\/digital-product-files\\/product-19.jpg\",\"mime_type\":\"image\\/jpeg\",\"size\":9803,\"modified\":\"2025-04-01 04:07:23\",\"name\":\"product-19\",\"extension\":\"jpg\"}','2025-03-31 21:07:23','2025-03-31 21:07:23'),(8,16,'ecommerce/digital-product-files/product-details-desc-3.jpg','{\"filename\":\"product-details-desc-3.jpg\",\"url\":\"ecommerce\\/digital-product-files\\/product-details-desc-3.jpg\",\"mime_type\":\"image\\/jpeg\",\"size\":9803,\"modified\":\"2025-04-01 04:07:23\",\"name\":\"product-details-desc-3\",\"extension\":\"jpg\"}','2025-03-31 21:07:23','2025-03-31 21:07:23'),(9,20,'ecommerce/digital-product-files/product-11.jpg','{\"filename\":\"product-11.jpg\",\"url\":\"ecommerce\\/digital-product-files\\/product-11.jpg\",\"mime_type\":\"image\\/jpeg\",\"size\":9803,\"modified\":\"2025-04-01 04:07:23\",\"name\":\"product-11\",\"extension\":\"jpg\"}','2025-03-31 21:07:23','2025-03-31 21:07:23'),(10,20,'ecommerce/digital-product-files/product-18.jpg','{\"filename\":\"product-18.jpg\",\"url\":\"ecommerce\\/digital-product-files\\/product-18.jpg\",\"mime_type\":\"image\\/jpeg\",\"size\":9803,\"modified\":\"2025-04-01 04:07:23\",\"name\":\"product-18\",\"extension\":\"jpg\"}','2025-03-31 21:07:23','2025-03-31 21:07:23'),(11,24,'ecommerce/digital-product-files/product-3.jpg','{\"filename\":\"product-3.jpg\",\"url\":\"ecommerce\\/digital-product-files\\/product-3.jpg\",\"mime_type\":\"image\\/jpeg\",\"size\":9803,\"modified\":\"2025-04-01 04:07:23\",\"name\":\"product-3\",\"extension\":\"jpg\"}','2025-03-31 21:07:23','2025-03-31 21:07:23'),(12,24,'ecommerce/digital-product-files/product-7.jpg','{\"filename\":\"product-7.jpg\",\"url\":\"ecommerce\\/digital-product-files\\/product-7.jpg\",\"mime_type\":\"image\\/jpeg\",\"size\":9803,\"modified\":\"2025-04-01 04:07:23\",\"name\":\"product-7\",\"extension\":\"jpg\"}','2025-03-31 21:07:23','2025-03-31 21:07:23'),(13,28,'ecommerce/digital-product-files/product-4.jpg','{\"filename\":\"product-4.jpg\",\"url\":\"ecommerce\\/digital-product-files\\/product-4.jpg\",\"mime_type\":\"image\\/jpeg\",\"size\":9803,\"modified\":\"2025-04-01 04:07:23\",\"name\":\"product-4\",\"extension\":\"jpg\"}','2025-03-31 21:07:23','2025-03-31 21:07:23'),(14,28,'ecommerce/digital-product-files/product-11.jpg','{\"filename\":\"product-11.jpg\",\"url\":\"ecommerce\\/digital-product-files\\/product-11.jpg\",\"mime_type\":\"image\\/jpeg\",\"size\":9803,\"modified\":\"2025-04-01 04:07:23\",\"name\":\"product-11\",\"extension\":\"jpg\"}','2025-03-31 21:07:23','2025-03-31 21:07:23'),(15,32,'ecommerce/digital-product-files/product-15.jpg','{\"filename\":\"product-15.jpg\",\"url\":\"ecommerce\\/digital-product-files\\/product-15.jpg\",\"mime_type\":\"image\\/jpeg\",\"size\":9803,\"modified\":\"2025-04-01 04:07:23\",\"name\":\"product-15\",\"extension\":\"jpg\"}','2025-03-31 21:07:23','2025-03-31 21:07:23'),(16,32,'ecommerce/digital-product-files/product-details-desc-1.jpg','{\"filename\":\"product-details-desc-1.jpg\",\"url\":\"ecommerce\\/digital-product-files\\/product-details-desc-1.jpg\",\"mime_type\":\"image\\/jpeg\",\"size\":9803,\"modified\":\"2025-04-01 04:07:23\",\"name\":\"product-details-desc-1\",\"extension\":\"jpg\"}','2025-03-31 21:07:23','2025-03-31 21:07:23'),(17,36,'ecommerce/digital-product-files/product-4.jpg','{\"filename\":\"product-4.jpg\",\"url\":\"ecommerce\\/digital-product-files\\/product-4.jpg\",\"mime_type\":\"image\\/jpeg\",\"size\":9803,\"modified\":\"2025-04-01 04:07:23\",\"name\":\"product-4\",\"extension\":\"jpg\"}','2025-03-31 21:07:23','2025-03-31 21:07:23'),(18,36,'ecommerce/digital-product-files/product-14.jpg','{\"filename\":\"product-14.jpg\",\"url\":\"ecommerce\\/digital-product-files\\/product-14.jpg\",\"mime_type\":\"image\\/jpeg\",\"size\":9803,\"modified\":\"2025-04-01 04:07:23\",\"name\":\"product-14\",\"extension\":\"jpg\"}','2025-03-31 21:07:23','2025-03-31 21:07:23'),(19,40,'ecommerce/digital-product-files/product-7.jpg','{\"filename\":\"product-7.jpg\",\"url\":\"ecommerce\\/digital-product-files\\/product-7.jpg\",\"mime_type\":\"image\\/jpeg\",\"size\":9803,\"modified\":\"2025-04-01 04:07:23\",\"name\":\"product-7\",\"extension\":\"jpg\"}','2025-03-31 21:07:23','2025-03-31 21:07:23'),(20,40,'ecommerce/digital-product-files/product-18.jpg','{\"filename\":\"product-18.jpg\",\"url\":\"ecommerce\\/digital-product-files\\/product-18.jpg\",\"mime_type\":\"image\\/jpeg\",\"size\":9803,\"modified\":\"2025-04-01 04:07:23\",\"name\":\"product-18\",\"extension\":\"jpg\"}','2025-03-31 21:07:23','2025-03-31 21:07:23'),(21,55,'ecommerce/digital-product-files/product-14.jpg','{\"filename\":\"product-14.jpg\",\"url\":\"ecommerce\\/digital-product-files\\/product-14.jpg\",\"mime_type\":\"image\\/jpeg\",\"size\":9803,\"modified\":\"2025-04-01 04:07:23\",\"name\":\"product-14\",\"extension\":\"jpg\"}','2025-03-31 21:07:23','2025-03-31 21:07:23'),(22,59,'ecommerce/digital-product-files/product-8.jpg','{\"filename\":\"product-8.jpg\",\"url\":\"ecommerce\\/digital-product-files\\/product-8.jpg\",\"mime_type\":\"image\\/jpeg\",\"size\":9803,\"modified\":\"2025-04-01 04:07:23\",\"name\":\"product-8\",\"extension\":\"jpg\"}','2025-03-31 21:07:23','2025-03-31 21:07:23'),(23,60,'ecommerce/digital-product-files/product-9.jpg','{\"filename\":\"product-9.jpg\",\"url\":\"ecommerce\\/digital-product-files\\/product-9.jpg\",\"mime_type\":\"image\\/jpeg\",\"size\":9803,\"modified\":\"2025-04-01 04:07:23\",\"name\":\"product-9\",\"extension\":\"jpg\"}','2025-03-31 21:07:23','2025-03-31 21:07:23'),(24,71,'ecommerce/digital-product-files/product-18.jpg','{\"filename\":\"product-18.jpg\",\"url\":\"ecommerce\\/digital-product-files\\/product-18.jpg\",\"mime_type\":\"image\\/jpeg\",\"size\":9803,\"modified\":\"2025-04-01 04:07:23\",\"name\":\"product-18\",\"extension\":\"jpg\"}','2025-03-31 21:07:23','2025-03-31 21:07:23'),(25,72,'ecommerce/digital-product-files/product-8.jpg','{\"filename\":\"product-8.jpg\",\"url\":\"ecommerce\\/digital-product-files\\/product-8.jpg\",\"mime_type\":\"image\\/jpeg\",\"size\":9803,\"modified\":\"2025-04-01 04:07:23\",\"name\":\"product-8\",\"extension\":\"jpg\"}','2025-03-31 21:07:23','2025-03-31 21:07:23'),(26,76,'ecommerce/digital-product-files/product-7.jpg','{\"filename\":\"product-7.jpg\",\"url\":\"ecommerce\\/digital-product-files\\/product-7.jpg\",\"mime_type\":\"image\\/jpeg\",\"size\":9803,\"modified\":\"2025-04-01 04:07:23\",\"name\":\"product-7\",\"extension\":\"jpg\"}','2025-03-31 21:07:23','2025-03-31 21:07:23'),(27,90,'ecommerce/digital-product-files/product-18.jpg','{\"filename\":\"product-18.jpg\",\"url\":\"ecommerce\\/digital-product-files\\/product-18.jpg\",\"mime_type\":\"image\\/jpeg\",\"size\":9803,\"modified\":\"2025-04-01 04:07:23\",\"name\":\"product-18\",\"extension\":\"jpg\"}','2025-03-31 21:07:23','2025-03-31 21:07:23'),(28,91,'ecommerce/digital-product-files/product-17.jpg','{\"filename\":\"product-17.jpg\",\"url\":\"ecommerce\\/digital-product-files\\/product-17.jpg\",\"mime_type\":\"image\\/jpeg\",\"size\":9803,\"modified\":\"2025-04-01 04:07:23\",\"name\":\"product-17\",\"extension\":\"jpg\"}','2025-03-31 21:07:23','2025-03-31 21:07:23'),(29,92,'ecommerce/digital-product-files/product-details-desc-2.jpg','{\"filename\":\"product-details-desc-2.jpg\",\"url\":\"ecommerce\\/digital-product-files\\/product-details-desc-2.jpg\",\"mime_type\":\"image\\/jpeg\",\"size\":9803,\"modified\":\"2025-04-01 04:07:23\",\"name\":\"product-details-desc-2\",\"extension\":\"jpg\"}','2025-03-31 21:07:23','2025-03-31 21:07:23');

--
-- Table structure for table `ec_product_label_products`
--

CREATE TABLE `ec_product_label_products` (
  `product_label_id` bigint unsigned NOT NULL,
  `product_id` bigint unsigned NOT NULL,
  PRIMARY KEY (`product_label_id`,`product_id`),
  KEY `ec_product_label_products_product_label_id_index` (`product_label_id`),
  KEY `ec_product_label_products_product_id_index` (`product_id`)
) ENGINE=InnoDB DEFAULT CHARSET=utf8mb4 COLLATE=utf8mb4_unicode_ci;

--
-- Dumping data for table `ec_product_label_products`
--

INSERT INTO `ec_product_label_products` VALUES (1,15),(1,18),(1,21),(1,24),(1,30),(2,27),(2,33),(2,36),(2,39),(3,3),(3,6),(3,9),(3,12),(3,42);

--
-- Table structure for table `ec_product_labels`
--

CREATE TABLE `ec_product_labels` (
  `id` bigint unsigned NOT NULL AUTO_INCREMENT,
  `name` varchar(191) COLLATE utf8mb4_unicode_ci NOT NULL,
  `color` varchar(120) COLLATE utf8mb4_unicode_ci DEFAULT NULL,
  `status` varchar(60) COLLATE utf8mb4_unicode_ci NOT NULL DEFAULT 'published',
  `created_at` timestamp NULL DEFAULT NULL,
  `updated_at` timestamp NULL DEFAULT NULL,
  `text_color` varchar(120) COLLATE utf8mb4_unicode_ci DEFAULT NULL,
  PRIMARY KEY (`id`)
) ENGINE=InnoDB AUTO_INCREMENT=4 DEFAULT CHARSET=utf8mb4 COLLATE=utf8mb4_unicode_ci;

--
-- Dumping data for table `ec_product_labels`
--

INSERT INTO `ec_product_labels` VALUES (1,'Hot','#AC2200','published','2025-03-31 21:07:05','2025-03-31 21:07:05',NULL),(2,'New','#006554','published','2025-03-31 21:07:05','2025-03-31 21:07:05',NULL),(3,'Sale','#9A3B00','published','2025-03-31 21:07:05','2025-03-31 21:07:05',NULL);

--
-- Table structure for table `ec_product_labels_translations`
--

CREATE TABLE `ec_product_labels_translations` (
  `lang_code` varchar(191) COLLATE utf8mb4_unicode_ci NOT NULL,
  `ec_product_labels_id` bigint unsigned NOT NULL,
  `name` varchar(191) COLLATE utf8mb4_unicode_ci DEFAULT NULL,
  `description` varchar(400) COLLATE utf8mb4_unicode_ci DEFAULT NULL,
  PRIMARY KEY (`lang_code`,`ec_product_labels_id`)
) ENGINE=InnoDB DEFAULT CHARSET=utf8mb4 COLLATE=utf8mb4_unicode_ci;

--
-- Dumping data for table `ec_product_labels_translations`
--


--
-- Table structure for table `ec_product_related_relations`
--

CREATE TABLE `ec_product_related_relations` (
  `from_product_id` bigint unsigned NOT NULL,
  `to_product_id` bigint unsigned NOT NULL,
  PRIMARY KEY (`from_product_id`,`to_product_id`),
  KEY `ec_product_related_relations_from_product_id_index` (`from_product_id`),
  KEY `ec_product_related_relations_to_product_id_index` (`to_product_id`)
) ENGINE=InnoDB DEFAULT CHARSET=utf8mb4 COLLATE=utf8mb4_unicode_ci;

--
-- Dumping data for table `ec_product_related_relations`
--


--
-- Table structure for table `ec_product_specification_attribute`
--

CREATE TABLE `ec_product_specification_attribute` (
  `product_id` bigint unsigned NOT NULL,
  `attribute_id` bigint unsigned NOT NULL,
  `value` text COLLATE utf8mb4_unicode_ci,
  `hidden` tinyint(1) NOT NULL DEFAULT '0',
  `order` tinyint NOT NULL DEFAULT '0',
  PRIMARY KEY (`product_id`,`attribute_id`)
) ENGINE=InnoDB DEFAULT CHARSET=utf8mb4 COLLATE=utf8mb4_unicode_ci;

--
-- Dumping data for table `ec_product_specification_attribute`
--

INSERT INTO `ec_product_specification_attribute` VALUES (1,6,'53.66 cm',0,0),(1,7,'13.66 cm',0,0),(1,8,'1920x1080',0,0),(2,6,'90.72 cm',0,0),(2,7,'94.41 cm',0,0),(2,8,'2560x1440',0,0),(3,1,'19.96 cm',0,0),(3,2,'46.93 cm',0,0),(3,3,'75.68 cm',0,0),(3,4,'92.69 cm',0,0),(3,5,'21.02 cm',0,0),(4,6,'35.82 cm',0,0),(4,7,'28.03 cm',0,0),(4,8,'2560x1440',0,0),(5,6,'35.15 cm',0,0),(5,7,'95 cm',0,0),(5,8,'3840x2160',0,0),(6,1,'95.55 cm',0,0),(6,2,'73.58 cm',0,0),(6,3,'25.76 cm',0,0),(6,4,'74.91 cm',0,0),(6,5,'6.32 cm',0,0),(7,6,'82.77 cm',0,0),(7,7,'64.31 cm',0,0),(7,8,'1920x1080',0,0),(8,6,'96.19 cm',0,0),(8,7,'7.93 cm',0,0),(8,8,'1920x1080',0,0),(9,1,'52.29 cm',0,0),(9,2,'45.17 cm',0,0),(9,3,'54.9 cm',0,0),(9,4,'17.33 cm',0,0),(9,5,'52.96 cm',0,0),(10,6,'91.9 cm',0,0),(10,7,'34.09 cm',0,0),(10,8,'2560x1440',0,0),(11,6,'90.85 cm',0,0),(11,7,'1.9 cm',0,0),(11,8,'1920x1080',0,0),(12,6,'93.18 cm',0,0),(12,7,'70.89 cm',0,0),(12,8,'2560x1440',0,0),(13,1,'30.1 cm',0,0),(13,2,'2.88 cm',0,0),(13,3,'29.41 cm',0,0),(13,4,'45.58 cm',0,0),(13,5,'78.98 cm',0,0),(14,1,'80.61 cm',0,0),(14,2,'92.67 cm',0,0),(14,3,'19.52 cm',0,0),(14,4,'85.94 cm',0,0),(14,5,'54.34 cm',0,0),(15,1,'61.36 cm',0,0),(15,2,'3.4 cm',0,0),(15,3,'92.43 cm',0,0),(15,4,'87.82 cm',0,0),(15,5,'67.35 cm',0,0),(16,6,'62.79 cm',0,0),(16,7,'54.41 cm',0,0),(16,8,'1920x1080',0,0),(17,6,'38.23 cm',0,0),(17,7,'47.06 cm',0,0),(17,8,'2560x1440',0,0),(18,1,'77.77 cm',0,0),(18,2,'85.11 cm',0,0),(18,3,'69.83 cm',0,0),(18,4,'16.25 cm',0,0),(18,5,'4.19 cm',0,0),(19,6,'46.07 cm',0,0),(19,7,'57.77 cm',0,0),(19,8,'2560x1440',0,0),(20,6,'50.11 cm',0,0),(20,7,'95.26 cm',0,0),(20,8,'3840x2160',0,0),(21,1,'69.94 cm',0,0),(21,2,'58.28 cm',0,0),(21,3,'3.09 cm',0,0),(21,4,'88.45 cm',0,0),(21,5,'95.4 cm',0,0),(22,1,'19.65 cm',0,0),(22,2,'25 cm',0,0),(22,3,'26.8 cm',0,0),(22,4,'77.96 cm',0,0),(22,5,'8.92 cm',0,0),(23,1,'89.73 cm',0,0),(23,2,'91.76 cm',0,0),(23,3,'38.46 cm',0,0),(23,4,'81.34 cm',0,0),(23,5,'11.69 cm',0,0),(24,1,'33.62 cm',0,0),(24,2,'22.68 cm',0,0),(24,3,'31.44 cm',0,0),(24,4,'43.18 cm',0,0),(24,5,'3.82 cm',0,0),(25,1,'73.42 cm',0,0),(25,2,'37.01 cm',0,0),(25,3,'48.69 cm',0,0),(25,4,'2.37 cm',0,0),(25,5,'30.17 cm',0,0),(26,6,'19.67 cm',0,0),(26,7,'82.74 cm',0,0),(26,8,'2560x1440',0,0),(27,1,'76.86 cm',0,0),(27,2,'51.58 cm',0,0),(27,3,'34.45 cm',0,0),(27,4,'10.61 cm',0,0),(27,5,'15.72 cm',0,0),(28,6,'72.52 cm',0,0),(28,7,'53.11 cm',0,0),(28,8,'3840x2160',0,0),(29,6,'29.19 cm',0,0),(29,7,'88.88 cm',0,0),(29,8,'1920x1080',0,0),(30,1,'6.61 cm',0,0),(30,2,'26.76 cm',0,0),(30,3,'73.58 cm',0,0),(30,4,'4.26 cm',0,0),(30,5,'29.41 cm',0,0),(31,1,'79.85 cm',0,0),(31,2,'18.74 cm',0,0),(31,3,'39.93 cm',0,0),(31,4,'96.28 cm',0,0),(31,5,'6.6 cm',0,0),(32,6,'70.11 cm',0,0),(32,7,'74.05 cm',0,0),(32,8,'2560x1440',0,0),(33,6,'20.63 cm',0,0),(33,7,'98.47 cm',0,0),(33,8,'2560x1440',0,0),(34,1,'42.43 cm',0,0),(34,2,'88.28 cm',0,0),(34,3,'47.33 cm',0,0),(34,4,'17.54 cm',0,0),(34,5,'74.17 cm',0,0),(35,6,'97.91 cm',0,0),(35,7,'39.5 cm',0,0),(35,8,'1920x1080',0,0),(36,6,'37.84 cm',0,0),(36,7,'14.79 cm',0,0),(36,8,'2560x1440',0,0),(37,6,'43.68 cm',0,0),(37,7,'52.56 cm',0,0),(37,8,'1920x1080',0,0),(38,1,'27.63 cm',0,0),(38,2,'23.86 cm',0,0),(38,3,'49.46 cm',0,0),(38,4,'44.12 cm',0,0),(38,5,'57.52 cm',0,0),(39,1,'53.18 cm',0,0),(39,2,'7.48 cm',0,0),(39,3,'8.45 cm',0,0),(39,4,'95.12 cm',0,0),(39,5,'68.6 cm',0,0),(40,6,'7.68 cm',0,0),(40,7,'87.58 cm',0,0),(40,8,'1920x1080',0,0),(41,1,'60.33 cm',0,0),(41,2,'15.68 cm',0,0),(41,3,'3.86 cm',0,0),(41,4,'6.45 cm',0,0),(41,5,'79.65 cm',0,0),(42,6,'28.34 cm',0,0),(42,7,'40.55 cm',0,0),(42,8,'3840x2160',0,0),(43,1,'93.76 cm',0,0),(43,2,'67.15 cm',0,0),(43,3,'42.6 cm',0,0),(43,4,'55.12 cm',0,0),(43,5,'35.46 cm',0,0);

--
-- Table structure for table `ec_product_tag_product`
--

CREATE TABLE `ec_product_tag_product` (
  `product_id` bigint unsigned NOT NULL,
  `tag_id` bigint unsigned NOT NULL,
  PRIMARY KEY (`product_id`,`tag_id`),
  KEY `ec_product_tag_product_product_id_index` (`product_id`),
  KEY `ec_product_tag_product_tag_id_index` (`tag_id`)
) ENGINE=InnoDB DEFAULT CHARSET=utf8mb4 COLLATE=utf8mb4_unicode_ci;

--
-- Dumping data for table `ec_product_tag_product`
--

INSERT INTO `ec_product_tag_product` VALUES (1,1),(1,2),(1,5),(2,3),(2,5),(2,6),(3,3),(3,5),(3,6),(4,1),(4,3),(4,4),(5,2),(5,3),(5,4),(6,1),(6,3),(6,5),(7,2),(7,5),(7,6),(8,1),(8,3),(8,5),(9,2),(9,4),(9,6),(10,1),(10,4),(10,6),(11,2),(11,3),(11,4),(12,2),(12,3),(12,4),(13,1),(13,3),(13,4),(14,1),(14,2),(14,3),(15,1),(15,5),(15,6),(16,1),(16,3),(16,4),(17,2),(17,3),(17,4),(18,1),(18,4),(18,5),(19,1),(19,3),(19,5),(20,2),(20,4),(20,5),(21,1),(21,3),(21,6),(22,3),(22,5),(22,6),(23,2),(23,5),(23,6),(24,2),(24,4),(24,6),(25,2),(25,3),(25,4),(26,1),(26,3),(26,6),(27,2),(27,4),(27,6),(28,2),(28,3),(28,6),(29,1),(29,2),(29,3),(30,1),(30,5),(30,6),(31,3),(31,4),(31,5),(32,1),(32,5),(32,6),(33,4),(33,5),(33,6),(34,4),(34,5),(34,6),(35,2),(35,3),(35,6),(36,1),(36,3),(36,6),(37,1),(37,4),(37,6),(38,2),(38,4),(38,5),(39,1),(39,5),(39,6),(40,2),(40,5),(40,6),(41,2),(41,3),(41,5),(42,2),(42,5),(42,6),(43,1),(43,5),(43,6);

--
-- Table structure for table `ec_product_tags`
--

CREATE TABLE `ec_product_tags` (
  `id` bigint unsigned NOT NULL AUTO_INCREMENT,
  `name` varchar(120) COLLATE utf8mb4_unicode_ci NOT NULL,
  `description` varchar(400) COLLATE utf8mb4_unicode_ci DEFAULT NULL,
  `status` varchar(60) COLLATE utf8mb4_unicode_ci NOT NULL DEFAULT 'published',
  `created_at` timestamp NULL DEFAULT NULL,
  `updated_at` timestamp NULL DEFAULT NULL,
  PRIMARY KEY (`id`)
) ENGINE=InnoDB AUTO_INCREMENT=7 DEFAULT CHARSET=utf8mb4 COLLATE=utf8mb4_unicode_ci;

--
-- Dumping data for table `ec_product_tags`
--

INSERT INTO `ec_product_tags` VALUES (1,'Electronic',NULL,'published','2025-03-31 21:07:09','2025-03-31 21:07:09'),(2,'Mobile',NULL,'published','2025-03-31 21:07:09','2025-03-31 21:07:09'),(3,'Iphone',NULL,'published','2025-03-31 21:07:09','2025-03-31 21:07:09'),(4,'Printer',NULL,'published','2025-03-31 21:07:09','2025-03-31 21:07:09'),(5,'Office',NULL,'published','2025-03-31 21:07:09','2025-03-31 21:07:09'),(6,'IT',NULL,'published','2025-03-31 21:07:09','2025-03-31 21:07:09');

--
-- Table structure for table `ec_product_tags_translations`
--

CREATE TABLE `ec_product_tags_translations` (
  `lang_code` varchar(191) COLLATE utf8mb4_unicode_ci NOT NULL,
  `ec_product_tags_id` bigint unsigned NOT NULL,
  `name` varchar(191) COLLATE utf8mb4_unicode_ci DEFAULT NULL,
  PRIMARY KEY (`lang_code`,`ec_product_tags_id`)
) ENGINE=InnoDB DEFAULT CHARSET=utf8mb4 COLLATE=utf8mb4_unicode_ci;

--
-- Dumping data for table `ec_product_tags_translations`
--


--
-- Table structure for table `ec_product_up_sale_relations`
--

CREATE TABLE `ec_product_up_sale_relations` (
  `from_product_id` bigint unsigned NOT NULL,
  `to_product_id` bigint unsigned NOT NULL,
  PRIMARY KEY (`from_product_id`,`to_product_id`),
  KEY `ec_product_up_sale_relations_from_product_id_index` (`from_product_id`),
  KEY `ec_product_up_sale_relations_to_product_id_index` (`to_product_id`)
) ENGINE=InnoDB DEFAULT CHARSET=utf8mb4 COLLATE=utf8mb4_unicode_ci;

--
-- Dumping data for table `ec_product_up_sale_relations`
--


--
-- Table structure for table `ec_product_variation_items`
--

CREATE TABLE `ec_product_variation_items` (
  `id` bigint unsigned NOT NULL AUTO_INCREMENT,
  `attribute_id` bigint unsigned NOT NULL,
  `variation_id` bigint unsigned NOT NULL,
  PRIMARY KEY (`id`),
  UNIQUE KEY `ec_product_variation_items_attribute_id_variation_id_unique` (`attribute_id`,`variation_id`),
  KEY `attribute_variation_index` (`attribute_id`,`variation_id`)
) ENGINE=InnoDB AUTO_INCREMENT=109 DEFAULT CHARSET=utf8mb4 COLLATE=utf8mb4_unicode_ci;

--
-- Dumping data for table `ec_product_variation_items`
--

INSERT INTO `ec_product_variation_items` VALUES (1,1,1),(5,1,3),(9,1,5),(11,1,6),(25,1,13),(27,1,14),(35,1,18),(37,1,19),(43,1,22),(57,1,29),(3,2,2),(13,2,7),(29,2,15),(51,2,26),(7,3,4),(15,3,8),(19,3,10),(33,3,17),(41,3,21),(47,3,24),(53,3,27),(21,4,11),(23,4,12),(45,4,23),(49,4,25),(17,5,9),(31,5,16),(39,5,20),(55,5,28),(4,6,2),(6,6,3),(22,6,11),(28,6,14),(38,6,19),(42,6,21),(52,6,26),(18,7,9),(30,7,15),(44,7,22),(54,7,27),(8,8,4),(10,8,5),(14,8,7),(36,8,18),(46,8,23),(50,8,25),(2,9,1),(20,9,10),(32,9,16),(40,9,20),(12,10,6),(16,10,8),(24,10,12),(26,10,13),(34,10,17),(48,10,24),(56,10,28),(58,10,29),(65,11,33),(87,11,44),(61,12,31),(67,12,34),(107,12,54),(59,13,30),(79,13,40),(81,13,41),(83,13,42),(85,13,43),(93,13,47),(101,13,51),(103,13,52),(63,14,32),(71,14,36),(73,14,37),(77,14,39),(89,14,45),(97,14,49),(99,14,50),(69,15,35),(75,15,38),(91,15,46),(95,15,48),(105,15,53),(60,16,30),(68,16,34),(74,16,37),(98,16,49),(104,16,52),(108,16,54),(70,17,35),(86,17,43),(88,17,44),(96,17,48),(62,18,31),(64,18,32),(76,18,38),(72,19,36),(82,19,41),(94,19,47),(66,20,33),(78,20,39),(80,20,40),(84,20,42),(90,20,45),(92,20,46),(100,20,50),(102,20,51),(106,20,53);

--
-- Table structure for table `ec_product_variations`
--

CREATE TABLE `ec_product_variations` (
  `id` bigint unsigned NOT NULL AUTO_INCREMENT,
  `product_id` bigint unsigned DEFAULT NULL,
  `configurable_product_id` bigint unsigned NOT NULL,
  `is_default` tinyint NOT NULL DEFAULT '0',
  PRIMARY KEY (`id`),
  UNIQUE KEY `ec_product_variations_product_id_configurable_product_id_unique` (`product_id`,`configurable_product_id`),
  KEY `configurable_product_index` (`product_id`,`configurable_product_id`)
) ENGINE=InnoDB AUTO_INCREMENT=55 DEFAULT CHARSET=utf8mb4 COLLATE=utf8mb4_unicode_ci;

--
-- Dumping data for table `ec_product_variations`
--

INSERT INTO `ec_product_variations` VALUES (1,44,1,1),(2,45,2,1),(3,46,2,0),(4,47,2,0),(5,48,2,0),(6,49,3,1),(7,50,3,0),(8,51,3,0),(9,52,3,0),(10,53,5,1),(11,54,6,1),(12,55,8,1),(13,56,10,1),(14,57,10,0),(15,58,10,0),(16,59,12,1),(17,60,12,0),(18,61,15,1),(19,62,15,0),(20,63,15,0),(21,64,15,0),(22,65,17,1),(23,66,17,0),(24,67,17,0),(25,68,17,0),(26,69,18,1),(27,70,19,1),(28,71,20,1),(29,72,20,0),(30,73,23,1),(31,74,23,0),(32,75,23,0),(33,76,24,1),(34,77,25,1),(35,78,25,0),(36,79,26,1),(37,80,26,0),(38,81,26,0),(39,82,27,1),(40,83,27,0),(41,84,27,0),(42,85,33,1),(43,86,35,1),(44,87,38,1),(45,88,39,1),(46,89,39,0),(47,90,40,1),(48,91,40,0),(49,92,40,0),(50,93,41,1),(51,94,42,1),(52,95,42,0),(53,96,43,1),(54,97,43,0);

--
-- Table structure for table `ec_product_views`
--

CREATE TABLE `ec_product_views` (
  `id` bigint unsigned NOT NULL AUTO_INCREMENT,
  `product_id` bigint unsigned NOT NULL,
  `views` int NOT NULL DEFAULT '1',
  `date` date NOT NULL DEFAULT '2025-04-01',
  PRIMARY KEY (`id`),
  UNIQUE KEY `ec_product_views_product_id_date_unique` (`product_id`,`date`),
  KEY `ec_product_views_product_id_index` (`product_id`)
) ENGINE=InnoDB DEFAULT CHARSET=utf8mb4 COLLATE=utf8mb4_unicode_ci;

--
-- Dumping data for table `ec_product_views`
--


--
-- Table structure for table `ec_product_with_attribute_set`
--

CREATE TABLE `ec_product_with_attribute_set` (
  `attribute_set_id` bigint unsigned NOT NULL,
  `product_id` bigint unsigned NOT NULL,
  `order` tinyint unsigned NOT NULL DEFAULT '0',
  PRIMARY KEY (`product_id`,`attribute_set_id`)
) ENGINE=InnoDB DEFAULT CHARSET=utf8mb4 COLLATE=utf8mb4_unicode_ci;

--
-- Dumping data for table `ec_product_with_attribute_set`
--

INSERT INTO `ec_product_with_attribute_set` VALUES (1,1,0),(2,1,0),(1,2,0),(2,2,0),(1,3,0),(2,3,0),(1,5,0),(2,5,0),(1,6,0),(2,6,0),(1,8,0),(2,8,0),(1,10,0),(2,10,0),(1,12,0),(2,12,0),(1,15,0),(2,15,0),(1,17,0),(2,17,0),(1,18,0),(2,18,0),(1,19,0),(2,19,0),(1,20,0),(2,20,0),(3,23,0),(4,23,0),(3,24,0),(4,24,0),(3,25,0),(4,25,0),(3,26,0),(4,26,0),(3,27,0),(4,27,0),(3,33,0),(4,33,0),(3,35,0),(4,35,0),(3,38,0),(4,38,0),(3,39,0),(4,39,0),(3,40,0),(4,40,0),(3,41,0),(4,41,0),(3,42,0),(4,42,0),(3,43,0),(4,43,0);

--
-- Table structure for table `ec_products`
--

CREATE TABLE `ec_products` (
  `id` bigint unsigned NOT NULL AUTO_INCREMENT,
  `name` varchar(191) COLLATE utf8mb4_unicode_ci NOT NULL,
  `description` text COLLATE utf8mb4_unicode_ci,
  `content` longtext COLLATE utf8mb4_unicode_ci,
  `status` varchar(60) COLLATE utf8mb4_unicode_ci NOT NULL DEFAULT 'published',
  `images` text COLLATE utf8mb4_unicode_ci,
  `video_media` text COLLATE utf8mb4_unicode_ci,
  `sku` varchar(191) COLLATE utf8mb4_unicode_ci DEFAULT NULL,
  `order` int unsigned NOT NULL DEFAULT '0',
  `quantity` int unsigned DEFAULT NULL,
  `allow_checkout_when_out_of_stock` tinyint unsigned NOT NULL DEFAULT '0',
  `with_storehouse_management` tinyint unsigned NOT NULL DEFAULT '0',
  `stock_status` varchar(191) COLLATE utf8mb4_unicode_ci DEFAULT 'in_stock',
  `is_featured` tinyint unsigned NOT NULL DEFAULT '0',
  `brand_id` bigint unsigned DEFAULT NULL,
  `is_variation` tinyint NOT NULL DEFAULT '0',
  `sale_type` tinyint NOT NULL DEFAULT '0',
  `price` double unsigned DEFAULT NULL,
  `sale_price` double unsigned DEFAULT NULL,
  `start_date` timestamp NULL DEFAULT NULL,
  `end_date` timestamp NULL DEFAULT NULL,
  `length` double DEFAULT NULL,
  `wide` double DEFAULT NULL,
  `height` double DEFAULT NULL,
  `weight` double DEFAULT NULL,
  `tax_id` bigint unsigned DEFAULT NULL,
  `views` bigint NOT NULL DEFAULT '0',
  `created_at` timestamp NULL DEFAULT NULL,
  `updated_at` timestamp NULL DEFAULT NULL,
  `store_id` bigint unsigned DEFAULT NULL,
  `created_by_id` bigint unsigned DEFAULT '0',
  `created_by_type` varchar(191) COLLATE utf8mb4_unicode_ci NOT NULL DEFAULT 'Botble\\ACL\\Models\\User',
  `approved_by` bigint unsigned DEFAULT '0',
  `image` varchar(191) COLLATE utf8mb4_unicode_ci DEFAULT NULL,
  `product_type` varchar(60) COLLATE utf8mb4_unicode_ci DEFAULT 'physical',
  `barcode` varchar(50) COLLATE utf8mb4_unicode_ci DEFAULT NULL,
  `cost_per_item` double DEFAULT NULL,
  `generate_license_code` tinyint(1) NOT NULL DEFAULT '0',
  `minimum_order_quantity` int unsigned DEFAULT '0',
  `maximum_order_quantity` int unsigned DEFAULT '0',
  `notify_attachment_updated` tinyint(1) NOT NULL DEFAULT '0',
  `specification_table_id` bigint unsigned DEFAULT NULL,
  PRIMARY KEY (`id`),
  KEY `ec_products_brand_id_status_is_variation_created_at_index` (`brand_id`,`status`,`is_variation`,`created_at`),
  KEY `sale_type_index` (`sale_type`),
  KEY `start_date_index` (`start_date`),
  KEY `end_date_index` (`end_date`),
  KEY `sale_price_index` (`sale_price`),
  KEY `is_variation_index` (`is_variation`),
  KEY `ec_products_sku_index` (`sku`)
) ENGINE=InnoDB AUTO_INCREMENT=98 DEFAULT CHARSET=utf8mb4 COLLATE=utf8mb4_unicode_ci;

--
-- Dumping data for table `ec_products`
--

INSERT INTO `ec_products` VALUES (1,'Vintage Denim Jacket','Embrace bohemian vibes with this embroidered boho blouse, featuring intricate stitching and a relaxed fit. Perfect for a casual day with a touch of style.','<div class=\"row justify-content-center\">\n    <div class=\"col-xl-10\">\n        <div class=\"tp-product-details-desc-item pb-105\">\n            <div class=\"row\">\n                <div class=\"col-lg-6\">\n                    <div class=\"pt-25\">\n                        <span>Women\'s Floral Dress</span>\n                        <h3 class=\"tp-product-details-desc-title\">Elegance Redefined</h3>\n                        <p>\n                            Embrace timeless elegance with our exquisite women\'s floral dress. Crafted from luxurious fabrics and adorned with delicate floral patterns, this dress exudes grace and sophistication. Whether attending a garden party or a formal event, you\'ll make a stunning impression in this captivating ensemble.\n                        </p>\n                    </div>\n                    <div>\n                        <h3 class=\"tp-product-details-desc-title\">Flawless Fit and Comfort</h3>\n                        <p>\n                            Designed for both style and comfort, our floral dress features a tailored silhouette that flatters every figure. The soft, breathable fabric ensures all-day comfort, while the fitted bodice and flowing skirt create a graceful silhouette. Feel confident and poised with every step you take.\n                        </p>\n                    </div>\n                </div>\n                <div class=\"col-lg-6\">\n                    <div class=\"tp-product-details-desc-thumb\">\n                        <img src=\"/storage/fashion/products/product-1.png\" alt=\"Women\'s Floral Dress\">\n                    </div>\n                </div>\n            </div>\n        </div>\n        <div class=\"tp-product-details-desc-item pb-75\">\n            <div class=\"row\">\n                <div class=\"col-lg-7\">\n                    <div class=\"tp-product-details-desc-thumb\">\n                        <img src=\"/storage/fashion/products/product-2.png\" alt=\"Back View of Floral Dress\">\n                    </div>\n                </div>\n\n                <div class=\"col-lg-5 order-first order-lg-last\">\n                    <div class=\"des-content-2 pl-40\">\n                        <h3 class=\"tp-product-details-desc-title\">\n                            Versatile Style\n                        </h3>\n                        <p>\n                            Transition effortlessly from day to night with our versatile floral dress. Pair it with sandals and a sunhat for a chic daytime look, or dress it up with heels and statement jewelry for an evening soirée. However you style it, you\'ll radiate confidence and charm.\n                        </p>\n                    </div>\n                </div>\n            </div>\n        </div>\n        <div class=\"tp-product-details-desc-item\">\n            <div class=\"row\">\n                <div class=\"col-xl-12\">\n                    <div class=\"tp-product-details-desc-banner text-center m-img\">\n                        <h3 class=\"tp-product-details-desc-banner-title tp-product-details-desc-title\">Quality Craftsmanship</h3>\n                        <img src=\"/storage/fashion/products/product-3.png\" alt=\"Fashion Atelier\">\n                    </div>\n                </div>\n            </div>\n        </div>\n    </div>\n</div>\n','published','[\"main\\/products\\/product-11.jpg\",\"main\\/products\\/product-9.jpg\",\"main\\/products\\/product-20.jpg\"]','[]','IZ-119-A1',0,19,0,1,'in_stock',0,1,0,0,1712,NULL,NULL,NULL,20,17,12,502,NULL,73424,'2025-03-31 21:07:21','2025-03-31 21:07:23',5,0,'Botble\\ACL\\Models\\User',0,NULL,'physical',NULL,NULL,0,0,0,0,2),(2,'Floral Maxi Dress','Add a pop of color to your outfit with this silk scarf adorned with a geometric print. Wrap it around your neck or tie it to your handbag for a stylish touch.','<div class=\"row justify-content-center\">\n    <div class=\"col-xl-10\">\n        <div class=\"tp-product-details-desc-item pb-105\">\n            <div class=\"row\">\n                <div class=\"col-lg-6\">\n                    <div class=\"pt-25\">\n                        <span>Women\'s Floral Dress</span>\n                        <h3 class=\"tp-product-details-desc-title\">Elegance Redefined</h3>\n                        <p>\n                            Embrace timeless elegance with our exquisite women\'s floral dress. Crafted from luxurious fabrics and adorned with delicate floral patterns, this dress exudes grace and sophistication. Whether attending a garden party or a formal event, you\'ll make a stunning impression in this captivating ensemble.\n                        </p>\n                    </div>\n                    <div>\n                        <h3 class=\"tp-product-details-desc-title\">Flawless Fit and Comfort</h3>\n                        <p>\n                            Designed for both style and comfort, our floral dress features a tailored silhouette that flatters every figure. The soft, breathable fabric ensures all-day comfort, while the fitted bodice and flowing skirt create a graceful silhouette. Feel confident and poised with every step you take.\n                        </p>\n                    </div>\n                </div>\n                <div class=\"col-lg-6\">\n                    <div class=\"tp-product-details-desc-thumb\">\n                        <img src=\"/storage/fashion/products/product-1.png\" alt=\"Women\'s Floral Dress\">\n                    </div>\n                </div>\n            </div>\n        </div>\n        <div class=\"tp-product-details-desc-item pb-75\">\n            <div class=\"row\">\n                <div class=\"col-lg-7\">\n                    <div class=\"tp-product-details-desc-thumb\">\n                        <img src=\"/storage/fashion/products/product-2.png\" alt=\"Back View of Floral Dress\">\n                    </div>\n                </div>\n\n                <div class=\"col-lg-5 order-first order-lg-last\">\n                    <div class=\"des-content-2 pl-40\">\n                        <h3 class=\"tp-product-details-desc-title\">\n                            Versatile Style\n                        </h3>\n                        <p>\n                            Transition effortlessly from day to night with our versatile floral dress. Pair it with sandals and a sunhat for a chic daytime look, or dress it up with heels and statement jewelry for an evening soirée. However you style it, you\'ll radiate confidence and charm.\n                        </p>\n                    </div>\n                </div>\n            </div>\n        </div>\n        <div class=\"tp-product-details-desc-item\">\n            <div class=\"row\">\n                <div class=\"col-xl-12\">\n                    <div class=\"tp-product-details-desc-banner text-center m-img\">\n                        <h3 class=\"tp-product-details-desc-banner-title tp-product-details-desc-title\">Quality Craftsmanship</h3>\n                        <img src=\"/storage/fashion/products/product-3.png\" alt=\"Fashion Atelier\">\n                    </div>\n                </div>\n            </div>\n        </div>\n    </div>\n</div>\n','published','[\"main\\/products\\/product-6.jpg\",\"main\\/products\\/product-8.jpg\",\"main\\/products\\/product-11.jpg\",\"main\\/products\\/product-3.jpg\"]','[]','1Q-172-A1',0,14,0,1,'in_stock',0,2,0,0,1519,NULL,NULL,NULL,11,10,11,672,NULL,6280,'2025-03-31 21:07:21','2025-03-31 21:07:23',4,0,'Botble\\ACL\\Models\\User',0,NULL,'physical',NULL,NULL,0,0,0,0,2),(3,'Leather Ankle Boots','Achieve a polished look with this tailored wool blazer, designed for a flattering fit and versatile enough for both work and casual outings.','<div class=\"row justify-content-center\">\n    <div class=\"col-xl-10\">\n        <div class=\"tp-product-details-desc-item pb-105\">\n            <div class=\"row\">\n                <div class=\"col-lg-6\">\n                    <div class=\"pt-25\">\n                        <span>Women\'s Floral Dress</span>\n                        <h3 class=\"tp-product-details-desc-title\">Elegance Redefined</h3>\n                        <p>\n                            Embrace timeless elegance with our exquisite women\'s floral dress. Crafted from luxurious fabrics and adorned with delicate floral patterns, this dress exudes grace and sophistication. Whether attending a garden party or a formal event, you\'ll make a stunning impression in this captivating ensemble.\n                        </p>\n                    </div>\n                    <div>\n                        <h3 class=\"tp-product-details-desc-title\">Flawless Fit and Comfort</h3>\n                        <p>\n                            Designed for both style and comfort, our floral dress features a tailored silhouette that flatters every figure. The soft, breathable fabric ensures all-day comfort, while the fitted bodice and flowing skirt create a graceful silhouette. Feel confident and poised with every step you take.\n                        </p>\n                    </div>\n                </div>\n                <div class=\"col-lg-6\">\n                    <div class=\"tp-product-details-desc-thumb\">\n                        <img src=\"/storage/fashion/products/product-1.png\" alt=\"Women\'s Floral Dress\">\n                    </div>\n                </div>\n            </div>\n        </div>\n        <div class=\"tp-product-details-desc-item pb-75\">\n            <div class=\"row\">\n                <div class=\"col-lg-7\">\n                    <div class=\"tp-product-details-desc-thumb\">\n                        <img src=\"/storage/fashion/products/product-2.png\" alt=\"Back View of Floral Dress\">\n                    </div>\n                </div>\n\n                <div class=\"col-lg-5 order-first order-lg-last\">\n                    <div class=\"des-content-2 pl-40\">\n                        <h3 class=\"tp-product-details-desc-title\">\n                            Versatile Style\n                        </h3>\n                        <p>\n                            Transition effortlessly from day to night with our versatile floral dress. Pair it with sandals and a sunhat for a chic daytime look, or dress it up with heels and statement jewelry for an evening soirée. However you style it, you\'ll radiate confidence and charm.\n                        </p>\n                    </div>\n                </div>\n            </div>\n        </div>\n        <div class=\"tp-product-details-desc-item\">\n            <div class=\"row\">\n                <div class=\"col-xl-12\">\n                    <div class=\"tp-product-details-desc-banner text-center m-img\">\n                        <h3 class=\"tp-product-details-desc-banner-title tp-product-details-desc-title\">Quality Craftsmanship</h3>\n                        <img src=\"/storage/fashion/products/product-3.png\" alt=\"Fashion Atelier\">\n                    </div>\n                </div>\n            </div>\n        </div>\n    </div>\n</div>\n','published','[\"main\\/products\\/product-2.jpg\",\"main\\/products\\/product-details-desc-1.jpg\",\"main\\/products\\/product-12.jpg\"]','[[{\"key\":\"file\",\"value\":null},{\"key\":\"url\",\"value\":\"https:\\/\\/www.youtube.com\\/watch?v=6JYIGclVQdw\"},{\"key\":\"thumbnail\",\"value\":\"main\\/video\\/1.jpg\"}]]','EI-168-A1',0,14,0,1,'in_stock',1,2,0,0,1491,NULL,NULL,NULL,18,20,15,834,NULL,161298,'2025-03-31 21:07:21','2025-03-31 21:07:23',4,0,'Botble\\ACL\\Models\\User',0,NULL,'physical',NULL,NULL,0,0,0,0,1),(4,'Knit Turtleneck Sweater (Digital)','Step out in style with these leather ankle boots, crafted with a sleek design and comfortable block heel. Versatile enough to pair with both dresses and jeans.','<div class=\"row justify-content-center\">\n    <div class=\"col-xl-10\">\n        <div class=\"tp-product-details-desc-item pb-105\">\n            <div class=\"row\">\n                <div class=\"col-lg-6\">\n                    <div class=\"pt-25\">\n                        <span>Women\'s Floral Dress</span>\n                        <h3 class=\"tp-product-details-desc-title\">Elegance Redefined</h3>\n                        <p>\n                            Embrace timeless elegance with our exquisite women\'s floral dress. Crafted from luxurious fabrics and adorned with delicate floral patterns, this dress exudes grace and sophistication. Whether attending a garden party or a formal event, you\'ll make a stunning impression in this captivating ensemble.\n                        </p>\n                    </div>\n                    <div>\n                        <h3 class=\"tp-product-details-desc-title\">Flawless Fit and Comfort</h3>\n                        <p>\n                            Designed for both style and comfort, our floral dress features a tailored silhouette that flatters every figure. The soft, breathable fabric ensures all-day comfort, while the fitted bodice and flowing skirt create a graceful silhouette. Feel confident and poised with every step you take.\n                        </p>\n                    </div>\n                </div>\n                <div class=\"col-lg-6\">\n                    <div class=\"tp-product-details-desc-thumb\">\n                        <img src=\"/storage/fashion/products/product-1.png\" alt=\"Women\'s Floral Dress\">\n                    </div>\n                </div>\n            </div>\n        </div>\n        <div class=\"tp-product-details-desc-item pb-75\">\n            <div class=\"row\">\n                <div class=\"col-lg-7\">\n                    <div class=\"tp-product-details-desc-thumb\">\n                        <img src=\"/storage/fashion/products/product-2.png\" alt=\"Back View of Floral Dress\">\n                    </div>\n                </div>\n\n                <div class=\"col-lg-5 order-first order-lg-last\">\n                    <div class=\"des-content-2 pl-40\">\n                        <h3 class=\"tp-product-details-desc-title\">\n                            Versatile Style\n                        </h3>\n                        <p>\n                            Transition effortlessly from day to night with our versatile floral dress. Pair it with sandals and a sunhat for a chic daytime look, or dress it up with heels and statement jewelry for an evening soirée. However you style it, you\'ll radiate confidence and charm.\n                        </p>\n                    </div>\n                </div>\n            </div>\n        </div>\n        <div class=\"tp-product-details-desc-item\">\n            <div class=\"row\">\n                <div class=\"col-xl-12\">\n                    <div class=\"tp-product-details-desc-banner text-center m-img\">\n                        <h3 class=\"tp-product-details-desc-banner-title tp-product-details-desc-title\">Quality Craftsmanship</h3>\n                        <img src=\"/storage/fashion/products/product-3.png\" alt=\"Fashion Atelier\">\n                    </div>\n                </div>\n            </div>\n        </div>\n    </div>\n</div>\n','published','[\"main\\/products\\/product-20.jpg\",\"main\\/products\\/product-2.jpg\",\"main\\/products\\/product-8.jpg\",\"main\\/products\\/product-1.jpg\"]','[]','WH-187',0,18,0,1,'in_stock',1,3,0,0,278,139,NULL,NULL,14,20,17,601,NULL,40671,'2025-03-31 21:07:21','2025-03-31 21:07:23',1,0,'Botble\\ACL\\Models\\User',0,NULL,'digital',NULL,NULL,0,0,0,0,2),(5,'Classic Aviator Sunglasses','Embrace bohemian vibes with this embroidered boho blouse, featuring intricate stitching and a relaxed fit. Perfect for a casual day with a touch of style.','<div class=\"row justify-content-center\">\n    <div class=\"col-xl-10\">\n        <div class=\"tp-product-details-desc-item pb-105\">\n            <div class=\"row\">\n                <div class=\"col-lg-6\">\n                    <div class=\"pt-25\">\n                        <span>Women\'s Floral Dress</span>\n                        <h3 class=\"tp-product-details-desc-title\">Elegance Redefined</h3>\n                        <p>\n                            Embrace timeless elegance with our exquisite women\'s floral dress. Crafted from luxurious fabrics and adorned with delicate floral patterns, this dress exudes grace and sophistication. Whether attending a garden party or a formal event, you\'ll make a stunning impression in this captivating ensemble.\n                        </p>\n                    </div>\n                    <div>\n                        <h3 class=\"tp-product-details-desc-title\">Flawless Fit and Comfort</h3>\n                        <p>\n                            Designed for both style and comfort, our floral dress features a tailored silhouette that flatters every figure. The soft, breathable fabric ensures all-day comfort, while the fitted bodice and flowing skirt create a graceful silhouette. Feel confident and poised with every step you take.\n                        </p>\n                    </div>\n                </div>\n                <div class=\"col-lg-6\">\n                    <div class=\"tp-product-details-desc-thumb\">\n                        <img src=\"/storage/fashion/products/product-1.png\" alt=\"Women\'s Floral Dress\">\n                    </div>\n                </div>\n            </div>\n        </div>\n        <div class=\"tp-product-details-desc-item pb-75\">\n            <div class=\"row\">\n                <div class=\"col-lg-7\">\n                    <div class=\"tp-product-details-desc-thumb\">\n                        <img src=\"/storage/fashion/products/product-2.png\" alt=\"Back View of Floral Dress\">\n                    </div>\n                </div>\n\n                <div class=\"col-lg-5 order-first order-lg-last\">\n                    <div class=\"des-content-2 pl-40\">\n                        <h3 class=\"tp-product-details-desc-title\">\n                            Versatile Style\n                        </h3>\n                        <p>\n                            Transition effortlessly from day to night with our versatile floral dress. Pair it with sandals and a sunhat for a chic daytime look, or dress it up with heels and statement jewelry for an evening soirée. However you style it, you\'ll radiate confidence and charm.\n                        </p>\n                    </div>\n                </div>\n            </div>\n        </div>\n        <div class=\"tp-product-details-desc-item\">\n            <div class=\"row\">\n                <div class=\"col-xl-12\">\n                    <div class=\"tp-product-details-desc-banner text-center m-img\">\n                        <h3 class=\"tp-product-details-desc-banner-title tp-product-details-desc-title\">Quality Craftsmanship</h3>\n                        <img src=\"/storage/fashion/products/product-3.png\" alt=\"Fashion Atelier\">\n                    </div>\n                </div>\n            </div>\n        </div>\n    </div>\n</div>\n','published','[\"main\\/products\\/product-8.jpg\",\"main\\/products\\/product-18.jpg\",\"main\\/products\\/product-details-desc-2.jpg\",\"main\\/products\\/product-11.jpg\",\"main\\/products\\/product-9.jpg\"]','[[{\"key\":\"file\",\"value\":null},{\"key\":\"url\",\"value\":\"https:\\/\\/www.youtube.com\\/watch?v=6JYIGclVQdw\"},{\"key\":\"thumbnail\",\"value\":\"main\\/video\\/2.jpg\"}]]','BZ-161-A1',0,12,0,1,'in_stock',1,3,0,0,1671,NULL,NULL,NULL,16,10,19,518,NULL,17876,'2025-03-31 21:07:21','2025-03-31 21:07:23',3,0,'Botble\\ACL\\Models\\User',0,NULL,'physical',NULL,NULL,0,0,0,0,2),(6,'Tailored Wool Blazer','Embrace bohemian vibes with this embroidered boho blouse, featuring intricate stitching and a relaxed fit. Perfect for a casual day with a touch of style.','<div class=\"row justify-content-center\">\n    <div class=\"col-xl-10\">\n        <div class=\"tp-product-details-desc-item pb-105\">\n            <div class=\"row\">\n                <div class=\"col-lg-6\">\n                    <div class=\"pt-25\">\n                        <span>Women\'s Floral Dress</span>\n                        <h3 class=\"tp-product-details-desc-title\">Elegance Redefined</h3>\n                        <p>\n                            Embrace timeless elegance with our exquisite women\'s floral dress. Crafted from luxurious fabrics and adorned with delicate floral patterns, this dress exudes grace and sophistication. Whether attending a garden party or a formal event, you\'ll make a stunning impression in this captivating ensemble.\n                        </p>\n                    </div>\n                    <div>\n                        <h3 class=\"tp-product-details-desc-title\">Flawless Fit and Comfort</h3>\n                        <p>\n                            Designed for both style and comfort, our floral dress features a tailored silhouette that flatters every figure. The soft, breathable fabric ensures all-day comfort, while the fitted bodice and flowing skirt create a graceful silhouette. Feel confident and poised with every step you take.\n                        </p>\n                    </div>\n                </div>\n                <div class=\"col-lg-6\">\n                    <div class=\"tp-product-details-desc-thumb\">\n                        <img src=\"/storage/fashion/products/product-1.png\" alt=\"Women\'s Floral Dress\">\n                    </div>\n                </div>\n            </div>\n        </div>\n        <div class=\"tp-product-details-desc-item pb-75\">\n            <div class=\"row\">\n                <div class=\"col-lg-7\">\n                    <div class=\"tp-product-details-desc-thumb\">\n                        <img src=\"/storage/fashion/products/product-2.png\" alt=\"Back View of Floral Dress\">\n                    </div>\n                </div>\n\n                <div class=\"col-lg-5 order-first order-lg-last\">\n                    <div class=\"des-content-2 pl-40\">\n                        <h3 class=\"tp-product-details-desc-title\">\n                            Versatile Style\n                        </h3>\n                        <p>\n                            Transition effortlessly from day to night with our versatile floral dress. Pair it with sandals and a sunhat for a chic daytime look, or dress it up with heels and statement jewelry for an evening soirée. However you style it, you\'ll radiate confidence and charm.\n                        </p>\n                    </div>\n                </div>\n            </div>\n        </div>\n        <div class=\"tp-product-details-desc-item\">\n            <div class=\"row\">\n                <div class=\"col-xl-12\">\n                    <div class=\"tp-product-details-desc-banner text-center m-img\">\n                        <h3 class=\"tp-product-details-desc-banner-title tp-product-details-desc-title\">Quality Craftsmanship</h3>\n                        <img src=\"/storage/fashion/products/product-3.png\" alt=\"Fashion Atelier\">\n                    </div>\n                </div>\n            </div>\n        </div>\n    </div>\n</div>\n','published','[\"main\\/products\\/product-7.jpg\",\"main\\/products\\/product-18.jpg\",\"main\\/products\\/product-2.jpg\",\"main\\/products\\/product-11.jpg\"]','[]','WN-178-A1',0,20,0,1,'in_stock',0,4,0,0,1709,NULL,NULL,NULL,19,16,17,840,NULL,39715,'2025-03-31 21:07:21','2025-03-31 21:07:23',2,0,'Botble\\ACL\\Models\\User',0,NULL,'physical',NULL,NULL,0,0,0,0,1),(7,'Bohemian Fringe Handbag','Top off your look with this chic fedora hat, crafted with a classic silhouette and a timeless appeal. A must-have accessory for any fashion-forward wardrobe.','<div class=\"row justify-content-center\">\n    <div class=\"col-xl-10\">\n        <div class=\"tp-product-details-desc-item pb-105\">\n            <div class=\"row\">\n                <div class=\"col-lg-6\">\n                    <div class=\"pt-25\">\n                        <span>Women\'s Floral Dress</span>\n                        <h3 class=\"tp-product-details-desc-title\">Elegance Redefined</h3>\n                        <p>\n                            Embrace timeless elegance with our exquisite women\'s floral dress. Crafted from luxurious fabrics and adorned with delicate floral patterns, this dress exudes grace and sophistication. Whether attending a garden party or a formal event, you\'ll make a stunning impression in this captivating ensemble.\n                        </p>\n                    </div>\n                    <div>\n                        <h3 class=\"tp-product-details-desc-title\">Flawless Fit and Comfort</h3>\n                        <p>\n                            Designed for both style and comfort, our floral dress features a tailored silhouette that flatters every figure. The soft, breathable fabric ensures all-day comfort, while the fitted bodice and flowing skirt create a graceful silhouette. Feel confident and poised with every step you take.\n                        </p>\n                    </div>\n                </div>\n                <div class=\"col-lg-6\">\n                    <div class=\"tp-product-details-desc-thumb\">\n                        <img src=\"/storage/fashion/products/product-1.png\" alt=\"Women\'s Floral Dress\">\n                    </div>\n                </div>\n            </div>\n        </div>\n        <div class=\"tp-product-details-desc-item pb-75\">\n            <div class=\"row\">\n                <div class=\"col-lg-7\">\n                    <div class=\"tp-product-details-desc-thumb\">\n                        <img src=\"/storage/fashion/products/product-2.png\" alt=\"Back View of Floral Dress\">\n                    </div>\n                </div>\n\n                <div class=\"col-lg-5 order-first order-lg-last\">\n                    <div class=\"des-content-2 pl-40\">\n                        <h3 class=\"tp-product-details-desc-title\">\n                            Versatile Style\n                        </h3>\n                        <p>\n                            Transition effortlessly from day to night with our versatile floral dress. Pair it with sandals and a sunhat for a chic daytime look, or dress it up with heels and statement jewelry for an evening soirée. However you style it, you\'ll radiate confidence and charm.\n                        </p>\n                    </div>\n                </div>\n            </div>\n        </div>\n        <div class=\"tp-product-details-desc-item\">\n            <div class=\"row\">\n                <div class=\"col-xl-12\">\n                    <div class=\"tp-product-details-desc-banner text-center m-img\">\n                        <h3 class=\"tp-product-details-desc-banner-title tp-product-details-desc-title\">Quality Craftsmanship</h3>\n                        <img src=\"/storage/fashion/products/product-3.png\" alt=\"Fashion Atelier\">\n                    </div>\n                </div>\n            </div>\n        </div>\n    </div>\n</div>\n','published','[\"main\\/products\\/product-2.jpg\",\"main\\/products\\/product-9.jpg\",\"main\\/products\\/product-19.jpg\"]','[[{\"key\":\"file\",\"value\":null},{\"key\":\"url\",\"value\":\"https:\\/\\/www.youtube.com\\/watch?v=6JYIGclVQdw\"},{\"key\":\"thumbnail\",\"value\":\"main\\/video\\/1.jpg\"}]]','HS-127',0,16,0,1,'in_stock',1,5,0,0,788,17,NULL,NULL,18,12,18,567,NULL,146664,'2025-03-31 21:07:21','2025-03-31 21:07:23',5,0,'Botble\\ACL\\Models\\User',0,NULL,'physical',NULL,NULL,0,0,0,0,2),(8,'Silk Scarf with Geometric Print (Digital)','Complete your look with these classic aviator sunglasses, offering a touch of timeless glamour and UV protection for your eyes.','<div class=\"row justify-content-center\">\n    <div class=\"col-xl-10\">\n        <div class=\"tp-product-details-desc-item pb-105\">\n            <div class=\"row\">\n                <div class=\"col-lg-6\">\n                    <div class=\"pt-25\">\n                        <span>Women\'s Floral Dress</span>\n                        <h3 class=\"tp-product-details-desc-title\">Elegance Redefined</h3>\n                        <p>\n                            Embrace timeless elegance with our exquisite women\'s floral dress. Crafted from luxurious fabrics and adorned with delicate floral patterns, this dress exudes grace and sophistication. Whether attending a garden party or a formal event, you\'ll make a stunning impression in this captivating ensemble.\n                        </p>\n                    </div>\n                    <div>\n                        <h3 class=\"tp-product-details-desc-title\">Flawless Fit and Comfort</h3>\n                        <p>\n                            Designed for both style and comfort, our floral dress features a tailored silhouette that flatters every figure. The soft, breathable fabric ensures all-day comfort, while the fitted bodice and flowing skirt create a graceful silhouette. Feel confident and poised with every step you take.\n                        </p>\n                    </div>\n                </div>\n                <div class=\"col-lg-6\">\n                    <div class=\"tp-product-details-desc-thumb\">\n                        <img src=\"/storage/fashion/products/product-1.png\" alt=\"Women\'s Floral Dress\">\n                    </div>\n                </div>\n            </div>\n        </div>\n        <div class=\"tp-product-details-desc-item pb-75\">\n            <div class=\"row\">\n                <div class=\"col-lg-7\">\n                    <div class=\"tp-product-details-desc-thumb\">\n                        <img src=\"/storage/fashion/products/product-2.png\" alt=\"Back View of Floral Dress\">\n                    </div>\n                </div>\n\n                <div class=\"col-lg-5 order-first order-lg-last\">\n                    <div class=\"des-content-2 pl-40\">\n                        <h3 class=\"tp-product-details-desc-title\">\n                            Versatile Style\n                        </h3>\n                        <p>\n                            Transition effortlessly from day to night with our versatile floral dress. Pair it with sandals and a sunhat for a chic daytime look, or dress it up with heels and statement jewelry for an evening soirée. However you style it, you\'ll radiate confidence and charm.\n                        </p>\n                    </div>\n                </div>\n            </div>\n        </div>\n        <div class=\"tp-product-details-desc-item\">\n            <div class=\"row\">\n                <div class=\"col-xl-12\">\n                    <div class=\"tp-product-details-desc-banner text-center m-img\">\n                        <h3 class=\"tp-product-details-desc-banner-title tp-product-details-desc-title\">Quality Craftsmanship</h3>\n                        <img src=\"/storage/fashion/products/product-3.png\" alt=\"Fashion Atelier\">\n                    </div>\n                </div>\n            </div>\n        </div>\n    </div>\n</div>\n','published','[\"main\\/products\\/product-5.jpg\",\"main\\/products\\/product-14.jpg\",\"main\\/products\\/product-19.jpg\",\"main\\/products\\/product-7.jpg\",\"main\\/products\\/product-16.jpg\"]','[[{\"key\":\"file\",\"value\":\"main\\/video\\/video-1.mp4\"},{\"key\":\"url\",\"value\":null},{\"key\":\"thumbnail\",\"value\":\"main\\/video\\/1.jpg\"}]]','YT-160-A1',0,12,0,1,'in_stock',0,4,0,0,1230,873.3,NULL,NULL,18,12,13,692,NULL,181969,'2025-03-31 21:07:21','2025-03-31 21:07:23',8,0,'Botble\\ACL\\Models\\User',0,NULL,'digital',NULL,NULL,0,0,0,0,2),(9,'High-Waisted Wide Leg Trousers','Make a bold statement with this chunky necklace, designed to add a touch of glamour to any outfit. The perfect accessory for a night out.','<div class=\"row justify-content-center\">\n    <div class=\"col-xl-10\">\n        <div class=\"tp-product-details-desc-item pb-105\">\n            <div class=\"row\">\n                <div class=\"col-lg-6\">\n                    <div class=\"pt-25\">\n                        <span>Women\'s Floral Dress</span>\n                        <h3 class=\"tp-product-details-desc-title\">Elegance Redefined</h3>\n                        <p>\n                            Embrace timeless elegance with our exquisite women\'s floral dress. Crafted from luxurious fabrics and adorned with delicate floral patterns, this dress exudes grace and sophistication. Whether attending a garden party or a formal event, you\'ll make a stunning impression in this captivating ensemble.\n                        </p>\n                    </div>\n                    <div>\n                        <h3 class=\"tp-product-details-desc-title\">Flawless Fit and Comfort</h3>\n                        <p>\n                            Designed for both style and comfort, our floral dress features a tailored silhouette that flatters every figure. The soft, breathable fabric ensures all-day comfort, while the fitted bodice and flowing skirt create a graceful silhouette. Feel confident and poised with every step you take.\n                        </p>\n                    </div>\n                </div>\n                <div class=\"col-lg-6\">\n                    <div class=\"tp-product-details-desc-thumb\">\n                        <img src=\"/storage/fashion/products/product-1.png\" alt=\"Women\'s Floral Dress\">\n                    </div>\n                </div>\n            </div>\n        </div>\n        <div class=\"tp-product-details-desc-item pb-75\">\n            <div class=\"row\">\n                <div class=\"col-lg-7\">\n                    <div class=\"tp-product-details-desc-thumb\">\n                        <img src=\"/storage/fashion/products/product-2.png\" alt=\"Back View of Floral Dress\">\n                    </div>\n                </div>\n\n                <div class=\"col-lg-5 order-first order-lg-last\">\n                    <div class=\"des-content-2 pl-40\">\n                        <h3 class=\"tp-product-details-desc-title\">\n                            Versatile Style\n                        </h3>\n                        <p>\n                            Transition effortlessly from day to night with our versatile floral dress. Pair it with sandals and a sunhat for a chic daytime look, or dress it up with heels and statement jewelry for an evening soirée. However you style it, you\'ll radiate confidence and charm.\n                        </p>\n                    </div>\n                </div>\n            </div>\n        </div>\n        <div class=\"tp-product-details-desc-item\">\n            <div class=\"row\">\n                <div class=\"col-xl-12\">\n                    <div class=\"tp-product-details-desc-banner text-center m-img\">\n                        <h3 class=\"tp-product-details-desc-banner-title tp-product-details-desc-title\">Quality Craftsmanship</h3>\n                        <img src=\"/storage/fashion/products/product-3.png\" alt=\"Fashion Atelier\">\n                    </div>\n                </div>\n            </div>\n        </div>\n    </div>\n</div>\n','published','[\"main\\/products\\/product-11.jpg\",\"main\\/products\\/product-17.jpg\",\"main\\/products\\/product-12.jpg\",\"main\\/products\\/product-8.jpg\",\"main\\/products\\/product-details-desc-3.jpg\",\"main\\/products\\/product-9.jpg\",\"main\\/products\\/product-18.jpg\"]','[[{\"key\":\"file\",\"value\":\"main\\/video\\/video-2.mp4\"},{\"key\":\"url\",\"value\":null},{\"key\":\"thumbnail\",\"value\":\"main\\/video\\/2.jpg\"}]]','8R-160',0,15,0,1,'in_stock',0,1,0,0,859,853,NULL,NULL,16,11,19,747,NULL,176370,'2025-03-31 21:07:21','2025-03-31 21:07:23',3,0,'Botble\\ACL\\Models\\User',0,NULL,'physical',NULL,NULL,0,0,0,0,1),(10,'Embroidered Boho Blouse','Achieve a polished look with this tailored wool blazer, designed for a flattering fit and versatile enough for both work and casual outings.','<div class=\"row justify-content-center\">\n    <div class=\"col-xl-10\">\n        <div class=\"tp-product-details-desc-item pb-105\">\n            <div class=\"row\">\n                <div class=\"col-lg-6\">\n                    <div class=\"pt-25\">\n                        <span>Women\'s Floral Dress</span>\n                        <h3 class=\"tp-product-details-desc-title\">Elegance Redefined</h3>\n                        <p>\n                            Embrace timeless elegance with our exquisite women\'s floral dress. Crafted from luxurious fabrics and adorned with delicate floral patterns, this dress exudes grace and sophistication. Whether attending a garden party or a formal event, you\'ll make a stunning impression in this captivating ensemble.\n                        </p>\n                    </div>\n                    <div>\n                        <h3 class=\"tp-product-details-desc-title\">Flawless Fit and Comfort</h3>\n                        <p>\n                            Designed for both style and comfort, our floral dress features a tailored silhouette that flatters every figure. The soft, breathable fabric ensures all-day comfort, while the fitted bodice and flowing skirt create a graceful silhouette. Feel confident and poised with every step you take.\n                        </p>\n                    </div>\n                </div>\n                <div class=\"col-lg-6\">\n                    <div class=\"tp-product-details-desc-thumb\">\n                        <img src=\"/storage/fashion/products/product-1.png\" alt=\"Women\'s Floral Dress\">\n                    </div>\n                </div>\n            </div>\n        </div>\n        <div class=\"tp-product-details-desc-item pb-75\">\n            <div class=\"row\">\n                <div class=\"col-lg-7\">\n                    <div class=\"tp-product-details-desc-thumb\">\n                        <img src=\"/storage/fashion/products/product-2.png\" alt=\"Back View of Floral Dress\">\n                    </div>\n                </div>\n\n                <div class=\"col-lg-5 order-first order-lg-last\">\n                    <div class=\"des-content-2 pl-40\">\n                        <h3 class=\"tp-product-details-desc-title\">\n                            Versatile Style\n                        </h3>\n                        <p>\n                            Transition effortlessly from day to night with our versatile floral dress. Pair it with sandals and a sunhat for a chic daytime look, or dress it up with heels and statement jewelry for an evening soirée. However you style it, you\'ll radiate confidence and charm.\n                        </p>\n                    </div>\n                </div>\n            </div>\n        </div>\n        <div class=\"tp-product-details-desc-item\">\n            <div class=\"row\">\n                <div class=\"col-xl-12\">\n                    <div class=\"tp-product-details-desc-banner text-center m-img\">\n                        <h3 class=\"tp-product-details-desc-banner-title tp-product-details-desc-title\">Quality Craftsmanship</h3>\n                        <img src=\"/storage/fashion/products/product-3.png\" alt=\"Fashion Atelier\">\n                    </div>\n                </div>\n            </div>\n        </div>\n    </div>\n</div>\n','published','[\"main\\/products\\/product-details-desc-3.jpg\",\"main\\/products\\/product-11.jpg\",\"main\\/products\\/product-20.jpg\",\"main\\/products\\/product-8.jpg\"]','[[{\"key\":\"file\",\"value\":\"main\\/video\\/video-1.mp4\"},{\"key\":\"url\",\"value\":null},{\"key\":\"thumbnail\",\"value\":\"main\\/video\\/1.jpg\"}]]','4Z-169-A1',0,14,0,1,'in_stock',1,3,0,0,1724,NULL,NULL,NULL,11,16,10,852,NULL,154543,'2025-03-31 21:07:21','2025-03-31 21:07:23',3,0,'Botble\\ACL\\Models\\User',0,NULL,'physical',NULL,NULL,0,0,0,0,2),(11,'Statement Chunky Necklace','Embrace bohemian vibes with this embroidered boho blouse, featuring intricate stitching and a relaxed fit. Perfect for a casual day with a touch of style.','<div class=\"row justify-content-center\">\n    <div class=\"col-xl-10\">\n        <div class=\"tp-product-details-desc-item pb-105\">\n            <div class=\"row\">\n                <div class=\"col-lg-6\">\n                    <div class=\"pt-25\">\n                        <span>Women\'s Floral Dress</span>\n                        <h3 class=\"tp-product-details-desc-title\">Elegance Redefined</h3>\n                        <p>\n                            Embrace timeless elegance with our exquisite women\'s floral dress. Crafted from luxurious fabrics and adorned with delicate floral patterns, this dress exudes grace and sophistication. Whether attending a garden party or a formal event, you\'ll make a stunning impression in this captivating ensemble.\n                        </p>\n                    </div>\n                    <div>\n                        <h3 class=\"tp-product-details-desc-title\">Flawless Fit and Comfort</h3>\n                        <p>\n                            Designed for both style and comfort, our floral dress features a tailored silhouette that flatters every figure. The soft, breathable fabric ensures all-day comfort, while the fitted bodice and flowing skirt create a graceful silhouette. Feel confident and poised with every step you take.\n                        </p>\n                    </div>\n                </div>\n                <div class=\"col-lg-6\">\n                    <div class=\"tp-product-details-desc-thumb\">\n                        <img src=\"/storage/fashion/products/product-1.png\" alt=\"Women\'s Floral Dress\">\n                    </div>\n                </div>\n            </div>\n        </div>\n        <div class=\"tp-product-details-desc-item pb-75\">\n            <div class=\"row\">\n                <div class=\"col-lg-7\">\n                    <div class=\"tp-product-details-desc-thumb\">\n                        <img src=\"/storage/fashion/products/product-2.png\" alt=\"Back View of Floral Dress\">\n                    </div>\n                </div>\n\n                <div class=\"col-lg-5 order-first order-lg-last\">\n                    <div class=\"des-content-2 pl-40\">\n                        <h3 class=\"tp-product-details-desc-title\">\n                            Versatile Style\n                        </h3>\n                        <p>\n                            Transition effortlessly from day to night with our versatile floral dress. Pair it with sandals and a sunhat for a chic daytime look, or dress it up with heels and statement jewelry for an evening soirée. However you style it, you\'ll radiate confidence and charm.\n                        </p>\n                    </div>\n                </div>\n            </div>\n        </div>\n        <div class=\"tp-product-details-desc-item\">\n            <div class=\"row\">\n                <div class=\"col-xl-12\">\n                    <div class=\"tp-product-details-desc-banner text-center m-img\">\n                        <h3 class=\"tp-product-details-desc-banner-title tp-product-details-desc-title\">Quality Craftsmanship</h3>\n                        <img src=\"/storage/fashion/products/product-3.png\" alt=\"Fashion Atelier\">\n                    </div>\n                </div>\n            </div>\n        </div>\n    </div>\n</div>\n','published','[\"main\\/products\\/product-19.jpg\",\"main\\/products\\/product-4.jpg\",\"main\\/products\\/product-18.jpg\",\"main\\/products\\/product-17.jpg\",\"main\\/products\\/product-7.jpg\",\"main\\/products\\/product-details-desc-2.jpg\",\"main\\/products\\/product-3.jpg\",\"main\\/products\\/product-8.jpg\"]','[[{\"key\":\"file\",\"value\":null},{\"key\":\"url\",\"value\":\"https:\\/\\/www.youtube.com\\/watch?v=6JYIGclVQdw\"},{\"key\":\"thumbnail\",\"value\":\"main\\/video\\/2.jpg\"}]]','4J-179',0,20,0,1,'in_stock',1,1,0,0,380,47,NULL,NULL,11,18,20,877,NULL,30684,'2025-03-31 21:07:21','2025-03-31 21:07:23',2,0,'Botble\\ACL\\Models\\User',0,NULL,'physical',NULL,NULL,0,0,0,0,2),(12,'Chic Fedora Hat (Digital)','Embrace bohemian vibes with this embroidered boho blouse, featuring intricate stitching and a relaxed fit. Perfect for a casual day with a touch of style.','<div class=\"row justify-content-center\">\n    <div class=\"col-xl-10\">\n        <div class=\"tp-product-details-desc-item pb-105\">\n            <div class=\"row\">\n                <div class=\"col-lg-6\">\n                    <div class=\"pt-25\">\n                        <span>Women\'s Floral Dress</span>\n                        <h3 class=\"tp-product-details-desc-title\">Elegance Redefined</h3>\n                        <p>\n                            Embrace timeless elegance with our exquisite women\'s floral dress. Crafted from luxurious fabrics and adorned with delicate floral patterns, this dress exudes grace and sophistication. Whether attending a garden party or a formal event, you\'ll make a stunning impression in this captivating ensemble.\n                        </p>\n                    </div>\n                    <div>\n                        <h3 class=\"tp-product-details-desc-title\">Flawless Fit and Comfort</h3>\n                        <p>\n                            Designed for both style and comfort, our floral dress features a tailored silhouette that flatters every figure. The soft, breathable fabric ensures all-day comfort, while the fitted bodice and flowing skirt create a graceful silhouette. Feel confident and poised with every step you take.\n                        </p>\n                    </div>\n                </div>\n                <div class=\"col-lg-6\">\n                    <div class=\"tp-product-details-desc-thumb\">\n                        <img src=\"/storage/fashion/products/product-1.png\" alt=\"Women\'s Floral Dress\">\n                    </div>\n                </div>\n            </div>\n        </div>\n        <div class=\"tp-product-details-desc-item pb-75\">\n            <div class=\"row\">\n                <div class=\"col-lg-7\">\n                    <div class=\"tp-product-details-desc-thumb\">\n                        <img src=\"/storage/fashion/products/product-2.png\" alt=\"Back View of Floral Dress\">\n                    </div>\n                </div>\n\n                <div class=\"col-lg-5 order-first order-lg-last\">\n                    <div class=\"des-content-2 pl-40\">\n                        <h3 class=\"tp-product-details-desc-title\">\n                            Versatile Style\n                        </h3>\n                        <p>\n                            Transition effortlessly from day to night with our versatile floral dress. Pair it with sandals and a sunhat for a chic daytime look, or dress it up with heels and statement jewelry for an evening soirée. However you style it, you\'ll radiate confidence and charm.\n                        </p>\n                    </div>\n                </div>\n            </div>\n        </div>\n        <div class=\"tp-product-details-desc-item\">\n            <div class=\"row\">\n                <div class=\"col-xl-12\">\n                    <div class=\"tp-product-details-desc-banner text-center m-img\">\n                        <h3 class=\"tp-product-details-desc-banner-title tp-product-details-desc-title\">Quality Craftsmanship</h3>\n                        <img src=\"/storage/fashion/products/product-3.png\" alt=\"Fashion Atelier\">\n                    </div>\n                </div>\n            </div>\n        </div>\n    </div>\n</div>\n','published','[\"main\\/products\\/product-16.jpg\",\"main\\/products\\/product-8.jpg\",\"main\\/products\\/product-9.jpg\",\"main\\/products\\/product-10.jpg\",\"main\\/products\\/product-details-desc-3.jpg\",\"main\\/products\\/product-18.jpg\",\"main\\/products\\/product-14.jpg\"]','[[{\"key\":\"file\",\"value\":\"main\\/video\\/video-1.mp4\"},{\"key\":\"url\",\"value\":null},{\"key\":\"thumbnail\",\"value\":\"main\\/video\\/1.jpg\"}]]','NE-131-A1',0,19,0,1,'in_stock',0,4,0,0,1091,894.62,NULL,NULL,18,16,18,660,NULL,69102,'2025-03-31 21:07:21','2025-03-31 21:07:23',5,0,'Botble\\ACL\\Models\\User',0,NULL,'digital',NULL,NULL,0,0,0,0,2),(13,'Strappy Block Heel Sandals','Accessorize with this bohemian fringe handbag, featuring intricate details and enough space for your essentials. The perfect boho-chic addition to your collection.','<div class=\"row justify-content-center\">\n    <div class=\"col-xl-10\">\n        <div class=\"tp-product-details-desc-item pb-105\">\n            <div class=\"row\">\n                <div class=\"col-lg-6\">\n                    <div class=\"pt-25\">\n                        <span>Women\'s Floral Dress</span>\n                        <h3 class=\"tp-product-details-desc-title\">Elegance Redefined</h3>\n                        <p>\n                            Embrace timeless elegance with our exquisite women\'s floral dress. Crafted from luxurious fabrics and adorned with delicate floral patterns, this dress exudes grace and sophistication. Whether attending a garden party or a formal event, you\'ll make a stunning impression in this captivating ensemble.\n                        </p>\n                    </div>\n                    <div>\n                        <h3 class=\"tp-product-details-desc-title\">Flawless Fit and Comfort</h3>\n                        <p>\n                            Designed for both style and comfort, our floral dress features a tailored silhouette that flatters every figure. The soft, breathable fabric ensures all-day comfort, while the fitted bodice and flowing skirt create a graceful silhouette. Feel confident and poised with every step you take.\n                        </p>\n                    </div>\n                </div>\n                <div class=\"col-lg-6\">\n                    <div class=\"tp-product-details-desc-thumb\">\n                        <img src=\"/storage/fashion/products/product-1.png\" alt=\"Women\'s Floral Dress\">\n                    </div>\n                </div>\n            </div>\n        </div>\n        <div class=\"tp-product-details-desc-item pb-75\">\n            <div class=\"row\">\n                <div class=\"col-lg-7\">\n                    <div class=\"tp-product-details-desc-thumb\">\n                        <img src=\"/storage/fashion/products/product-2.png\" alt=\"Back View of Floral Dress\">\n                    </div>\n                </div>\n\n                <div class=\"col-lg-5 order-first order-lg-last\">\n                    <div class=\"des-content-2 pl-40\">\n                        <h3 class=\"tp-product-details-desc-title\">\n                            Versatile Style\n                        </h3>\n                        <p>\n                            Transition effortlessly from day to night with our versatile floral dress. Pair it with sandals and a sunhat for a chic daytime look, or dress it up with heels and statement jewelry for an evening soirée. However you style it, you\'ll radiate confidence and charm.\n                        </p>\n                    </div>\n                </div>\n            </div>\n        </div>\n        <div class=\"tp-product-details-desc-item\">\n            <div class=\"row\">\n                <div class=\"col-xl-12\">\n                    <div class=\"tp-product-details-desc-banner text-center m-img\">\n                        <h3 class=\"tp-product-details-desc-banner-title tp-product-details-desc-title\">Quality Craftsmanship</h3>\n                        <img src=\"/storage/fashion/products/product-3.png\" alt=\"Fashion Atelier\">\n                    </div>\n                </div>\n            </div>\n        </div>\n    </div>\n</div>\n','published','[\"main\\/products\\/product-14.jpg\",\"main\\/products\\/product-15.jpg\",\"main\\/products\\/product-9.jpg\",\"main\\/products\\/product-17.jpg\",\"main\\/products\\/product-10.jpg\",\"main\\/products\\/product-11.jpg\",\"main\\/products\\/product-16.jpg\"]','[[{\"key\":\"file\",\"value\":\"main\\/video\\/video-1.mp4\"},{\"key\":\"url\",\"value\":null},{\"key\":\"thumbnail\",\"value\":\"main\\/video\\/1.jpg\"}]]','NB-117',0,13,0,1,'in_stock',0,2,0,0,1264,116,NULL,NULL,14,20,14,556,NULL,44080,'2025-03-31 21:07:21','2025-03-31 21:07:23',8,0,'Botble\\ACL\\Models\\User',0,NULL,'physical',NULL,NULL,0,0,0,0,1),(14,'Velvet Evening Gown','Complete your look with these classic aviator sunglasses, offering a touch of timeless glamour and UV protection for your eyes.','<div class=\"row justify-content-center\">\n    <div class=\"col-xl-10\">\n        <div class=\"tp-product-details-desc-item pb-105\">\n            <div class=\"row\">\n                <div class=\"col-lg-6\">\n                    <div class=\"pt-25\">\n                        <span>Women\'s Floral Dress</span>\n                        <h3 class=\"tp-product-details-desc-title\">Elegance Redefined</h3>\n                        <p>\n                            Embrace timeless elegance with our exquisite women\'s floral dress. Crafted from luxurious fabrics and adorned with delicate floral patterns, this dress exudes grace and sophistication. Whether attending a garden party or a formal event, you\'ll make a stunning impression in this captivating ensemble.\n                        </p>\n                    </div>\n                    <div>\n                        <h3 class=\"tp-product-details-desc-title\">Flawless Fit and Comfort</h3>\n                        <p>\n                            Designed for both style and comfort, our floral dress features a tailored silhouette that flatters every figure. The soft, breathable fabric ensures all-day comfort, while the fitted bodice and flowing skirt create a graceful silhouette. Feel confident and poised with every step you take.\n                        </p>\n                    </div>\n                </div>\n                <div class=\"col-lg-6\">\n                    <div class=\"tp-product-details-desc-thumb\">\n                        <img src=\"/storage/fashion/products/product-1.png\" alt=\"Women\'s Floral Dress\">\n                    </div>\n                </div>\n            </div>\n        </div>\n        <div class=\"tp-product-details-desc-item pb-75\">\n            <div class=\"row\">\n                <div class=\"col-lg-7\">\n                    <div class=\"tp-product-details-desc-thumb\">\n                        <img src=\"/storage/fashion/products/product-2.png\" alt=\"Back View of Floral Dress\">\n                    </div>\n                </div>\n\n                <div class=\"col-lg-5 order-first order-lg-last\">\n                    <div class=\"des-content-2 pl-40\">\n                        <h3 class=\"tp-product-details-desc-title\">\n                            Versatile Style\n                        </h3>\n                        <p>\n                            Transition effortlessly from day to night with our versatile floral dress. Pair it with sandals and a sunhat for a chic daytime look, or dress it up with heels and statement jewelry for an evening soirée. However you style it, you\'ll radiate confidence and charm.\n                        </p>\n                    </div>\n                </div>\n            </div>\n        </div>\n        <div class=\"tp-product-details-desc-item\">\n            <div class=\"row\">\n                <div class=\"col-xl-12\">\n                    <div class=\"tp-product-details-desc-banner text-center m-img\">\n                        <h3 class=\"tp-product-details-desc-banner-title tp-product-details-desc-title\">Quality Craftsmanship</h3>\n                        <img src=\"/storage/fashion/products/product-3.png\" alt=\"Fashion Atelier\">\n                    </div>\n                </div>\n            </div>\n        </div>\n    </div>\n</div>\n','published','[\"main\\/products\\/product-5.jpg\",\"main\\/products\\/product-details-desc-1.jpg\",\"main\\/products\\/product-15.jpg\",\"main\\/products\\/product-16.jpg\",\"main\\/products\\/product-13.jpg\",\"main\\/products\\/product-8.jpg\",\"main\\/products\\/product-19.jpg\",\"main\\/products\\/product-11.jpg\"]','[[{\"key\":\"file\",\"value\":null},{\"key\":\"url\",\"value\":\"https:\\/\\/www.youtube.com\\/watch?v=6JYIGclVQdw\"},{\"key\":\"thumbnail\",\"value\":\"main\\/video\\/2.jpg\"}]]','QU-109',0,13,0,1,'in_stock',0,5,0,0,660,642,NULL,NULL,18,11,11,663,NULL,36880,'2025-03-31 21:07:21','2025-03-31 21:07:23',2,0,'Botble\\ACL\\Models\\User',0,NULL,'physical',NULL,NULL,0,0,0,0,1),(15,'Quilted Crossbody Bag','Add a pop of color to your outfit with this silk scarf adorned with a geometric print. Wrap it around your neck or tie it to your handbag for a stylish touch.','<div class=\"row justify-content-center\">\n    <div class=\"col-xl-10\">\n        <div class=\"tp-product-details-desc-item pb-105\">\n            <div class=\"row\">\n                <div class=\"col-lg-6\">\n                    <div class=\"pt-25\">\n                        <span>Women\'s Floral Dress</span>\n                        <h3 class=\"tp-product-details-desc-title\">Elegance Redefined</h3>\n                        <p>\n                            Embrace timeless elegance with our exquisite women\'s floral dress. Crafted from luxurious fabrics and adorned with delicate floral patterns, this dress exudes grace and sophistication. Whether attending a garden party or a formal event, you\'ll make a stunning impression in this captivating ensemble.\n                        </p>\n                    </div>\n                    <div>\n                        <h3 class=\"tp-product-details-desc-title\">Flawless Fit and Comfort</h3>\n                        <p>\n                            Designed for both style and comfort, our floral dress features a tailored silhouette that flatters every figure. The soft, breathable fabric ensures all-day comfort, while the fitted bodice and flowing skirt create a graceful silhouette. Feel confident and poised with every step you take.\n                        </p>\n                    </div>\n                </div>\n                <div class=\"col-lg-6\">\n                    <div class=\"tp-product-details-desc-thumb\">\n                        <img src=\"/storage/fashion/products/product-1.png\" alt=\"Women\'s Floral Dress\">\n                    </div>\n                </div>\n            </div>\n        </div>\n        <div class=\"tp-product-details-desc-item pb-75\">\n            <div class=\"row\">\n                <div class=\"col-lg-7\">\n                    <div class=\"tp-product-details-desc-thumb\">\n                        <img src=\"/storage/fashion/products/product-2.png\" alt=\"Back View of Floral Dress\">\n                    </div>\n                </div>\n\n                <div class=\"col-lg-5 order-first order-lg-last\">\n                    <div class=\"des-content-2 pl-40\">\n                        <h3 class=\"tp-product-details-desc-title\">\n                            Versatile Style\n                        </h3>\n                        <p>\n                            Transition effortlessly from day to night with our versatile floral dress. Pair it with sandals and a sunhat for a chic daytime look, or dress it up with heels and statement jewelry for an evening soirée. However you style it, you\'ll radiate confidence and charm.\n                        </p>\n                    </div>\n                </div>\n            </div>\n        </div>\n        <div class=\"tp-product-details-desc-item\">\n            <div class=\"row\">\n                <div class=\"col-xl-12\">\n                    <div class=\"tp-product-details-desc-banner text-center m-img\">\n                        <h3 class=\"tp-product-details-desc-banner-title tp-product-details-desc-title\">Quality Craftsmanship</h3>\n                        <img src=\"/storage/fashion/products/product-3.png\" alt=\"Fashion Atelier\">\n                    </div>\n                </div>\n            </div>\n        </div>\n    </div>\n</div>\n','published','[\"main\\/products\\/product-16.jpg\",\"main\\/products\\/product-19.jpg\",\"main\\/products\\/product-15.jpg\",\"main\\/products\\/product-13.jpg\",\"main\\/products\\/product-8.jpg\"]','[[{\"key\":\"file\",\"value\":null},{\"key\":\"url\",\"value\":\"https:\\/\\/www.youtube.com\\/watch?v=6JYIGclVQdw\"},{\"key\":\"thumbnail\",\"value\":\"main\\/video\\/1.jpg\"}]]','HI-174-A1',0,18,0,1,'in_stock',0,5,0,0,744,NULL,NULL,NULL,18,13,14,658,NULL,174116,'2025-03-31 21:07:21','2025-03-31 21:07:23',8,0,'Botble\\ACL\\Models\\User',0,NULL,'physical',NULL,NULL,0,0,0,0,1),(16,'Distressed Skinny Jeans (Digital)','Complete your look with these classic aviator sunglasses, offering a touch of timeless glamour and UV protection for your eyes.','<div class=\"row justify-content-center\">\n    <div class=\"col-xl-10\">\n        <div class=\"tp-product-details-desc-item pb-105\">\n            <div class=\"row\">\n                <div class=\"col-lg-6\">\n                    <div class=\"pt-25\">\n                        <span>Women\'s Floral Dress</span>\n                        <h3 class=\"tp-product-details-desc-title\">Elegance Redefined</h3>\n                        <p>\n                            Embrace timeless elegance with our exquisite women\'s floral dress. Crafted from luxurious fabrics and adorned with delicate floral patterns, this dress exudes grace and sophistication. Whether attending a garden party or a formal event, you\'ll make a stunning impression in this captivating ensemble.\n                        </p>\n                    </div>\n                    <div>\n                        <h3 class=\"tp-product-details-desc-title\">Flawless Fit and Comfort</h3>\n                        <p>\n                            Designed for both style and comfort, our floral dress features a tailored silhouette that flatters every figure. The soft, breathable fabric ensures all-day comfort, while the fitted bodice and flowing skirt create a graceful silhouette. Feel confident and poised with every step you take.\n                        </p>\n                    </div>\n                </div>\n                <div class=\"col-lg-6\">\n                    <div class=\"tp-product-details-desc-thumb\">\n                        <img src=\"/storage/fashion/products/product-1.png\" alt=\"Women\'s Floral Dress\">\n                    </div>\n                </div>\n            </div>\n        </div>\n        <div class=\"tp-product-details-desc-item pb-75\">\n            <div class=\"row\">\n                <div class=\"col-lg-7\">\n                    <div class=\"tp-product-details-desc-thumb\">\n                        <img src=\"/storage/fashion/products/product-2.png\" alt=\"Back View of Floral Dress\">\n                    </div>\n                </div>\n\n                <div class=\"col-lg-5 order-first order-lg-last\">\n                    <div class=\"des-content-2 pl-40\">\n                        <h3 class=\"tp-product-details-desc-title\">\n                            Versatile Style\n                        </h3>\n                        <p>\n                            Transition effortlessly from day to night with our versatile floral dress. Pair it with sandals and a sunhat for a chic daytime look, or dress it up with heels and statement jewelry for an evening soirée. However you style it, you\'ll radiate confidence and charm.\n                        </p>\n                    </div>\n                </div>\n            </div>\n        </div>\n        <div class=\"tp-product-details-desc-item\">\n            <div class=\"row\">\n                <div class=\"col-xl-12\">\n                    <div class=\"tp-product-details-desc-banner text-center m-img\">\n                        <h3 class=\"tp-product-details-desc-banner-title tp-product-details-desc-title\">Quality Craftsmanship</h3>\n                        <img src=\"/storage/fashion/products/product-3.png\" alt=\"Fashion Atelier\">\n                    </div>\n                </div>\n            </div>\n        </div>\n    </div>\n</div>\n','published','[\"main\\/products\\/product-19.jpg\",\"main\\/products\\/product-details-desc-3.jpg\",\"main\\/products\\/product-6.jpg\",\"main\\/products\\/product-11.jpg\"]','[]','3E-181',0,17,0,1,'in_stock',1,5,0,0,1701,812,NULL,NULL,13,14,13,637,NULL,170165,'2025-03-31 21:07:21','2025-03-31 21:07:23',6,0,'Botble\\ACL\\Models\\User',0,NULL,'digital',NULL,NULL,0,0,0,0,2),(17,'Lace-Up Combat Boots','Achieve a polished look with this tailored wool blazer, designed for a flattering fit and versatile enough for both work and casual outings.','<div class=\"row justify-content-center\">\n    <div class=\"col-xl-10\">\n        <div class=\"tp-product-details-desc-item pb-105\">\n            <div class=\"row\">\n                <div class=\"col-lg-6\">\n                    <div class=\"pt-25\">\n                        <span>Women\'s Floral Dress</span>\n                        <h3 class=\"tp-product-details-desc-title\">Elegance Redefined</h3>\n                        <p>\n                            Embrace timeless elegance with our exquisite women\'s floral dress. Crafted from luxurious fabrics and adorned with delicate floral patterns, this dress exudes grace and sophistication. Whether attending a garden party or a formal event, you\'ll make a stunning impression in this captivating ensemble.\n                        </p>\n                    </div>\n                    <div>\n                        <h3 class=\"tp-product-details-desc-title\">Flawless Fit and Comfort</h3>\n                        <p>\n                            Designed for both style and comfort, our floral dress features a tailored silhouette that flatters every figure. The soft, breathable fabric ensures all-day comfort, while the fitted bodice and flowing skirt create a graceful silhouette. Feel confident and poised with every step you take.\n                        </p>\n                    </div>\n                </div>\n                <div class=\"col-lg-6\">\n                    <div class=\"tp-product-details-desc-thumb\">\n                        <img src=\"/storage/fashion/products/product-1.png\" alt=\"Women\'s Floral Dress\">\n                    </div>\n                </div>\n            </div>\n        </div>\n        <div class=\"tp-product-details-desc-item pb-75\">\n            <div class=\"row\">\n                <div class=\"col-lg-7\">\n                    <div class=\"tp-product-details-desc-thumb\">\n                        <img src=\"/storage/fashion/products/product-2.png\" alt=\"Back View of Floral Dress\">\n                    </div>\n                </div>\n\n                <div class=\"col-lg-5 order-first order-lg-last\">\n                    <div class=\"des-content-2 pl-40\">\n                        <h3 class=\"tp-product-details-desc-title\">\n                            Versatile Style\n                        </h3>\n                        <p>\n                            Transition effortlessly from day to night with our versatile floral dress. Pair it with sandals and a sunhat for a chic daytime look, or dress it up with heels and statement jewelry for an evening soirée. However you style it, you\'ll radiate confidence and charm.\n                        </p>\n                    </div>\n                </div>\n            </div>\n        </div>\n        <div class=\"tp-product-details-desc-item\">\n            <div class=\"row\">\n                <div class=\"col-xl-12\">\n                    <div class=\"tp-product-details-desc-banner text-center m-img\">\n                        <h3 class=\"tp-product-details-desc-banner-title tp-product-details-desc-title\">Quality Craftsmanship</h3>\n                        <img src=\"/storage/fashion/products/product-3.png\" alt=\"Fashion Atelier\">\n                    </div>\n                </div>\n            </div>\n        </div>\n    </div>\n</div>\n','published','[\"main\\/products\\/product-16.jpg\",\"main\\/products\\/product-20.jpg\",\"main\\/products\\/product-17.jpg\",\"main\\/products\\/product-details-desc-1.jpg\",\"main\\/products\\/product-7.jpg\",\"main\\/products\\/product-11.jpg\"]','[[{\"key\":\"file\",\"value\":\"main\\/video\\/video-1.mp4\"},{\"key\":\"url\",\"value\":null},{\"key\":\"thumbnail\",\"value\":\"main\\/video\\/1.jpg\"}]]','23-194-A1',0,13,0,1,'in_stock',0,4,0,0,361,NULL,NULL,NULL,10,18,19,719,NULL,182911,'2025-03-31 21:07:21','2025-03-31 21:07:23',8,0,'Botble\\ACL\\Models\\User',0,NULL,'physical',NULL,NULL,0,0,0,0,2),(18,'Cotton Striped T-Shirt Dress','Make a bold statement with this chunky necklace, designed to add a touch of glamour to any outfit. The perfect accessory for a night out.','<div class=\"row justify-content-center\">\n    <div class=\"col-xl-10\">\n        <div class=\"tp-product-details-desc-item pb-105\">\n            <div class=\"row\">\n                <div class=\"col-lg-6\">\n                    <div class=\"pt-25\">\n                        <span>Women\'s Floral Dress</span>\n                        <h3 class=\"tp-product-details-desc-title\">Elegance Redefined</h3>\n                        <p>\n                            Embrace timeless elegance with our exquisite women\'s floral dress. Crafted from luxurious fabrics and adorned with delicate floral patterns, this dress exudes grace and sophistication. Whether attending a garden party or a formal event, you\'ll make a stunning impression in this captivating ensemble.\n                        </p>\n                    </div>\n                    <div>\n                        <h3 class=\"tp-product-details-desc-title\">Flawless Fit and Comfort</h3>\n                        <p>\n                            Designed for both style and comfort, our floral dress features a tailored silhouette that flatters every figure. The soft, breathable fabric ensures all-day comfort, while the fitted bodice and flowing skirt create a graceful silhouette. Feel confident and poised with every step you take.\n                        </p>\n                    </div>\n                </div>\n                <div class=\"col-lg-6\">\n                    <div class=\"tp-product-details-desc-thumb\">\n                        <img src=\"/storage/fashion/products/product-1.png\" alt=\"Women\'s Floral Dress\">\n                    </div>\n                </div>\n            </div>\n        </div>\n        <div class=\"tp-product-details-desc-item pb-75\">\n            <div class=\"row\">\n                <div class=\"col-lg-7\">\n                    <div class=\"tp-product-details-desc-thumb\">\n                        <img src=\"/storage/fashion/products/product-2.png\" alt=\"Back View of Floral Dress\">\n                    </div>\n                </div>\n\n                <div class=\"col-lg-5 order-first order-lg-last\">\n                    <div class=\"des-content-2 pl-40\">\n                        <h3 class=\"tp-product-details-desc-title\">\n                            Versatile Style\n                        </h3>\n                        <p>\n                            Transition effortlessly from day to night with our versatile floral dress. Pair it with sandals and a sunhat for a chic daytime look, or dress it up with heels and statement jewelry for an evening soirée. However you style it, you\'ll radiate confidence and charm.\n                        </p>\n                    </div>\n                </div>\n            </div>\n        </div>\n        <div class=\"tp-product-details-desc-item\">\n            <div class=\"row\">\n                <div class=\"col-xl-12\">\n                    <div class=\"tp-product-details-desc-banner text-center m-img\">\n                        <h3 class=\"tp-product-details-desc-banner-title tp-product-details-desc-title\">Quality Craftsmanship</h3>\n                        <img src=\"/storage/fashion/products/product-3.png\" alt=\"Fashion Atelier\">\n                    </div>\n                </div>\n            </div>\n        </div>\n    </div>\n</div>\n','published','[\"main\\/products\\/product-details-desc-1.jpg\",\"main\\/products\\/product-7.jpg\",\"main\\/products\\/product-12.jpg\",\"main\\/products\\/product-20.jpg\",\"main\\/products\\/product-2.jpg\",\"main\\/products\\/product-3.jpg\",\"main\\/products\\/product-15.jpg\",\"main\\/products\\/product-5.jpg\"]','[[{\"key\":\"file\",\"value\":\"main\\/video\\/video-1.mp4\"},{\"key\":\"url\",\"value\":null},{\"key\":\"thumbnail\",\"value\":\"main\\/video\\/1.jpg\"}]]','HN-189-A1',0,10,0,1,'in_stock',0,1,0,0,2084,NULL,NULL,NULL,12,15,19,807,NULL,2708,'2025-03-31 21:07:21','2025-03-31 21:07:23',6,0,'Botble\\ACL\\Models\\User',0,NULL,'physical',NULL,NULL,0,0,0,0,1),(19,'Printed Palazzo Pants','Accessorize with this bohemian fringe handbag, featuring intricate details and enough space for your essentials. The perfect boho-chic addition to your collection.','<div class=\"row justify-content-center\">\n    <div class=\"col-xl-10\">\n        <div class=\"tp-product-details-desc-item pb-105\">\n            <div class=\"row\">\n                <div class=\"col-lg-6\">\n                    <div class=\"pt-25\">\n                        <span>Women\'s Floral Dress</span>\n                        <h3 class=\"tp-product-details-desc-title\">Elegance Redefined</h3>\n                        <p>\n                            Embrace timeless elegance with our exquisite women\'s floral dress. Crafted from luxurious fabrics and adorned with delicate floral patterns, this dress exudes grace and sophistication. Whether attending a garden party or a formal event, you\'ll make a stunning impression in this captivating ensemble.\n                        </p>\n                    </div>\n                    <div>\n                        <h3 class=\"tp-product-details-desc-title\">Flawless Fit and Comfort</h3>\n                        <p>\n                            Designed for both style and comfort, our floral dress features a tailored silhouette that flatters every figure. The soft, breathable fabric ensures all-day comfort, while the fitted bodice and flowing skirt create a graceful silhouette. Feel confident and poised with every step you take.\n                        </p>\n                    </div>\n                </div>\n                <div class=\"col-lg-6\">\n                    <div class=\"tp-product-details-desc-thumb\">\n                        <img src=\"/storage/fashion/products/product-1.png\" alt=\"Women\'s Floral Dress\">\n                    </div>\n                </div>\n            </div>\n        </div>\n        <div class=\"tp-product-details-desc-item pb-75\">\n            <div class=\"row\">\n                <div class=\"col-lg-7\">\n                    <div class=\"tp-product-details-desc-thumb\">\n                        <img src=\"/storage/fashion/products/product-2.png\" alt=\"Back View of Floral Dress\">\n                    </div>\n                </div>\n\n                <div class=\"col-lg-5 order-first order-lg-last\">\n                    <div class=\"des-content-2 pl-40\">\n                        <h3 class=\"tp-product-details-desc-title\">\n                            Versatile Style\n                        </h3>\n                        <p>\n                            Transition effortlessly from day to night with our versatile floral dress. Pair it with sandals and a sunhat for a chic daytime look, or dress it up with heels and statement jewelry for an evening soirée. However you style it, you\'ll radiate confidence and charm.\n                        </p>\n                    </div>\n                </div>\n            </div>\n        </div>\n        <div class=\"tp-product-details-desc-item\">\n            <div class=\"row\">\n                <div class=\"col-xl-12\">\n                    <div class=\"tp-product-details-desc-banner text-center m-img\">\n                        <h3 class=\"tp-product-details-desc-banner-title tp-product-details-desc-title\">Quality Craftsmanship</h3>\n                        <img src=\"/storage/fashion/products/product-3.png\" alt=\"Fashion Atelier\">\n                    </div>\n                </div>\n            </div>\n        </div>\n    </div>\n</div>\n','published','[\"main\\/products\\/product-20.jpg\",\"main\\/products\\/product-1.jpg\",\"main\\/products\\/product-details-desc-3.jpg\",\"main\\/products\\/product-19.jpg\",\"main\\/products\\/product-details-desc-1.jpg\",\"main\\/products\\/product-8.jpg\",\"main\\/products\\/product-12.jpg\"]','[]','YC-199-A1',0,20,0,1,'in_stock',1,3,0,0,1588,NULL,NULL,NULL,13,12,16,839,NULL,120738,'2025-03-31 21:07:21','2025-03-31 21:07:23',4,0,'Botble\\ACL\\Models\\User',0,NULL,'physical',NULL,NULL,0,0,0,0,2),(20,'Structured Satchel Bag (Digital)','Complete your look with these classic aviator sunglasses, offering a touch of timeless glamour and UV protection for your eyes.','<div class=\"row justify-content-center\">\n    <div class=\"col-xl-10\">\n        <div class=\"tp-product-details-desc-item pb-105\">\n            <div class=\"row\">\n                <div class=\"col-lg-6\">\n                    <div class=\"pt-25\">\n                        <span>Women\'s Floral Dress</span>\n                        <h3 class=\"tp-product-details-desc-title\">Elegance Redefined</h3>\n                        <p>\n                            Embrace timeless elegance with our exquisite women\'s floral dress. Crafted from luxurious fabrics and adorned with delicate floral patterns, this dress exudes grace and sophistication. Whether attending a garden party or a formal event, you\'ll make a stunning impression in this captivating ensemble.\n                        </p>\n                    </div>\n                    <div>\n                        <h3 class=\"tp-product-details-desc-title\">Flawless Fit and Comfort</h3>\n                        <p>\n                            Designed for both style and comfort, our floral dress features a tailored silhouette that flatters every figure. The soft, breathable fabric ensures all-day comfort, while the fitted bodice and flowing skirt create a graceful silhouette. Feel confident and poised with every step you take.\n                        </p>\n                    </div>\n                </div>\n                <div class=\"col-lg-6\">\n                    <div class=\"tp-product-details-desc-thumb\">\n                        <img src=\"/storage/fashion/products/product-1.png\" alt=\"Women\'s Floral Dress\">\n                    </div>\n                </div>\n            </div>\n        </div>\n        <div class=\"tp-product-details-desc-item pb-75\">\n            <div class=\"row\">\n                <div class=\"col-lg-7\">\n                    <div class=\"tp-product-details-desc-thumb\">\n                        <img src=\"/storage/fashion/products/product-2.png\" alt=\"Back View of Floral Dress\">\n                    </div>\n                </div>\n\n                <div class=\"col-lg-5 order-first order-lg-last\">\n                    <div class=\"des-content-2 pl-40\">\n                        <h3 class=\"tp-product-details-desc-title\">\n                            Versatile Style\n                        </h3>\n                        <p>\n                            Transition effortlessly from day to night with our versatile floral dress. Pair it with sandals and a sunhat for a chic daytime look, or dress it up with heels and statement jewelry for an evening soirée. However you style it, you\'ll radiate confidence and charm.\n                        </p>\n                    </div>\n                </div>\n            </div>\n        </div>\n        <div class=\"tp-product-details-desc-item\">\n            <div class=\"row\">\n                <div class=\"col-xl-12\">\n                    <div class=\"tp-product-details-desc-banner text-center m-img\">\n                        <h3 class=\"tp-product-details-desc-banner-title tp-product-details-desc-title\">Quality Craftsmanship</h3>\n                        <img src=\"/storage/fashion/products/product-3.png\" alt=\"Fashion Atelier\">\n                    </div>\n                </div>\n            </div>\n        </div>\n    </div>\n</div>\n','published','[\"main\\/products\\/product-11.jpg\",\"main\\/products\\/product-18.jpg\",\"main\\/products\\/product-8.jpg\",\"main\\/products\\/product-13.jpg\"]','[[{\"key\":\"file\",\"value\":null},{\"key\":\"url\",\"value\":\"https:\\/\\/www.youtube.com\\/watch?v=6JYIGclVQdw\"},{\"key\":\"thumbnail\",\"value\":\"main\\/video\\/2.jpg\"}]]','MU-156-A1',0,10,0,1,'in_stock',1,4,0,0,1763,1269.36,NULL,NULL,19,16,18,632,NULL,69751,'2025-03-31 21:07:21','2025-03-31 21:07:23',6,0,'Botble\\ACL\\Models\\User',0,NULL,'digital',NULL,NULL,0,0,0,0,2),(21,'Off-Shoulder Ruffle Top','Achieve a polished look with this tailored wool blazer, designed for a flattering fit and versatile enough for both work and casual outings.','<div class=\"row justify-content-center\">\n    <div class=\"col-xl-10\">\n        <div class=\"tp-product-details-desc-item pb-105\">\n            <div class=\"row\">\n                <div class=\"col-lg-6\">\n                    <div class=\"pt-25\">\n                        <span>Women\'s Floral Dress</span>\n                        <h3 class=\"tp-product-details-desc-title\">Elegance Redefined</h3>\n                        <p>\n                            Embrace timeless elegance with our exquisite women\'s floral dress. Crafted from luxurious fabrics and adorned with delicate floral patterns, this dress exudes grace and sophistication. Whether attending a garden party or a formal event, you\'ll make a stunning impression in this captivating ensemble.\n                        </p>\n                    </div>\n                    <div>\n                        <h3 class=\"tp-product-details-desc-title\">Flawless Fit and Comfort</h3>\n                        <p>\n                            Designed for both style and comfort, our floral dress features a tailored silhouette that flatters every figure. The soft, breathable fabric ensures all-day comfort, while the fitted bodice and flowing skirt create a graceful silhouette. Feel confident and poised with every step you take.\n                        </p>\n                    </div>\n                </div>\n                <div class=\"col-lg-6\">\n                    <div class=\"tp-product-details-desc-thumb\">\n                        <img src=\"/storage/fashion/products/product-1.png\" alt=\"Women\'s Floral Dress\">\n                    </div>\n                </div>\n            </div>\n        </div>\n        <div class=\"tp-product-details-desc-item pb-75\">\n            <div class=\"row\">\n                <div class=\"col-lg-7\">\n                    <div class=\"tp-product-details-desc-thumb\">\n                        <img src=\"/storage/fashion/products/product-2.png\" alt=\"Back View of Floral Dress\">\n                    </div>\n                </div>\n\n                <div class=\"col-lg-5 order-first order-lg-last\">\n                    <div class=\"des-content-2 pl-40\">\n                        <h3 class=\"tp-product-details-desc-title\">\n                            Versatile Style\n                        </h3>\n                        <p>\n                            Transition effortlessly from day to night with our versatile floral dress. Pair it with sandals and a sunhat for a chic daytime look, or dress it up with heels and statement jewelry for an evening soirée. However you style it, you\'ll radiate confidence and charm.\n                        </p>\n                    </div>\n                </div>\n            </div>\n        </div>\n        <div class=\"tp-product-details-desc-item\">\n            <div class=\"row\">\n                <div class=\"col-xl-12\">\n                    <div class=\"tp-product-details-desc-banner text-center m-img\">\n                        <h3 class=\"tp-product-details-desc-banner-title tp-product-details-desc-title\">Quality Craftsmanship</h3>\n                        <img src=\"/storage/fashion/products/product-3.png\" alt=\"Fashion Atelier\">\n                    </div>\n                </div>\n            </div>\n        </div>\n    </div>\n</div>\n','published','[\"main\\/products\\/product-details-desc-2.jpg\",\"main\\/products\\/product-19.jpg\",\"main\\/products\\/product-11.jpg\",\"main\\/products\\/product-9.jpg\",\"main\\/products\\/product-16.jpg\"]','[[{\"key\":\"file\",\"value\":\"main\\/video\\/video-2.mp4\"},{\"key\":\"url\",\"value\":null},{\"key\":\"thumbnail\",\"value\":\"main\\/video\\/2.jpg\"}]]','SU-140',0,17,0,1,'in_stock',1,1,0,0,768,738,NULL,NULL,18,10,20,586,NULL,37300,'2025-03-31 21:07:21','2025-03-31 21:07:23',4,0,'Botble\\ACL\\Models\\User',0,NULL,'physical',NULL,NULL,0,0,0,0,1),(22,'Suede Pointed-Toe Pumps','Add a pop of color to your outfit with this silk scarf adorned with a geometric print. Wrap it around your neck or tie it to your handbag for a stylish touch.','<div class=\"row justify-content-center\">\n    <div class=\"col-xl-10\">\n        <div class=\"tp-product-details-desc-item pb-105\">\n            <div class=\"row\">\n                <div class=\"col-lg-6\">\n                    <div class=\"pt-25\">\n                        <span>Women\'s Floral Dress</span>\n                        <h3 class=\"tp-product-details-desc-title\">Elegance Redefined</h3>\n                        <p>\n                            Embrace timeless elegance with our exquisite women\'s floral dress. Crafted from luxurious fabrics and adorned with delicate floral patterns, this dress exudes grace and sophistication. Whether attending a garden party or a formal event, you\'ll make a stunning impression in this captivating ensemble.\n                        </p>\n                    </div>\n                    <div>\n                        <h3 class=\"tp-product-details-desc-title\">Flawless Fit and Comfort</h3>\n                        <p>\n                            Designed for both style and comfort, our floral dress features a tailored silhouette that flatters every figure. The soft, breathable fabric ensures all-day comfort, while the fitted bodice and flowing skirt create a graceful silhouette. Feel confident and poised with every step you take.\n                        </p>\n                    </div>\n                </div>\n                <div class=\"col-lg-6\">\n                    <div class=\"tp-product-details-desc-thumb\">\n                        <img src=\"/storage/fashion/products/product-1.png\" alt=\"Women\'s Floral Dress\">\n                    </div>\n                </div>\n            </div>\n        </div>\n        <div class=\"tp-product-details-desc-item pb-75\">\n            <div class=\"row\">\n                <div class=\"col-lg-7\">\n                    <div class=\"tp-product-details-desc-thumb\">\n                        <img src=\"/storage/fashion/products/product-2.png\" alt=\"Back View of Floral Dress\">\n                    </div>\n                </div>\n\n                <div class=\"col-lg-5 order-first order-lg-last\">\n                    <div class=\"des-content-2 pl-40\">\n                        <h3 class=\"tp-product-details-desc-title\">\n                            Versatile Style\n                        </h3>\n                        <p>\n                            Transition effortlessly from day to night with our versatile floral dress. Pair it with sandals and a sunhat for a chic daytime look, or dress it up with heels and statement jewelry for an evening soirée. However you style it, you\'ll radiate confidence and charm.\n                        </p>\n                    </div>\n                </div>\n            </div>\n        </div>\n        <div class=\"tp-product-details-desc-item\">\n            <div class=\"row\">\n                <div class=\"col-xl-12\">\n                    <div class=\"tp-product-details-desc-banner text-center m-img\">\n                        <h3 class=\"tp-product-details-desc-banner-title tp-product-details-desc-title\">Quality Craftsmanship</h3>\n                        <img src=\"/storage/fashion/products/product-3.png\" alt=\"Fashion Atelier\">\n                    </div>\n                </div>\n            </div>\n        </div>\n    </div>\n</div>\n','published','[\"main\\/products\\/product-details-desc-3.jpg\",\"main\\/products\\/product-11.jpg\",\"main\\/products\\/product-19.jpg\",\"main\\/products\\/product-13.jpg\",\"main\\/products\\/product-16.jpg\"]','[]','CM-147',0,11,0,1,'in_stock',1,2,0,0,2211,1240,NULL,NULL,17,11,17,662,NULL,192687,'2025-03-31 21:07:21','2025-03-31 21:07:23',6,0,'Botble\\ACL\\Models\\User',0,NULL,'physical',NULL,NULL,0,0,0,0,1),(23,'Cropped Cable Knit Sweater','Complete your look with these classic aviator sunglasses, offering a touch of timeless glamour and UV protection for your eyes.','<div class=\"row justify-content-center\">\n    <div class=\"col-xl-10\">\n        <div class=\"tp-product-details-desc-item pb-105\">\n            <div class=\"row\">\n                <div class=\"col-lg-6\">\n                    <div class=\"pt-25\">\n                        <span>Women\'s Floral Dress</span>\n                        <h3 class=\"tp-product-details-desc-title\">Elegance Redefined</h3>\n                        <p>\n                            Embrace timeless elegance with our exquisite women\'s floral dress. Crafted from luxurious fabrics and adorned with delicate floral patterns, this dress exudes grace and sophistication. Whether attending a garden party or a formal event, you\'ll make a stunning impression in this captivating ensemble.\n                        </p>\n                    </div>\n                    <div>\n                        <h3 class=\"tp-product-details-desc-title\">Flawless Fit and Comfort</h3>\n                        <p>\n                            Designed for both style and comfort, our floral dress features a tailored silhouette that flatters every figure. The soft, breathable fabric ensures all-day comfort, while the fitted bodice and flowing skirt create a graceful silhouette. Feel confident and poised with every step you take.\n                        </p>\n                    </div>\n                </div>\n                <div class=\"col-lg-6\">\n                    <div class=\"tp-product-details-desc-thumb\">\n                        <img src=\"/storage/fashion/products/product-1.png\" alt=\"Women\'s Floral Dress\">\n                    </div>\n                </div>\n            </div>\n        </div>\n        <div class=\"tp-product-details-desc-item pb-75\">\n            <div class=\"row\">\n                <div class=\"col-lg-7\">\n                    <div class=\"tp-product-details-desc-thumb\">\n                        <img src=\"/storage/fashion/products/product-2.png\" alt=\"Back View of Floral Dress\">\n                    </div>\n                </div>\n\n                <div class=\"col-lg-5 order-first order-lg-last\">\n                    <div class=\"des-content-2 pl-40\">\n                        <h3 class=\"tp-product-details-desc-title\">\n                            Versatile Style\n                        </h3>\n                        <p>\n                            Transition effortlessly from day to night with our versatile floral dress. Pair it with sandals and a sunhat for a chic daytime look, or dress it up with heels and statement jewelry for an evening soirée. However you style it, you\'ll radiate confidence and charm.\n                        </p>\n                    </div>\n                </div>\n            </div>\n        </div>\n        <div class=\"tp-product-details-desc-item\">\n            <div class=\"row\">\n                <div class=\"col-xl-12\">\n                    <div class=\"tp-product-details-desc-banner text-center m-img\">\n                        <h3 class=\"tp-product-details-desc-banner-title tp-product-details-desc-title\">Quality Craftsmanship</h3>\n                        <img src=\"/storage/fashion/products/product-3.png\" alt=\"Fashion Atelier\">\n                    </div>\n                </div>\n            </div>\n        </div>\n    </div>\n</div>\n','published','[\"main\\/products\\/product-details-desc-1.jpg\",\"main\\/products\\/product-3.jpg\",\"main\\/products\\/product-14.jpg\",\"main\\/products\\/product-4.jpg\",\"main\\/products\\/product-10.jpg\"]','[[{\"key\":\"file\",\"value\":\"main\\/video\\/video-2.mp4\"},{\"key\":\"url\",\"value\":null},{\"key\":\"thumbnail\",\"value\":\"main\\/video\\/2.jpg\"}]]','PM-198-A1',0,14,0,1,'in_stock',1,4,0,0,913,NULL,NULL,NULL,11,12,14,772,NULL,147649,'2025-03-31 21:07:21','2025-03-31 21:07:23',7,0,'Botble\\ACL\\Models\\User',0,NULL,'physical',NULL,NULL,0,0,0,0,1),(24,'Athleisure Jogger Pants (Digital)','Achieve a polished look with this tailored wool blazer, designed for a flattering fit and versatile enough for both work and casual outings.','<div class=\"row justify-content-center\">\n    <div class=\"col-xl-10\">\n        <div class=\"tp-product-details-desc-item pb-105\">\n            <div class=\"row\">\n                <div class=\"col-lg-6\">\n                    <div class=\"pt-25\">\n                        <span>Women\'s Floral Dress</span>\n                        <h3 class=\"tp-product-details-desc-title\">Elegance Redefined</h3>\n                        <p>\n                            Embrace timeless elegance with our exquisite women\'s floral dress. Crafted from luxurious fabrics and adorned with delicate floral patterns, this dress exudes grace and sophistication. Whether attending a garden party or a formal event, you\'ll make a stunning impression in this captivating ensemble.\n                        </p>\n                    </div>\n                    <div>\n                        <h3 class=\"tp-product-details-desc-title\">Flawless Fit and Comfort</h3>\n                        <p>\n                            Designed for both style and comfort, our floral dress features a tailored silhouette that flatters every figure. The soft, breathable fabric ensures all-day comfort, while the fitted bodice and flowing skirt create a graceful silhouette. Feel confident and poised with every step you take.\n                        </p>\n                    </div>\n                </div>\n                <div class=\"col-lg-6\">\n                    <div class=\"tp-product-details-desc-thumb\">\n                        <img src=\"/storage/fashion/products/product-1.png\" alt=\"Women\'s Floral Dress\">\n                    </div>\n                </div>\n            </div>\n        </div>\n        <div class=\"tp-product-details-desc-item pb-75\">\n            <div class=\"row\">\n                <div class=\"col-lg-7\">\n                    <div class=\"tp-product-details-desc-thumb\">\n                        <img src=\"/storage/fashion/products/product-2.png\" alt=\"Back View of Floral Dress\">\n                    </div>\n                </div>\n\n                <div class=\"col-lg-5 order-first order-lg-last\">\n                    <div class=\"des-content-2 pl-40\">\n                        <h3 class=\"tp-product-details-desc-title\">\n                            Versatile Style\n                        </h3>\n                        <p>\n                            Transition effortlessly from day to night with our versatile floral dress. Pair it with sandals and a sunhat for a chic daytime look, or dress it up with heels and statement jewelry for an evening soirée. However you style it, you\'ll radiate confidence and charm.\n                        </p>\n                    </div>\n                </div>\n            </div>\n        </div>\n        <div class=\"tp-product-details-desc-item\">\n            <div class=\"row\">\n                <div class=\"col-xl-12\">\n                    <div class=\"tp-product-details-desc-banner text-center m-img\">\n                        <h3 class=\"tp-product-details-desc-banner-title tp-product-details-desc-title\">Quality Craftsmanship</h3>\n                        <img src=\"/storage/fashion/products/product-3.png\" alt=\"Fashion Atelier\">\n                    </div>\n                </div>\n            </div>\n        </div>\n    </div>\n</div>\n','published','[\"main\\/products\\/product-3.jpg\",\"main\\/products\\/product-7.jpg\",\"main\\/products\\/product-6.jpg\",\"main\\/products\\/product-5.jpg\"]','[[{\"key\":\"file\",\"value\":null},{\"key\":\"url\",\"value\":\"https:\\/\\/www.youtube.com\\/watch?v=6JYIGclVQdw\"},{\"key\":\"thumbnail\",\"value\":\"main\\/video\\/1.jpg\"}]]','PE-144-A1',0,20,0,1,'in_stock',0,1,0,0,871,749.06,NULL,NULL,19,13,16,835,NULL,56813,'2025-03-31 21:07:21','2025-03-31 21:07:23',8,0,'Botble\\ACL\\Models\\User',0,NULL,'digital',NULL,NULL,0,0,0,0,1),(25,'Leopard Print Midi Skirt','Make a statement in this floral maxi dress, perfect for summer events or a casual day out. The flowy silhouette and vibrant print will turn heads wherever you go.','<div class=\"row justify-content-center\">\n    <div class=\"col-xl-10\">\n        <div class=\"tp-product-details-desc-item pb-105\">\n            <div class=\"row\">\n                <div class=\"col-lg-6\">\n                    <div class=\"pt-25\">\n                        <span>Women\'s Floral Dress</span>\n                        <h3 class=\"tp-product-details-desc-title\">Elegance Redefined</h3>\n                        <p>\n                            Embrace timeless elegance with our exquisite women\'s floral dress. Crafted from luxurious fabrics and adorned with delicate floral patterns, this dress exudes grace and sophistication. Whether attending a garden party or a formal event, you\'ll make a stunning impression in this captivating ensemble.\n                        </p>\n                    </div>\n                    <div>\n                        <h3 class=\"tp-product-details-desc-title\">Flawless Fit and Comfort</h3>\n                        <p>\n                            Designed for both style and comfort, our floral dress features a tailored silhouette that flatters every figure. The soft, breathable fabric ensures all-day comfort, while the fitted bodice and flowing skirt create a graceful silhouette. Feel confident and poised with every step you take.\n                        </p>\n                    </div>\n                </div>\n                <div class=\"col-lg-6\">\n                    <div class=\"tp-product-details-desc-thumb\">\n                        <img src=\"/storage/fashion/products/product-1.png\" alt=\"Women\'s Floral Dress\">\n                    </div>\n                </div>\n            </div>\n        </div>\n        <div class=\"tp-product-details-desc-item pb-75\">\n            <div class=\"row\">\n                <div class=\"col-lg-7\">\n                    <div class=\"tp-product-details-desc-thumb\">\n                        <img src=\"/storage/fashion/products/product-2.png\" alt=\"Back View of Floral Dress\">\n                    </div>\n                </div>\n\n                <div class=\"col-lg-5 order-first order-lg-last\">\n                    <div class=\"des-content-2 pl-40\">\n                        <h3 class=\"tp-product-details-desc-title\">\n                            Versatile Style\n                        </h3>\n                        <p>\n                            Transition effortlessly from day to night with our versatile floral dress. Pair it with sandals and a sunhat for a chic daytime look, or dress it up with heels and statement jewelry for an evening soirée. However you style it, you\'ll radiate confidence and charm.\n                        </p>\n                    </div>\n                </div>\n            </div>\n        </div>\n        <div class=\"tp-product-details-desc-item\">\n            <div class=\"row\">\n                <div class=\"col-xl-12\">\n                    <div class=\"tp-product-details-desc-banner text-center m-img\">\n                        <h3 class=\"tp-product-details-desc-banner-title tp-product-details-desc-title\">Quality Craftsmanship</h3>\n                        <img src=\"/storage/fashion/products/product-3.png\" alt=\"Fashion Atelier\">\n                    </div>\n                </div>\n            </div>\n        </div>\n    </div>\n</div>\n','published','[\"main\\/products\\/product-19.jpg\",\"main\\/products\\/product-6.jpg\",\"main\\/products\\/product-8.jpg\",\"main\\/products\\/product-details-desc-1.jpg\",\"main\\/products\\/product-16.jpg\",\"main\\/products\\/product-4.jpg\"]','[[{\"key\":\"file\",\"value\":null},{\"key\":\"url\",\"value\":\"https:\\/\\/www.youtube.com\\/watch?v=6JYIGclVQdw\"},{\"key\":\"thumbnail\",\"value\":\"main\\/video\\/1.jpg\"}]]','0U-180-A1',0,20,0,1,'in_stock',0,1,0,0,764,NULL,NULL,NULL,11,16,16,677,NULL,177007,'2025-03-31 21:07:21','2025-03-31 21:07:23',7,0,'Botble\\ACL\\Models\\User',0,NULL,'physical',NULL,NULL,0,0,0,0,1),(26,'Retro Cat-Eye Sunglasses','Embrace bohemian vibes with this embroidered boho blouse, featuring intricate stitching and a relaxed fit. Perfect for a casual day with a touch of style.','<div class=\"row justify-content-center\">\n    <div class=\"col-xl-10\">\n        <div class=\"tp-product-details-desc-item pb-105\">\n            <div class=\"row\">\n                <div class=\"col-lg-6\">\n                    <div class=\"pt-25\">\n                        <span>Women\'s Floral Dress</span>\n                        <h3 class=\"tp-product-details-desc-title\">Elegance Redefined</h3>\n                        <p>\n                            Embrace timeless elegance with our exquisite women\'s floral dress. Crafted from luxurious fabrics and adorned with delicate floral patterns, this dress exudes grace and sophistication. Whether attending a garden party or a formal event, you\'ll make a stunning impression in this captivating ensemble.\n                        </p>\n                    </div>\n                    <div>\n                        <h3 class=\"tp-product-details-desc-title\">Flawless Fit and Comfort</h3>\n                        <p>\n                            Designed for both style and comfort, our floral dress features a tailored silhouette that flatters every figure. The soft, breathable fabric ensures all-day comfort, while the fitted bodice and flowing skirt create a graceful silhouette. Feel confident and poised with every step you take.\n                        </p>\n                    </div>\n                </div>\n                <div class=\"col-lg-6\">\n                    <div class=\"tp-product-details-desc-thumb\">\n                        <img src=\"/storage/fashion/products/product-1.png\" alt=\"Women\'s Floral Dress\">\n                    </div>\n                </div>\n            </div>\n        </div>\n        <div class=\"tp-product-details-desc-item pb-75\">\n            <div class=\"row\">\n                <div class=\"col-lg-7\">\n                    <div class=\"tp-product-details-desc-thumb\">\n                        <img src=\"/storage/fashion/products/product-2.png\" alt=\"Back View of Floral Dress\">\n                    </div>\n                </div>\n\n                <div class=\"col-lg-5 order-first order-lg-last\">\n                    <div class=\"des-content-2 pl-40\">\n                        <h3 class=\"tp-product-details-desc-title\">\n                            Versatile Style\n                        </h3>\n                        <p>\n                            Transition effortlessly from day to night with our versatile floral dress. Pair it with sandals and a sunhat for a chic daytime look, or dress it up with heels and statement jewelry for an evening soirée. However you style it, you\'ll radiate confidence and charm.\n                        </p>\n                    </div>\n                </div>\n            </div>\n        </div>\n        <div class=\"tp-product-details-desc-item\">\n            <div class=\"row\">\n                <div class=\"col-xl-12\">\n                    <div class=\"tp-product-details-desc-banner text-center m-img\">\n                        <h3 class=\"tp-product-details-desc-banner-title tp-product-details-desc-title\">Quality Craftsmanship</h3>\n                        <img src=\"/storage/fashion/products/product-3.png\" alt=\"Fashion Atelier\">\n                    </div>\n                </div>\n            </div>\n        </div>\n    </div>\n</div>\n','published','[\"main\\/products\\/product-18.jpg\",\"main\\/products\\/product-13.jpg\",\"main\\/products\\/product-9.jpg\"]','[[{\"key\":\"file\",\"value\":null},{\"key\":\"url\",\"value\":\"https:\\/\\/www.youtube.com\\/watch?v=6JYIGclVQdw\"},{\"key\":\"thumbnail\",\"value\":\"main\\/video\\/2.jpg\"}]]','DI-170-A1',0,20,0,1,'in_stock',0,3,0,0,2332,NULL,NULL,NULL,17,15,12,628,NULL,10971,'2025-03-31 21:07:21','2025-03-31 21:07:23',2,0,'Botble\\ACL\\Models\\User',0,NULL,'physical',NULL,NULL,0,0,0,0,2),(27,'Faux Fur Trimmed Coat','Stay on trend with these high-waisted wide-leg trousers, combining comfort and sophistication. Pair them with heels for a refined look.','<div class=\"row justify-content-center\">\n    <div class=\"col-xl-10\">\n        <div class=\"tp-product-details-desc-item pb-105\">\n            <div class=\"row\">\n                <div class=\"col-lg-6\">\n                    <div class=\"pt-25\">\n                        <span>Women\'s Floral Dress</span>\n                        <h3 class=\"tp-product-details-desc-title\">Elegance Redefined</h3>\n                        <p>\n                            Embrace timeless elegance with our exquisite women\'s floral dress. Crafted from luxurious fabrics and adorned with delicate floral patterns, this dress exudes grace and sophistication. Whether attending a garden party or a formal event, you\'ll make a stunning impression in this captivating ensemble.\n                        </p>\n                    </div>\n                    <div>\n                        <h3 class=\"tp-product-details-desc-title\">Flawless Fit and Comfort</h3>\n                        <p>\n                            Designed for both style and comfort, our floral dress features a tailored silhouette that flatters every figure. The soft, breathable fabric ensures all-day comfort, while the fitted bodice and flowing skirt create a graceful silhouette. Feel confident and poised with every step you take.\n                        </p>\n                    </div>\n                </div>\n                <div class=\"col-lg-6\">\n                    <div class=\"tp-product-details-desc-thumb\">\n                        <img src=\"/storage/fashion/products/product-1.png\" alt=\"Women\'s Floral Dress\">\n                    </div>\n                </div>\n            </div>\n        </div>\n        <div class=\"tp-product-details-desc-item pb-75\">\n            <div class=\"row\">\n                <div class=\"col-lg-7\">\n                    <div class=\"tp-product-details-desc-thumb\">\n                        <img src=\"/storage/fashion/products/product-2.png\" alt=\"Back View of Floral Dress\">\n                    </div>\n                </div>\n\n                <div class=\"col-lg-5 order-first order-lg-last\">\n                    <div class=\"des-content-2 pl-40\">\n                        <h3 class=\"tp-product-details-desc-title\">\n                            Versatile Style\n                        </h3>\n                        <p>\n                            Transition effortlessly from day to night with our versatile floral dress. Pair it with sandals and a sunhat for a chic daytime look, or dress it up with heels and statement jewelry for an evening soirée. However you style it, you\'ll radiate confidence and charm.\n                        </p>\n                    </div>\n                </div>\n            </div>\n        </div>\n        <div class=\"tp-product-details-desc-item\">\n            <div class=\"row\">\n                <div class=\"col-xl-12\">\n                    <div class=\"tp-product-details-desc-banner text-center m-img\">\n                        <h3 class=\"tp-product-details-desc-banner-title tp-product-details-desc-title\">Quality Craftsmanship</h3>\n                        <img src=\"/storage/fashion/products/product-3.png\" alt=\"Fashion Atelier\">\n                    </div>\n                </div>\n            </div>\n        </div>\n    </div>\n</div>\n','published','[\"main\\/products\\/product-8.jpg\",\"main\\/products\\/product-15.jpg\",\"main\\/products\\/product-17.jpg\",\"main\\/products\\/product-20.jpg\",\"main\\/products\\/product-details-desc-3.jpg\"]','[[{\"key\":\"file\",\"value\":null},{\"key\":\"url\",\"value\":\"https:\\/\\/www.youtube.com\\/watch?v=6JYIGclVQdw\"},{\"key\":\"thumbnail\",\"value\":\"main\\/video\\/2.jpg\"}]]','C3-145-A1',0,16,0,1,'in_stock',1,4,0,0,2470,NULL,NULL,NULL,10,14,19,556,NULL,173157,'2025-03-31 21:07:21','2025-03-31 21:07:23',6,0,'Botble\\ACL\\Models\\User',0,NULL,'physical',NULL,NULL,0,0,0,0,1),(28,'Boho Fringed Kimono (Digital)','Accessorize with this bohemian fringe handbag, featuring intricate details and enough space for your essentials. The perfect boho-chic addition to your collection.','<div class=\"row justify-content-center\">\n    <div class=\"col-xl-10\">\n        <div class=\"tp-product-details-desc-item pb-105\">\n            <div class=\"row\">\n                <div class=\"col-lg-6\">\n                    <div class=\"pt-25\">\n                        <span>Women\'s Floral Dress</span>\n                        <h3 class=\"tp-product-details-desc-title\">Elegance Redefined</h3>\n                        <p>\n                            Embrace timeless elegance with our exquisite women\'s floral dress. Crafted from luxurious fabrics and adorned with delicate floral patterns, this dress exudes grace and sophistication. Whether attending a garden party or a formal event, you\'ll make a stunning impression in this captivating ensemble.\n                        </p>\n                    </div>\n                    <div>\n                        <h3 class=\"tp-product-details-desc-title\">Flawless Fit and Comfort</h3>\n                        <p>\n                            Designed for both style and comfort, our floral dress features a tailored silhouette that flatters every figure. The soft, breathable fabric ensures all-day comfort, while the fitted bodice and flowing skirt create a graceful silhouette. Feel confident and poised with every step you take.\n                        </p>\n                    </div>\n                </div>\n                <div class=\"col-lg-6\">\n                    <div class=\"tp-product-details-desc-thumb\">\n                        <img src=\"/storage/fashion/products/product-1.png\" alt=\"Women\'s Floral Dress\">\n                    </div>\n                </div>\n            </div>\n        </div>\n        <div class=\"tp-product-details-desc-item pb-75\">\n            <div class=\"row\">\n                <div class=\"col-lg-7\">\n                    <div class=\"tp-product-details-desc-thumb\">\n                        <img src=\"/storage/fashion/products/product-2.png\" alt=\"Back View of Floral Dress\">\n                    </div>\n                </div>\n\n                <div class=\"col-lg-5 order-first order-lg-last\">\n                    <div class=\"des-content-2 pl-40\">\n                        <h3 class=\"tp-product-details-desc-title\">\n                            Versatile Style\n                        </h3>\n                        <p>\n                            Transition effortlessly from day to night with our versatile floral dress. Pair it with sandals and a sunhat for a chic daytime look, or dress it up with heels and statement jewelry for an evening soirée. However you style it, you\'ll radiate confidence and charm.\n                        </p>\n                    </div>\n                </div>\n            </div>\n        </div>\n        <div class=\"tp-product-details-desc-item\">\n            <div class=\"row\">\n                <div class=\"col-xl-12\">\n                    <div class=\"tp-product-details-desc-banner text-center m-img\">\n                        <h3 class=\"tp-product-details-desc-banner-title tp-product-details-desc-title\">Quality Craftsmanship</h3>\n                        <img src=\"/storage/fashion/products/product-3.png\" alt=\"Fashion Atelier\">\n                    </div>\n                </div>\n            </div>\n        </div>\n    </div>\n</div>\n','published','[\"main\\/products\\/product-4.jpg\",\"main\\/products\\/product-11.jpg\",\"main\\/products\\/product-12.jpg\",\"main\\/products\\/product-9.jpg\",\"main\\/products\\/product-18.jpg\",\"main\\/products\\/product-details-desc-2.jpg\"]','[[{\"key\":\"file\",\"value\":\"main\\/video\\/video-1.mp4\"},{\"key\":\"url\",\"value\":null},{\"key\":\"thumbnail\",\"value\":\"main\\/video\\/1.jpg\"}]]','CN-135',0,19,0,1,'in_stock',1,2,0,0,1000,704,NULL,NULL,19,15,11,693,NULL,150766,'2025-03-31 21:07:21','2025-03-31 21:07:23',5,0,'Botble\\ACL\\Models\\User',0,NULL,'digital',NULL,NULL,0,0,0,0,2),(29,'Ruffled Wrap Dress','Step out in style with these leather ankle boots, crafted with a sleek design and comfortable block heel. Versatile enough to pair with both dresses and jeans.','<div class=\"row justify-content-center\">\n    <div class=\"col-xl-10\">\n        <div class=\"tp-product-details-desc-item pb-105\">\n            <div class=\"row\">\n                <div class=\"col-lg-6\">\n                    <div class=\"pt-25\">\n                        <span>Women\'s Floral Dress</span>\n                        <h3 class=\"tp-product-details-desc-title\">Elegance Redefined</h3>\n                        <p>\n                            Embrace timeless elegance with our exquisite women\'s floral dress. Crafted from luxurious fabrics and adorned with delicate floral patterns, this dress exudes grace and sophistication. Whether attending a garden party or a formal event, you\'ll make a stunning impression in this captivating ensemble.\n                        </p>\n                    </div>\n                    <div>\n                        <h3 class=\"tp-product-details-desc-title\">Flawless Fit and Comfort</h3>\n                        <p>\n                            Designed for both style and comfort, our floral dress features a tailored silhouette that flatters every figure. The soft, breathable fabric ensures all-day comfort, while the fitted bodice and flowing skirt create a graceful silhouette. Feel confident and poised with every step you take.\n                        </p>\n                    </div>\n                </div>\n                <div class=\"col-lg-6\">\n                    <div class=\"tp-product-details-desc-thumb\">\n                        <img src=\"/storage/fashion/products/product-1.png\" alt=\"Women\'s Floral Dress\">\n                    </div>\n                </div>\n            </div>\n        </div>\n        <div class=\"tp-product-details-desc-item pb-75\">\n            <div class=\"row\">\n                <div class=\"col-lg-7\">\n                    <div class=\"tp-product-details-desc-thumb\">\n                        <img src=\"/storage/fashion/products/product-2.png\" alt=\"Back View of Floral Dress\">\n                    </div>\n                </div>\n\n                <div class=\"col-lg-5 order-first order-lg-last\">\n                    <div class=\"des-content-2 pl-40\">\n                        <h3 class=\"tp-product-details-desc-title\">\n                            Versatile Style\n                        </h3>\n                        <p>\n                            Transition effortlessly from day to night with our versatile floral dress. Pair it with sandals and a sunhat for a chic daytime look, or dress it up with heels and statement jewelry for an evening soirée. However you style it, you\'ll radiate confidence and charm.\n                        </p>\n                    </div>\n                </div>\n            </div>\n        </div>\n        <div class=\"tp-product-details-desc-item\">\n            <div class=\"row\">\n                <div class=\"col-xl-12\">\n                    <div class=\"tp-product-details-desc-banner text-center m-img\">\n                        <h3 class=\"tp-product-details-desc-banner-title tp-product-details-desc-title\">Quality Craftsmanship</h3>\n                        <img src=\"/storage/fashion/products/product-3.png\" alt=\"Fashion Atelier\">\n                    </div>\n                </div>\n            </div>\n        </div>\n    </div>\n</div>\n','published','[\"main\\/products\\/product-18.jpg\",\"main\\/products\\/product-12.jpg\",\"main\\/products\\/product-14.jpg\",\"main\\/products\\/product-details-desc-1.jpg\",\"main\\/products\\/product-7.jpg\",\"main\\/products\\/product-details-desc-3.jpg\",\"main\\/products\\/product-6.jpg\"]','[[{\"key\":\"file\",\"value\":\"main\\/video\\/video-1.mp4\"},{\"key\":\"url\",\"value\":null},{\"key\":\"thumbnail\",\"value\":\"main\\/video\\/1.jpg\"}]]','D6-126',0,11,0,1,'in_stock',0,1,0,0,527,499,NULL,NULL,14,10,17,853,NULL,13212,'2025-03-31 21:07:21','2025-03-31 21:07:23',3,0,'Botble\\ACL\\Models\\User',0,NULL,'physical',NULL,NULL,0,0,0,0,2),(30,'Beaded Evening Clutch','Add a pop of color to your outfit with this silk scarf adorned with a geometric print. Wrap it around your neck or tie it to your handbag for a stylish touch.','<div class=\"row justify-content-center\">\n    <div class=\"col-xl-10\">\n        <div class=\"tp-product-details-desc-item pb-105\">\n            <div class=\"row\">\n                <div class=\"col-lg-6\">\n                    <div class=\"pt-25\">\n                        <span>Women\'s Floral Dress</span>\n                        <h3 class=\"tp-product-details-desc-title\">Elegance Redefined</h3>\n                        <p>\n                            Embrace timeless elegance with our exquisite women\'s floral dress. Crafted from luxurious fabrics and adorned with delicate floral patterns, this dress exudes grace and sophistication. Whether attending a garden party or a formal event, you\'ll make a stunning impression in this captivating ensemble.\n                        </p>\n                    </div>\n                    <div>\n                        <h3 class=\"tp-product-details-desc-title\">Flawless Fit and Comfort</h3>\n                        <p>\n                            Designed for both style and comfort, our floral dress features a tailored silhouette that flatters every figure. The soft, breathable fabric ensures all-day comfort, while the fitted bodice and flowing skirt create a graceful silhouette. Feel confident and poised with every step you take.\n                        </p>\n                    </div>\n                </div>\n                <div class=\"col-lg-6\">\n                    <div class=\"tp-product-details-desc-thumb\">\n                        <img src=\"/storage/fashion/products/product-1.png\" alt=\"Women\'s Floral Dress\">\n                    </div>\n                </div>\n            </div>\n        </div>\n        <div class=\"tp-product-details-desc-item pb-75\">\n            <div class=\"row\">\n                <div class=\"col-lg-7\">\n                    <div class=\"tp-product-details-desc-thumb\">\n                        <img src=\"/storage/fashion/products/product-2.png\" alt=\"Back View of Floral Dress\">\n                    </div>\n                </div>\n\n                <div class=\"col-lg-5 order-first order-lg-last\">\n                    <div class=\"des-content-2 pl-40\">\n                        <h3 class=\"tp-product-details-desc-title\">\n                            Versatile Style\n                        </h3>\n                        <p>\n                            Transition effortlessly from day to night with our versatile floral dress. Pair it with sandals and a sunhat for a chic daytime look, or dress it up with heels and statement jewelry for an evening soirée. However you style it, you\'ll radiate confidence and charm.\n                        </p>\n                    </div>\n                </div>\n            </div>\n        </div>\n        <div class=\"tp-product-details-desc-item\">\n            <div class=\"row\">\n                <div class=\"col-xl-12\">\n                    <div class=\"tp-product-details-desc-banner text-center m-img\">\n                        <h3 class=\"tp-product-details-desc-banner-title tp-product-details-desc-title\">Quality Craftsmanship</h3>\n                        <img src=\"/storage/fashion/products/product-3.png\" alt=\"Fashion Atelier\">\n                    </div>\n                </div>\n            </div>\n        </div>\n    </div>\n</div>\n','published','[\"main\\/products\\/product-1.jpg\",\"main\\/products\\/product-10.jpg\",\"main\\/products\\/product-6.jpg\",\"main\\/products\\/product-5.jpg\",\"main\\/products\\/product-8.jpg\",\"main\\/products\\/product-20.jpg\"]','[]','XU-112',0,14,0,1,'in_stock',1,4,0,0,1112,961,NULL,NULL,17,13,12,863,NULL,178430,'2025-03-31 21:07:21','2025-03-31 21:07:23',7,0,'Botble\\ACL\\Models\\User',0,NULL,'physical',NULL,NULL,0,0,0,0,1),(31,'Wide Brim Floppy Hat','Add a pop of color to your outfit with this silk scarf adorned with a geometric print. Wrap it around your neck or tie it to your handbag for a stylish touch.','<div class=\"row justify-content-center\">\n    <div class=\"col-xl-10\">\n        <div class=\"tp-product-details-desc-item pb-105\">\n            <div class=\"row\">\n                <div class=\"col-lg-6\">\n                    <div class=\"pt-25\">\n                        <span>Women\'s Floral Dress</span>\n                        <h3 class=\"tp-product-details-desc-title\">Elegance Redefined</h3>\n                        <p>\n                            Embrace timeless elegance with our exquisite women\'s floral dress. Crafted from luxurious fabrics and adorned with delicate floral patterns, this dress exudes grace and sophistication. Whether attending a garden party or a formal event, you\'ll make a stunning impression in this captivating ensemble.\n                        </p>\n                    </div>\n                    <div>\n                        <h3 class=\"tp-product-details-desc-title\">Flawless Fit and Comfort</h3>\n                        <p>\n                            Designed for both style and comfort, our floral dress features a tailored silhouette that flatters every figure. The soft, breathable fabric ensures all-day comfort, while the fitted bodice and flowing skirt create a graceful silhouette. Feel confident and poised with every step you take.\n                        </p>\n                    </div>\n                </div>\n                <div class=\"col-lg-6\">\n                    <div class=\"tp-product-details-desc-thumb\">\n                        <img src=\"/storage/fashion/products/product-1.png\" alt=\"Women\'s Floral Dress\">\n                    </div>\n                </div>\n            </div>\n        </div>\n        <div class=\"tp-product-details-desc-item pb-75\">\n            <div class=\"row\">\n                <div class=\"col-lg-7\">\n                    <div class=\"tp-product-details-desc-thumb\">\n                        <img src=\"/storage/fashion/products/product-2.png\" alt=\"Back View of Floral Dress\">\n                    </div>\n                </div>\n\n                <div class=\"col-lg-5 order-first order-lg-last\">\n                    <div class=\"des-content-2 pl-40\">\n                        <h3 class=\"tp-product-details-desc-title\">\n                            Versatile Style\n                        </h3>\n                        <p>\n                            Transition effortlessly from day to night with our versatile floral dress. Pair it with sandals and a sunhat for a chic daytime look, or dress it up with heels and statement jewelry for an evening soirée. However you style it, you\'ll radiate confidence and charm.\n                        </p>\n                    </div>\n                </div>\n            </div>\n        </div>\n        <div class=\"tp-product-details-desc-item\">\n            <div class=\"row\">\n                <div class=\"col-xl-12\">\n                    <div class=\"tp-product-details-desc-banner text-center m-img\">\n                        <h3 class=\"tp-product-details-desc-banner-title tp-product-details-desc-title\">Quality Craftsmanship</h3>\n                        <img src=\"/storage/fashion/products/product-3.png\" alt=\"Fashion Atelier\">\n                    </div>\n                </div>\n            </div>\n        </div>\n    </div>\n</div>\n','published','[\"main\\/products\\/product-2.jpg\",\"main\\/products\\/product-8.jpg\",\"main\\/products\\/product-details-desc-2.jpg\",\"main\\/products\\/product-19.jpg\",\"main\\/products\\/product-12.jpg\"]','[[{\"key\":\"file\",\"value\":null},{\"key\":\"url\",\"value\":\"https:\\/\\/www.youtube.com\\/watch?v=6JYIGclVQdw\"},{\"key\":\"thumbnail\",\"value\":\"main\\/video\\/1.jpg\"}]]','ZP-102',0,15,0,1,'in_stock',1,1,0,0,2166,616,NULL,NULL,12,11,12,720,NULL,164001,'2025-03-31 21:07:21','2025-03-31 21:07:23',8,0,'Botble\\ACL\\Models\\User',0,NULL,'physical',NULL,NULL,0,0,0,0,1),(32,'Denim Overall Jumpsuit (Digital)','Step out in style with these leather ankle boots, crafted with a sleek design and comfortable block heel. Versatile enough to pair with both dresses and jeans.','<div class=\"row justify-content-center\">\n    <div class=\"col-xl-10\">\n        <div class=\"tp-product-details-desc-item pb-105\">\n            <div class=\"row\">\n                <div class=\"col-lg-6\">\n                    <div class=\"pt-25\">\n                        <span>Women\'s Floral Dress</span>\n                        <h3 class=\"tp-product-details-desc-title\">Elegance Redefined</h3>\n                        <p>\n                            Embrace timeless elegance with our exquisite women\'s floral dress. Crafted from luxurious fabrics and adorned with delicate floral patterns, this dress exudes grace and sophistication. Whether attending a garden party or a formal event, you\'ll make a stunning impression in this captivating ensemble.\n                        </p>\n                    </div>\n                    <div>\n                        <h3 class=\"tp-product-details-desc-title\">Flawless Fit and Comfort</h3>\n                        <p>\n                            Designed for both style and comfort, our floral dress features a tailored silhouette that flatters every figure. The soft, breathable fabric ensures all-day comfort, while the fitted bodice and flowing skirt create a graceful silhouette. Feel confident and poised with every step you take.\n                        </p>\n                    </div>\n                </div>\n                <div class=\"col-lg-6\">\n                    <div class=\"tp-product-details-desc-thumb\">\n                        <img src=\"/storage/fashion/products/product-1.png\" alt=\"Women\'s Floral Dress\">\n                    </div>\n                </div>\n            </div>\n        </div>\n        <div class=\"tp-product-details-desc-item pb-75\">\n            <div class=\"row\">\n                <div class=\"col-lg-7\">\n                    <div class=\"tp-product-details-desc-thumb\">\n                        <img src=\"/storage/fashion/products/product-2.png\" alt=\"Back View of Floral Dress\">\n                    </div>\n                </div>\n\n                <div class=\"col-lg-5 order-first order-lg-last\">\n                    <div class=\"des-content-2 pl-40\">\n                        <h3 class=\"tp-product-details-desc-title\">\n                            Versatile Style\n                        </h3>\n                        <p>\n                            Transition effortlessly from day to night with our versatile floral dress. Pair it with sandals and a sunhat for a chic daytime look, or dress it up with heels and statement jewelry for an evening soirée. However you style it, you\'ll radiate confidence and charm.\n                        </p>\n                    </div>\n                </div>\n            </div>\n        </div>\n        <div class=\"tp-product-details-desc-item\">\n            <div class=\"row\">\n                <div class=\"col-xl-12\">\n                    <div class=\"tp-product-details-desc-banner text-center m-img\">\n                        <h3 class=\"tp-product-details-desc-banner-title tp-product-details-desc-title\">Quality Craftsmanship</h3>\n                        <img src=\"/storage/fashion/products/product-3.png\" alt=\"Fashion Atelier\">\n                    </div>\n                </div>\n            </div>\n        </div>\n    </div>\n</div>\n','published','[\"main\\/products\\/product-15.jpg\",\"main\\/products\\/product-details-desc-1.jpg\",\"main\\/products\\/product-13.jpg\",\"main\\/products\\/product-18.jpg\",\"main\\/products\\/product-9.jpg\",\"main\\/products\\/product-20.jpg\",\"main\\/products\\/product-11.jpg\",\"main\\/products\\/product-4.jpg\"]','[[{\"key\":\"file\",\"value\":null},{\"key\":\"url\",\"value\":\"https:\\/\\/www.youtube.com\\/watch?v=6JYIGclVQdw\"},{\"key\":\"thumbnail\",\"value\":\"main\\/video\\/2.jpg\"}]]','DL-158',0,10,0,1,'in_stock',1,1,0,0,2239,173,NULL,NULL,17,10,11,861,NULL,38139,'2025-03-31 21:07:21','2025-03-31 21:07:23',5,0,'Botble\\ACL\\Models\\User',0,NULL,'digital',NULL,NULL,0,0,0,0,2),(33,'Embellished Ballet Flats','Complete your look with these classic aviator sunglasses, offering a touch of timeless glamour and UV protection for your eyes.','<div class=\"row justify-content-center\">\n    <div class=\"col-xl-10\">\n        <div class=\"tp-product-details-desc-item pb-105\">\n            <div class=\"row\">\n                <div class=\"col-lg-6\">\n                    <div class=\"pt-25\">\n                        <span>Women\'s Floral Dress</span>\n                        <h3 class=\"tp-product-details-desc-title\">Elegance Redefined</h3>\n                        <p>\n                            Embrace timeless elegance with our exquisite women\'s floral dress. Crafted from luxurious fabrics and adorned with delicate floral patterns, this dress exudes grace and sophistication. Whether attending a garden party or a formal event, you\'ll make a stunning impression in this captivating ensemble.\n                        </p>\n                    </div>\n                    <div>\n                        <h3 class=\"tp-product-details-desc-title\">Flawless Fit and Comfort</h3>\n                        <p>\n                            Designed for both style and comfort, our floral dress features a tailored silhouette that flatters every figure. The soft, breathable fabric ensures all-day comfort, while the fitted bodice and flowing skirt create a graceful silhouette. Feel confident and poised with every step you take.\n                        </p>\n                    </div>\n                </div>\n                <div class=\"col-lg-6\">\n                    <div class=\"tp-product-details-desc-thumb\">\n                        <img src=\"/storage/fashion/products/product-1.png\" alt=\"Women\'s Floral Dress\">\n                    </div>\n                </div>\n            </div>\n        </div>\n        <div class=\"tp-product-details-desc-item pb-75\">\n            <div class=\"row\">\n                <div class=\"col-lg-7\">\n                    <div class=\"tp-product-details-desc-thumb\">\n                        <img src=\"/storage/fashion/products/product-2.png\" alt=\"Back View of Floral Dress\">\n                    </div>\n                </div>\n\n                <div class=\"col-lg-5 order-first order-lg-last\">\n                    <div class=\"des-content-2 pl-40\">\n                        <h3 class=\"tp-product-details-desc-title\">\n                            Versatile Style\n                        </h3>\n                        <p>\n                            Transition effortlessly from day to night with our versatile floral dress. Pair it with sandals and a sunhat for a chic daytime look, or dress it up with heels and statement jewelry for an evening soirée. However you style it, you\'ll radiate confidence and charm.\n                        </p>\n                    </div>\n                </div>\n            </div>\n        </div>\n        <div class=\"tp-product-details-desc-item\">\n            <div class=\"row\">\n                <div class=\"col-xl-12\">\n                    <div class=\"tp-product-details-desc-banner text-center m-img\">\n                        <h3 class=\"tp-product-details-desc-banner-title tp-product-details-desc-title\">Quality Craftsmanship</h3>\n                        <img src=\"/storage/fashion/products/product-3.png\" alt=\"Fashion Atelier\">\n                    </div>\n                </div>\n            </div>\n        </div>\n    </div>\n</div>\n','published','[\"main\\/products\\/product-4.jpg\",\"main\\/products\\/product-16.jpg\",\"main\\/products\\/product-6.jpg\",\"main\\/products\\/product-details-desc-1.jpg\"]','[[{\"key\":\"file\",\"value\":\"main\\/video\\/video-2.mp4\"},{\"key\":\"url\",\"value\":null},{\"key\":\"thumbnail\",\"value\":\"main\\/video\\/2.jpg\"}]]','P9-153-A1',0,13,0,1,'in_stock',1,1,0,0,1554,NULL,NULL,NULL,10,17,10,534,NULL,135960,'2025-03-31 21:07:22','2025-03-31 21:07:23',1,0,'Botble\\ACL\\Models\\User',0,NULL,'physical',NULL,NULL,0,0,0,0,2),(34,'Pleated Midi Skirt','Stay cozy and chic in this knit turtleneck sweater, featuring a ribbed texture and a timeless design. Perfect for chilly days and nights.','<div class=\"row justify-content-center\">\n    <div class=\"col-xl-10\">\n        <div class=\"tp-product-details-desc-item pb-105\">\n            <div class=\"row\">\n                <div class=\"col-lg-6\">\n                    <div class=\"pt-25\">\n                        <span>Women\'s Floral Dress</span>\n                        <h3 class=\"tp-product-details-desc-title\">Elegance Redefined</h3>\n                        <p>\n                            Embrace timeless elegance with our exquisite women\'s floral dress. Crafted from luxurious fabrics and adorned with delicate floral patterns, this dress exudes grace and sophistication. Whether attending a garden party or a formal event, you\'ll make a stunning impression in this captivating ensemble.\n                        </p>\n                    </div>\n                    <div>\n                        <h3 class=\"tp-product-details-desc-title\">Flawless Fit and Comfort</h3>\n                        <p>\n                            Designed for both style and comfort, our floral dress features a tailored silhouette that flatters every figure. The soft, breathable fabric ensures all-day comfort, while the fitted bodice and flowing skirt create a graceful silhouette. Feel confident and poised with every step you take.\n                        </p>\n                    </div>\n                </div>\n                <div class=\"col-lg-6\">\n                    <div class=\"tp-product-details-desc-thumb\">\n                        <img src=\"/storage/fashion/products/product-1.png\" alt=\"Women\'s Floral Dress\">\n                    </div>\n                </div>\n            </div>\n        </div>\n        <div class=\"tp-product-details-desc-item pb-75\">\n            <div class=\"row\">\n                <div class=\"col-lg-7\">\n                    <div class=\"tp-product-details-desc-thumb\">\n                        <img src=\"/storage/fashion/products/product-2.png\" alt=\"Back View of Floral Dress\">\n                    </div>\n                </div>\n\n                <div class=\"col-lg-5 order-first order-lg-last\">\n                    <div class=\"des-content-2 pl-40\">\n                        <h3 class=\"tp-product-details-desc-title\">\n                            Versatile Style\n                        </h3>\n                        <p>\n                            Transition effortlessly from day to night with our versatile floral dress. Pair it with sandals and a sunhat for a chic daytime look, or dress it up with heels and statement jewelry for an evening soirée. However you style it, you\'ll radiate confidence and charm.\n                        </p>\n                    </div>\n                </div>\n            </div>\n        </div>\n        <div class=\"tp-product-details-desc-item\">\n            <div class=\"row\">\n                <div class=\"col-xl-12\">\n                    <div class=\"tp-product-details-desc-banner text-center m-img\">\n                        <h3 class=\"tp-product-details-desc-banner-title tp-product-details-desc-title\">Quality Craftsmanship</h3>\n                        <img src=\"/storage/fashion/products/product-3.png\" alt=\"Fashion Atelier\">\n                    </div>\n                </div>\n            </div>\n        </div>\n    </div>\n</div>\n','published','[\"main\\/products\\/product-10.jpg\",\"main\\/products\\/product-5.jpg\",\"main\\/products\\/product-16.jpg\",\"main\\/products\\/product-17.jpg\",\"main\\/products\\/product-2.jpg\",\"main\\/products\\/product-13.jpg\",\"main\\/products\\/product-details-desc-2.jpg\"]','[[{\"key\":\"file\",\"value\":\"main\\/video\\/video-2.mp4\"},{\"key\":\"url\",\"value\":null},{\"key\":\"thumbnail\",\"value\":\"main\\/video\\/2.jpg\"}]]','SB-135',0,12,0,1,'in_stock',0,1,0,0,2409,672,NULL,NULL,20,14,12,525,NULL,81468,'2025-03-31 21:07:22','2025-03-31 21:07:23',8,0,'Botble\\ACL\\Models\\User',0,NULL,'physical',NULL,NULL,0,0,0,0,1),(35,'Velour Tracksuit Set','Top off your look with this chic fedora hat, crafted with a classic silhouette and a timeless appeal. A must-have accessory for any fashion-forward wardrobe.','<div class=\"row justify-content-center\">\n    <div class=\"col-xl-10\">\n        <div class=\"tp-product-details-desc-item pb-105\">\n            <div class=\"row\">\n                <div class=\"col-lg-6\">\n                    <div class=\"pt-25\">\n                        <span>Women\'s Floral Dress</span>\n                        <h3 class=\"tp-product-details-desc-title\">Elegance Redefined</h3>\n                        <p>\n                            Embrace timeless elegance with our exquisite women\'s floral dress. Crafted from luxurious fabrics and adorned with delicate floral patterns, this dress exudes grace and sophistication. Whether attending a garden party or a formal event, you\'ll make a stunning impression in this captivating ensemble.\n                        </p>\n                    </div>\n                    <div>\n                        <h3 class=\"tp-product-details-desc-title\">Flawless Fit and Comfort</h3>\n                        <p>\n                            Designed for both style and comfort, our floral dress features a tailored silhouette that flatters every figure. The soft, breathable fabric ensures all-day comfort, while the fitted bodice and flowing skirt create a graceful silhouette. Feel confident and poised with every step you take.\n                        </p>\n                    </div>\n                </div>\n                <div class=\"col-lg-6\">\n                    <div class=\"tp-product-details-desc-thumb\">\n                        <img src=\"/storage/fashion/products/product-1.png\" alt=\"Women\'s Floral Dress\">\n                    </div>\n                </div>\n            </div>\n        </div>\n        <div class=\"tp-product-details-desc-item pb-75\">\n            <div class=\"row\">\n                <div class=\"col-lg-7\">\n                    <div class=\"tp-product-details-desc-thumb\">\n                        <img src=\"/storage/fashion/products/product-2.png\" alt=\"Back View of Floral Dress\">\n                    </div>\n                </div>\n\n                <div class=\"col-lg-5 order-first order-lg-last\">\n                    <div class=\"des-content-2 pl-40\">\n                        <h3 class=\"tp-product-details-desc-title\">\n                            Versatile Style\n                        </h3>\n                        <p>\n                            Transition effortlessly from day to night with our versatile floral dress. Pair it with sandals and a sunhat for a chic daytime look, or dress it up with heels and statement jewelry for an evening soirée. However you style it, you\'ll radiate confidence and charm.\n                        </p>\n                    </div>\n                </div>\n            </div>\n        </div>\n        <div class=\"tp-product-details-desc-item\">\n            <div class=\"row\">\n                <div class=\"col-xl-12\">\n                    <div class=\"tp-product-details-desc-banner text-center m-img\">\n                        <h3 class=\"tp-product-details-desc-banner-title tp-product-details-desc-title\">Quality Craftsmanship</h3>\n                        <img src=\"/storage/fashion/products/product-3.png\" alt=\"Fashion Atelier\">\n                    </div>\n                </div>\n            </div>\n        </div>\n    </div>\n</div>\n','published','[\"main\\/products\\/product-7.jpg\",\"main\\/products\\/product-12.jpg\",\"main\\/products\\/product-10.jpg\",\"main\\/products\\/product-15.jpg\",\"main\\/products\\/product-details-desc-1.jpg\",\"main\\/products\\/product-details-desc-2.jpg\",\"main\\/products\\/product-9.jpg\"]','[[{\"key\":\"file\",\"value\":\"main\\/video\\/video-1.mp4\"},{\"key\":\"url\",\"value\":null},{\"key\":\"thumbnail\",\"value\":\"main\\/video\\/1.jpg\"}]]','TW-102-A1',0,19,0,1,'in_stock',1,2,0,0,1393,NULL,NULL,NULL,13,12,10,776,NULL,136703,'2025-03-31 21:07:22','2025-03-31 21:07:23',5,0,'Botble\\ACL\\Models\\User',0,NULL,'physical',NULL,NULL,0,0,0,0,2),(36,'Geometric Patterned Cardigan (Digital)','Stay cozy and chic in this knit turtleneck sweater, featuring a ribbed texture and a timeless design. Perfect for chilly days and nights.','<div class=\"row justify-content-center\">\n    <div class=\"col-xl-10\">\n        <div class=\"tp-product-details-desc-item pb-105\">\n            <div class=\"row\">\n                <div class=\"col-lg-6\">\n                    <div class=\"pt-25\">\n                        <span>Women\'s Floral Dress</span>\n                        <h3 class=\"tp-product-details-desc-title\">Elegance Redefined</h3>\n                        <p>\n                            Embrace timeless elegance with our exquisite women\'s floral dress. Crafted from luxurious fabrics and adorned with delicate floral patterns, this dress exudes grace and sophistication. Whether attending a garden party or a formal event, you\'ll make a stunning impression in this captivating ensemble.\n                        </p>\n                    </div>\n                    <div>\n                        <h3 class=\"tp-product-details-desc-title\">Flawless Fit and Comfort</h3>\n                        <p>\n                            Designed for both style and comfort, our floral dress features a tailored silhouette that flatters every figure. The soft, breathable fabric ensures all-day comfort, while the fitted bodice and flowing skirt create a graceful silhouette. Feel confident and poised with every step you take.\n                        </p>\n                    </div>\n                </div>\n                <div class=\"col-lg-6\">\n                    <div class=\"tp-product-details-desc-thumb\">\n                        <img src=\"/storage/fashion/products/product-1.png\" alt=\"Women\'s Floral Dress\">\n                    </div>\n                </div>\n            </div>\n        </div>\n        <div class=\"tp-product-details-desc-item pb-75\">\n            <div class=\"row\">\n                <div class=\"col-lg-7\">\n                    <div class=\"tp-product-details-desc-thumb\">\n                        <img src=\"/storage/fashion/products/product-2.png\" alt=\"Back View of Floral Dress\">\n                    </div>\n                </div>\n\n                <div class=\"col-lg-5 order-first order-lg-last\">\n                    <div class=\"des-content-2 pl-40\">\n                        <h3 class=\"tp-product-details-desc-title\">\n                            Versatile Style\n                        </h3>\n                        <p>\n                            Transition effortlessly from day to night with our versatile floral dress. Pair it with sandals and a sunhat for a chic daytime look, or dress it up with heels and statement jewelry for an evening soirée. However you style it, you\'ll radiate confidence and charm.\n                        </p>\n                    </div>\n                </div>\n            </div>\n        </div>\n        <div class=\"tp-product-details-desc-item\">\n            <div class=\"row\">\n                <div class=\"col-xl-12\">\n                    <div class=\"tp-product-details-desc-banner text-center m-img\">\n                        <h3 class=\"tp-product-details-desc-banner-title tp-product-details-desc-title\">Quality Craftsmanship</h3>\n                        <img src=\"/storage/fashion/products/product-3.png\" alt=\"Fashion Atelier\">\n                    </div>\n                </div>\n            </div>\n        </div>\n    </div>\n</div>\n','published','[\"main\\/products\\/product-4.jpg\",\"main\\/products\\/product-14.jpg\",\"main\\/products\\/product-5.jpg\"]','[]','SU-156',0,18,0,1,'in_stock',0,5,0,0,2219,72,NULL,NULL,20,16,14,579,NULL,136457,'2025-03-31 21:07:22','2025-03-31 21:07:23',2,0,'Botble\\ACL\\Models\\User',0,NULL,'digital',NULL,NULL,0,0,0,0,2),(37,'Buckle Detail Ankle Booties','Stay cozy and chic in this knit turtleneck sweater, featuring a ribbed texture and a timeless design. Perfect for chilly days and nights.','<div class=\"row justify-content-center\">\n    <div class=\"col-xl-10\">\n        <div class=\"tp-product-details-desc-item pb-105\">\n            <div class=\"row\">\n                <div class=\"col-lg-6\">\n                    <div class=\"pt-25\">\n                        <span>Women\'s Floral Dress</span>\n                        <h3 class=\"tp-product-details-desc-title\">Elegance Redefined</h3>\n                        <p>\n                            Embrace timeless elegance with our exquisite women\'s floral dress. Crafted from luxurious fabrics and adorned with delicate floral patterns, this dress exudes grace and sophistication. Whether attending a garden party or a formal event, you\'ll make a stunning impression in this captivating ensemble.\n                        </p>\n                    </div>\n                    <div>\n                        <h3 class=\"tp-product-details-desc-title\">Flawless Fit and Comfort</h3>\n                        <p>\n                            Designed for both style and comfort, our floral dress features a tailored silhouette that flatters every figure. The soft, breathable fabric ensures all-day comfort, while the fitted bodice and flowing skirt create a graceful silhouette. Feel confident and poised with every step you take.\n                        </p>\n                    </div>\n                </div>\n                <div class=\"col-lg-6\">\n                    <div class=\"tp-product-details-desc-thumb\">\n                        <img src=\"/storage/fashion/products/product-1.png\" alt=\"Women\'s Floral Dress\">\n                    </div>\n                </div>\n            </div>\n        </div>\n        <div class=\"tp-product-details-desc-item pb-75\">\n            <div class=\"row\">\n                <div class=\"col-lg-7\">\n                    <div class=\"tp-product-details-desc-thumb\">\n                        <img src=\"/storage/fashion/products/product-2.png\" alt=\"Back View of Floral Dress\">\n                    </div>\n                </div>\n\n                <div class=\"col-lg-5 order-first order-lg-last\">\n                    <div class=\"des-content-2 pl-40\">\n                        <h3 class=\"tp-product-details-desc-title\">\n                            Versatile Style\n                        </h3>\n                        <p>\n                            Transition effortlessly from day to night with our versatile floral dress. Pair it with sandals and a sunhat for a chic daytime look, or dress it up with heels and statement jewelry for an evening soirée. However you style it, you\'ll radiate confidence and charm.\n                        </p>\n                    </div>\n                </div>\n            </div>\n        </div>\n        <div class=\"tp-product-details-desc-item\">\n            <div class=\"row\">\n                <div class=\"col-xl-12\">\n                    <div class=\"tp-product-details-desc-banner text-center m-img\">\n                        <h3 class=\"tp-product-details-desc-banner-title tp-product-details-desc-title\">Quality Craftsmanship</h3>\n                        <img src=\"/storage/fashion/products/product-3.png\" alt=\"Fashion Atelier\">\n                    </div>\n                </div>\n            </div>\n        </div>\n    </div>\n</div>\n','published','[\"main\\/products\\/product-5.jpg\",\"main\\/products\\/product-3.jpg\",\"main\\/products\\/product-19.jpg\"]','[[{\"key\":\"file\",\"value\":\"main\\/video\\/video-2.mp4\"},{\"key\":\"url\",\"value\":null},{\"key\":\"thumbnail\",\"value\":\"main\\/video\\/2.jpg\"}]]','WH-197',0,15,0,1,'in_stock',0,2,0,0,2017,854,NULL,NULL,15,15,18,732,NULL,10991,'2025-03-31 21:07:22','2025-03-31 21:07:23',4,0,'Botble\\ACL\\Models\\User',0,NULL,'physical',NULL,NULL,0,0,0,0,2),(38,'Embroidered Bomber Jacket','Elevate your street style with this vintage denim jacket, featuring distressed detailing and a relaxed fit for a laid-back vibe.','<div class=\"row justify-content-center\">\n    <div class=\"col-xl-10\">\n        <div class=\"tp-product-details-desc-item pb-105\">\n            <div class=\"row\">\n                <div class=\"col-lg-6\">\n                    <div class=\"pt-25\">\n                        <span>Women\'s Floral Dress</span>\n                        <h3 class=\"tp-product-details-desc-title\">Elegance Redefined</h3>\n                        <p>\n                            Embrace timeless elegance with our exquisite women\'s floral dress. Crafted from luxurious fabrics and adorned with delicate floral patterns, this dress exudes grace and sophistication. Whether attending a garden party or a formal event, you\'ll make a stunning impression in this captivating ensemble.\n                        </p>\n                    </div>\n                    <div>\n                        <h3 class=\"tp-product-details-desc-title\">Flawless Fit and Comfort</h3>\n                        <p>\n                            Designed for both style and comfort, our floral dress features a tailored silhouette that flatters every figure. The soft, breathable fabric ensures all-day comfort, while the fitted bodice and flowing skirt create a graceful silhouette. Feel confident and poised with every step you take.\n                        </p>\n                    </div>\n                </div>\n                <div class=\"col-lg-6\">\n                    <div class=\"tp-product-details-desc-thumb\">\n                        <img src=\"/storage/fashion/products/product-1.png\" alt=\"Women\'s Floral Dress\">\n                    </div>\n                </div>\n            </div>\n        </div>\n        <div class=\"tp-product-details-desc-item pb-75\">\n            <div class=\"row\">\n                <div class=\"col-lg-7\">\n                    <div class=\"tp-product-details-desc-thumb\">\n                        <img src=\"/storage/fashion/products/product-2.png\" alt=\"Back View of Floral Dress\">\n                    </div>\n                </div>\n\n                <div class=\"col-lg-5 order-first order-lg-last\">\n                    <div class=\"des-content-2 pl-40\">\n                        <h3 class=\"tp-product-details-desc-title\">\n                            Versatile Style\n                        </h3>\n                        <p>\n                            Transition effortlessly from day to night with our versatile floral dress. Pair it with sandals and a sunhat for a chic daytime look, or dress it up with heels and statement jewelry for an evening soirée. However you style it, you\'ll radiate confidence and charm.\n                        </p>\n                    </div>\n                </div>\n            </div>\n        </div>\n        <div class=\"tp-product-details-desc-item\">\n            <div class=\"row\">\n                <div class=\"col-xl-12\">\n                    <div class=\"tp-product-details-desc-banner text-center m-img\">\n                        <h3 class=\"tp-product-details-desc-banner-title tp-product-details-desc-title\">Quality Craftsmanship</h3>\n                        <img src=\"/storage/fashion/products/product-3.png\" alt=\"Fashion Atelier\">\n                    </div>\n                </div>\n            </div>\n        </div>\n    </div>\n</div>\n','published','[\"main\\/products\\/product-3.jpg\",\"main\\/products\\/product-1.jpg\",\"main\\/products\\/product-10.jpg\",\"main\\/products\\/product-details-desc-1.jpg\",\"main\\/products\\/product-20.jpg\",\"main\\/products\\/product-11.jpg\"]','[]','UI-191-A1',0,14,0,1,'in_stock',0,4,0,0,2298,NULL,NULL,NULL,11,19,12,811,NULL,156945,'2025-03-31 21:07:22','2025-03-31 21:07:23',6,0,'Botble\\ACL\\Models\\User',0,NULL,'physical',NULL,NULL,0,0,0,0,1),(39,'Cowl Neck Knit Poncho','Top off your look with this chic fedora hat, crafted with a classic silhouette and a timeless appeal. A must-have accessory for any fashion-forward wardrobe.','<div class=\"row justify-content-center\">\n    <div class=\"col-xl-10\">\n        <div class=\"tp-product-details-desc-item pb-105\">\n            <div class=\"row\">\n                <div class=\"col-lg-6\">\n                    <div class=\"pt-25\">\n                        <span>Women\'s Floral Dress</span>\n                        <h3 class=\"tp-product-details-desc-title\">Elegance Redefined</h3>\n                        <p>\n                            Embrace timeless elegance with our exquisite women\'s floral dress. Crafted from luxurious fabrics and adorned with delicate floral patterns, this dress exudes grace and sophistication. Whether attending a garden party or a formal event, you\'ll make a stunning impression in this captivating ensemble.\n                        </p>\n                    </div>\n                    <div>\n                        <h3 class=\"tp-product-details-desc-title\">Flawless Fit and Comfort</h3>\n                        <p>\n                            Designed for both style and comfort, our floral dress features a tailored silhouette that flatters every figure. The soft, breathable fabric ensures all-day comfort, while the fitted bodice and flowing skirt create a graceful silhouette. Feel confident and poised with every step you take.\n                        </p>\n                    </div>\n                </div>\n                <div class=\"col-lg-6\">\n                    <div class=\"tp-product-details-desc-thumb\">\n                        <img src=\"/storage/fashion/products/product-1.png\" alt=\"Women\'s Floral Dress\">\n                    </div>\n                </div>\n            </div>\n        </div>\n        <div class=\"tp-product-details-desc-item pb-75\">\n            <div class=\"row\">\n                <div class=\"col-lg-7\">\n                    <div class=\"tp-product-details-desc-thumb\">\n                        <img src=\"/storage/fashion/products/product-2.png\" alt=\"Back View of Floral Dress\">\n                    </div>\n                </div>\n\n                <div class=\"col-lg-5 order-first order-lg-last\">\n                    <div class=\"des-content-2 pl-40\">\n                        <h3 class=\"tp-product-details-desc-title\">\n                            Versatile Style\n                        </h3>\n                        <p>\n                            Transition effortlessly from day to night with our versatile floral dress. Pair it with sandals and a sunhat for a chic daytime look, or dress it up with heels and statement jewelry for an evening soirée. However you style it, you\'ll radiate confidence and charm.\n                        </p>\n                    </div>\n                </div>\n            </div>\n        </div>\n        <div class=\"tp-product-details-desc-item\">\n            <div class=\"row\">\n                <div class=\"col-xl-12\">\n                    <div class=\"tp-product-details-desc-banner text-center m-img\">\n                        <h3 class=\"tp-product-details-desc-banner-title tp-product-details-desc-title\">Quality Craftsmanship</h3>\n                        <img src=\"/storage/fashion/products/product-3.png\" alt=\"Fashion Atelier\">\n                    </div>\n                </div>\n            </div>\n        </div>\n    </div>\n</div>\n','published','[\"main\\/products\\/product-8.jpg\",\"main\\/products\\/product-14.jpg\",\"main\\/products\\/product-2.jpg\",\"main\\/products\\/product-9.jpg\",\"main\\/products\\/product-15.jpg\",\"main\\/products\\/product-1.jpg\",\"main\\/products\\/product-3.jpg\"]','[[{\"key\":\"file\",\"value\":\"main\\/video\\/video-2.mp4\"},{\"key\":\"url\",\"value\":null},{\"key\":\"thumbnail\",\"value\":\"main\\/video\\/2.jpg\"}]]','OC-100-A1',0,12,0,1,'in_stock',1,1,0,0,2157,NULL,NULL,NULL,20,13,17,850,NULL,180605,'2025-03-31 21:07:22','2025-03-31 21:07:23',1,0,'Botble\\ACL\\Models\\User',0,NULL,'physical',NULL,NULL,0,0,0,0,1),(40,'Chunky Knit Infinity Scarf (Digital)','Make a statement in this floral maxi dress, perfect for summer events or a casual day out. The flowy silhouette and vibrant print will turn heads wherever you go.','<div class=\"row justify-content-center\">\n    <div class=\"col-xl-10\">\n        <div class=\"tp-product-details-desc-item pb-105\">\n            <div class=\"row\">\n                <div class=\"col-lg-6\">\n                    <div class=\"pt-25\">\n                        <span>Women\'s Floral Dress</span>\n                        <h3 class=\"tp-product-details-desc-title\">Elegance Redefined</h3>\n                        <p>\n                            Embrace timeless elegance with our exquisite women\'s floral dress. Crafted from luxurious fabrics and adorned with delicate floral patterns, this dress exudes grace and sophistication. Whether attending a garden party or a formal event, you\'ll make a stunning impression in this captivating ensemble.\n                        </p>\n                    </div>\n                    <div>\n                        <h3 class=\"tp-product-details-desc-title\">Flawless Fit and Comfort</h3>\n                        <p>\n                            Designed for both style and comfort, our floral dress features a tailored silhouette that flatters every figure. The soft, breathable fabric ensures all-day comfort, while the fitted bodice and flowing skirt create a graceful silhouette. Feel confident and poised with every step you take.\n                        </p>\n                    </div>\n                </div>\n                <div class=\"col-lg-6\">\n                    <div class=\"tp-product-details-desc-thumb\">\n                        <img src=\"/storage/fashion/products/product-1.png\" alt=\"Women\'s Floral Dress\">\n                    </div>\n                </div>\n            </div>\n        </div>\n        <div class=\"tp-product-details-desc-item pb-75\">\n            <div class=\"row\">\n                <div class=\"col-lg-7\">\n                    <div class=\"tp-product-details-desc-thumb\">\n                        <img src=\"/storage/fashion/products/product-2.png\" alt=\"Back View of Floral Dress\">\n                    </div>\n                </div>\n\n                <div class=\"col-lg-5 order-first order-lg-last\">\n                    <div class=\"des-content-2 pl-40\">\n                        <h3 class=\"tp-product-details-desc-title\">\n                            Versatile Style\n                        </h3>\n                        <p>\n                            Transition effortlessly from day to night with our versatile floral dress. Pair it with sandals and a sunhat for a chic daytime look, or dress it up with heels and statement jewelry for an evening soirée. However you style it, you\'ll radiate confidence and charm.\n                        </p>\n                    </div>\n                </div>\n            </div>\n        </div>\n        <div class=\"tp-product-details-desc-item\">\n            <div class=\"row\">\n                <div class=\"col-xl-12\">\n                    <div class=\"tp-product-details-desc-banner text-center m-img\">\n                        <h3 class=\"tp-product-details-desc-banner-title tp-product-details-desc-title\">Quality Craftsmanship</h3>\n                        <img src=\"/storage/fashion/products/product-3.png\" alt=\"Fashion Atelier\">\n                    </div>\n                </div>\n            </div>\n        </div>\n    </div>\n</div>\n','published','[\"main\\/products\\/product-7.jpg\",\"main\\/products\\/product-18.jpg\",\"main\\/products\\/product-17.jpg\",\"main\\/products\\/product-details-desc-2.jpg\",\"main\\/products\\/product-4.jpg\",\"main\\/products\\/product-20.jpg\",\"main\\/products\\/product-8.jpg\",\"main\\/products\\/product-details-desc-1.jpg\"]','[[{\"key\":\"file\",\"value\":\"main\\/video\\/video-2.mp4\"},{\"key\":\"url\",\"value\":null},{\"key\":\"thumbnail\",\"value\":\"main\\/video\\/2.jpg\"}]]','BO-153-A1',0,19,0,1,'in_stock',0,5,0,0,1639,1229.25,NULL,NULL,10,16,17,516,NULL,165298,'2025-03-31 21:07:22','2025-03-31 21:07:23',8,0,'Botble\\ACL\\Models\\User',0,NULL,'digital',NULL,NULL,0,0,0,0,2),(41,'Retro High-Top Sneakers','Top off your look with this chic fedora hat, crafted with a classic silhouette and a timeless appeal. A must-have accessory for any fashion-forward wardrobe.','<div class=\"row justify-content-center\">\n    <div class=\"col-xl-10\">\n        <div class=\"tp-product-details-desc-item pb-105\">\n            <div class=\"row\">\n                <div class=\"col-lg-6\">\n                    <div class=\"pt-25\">\n                        <span>Women\'s Floral Dress</span>\n                        <h3 class=\"tp-product-details-desc-title\">Elegance Redefined</h3>\n                        <p>\n                            Embrace timeless elegance with our exquisite women\'s floral dress. Crafted from luxurious fabrics and adorned with delicate floral patterns, this dress exudes grace and sophistication. Whether attending a garden party or a formal event, you\'ll make a stunning impression in this captivating ensemble.\n                        </p>\n                    </div>\n                    <div>\n                        <h3 class=\"tp-product-details-desc-title\">Flawless Fit and Comfort</h3>\n                        <p>\n                            Designed for both style and comfort, our floral dress features a tailored silhouette that flatters every figure. The soft, breathable fabric ensures all-day comfort, while the fitted bodice and flowing skirt create a graceful silhouette. Feel confident and poised with every step you take.\n                        </p>\n                    </div>\n                </div>\n                <div class=\"col-lg-6\">\n                    <div class=\"tp-product-details-desc-thumb\">\n                        <img src=\"/storage/fashion/products/product-1.png\" alt=\"Women\'s Floral Dress\">\n                    </div>\n                </div>\n            </div>\n        </div>\n        <div class=\"tp-product-details-desc-item pb-75\">\n            <div class=\"row\">\n                <div class=\"col-lg-7\">\n                    <div class=\"tp-product-details-desc-thumb\">\n                        <img src=\"/storage/fashion/products/product-2.png\" alt=\"Back View of Floral Dress\">\n                    </div>\n                </div>\n\n                <div class=\"col-lg-5 order-first order-lg-last\">\n                    <div class=\"des-content-2 pl-40\">\n                        <h3 class=\"tp-product-details-desc-title\">\n                            Versatile Style\n                        </h3>\n                        <p>\n                            Transition effortlessly from day to night with our versatile floral dress. Pair it with sandals and a sunhat for a chic daytime look, or dress it up with heels and statement jewelry for an evening soirée. However you style it, you\'ll radiate confidence and charm.\n                        </p>\n                    </div>\n                </div>\n            </div>\n        </div>\n        <div class=\"tp-product-details-desc-item\">\n            <div class=\"row\">\n                <div class=\"col-xl-12\">\n                    <div class=\"tp-product-details-desc-banner text-center m-img\">\n                        <h3 class=\"tp-product-details-desc-banner-title tp-product-details-desc-title\">Quality Craftsmanship</h3>\n                        <img src=\"/storage/fashion/products/product-3.png\" alt=\"Fashion Atelier\">\n                    </div>\n                </div>\n            </div>\n        </div>\n    </div>\n</div>\n','published','[\"main\\/products\\/product-8.jpg\",\"main\\/products\\/product-details-desc-1.jpg\",\"main\\/products\\/product-19.jpg\",\"main\\/products\\/product-details-desc-2.jpg\",\"main\\/products\\/product-9.jpg\"]','[[{\"key\":\"file\",\"value\":\"main\\/video\\/video-1.mp4\"},{\"key\":\"url\",\"value\":null},{\"key\":\"thumbnail\",\"value\":\"main\\/video\\/1.jpg\"}]]','VC-131-A1',0,18,0,1,'in_stock',1,5,0,0,1050,NULL,NULL,NULL,12,11,14,646,NULL,176457,'2025-03-31 21:07:22','2025-03-31 21:07:23',1,0,'Botble\\ACL\\Models\\User',0,NULL,'physical',NULL,NULL,0,0,0,0,1),(42,'Faux Leather Leggings','Step out in style with these leather ankle boots, crafted with a sleek design and comfortable block heel. Versatile enough to pair with both dresses and jeans.','<div class=\"row justify-content-center\">\n    <div class=\"col-xl-10\">\n        <div class=\"tp-product-details-desc-item pb-105\">\n            <div class=\"row\">\n                <div class=\"col-lg-6\">\n                    <div class=\"pt-25\">\n                        <span>Women\'s Floral Dress</span>\n                        <h3 class=\"tp-product-details-desc-title\">Elegance Redefined</h3>\n                        <p>\n                            Embrace timeless elegance with our exquisite women\'s floral dress. Crafted from luxurious fabrics and adorned with delicate floral patterns, this dress exudes grace and sophistication. Whether attending a garden party or a formal event, you\'ll make a stunning impression in this captivating ensemble.\n                        </p>\n                    </div>\n                    <div>\n                        <h3 class=\"tp-product-details-desc-title\">Flawless Fit and Comfort</h3>\n                        <p>\n                            Designed for both style and comfort, our floral dress features a tailored silhouette that flatters every figure. The soft, breathable fabric ensures all-day comfort, while the fitted bodice and flowing skirt create a graceful silhouette. Feel confident and poised with every step you take.\n                        </p>\n                    </div>\n                </div>\n                <div class=\"col-lg-6\">\n                    <div class=\"tp-product-details-desc-thumb\">\n                        <img src=\"/storage/fashion/products/product-1.png\" alt=\"Women\'s Floral Dress\">\n                    </div>\n                </div>\n            </div>\n        </div>\n        <div class=\"tp-product-details-desc-item pb-75\">\n            <div class=\"row\">\n                <div class=\"col-lg-7\">\n                    <div class=\"tp-product-details-desc-thumb\">\n                        <img src=\"/storage/fashion/products/product-2.png\" alt=\"Back View of Floral Dress\">\n                    </div>\n                </div>\n\n                <div class=\"col-lg-5 order-first order-lg-last\">\n                    <div class=\"des-content-2 pl-40\">\n                        <h3 class=\"tp-product-details-desc-title\">\n                            Versatile Style\n                        </h3>\n                        <p>\n                            Transition effortlessly from day to night with our versatile floral dress. Pair it with sandals and a sunhat for a chic daytime look, or dress it up with heels and statement jewelry for an evening soirée. However you style it, you\'ll radiate confidence and charm.\n                        </p>\n                    </div>\n                </div>\n            </div>\n        </div>\n        <div class=\"tp-product-details-desc-item\">\n            <div class=\"row\">\n                <div class=\"col-xl-12\">\n                    <div class=\"tp-product-details-desc-banner text-center m-img\">\n                        <h3 class=\"tp-product-details-desc-banner-title tp-product-details-desc-title\">Quality Craftsmanship</h3>\n                        <img src=\"/storage/fashion/products/product-3.png\" alt=\"Fashion Atelier\">\n                    </div>\n                </div>\n            </div>\n        </div>\n    </div>\n</div>\n','published','[\"main\\/products\\/product-9.jpg\",\"main\\/products\\/product-2.jpg\",\"main\\/products\\/product-18.jpg\",\"main\\/products\\/product-19.jpg\"]','[[{\"key\":\"file\",\"value\":\"main\\/video\\/video-2.mp4\"},{\"key\":\"url\",\"value\":null},{\"key\":\"thumbnail\",\"value\":\"main\\/video\\/2.jpg\"}]]','K8-122-A1',0,19,0,1,'in_stock',0,2,0,0,981,NULL,NULL,NULL,10,15,14,558,NULL,154778,'2025-03-31 21:07:22','2025-03-31 21:07:23',3,0,'Botble\\ACL\\Models\\User',0,NULL,'physical',NULL,NULL,0,0,0,0,2),(43,'Metallic Pleated Maxi Skirt','Add a pop of color to your outfit with this silk scarf adorned with a geometric print. Wrap it around your neck or tie it to your handbag for a stylish touch.','<div class=\"row justify-content-center\">\n    <div class=\"col-xl-10\">\n        <div class=\"tp-product-details-desc-item pb-105\">\n            <div class=\"row\">\n                <div class=\"col-lg-6\">\n                    <div class=\"pt-25\">\n                        <span>Women\'s Floral Dress</span>\n                        <h3 class=\"tp-product-details-desc-title\">Elegance Redefined</h3>\n                        <p>\n                            Embrace timeless elegance with our exquisite women\'s floral dress. Crafted from luxurious fabrics and adorned with delicate floral patterns, this dress exudes grace and sophistication. Whether attending a garden party or a formal event, you\'ll make a stunning impression in this captivating ensemble.\n                        </p>\n                    </div>\n                    <div>\n                        <h3 class=\"tp-product-details-desc-title\">Flawless Fit and Comfort</h3>\n                        <p>\n                            Designed for both style and comfort, our floral dress features a tailored silhouette that flatters every figure. The soft, breathable fabric ensures all-day comfort, while the fitted bodice and flowing skirt create a graceful silhouette. Feel confident and poised with every step you take.\n                        </p>\n                    </div>\n                </div>\n                <div class=\"col-lg-6\">\n                    <div class=\"tp-product-details-desc-thumb\">\n                        <img src=\"/storage/fashion/products/product-1.png\" alt=\"Women\'s Floral Dress\">\n                    </div>\n                </div>\n            </div>\n        </div>\n        <div class=\"tp-product-details-desc-item pb-75\">\n            <div class=\"row\">\n                <div class=\"col-lg-7\">\n                    <div class=\"tp-product-details-desc-thumb\">\n                        <img src=\"/storage/fashion/products/product-2.png\" alt=\"Back View of Floral Dress\">\n                    </div>\n                </div>\n\n                <div class=\"col-lg-5 order-first order-lg-last\">\n                    <div class=\"des-content-2 pl-40\">\n                        <h3 class=\"tp-product-details-desc-title\">\n                            Versatile Style\n                        </h3>\n                        <p>\n                            Transition effortlessly from day to night with our versatile floral dress. Pair it with sandals and a sunhat for a chic daytime look, or dress it up with heels and statement jewelry for an evening soirée. However you style it, you\'ll radiate confidence and charm.\n                        </p>\n                    </div>\n                </div>\n            </div>\n        </div>\n        <div class=\"tp-product-details-desc-item\">\n            <div class=\"row\">\n                <div class=\"col-xl-12\">\n                    <div class=\"tp-product-details-desc-banner text-center m-img\">\n                        <h3 class=\"tp-product-details-desc-banner-title tp-product-details-desc-title\">Quality Craftsmanship</h3>\n                        <img src=\"/storage/fashion/products/product-3.png\" alt=\"Fashion Atelier\">\n                    </div>\n                </div>\n            </div>\n        </div>\n    </div>\n</div>\n','published','[\"main\\/products\\/product-details-desc-3.jpg\",\"main\\/products\\/product-details-desc-1.jpg\",\"main\\/products\\/product-3.jpg\",\"main\\/products\\/product-8.jpg\",\"main\\/products\\/product-7.jpg\",\"main\\/products\\/product-details-desc-2.jpg\",\"main\\/products\\/product-5.jpg\",\"main\\/products\\/product-20.jpg\"]','[[{\"key\":\"file\",\"value\":\"main\\/video\\/video-1.mp4\"},{\"key\":\"url\",\"value\":null},{\"key\":\"thumbnail\",\"value\":\"main\\/video\\/1.jpg\"}]]','HM-200-A1',0,16,0,1,'in_stock',1,2,0,0,1834,NULL,NULL,NULL,19,20,18,646,NULL,44519,'2025-03-31 21:07:22','2025-03-31 21:07:23',8,0,'Botble\\ACL\\Models\\User',0,NULL,'physical',NULL,NULL,0,0,0,0,1),(44,'Vintage Denim Jacket',NULL,NULL,'published','[\"main\\/products\\/product-9.jpg\"]',NULL,'IZ-119-A1',0,19,0,1,'in_stock',0,1,1,0,1712,NULL,NULL,NULL,20,17,12,502,NULL,0,'2025-03-31 21:07:22','2025-03-31 21:07:23',NULL,0,'Botble\\ACL\\Models\\User',0,NULL,'physical',NULL,NULL,0,0,0,0,NULL),(45,'Floral Maxi Dress',NULL,NULL,'published','[\"main\\/products\\/product-8.jpg\"]',NULL,'1Q-172-A1',0,14,0,1,'in_stock',0,2,1,0,1519,NULL,NULL,NULL,11,10,11,672,NULL,0,'2025-03-31 21:07:22','2025-03-31 21:07:23',NULL,0,'Botble\\ACL\\Models\\User',0,NULL,'physical',NULL,NULL,0,0,0,0,NULL),(46,'Floral Maxi Dress',NULL,NULL,'published','[\"main\\/products\\/product-11.jpg\"]',NULL,'1Q-172-A1-A2',0,14,0,1,'in_stock',0,2,1,0,1519,NULL,NULL,NULL,11,10,11,672,NULL,0,'2025-03-31 21:07:22','2025-03-31 21:07:23',NULL,0,'Botble\\ACL\\Models\\User',0,NULL,'physical',NULL,NULL,0,0,0,0,NULL),(47,'Floral Maxi Dress',NULL,NULL,'published','[\"main\\/products\\/product-3.jpg\"]',NULL,'1Q-172-A1-A3',0,14,0,1,'in_stock',0,2,1,0,1519,NULL,NULL,NULL,11,10,11,672,NULL,0,'2025-03-31 21:07:22','2025-03-31 21:07:23',NULL,0,'Botble\\ACL\\Models\\User',0,NULL,'physical',NULL,NULL,0,0,0,0,NULL),(48,'Floral Maxi Dress',NULL,NULL,'published','[\"main\\/products\\/product-6.jpg\"]',NULL,'1Q-172-A1-A4',0,14,0,1,'in_stock',0,2,1,0,1519,NULL,NULL,NULL,11,10,11,672,NULL,0,'2025-03-31 21:07:22','2025-03-31 21:07:23',NULL,0,'Botble\\ACL\\Models\\User',0,NULL,'physical',NULL,NULL,0,0,0,0,NULL),(49,'Leather Ankle Boots',NULL,NULL,'published','[\"main\\/products\\/product-details-desc-1.jpg\"]',NULL,'EI-168-A1',0,14,0,1,'in_stock',0,2,1,0,1491,NULL,NULL,NULL,18,20,15,834,NULL,0,'2025-03-31 21:07:22','2025-03-31 21:07:23',NULL,0,'Botble\\ACL\\Models\\User',0,NULL,'physical',NULL,NULL,0,0,0,0,NULL),(50,'Leather Ankle Boots',NULL,NULL,'published','[\"main\\/products\\/product-12.jpg\"]',NULL,'EI-168-A1-A2',0,14,0,1,'in_stock',0,2,1,0,1491,NULL,NULL,NULL,18,20,15,834,NULL,0,'2025-03-31 21:07:22','2025-03-31 21:07:23',NULL,0,'Botble\\ACL\\Models\\User',0,NULL,'physical',NULL,NULL,0,0,0,0,NULL),(51,'Leather Ankle Boots',NULL,NULL,'published','[\"main\\/products\\/product-2.jpg\"]',NULL,'EI-168-A1-A3',0,14,0,1,'in_stock',0,2,1,0,1491,NULL,NULL,NULL,18,20,15,834,NULL,0,'2025-03-31 21:07:22','2025-03-31 21:07:23',NULL,0,'Botble\\ACL\\Models\\User',0,NULL,'physical',NULL,NULL,0,0,0,0,NULL),(52,'Leather Ankle Boots',NULL,NULL,'published','[\"main\\/products\\/product-2.jpg\"]',NULL,'EI-168-A1-A4',0,14,0,1,'in_stock',0,2,1,0,1491,NULL,NULL,NULL,18,20,15,834,NULL,0,'2025-03-31 21:07:22','2025-03-31 21:07:23',NULL,0,'Botble\\ACL\\Models\\User',0,NULL,'physical',NULL,NULL,0,0,0,0,NULL),(53,'Classic Aviator Sunglasses',NULL,NULL,'published','[\"main\\/products\\/product-18.jpg\"]',NULL,'BZ-161-A1',0,12,0,1,'in_stock',0,3,1,0,1671,NULL,NULL,NULL,16,10,19,518,NULL,0,'2025-03-31 21:07:22','2025-03-31 21:07:23',NULL,0,'Botble\\ACL\\Models\\User',0,NULL,'physical',NULL,NULL,0,0,0,0,NULL),(54,'Tailored Wool Blazer',NULL,NULL,'published','[\"main\\/products\\/product-18.jpg\"]',NULL,'WN-178-A1',0,20,0,1,'in_stock',0,4,1,0,1709,NULL,NULL,NULL,19,16,17,840,NULL,0,'2025-03-31 21:07:22','2025-03-31 21:07:23',NULL,0,'Botble\\ACL\\Models\\User',0,NULL,'physical',NULL,NULL,0,0,0,0,NULL),(55,'Silk Scarf with Geometric Print (Digital)',NULL,NULL,'published','[\"main\\/products\\/product-14.jpg\"]',NULL,'YT-160-A1',0,12,0,1,'in_stock',0,4,1,0,1230,873.3,NULL,NULL,18,12,13,692,NULL,0,'2025-03-31 21:07:22','2025-03-31 21:07:23',NULL,0,'Botble\\ACL\\Models\\User',0,NULL,'digital',NULL,NULL,0,0,0,0,NULL),(56,'Embroidered Boho Blouse',NULL,NULL,'published','[\"main\\/products\\/product-11.jpg\"]',NULL,'4Z-169-A1',0,14,0,1,'in_stock',0,3,1,0,1724,NULL,NULL,NULL,11,16,10,852,NULL,0,'2025-03-31 21:07:22','2025-03-31 21:07:23',NULL,0,'Botble\\ACL\\Models\\User',0,NULL,'physical',NULL,NULL,0,0,0,0,NULL),(57,'Embroidered Boho Blouse',NULL,NULL,'published','[\"main\\/products\\/product-20.jpg\"]',NULL,'4Z-169-A1-A2',0,14,0,1,'in_stock',0,3,1,0,1724,NULL,NULL,NULL,11,16,10,852,NULL,0,'2025-03-31 21:07:22','2025-03-31 21:07:23',NULL,0,'Botble\\ACL\\Models\\User',0,NULL,'physical',NULL,NULL,0,0,0,0,NULL),(58,'Embroidered Boho Blouse',NULL,NULL,'published','[\"main\\/products\\/product-8.jpg\"]',NULL,'4Z-169-A1-A3',0,14,0,1,'in_stock',0,3,1,0,1724,NULL,NULL,NULL,11,16,10,852,NULL,0,'2025-03-31 21:07:22','2025-03-31 21:07:23',NULL,0,'Botble\\ACL\\Models\\User',0,NULL,'physical',NULL,NULL,0,0,0,0,NULL),(59,'Chic Fedora Hat (Digital)',NULL,NULL,'published','[\"main\\/products\\/product-8.jpg\"]',NULL,'NE-131-A1',0,19,0,1,'in_stock',0,4,1,0,1091,894.62,NULL,NULL,18,16,18,660,NULL,0,'2025-03-31 21:07:22','2025-03-31 21:07:23',NULL,0,'Botble\\ACL\\Models\\User',0,NULL,'digital',NULL,NULL,0,0,0,0,NULL),(60,'Chic Fedora Hat (Digital)',NULL,NULL,'published','[\"main\\/products\\/product-9.jpg\"]',NULL,'NE-131-A1-A2',0,19,0,1,'in_stock',0,4,1,0,1091,883.71,NULL,NULL,18,16,18,660,NULL,0,'2025-03-31 21:07:22','2025-03-31 21:07:23',NULL,0,'Botble\\ACL\\Models\\User',0,NULL,'digital',NULL,NULL,0,0,0,0,NULL),(61,'Quilted Crossbody Bag',NULL,NULL,'published','[\"main\\/products\\/product-19.jpg\"]',NULL,'HI-174-A1',0,18,0,1,'in_stock',0,5,1,0,744,NULL,NULL,NULL,18,13,14,658,NULL,0,'2025-03-31 21:07:22','2025-03-31 21:07:23',NULL,0,'Botble\\ACL\\Models\\User',0,NULL,'physical',NULL,NULL,0,0,0,0,NULL),(62,'Quilted Crossbody Bag',NULL,NULL,'published','[\"main\\/products\\/product-15.jpg\"]',NULL,'HI-174-A1-A2',0,18,0,1,'in_stock',0,5,1,0,744,NULL,NULL,NULL,18,13,14,658,NULL,0,'2025-03-31 21:07:22','2025-03-31 21:07:23',NULL,0,'Botble\\ACL\\Models\\User',0,NULL,'physical',NULL,NULL,0,0,0,0,NULL),(63,'Quilted Crossbody Bag',NULL,NULL,'published','[\"main\\/products\\/product-13.jpg\"]',NULL,'HI-174-A1-A3',0,18,0,1,'in_stock',0,5,1,0,744,NULL,NULL,NULL,18,13,14,658,NULL,0,'2025-03-31 21:07:22','2025-03-31 21:07:23',NULL,0,'Botble\\ACL\\Models\\User',0,NULL,'physical',NULL,NULL,0,0,0,0,NULL),(64,'Quilted Crossbody Bag',NULL,NULL,'published','[\"main\\/products\\/product-8.jpg\"]',NULL,'HI-174-A1-A4',0,18,0,1,'in_stock',0,5,1,0,744,NULL,NULL,NULL,18,13,14,658,NULL,0,'2025-03-31 21:07:22','2025-03-31 21:07:23',NULL,0,'Botble\\ACL\\Models\\User',0,NULL,'physical',NULL,NULL,0,0,0,0,NULL),(65,'Lace-Up Combat Boots',NULL,NULL,'published','[\"main\\/products\\/product-20.jpg\"]',NULL,'23-194-A1',0,13,0,1,'in_stock',0,4,1,0,361,NULL,NULL,NULL,10,18,19,719,NULL,0,'2025-03-31 21:07:22','2025-03-31 21:07:23',NULL,0,'Botble\\ACL\\Models\\User',0,NULL,'physical',NULL,NULL,0,0,0,0,NULL),(66,'Lace-Up Combat Boots',NULL,NULL,'published','[\"main\\/products\\/product-17.jpg\"]',NULL,'23-194-A1-A2',0,13,0,1,'in_stock',0,4,1,0,361,NULL,NULL,NULL,10,18,19,719,NULL,0,'2025-03-31 21:07:22','2025-03-31 21:07:23',NULL,0,'Botble\\ACL\\Models\\User',0,NULL,'physical',NULL,NULL,0,0,0,0,NULL),(67,'Lace-Up Combat Boots',NULL,NULL,'published','[\"main\\/products\\/product-details-desc-1.jpg\"]',NULL,'23-194-A1-A3',0,13,0,1,'in_stock',0,4,1,0,361,NULL,NULL,NULL,10,18,19,719,NULL,0,'2025-03-31 21:07:22','2025-03-31 21:07:23',NULL,0,'Botble\\ACL\\Models\\User',0,NULL,'physical',NULL,NULL,0,0,0,0,NULL),(68,'Lace-Up Combat Boots',NULL,NULL,'published','[\"main\\/products\\/product-7.jpg\"]',NULL,'23-194-A1-A4',0,13,0,1,'in_stock',0,4,1,0,361,NULL,NULL,NULL,10,18,19,719,NULL,0,'2025-03-31 21:07:22','2025-03-31 21:07:23',NULL,0,'Botble\\ACL\\Models\\User',0,NULL,'physical',NULL,NULL,0,0,0,0,NULL),(69,'Cotton Striped T-Shirt Dress',NULL,NULL,'published','[\"main\\/products\\/product-7.jpg\"]',NULL,'HN-189-A1',0,10,0,1,'in_stock',0,1,1,0,2084,NULL,NULL,NULL,12,15,19,807,NULL,0,'2025-03-31 21:07:22','2025-03-31 21:07:23',NULL,0,'Botble\\ACL\\Models\\User',0,NULL,'physical',NULL,NULL,0,0,0,0,NULL),(70,'Printed Palazzo Pants',NULL,NULL,'published','[\"main\\/products\\/product-1.jpg\"]',NULL,'YC-199-A1',0,20,0,1,'in_stock',0,3,1,0,1588,NULL,NULL,NULL,13,12,16,839,NULL,0,'2025-03-31 21:07:22','2025-03-31 21:07:23',NULL,0,'Botble\\ACL\\Models\\User',0,NULL,'physical',NULL,NULL,0,0,0,0,NULL),(71,'Structured Satchel Bag (Digital)',NULL,NULL,'published','[\"main\\/products\\/product-18.jpg\"]',NULL,'MU-156-A1',0,10,0,1,'in_stock',0,4,1,0,1763,1269.36,NULL,NULL,19,16,18,632,NULL,0,'2025-03-31 21:07:22','2025-03-31 21:07:23',NULL,0,'Botble\\ACL\\Models\\User',0,NULL,'digital',NULL,NULL,0,0,0,0,NULL),(72,'Structured Satchel Bag (Digital)',NULL,NULL,'published','[\"main\\/products\\/product-8.jpg\"]',NULL,'MU-156-A1-A2',0,10,0,1,'in_stock',0,4,1,0,1763,1516.18,NULL,NULL,19,16,18,632,NULL,0,'2025-03-31 21:07:22','2025-03-31 21:07:23',NULL,0,'Botble\\ACL\\Models\\User',0,NULL,'digital',NULL,NULL,0,0,0,0,NULL),(73,'Cropped Cable Knit Sweater',NULL,NULL,'published','[\"main\\/products\\/product-3.jpg\"]',NULL,'PM-198-A1',0,14,0,1,'in_stock',0,4,1,0,913,NULL,NULL,NULL,11,12,14,772,NULL,0,'2025-03-31 21:07:22','2025-03-31 21:07:23',NULL,0,'Botble\\ACL\\Models\\User',0,NULL,'physical',NULL,NULL,0,0,0,0,NULL),(74,'Cropped Cable Knit Sweater',NULL,NULL,'published','[\"main\\/products\\/product-14.jpg\"]',NULL,'PM-198-A1-A2',0,14,0,1,'in_stock',0,4,1,0,913,NULL,NULL,NULL,11,12,14,772,NULL,0,'2025-03-31 21:07:22','2025-03-31 21:07:23',NULL,0,'Botble\\ACL\\Models\\User',0,NULL,'physical',NULL,NULL,0,0,0,0,NULL),(75,'Cropped Cable Knit Sweater',NULL,NULL,'published','[\"main\\/products\\/product-4.jpg\"]',NULL,'PM-198-A1-A3',0,14,0,1,'in_stock',0,4,1,0,913,NULL,NULL,NULL,11,12,14,772,NULL,0,'2025-03-31 21:07:22','2025-03-31 21:07:23',NULL,0,'Botble\\ACL\\Models\\User',0,NULL,'physical',NULL,NULL,0,0,0,0,NULL),(76,'Athleisure Jogger Pants (Digital)',NULL,NULL,'published','[\"main\\/products\\/product-7.jpg\"]',NULL,'PE-144-A1',0,20,0,1,'in_stock',0,1,1,0,871,749.06,NULL,NULL,19,13,16,835,NULL,0,'2025-03-31 21:07:22','2025-03-31 21:07:23',NULL,0,'Botble\\ACL\\Models\\User',0,NULL,'digital',NULL,NULL,0,0,0,0,NULL),(77,'Leopard Print Midi Skirt',NULL,NULL,'published','[\"main\\/products\\/product-6.jpg\"]',NULL,'0U-180-A1',0,20,0,1,'in_stock',0,1,1,0,764,NULL,NULL,NULL,11,16,16,677,NULL,0,'2025-03-31 21:07:22','2025-03-31 21:07:23',NULL,0,'Botble\\ACL\\Models\\User',0,NULL,'physical',NULL,NULL,0,0,0,0,NULL),(78,'Leopard Print Midi Skirt',NULL,NULL,'published','[\"main\\/products\\/product-8.jpg\"]',NULL,'0U-180-A1-A2',0,20,0,1,'in_stock',0,1,1,0,764,NULL,NULL,NULL,11,16,16,677,NULL,0,'2025-03-31 21:07:22','2025-03-31 21:07:23',NULL,0,'Botble\\ACL\\Models\\User',0,NULL,'physical',NULL,NULL,0,0,0,0,NULL),(79,'Retro Cat-Eye Sunglasses',NULL,NULL,'published','[\"main\\/products\\/product-13.jpg\"]',NULL,'DI-170-A1',0,20,0,1,'in_stock',0,3,1,0,2332,NULL,NULL,NULL,17,15,12,628,NULL,0,'2025-03-31 21:07:22','2025-03-31 21:07:23',NULL,0,'Botble\\ACL\\Models\\User',0,NULL,'physical',NULL,NULL,0,0,0,0,NULL),(80,'Retro Cat-Eye Sunglasses',NULL,NULL,'published','[\"main\\/products\\/product-9.jpg\"]',NULL,'DI-170-A1-A2',0,20,0,1,'in_stock',0,3,1,0,2332,NULL,NULL,NULL,17,15,12,628,NULL,0,'2025-03-31 21:07:23','2025-03-31 21:07:23',NULL,0,'Botble\\ACL\\Models\\User',0,NULL,'physical',NULL,NULL,0,0,0,0,NULL),(81,'Retro Cat-Eye Sunglasses',NULL,NULL,'published','[\"main\\/products\\/product-18.jpg\"]',NULL,'DI-170-A1-A3',0,20,0,1,'in_stock',0,3,1,0,2332,NULL,NULL,NULL,17,15,12,628,NULL,0,'2025-03-31 21:07:23','2025-03-31 21:07:23',NULL,0,'Botble\\ACL\\Models\\User',0,NULL,'physical',NULL,NULL,0,0,0,0,NULL),(82,'Faux Fur Trimmed Coat',NULL,NULL,'published','[\"main\\/products\\/product-15.jpg\"]',NULL,'C3-145-A1',0,16,0,1,'in_stock',0,4,1,0,2470,NULL,NULL,NULL,10,14,19,556,NULL,0,'2025-03-31 21:07:23','2025-03-31 21:07:23',NULL,0,'Botble\\ACL\\Models\\User',0,NULL,'physical',NULL,NULL,0,0,0,0,NULL),(83,'Faux Fur Trimmed Coat',NULL,NULL,'published','[\"main\\/products\\/product-17.jpg\"]',NULL,'C3-145-A1-A2',0,16,0,1,'in_stock',0,4,1,0,2470,NULL,NULL,NULL,10,14,19,556,NULL,0,'2025-03-31 21:07:23','2025-03-31 21:07:23',NULL,0,'Botble\\ACL\\Models\\User',0,NULL,'physical',NULL,NULL,0,0,0,0,NULL),(84,'Faux Fur Trimmed Coat',NULL,NULL,'published','[\"main\\/products\\/product-20.jpg\"]',NULL,'C3-145-A1-A3',0,16,0,1,'in_stock',0,4,1,0,2470,NULL,NULL,NULL,10,14,19,556,NULL,0,'2025-03-31 21:07:23','2025-03-31 21:07:23',NULL,0,'Botble\\ACL\\Models\\User',0,NULL,'physical',NULL,NULL,0,0,0,0,NULL),(85,'Embellished Ballet Flats',NULL,NULL,'published','[\"main\\/products\\/product-16.jpg\"]',NULL,'P9-153-A1',0,13,0,1,'in_stock',0,1,1,0,1554,NULL,NULL,NULL,10,17,10,534,NULL,0,'2025-03-31 21:07:23','2025-03-31 21:07:23',NULL,0,'Botble\\ACL\\Models\\User',0,NULL,'physical',NULL,NULL,0,0,0,0,NULL),(86,'Velour Tracksuit Set',NULL,NULL,'published','[\"main\\/products\\/product-12.jpg\"]',NULL,'TW-102-A1',0,19,0,1,'in_stock',0,2,1,0,1393,NULL,NULL,NULL,13,12,10,776,NULL,0,'2025-03-31 21:07:23','2025-03-31 21:07:23',NULL,0,'Botble\\ACL\\Models\\User',0,NULL,'physical',NULL,NULL,0,0,0,0,NULL),(87,'Embroidered Bomber Jacket',NULL,NULL,'published','[\"main\\/products\\/product-1.jpg\"]',NULL,'UI-191-A1',0,14,0,1,'in_stock',0,4,1,0,2298,NULL,NULL,NULL,11,19,12,811,NULL,0,'2025-03-31 21:07:23','2025-03-31 21:07:23',NULL,0,'Botble\\ACL\\Models\\User',0,NULL,'physical',NULL,NULL,0,0,0,0,NULL),(88,'Cowl Neck Knit Poncho',NULL,NULL,'published','[\"main\\/products\\/product-14.jpg\"]',NULL,'OC-100-A1',0,12,0,1,'in_stock',0,1,1,0,2157,NULL,NULL,NULL,20,13,17,850,NULL,0,'2025-03-31 21:07:23','2025-03-31 21:07:23',NULL,0,'Botble\\ACL\\Models\\User',0,NULL,'physical',NULL,NULL,0,0,0,0,NULL),(89,'Cowl Neck Knit Poncho',NULL,NULL,'published','[\"main\\/products\\/product-2.jpg\"]',NULL,'OC-100-A1-A2',0,12,0,1,'in_stock',0,1,1,0,2157,NULL,NULL,NULL,20,13,17,850,NULL,0,'2025-03-31 21:07:23','2025-03-31 21:07:23',NULL,0,'Botble\\ACL\\Models\\User',0,NULL,'physical',NULL,NULL,0,0,0,0,NULL),(90,'Chunky Knit Infinity Scarf (Digital)',NULL,NULL,'published','[\"main\\/products\\/product-18.jpg\"]',NULL,'BO-153-A1',0,19,0,1,'in_stock',0,5,1,0,1639,1229.25,NULL,NULL,10,16,17,516,NULL,0,'2025-03-31 21:07:23','2025-03-31 21:07:23',NULL,0,'Botble\\ACL\\Models\\User',0,NULL,'digital',NULL,NULL,0,0,0,0,NULL),(91,'Chunky Knit Infinity Scarf (Digital)',NULL,NULL,'published','[\"main\\/products\\/product-17.jpg\"]',NULL,'BO-153-A1-A2',0,19,0,1,'in_stock',0,5,1,0,1639,1278.42,NULL,NULL,10,16,17,516,NULL,0,'2025-03-31 21:07:23','2025-03-31 21:07:23',NULL,0,'Botble\\ACL\\Models\\User',0,NULL,'digital',NULL,NULL,0,0,0,0,NULL),(92,'Chunky Knit Infinity Scarf (Digital)',NULL,NULL,'published','[\"main\\/products\\/product-details-desc-2.jpg\"]',NULL,'BO-153-A1-A3',0,19,0,1,'in_stock',0,5,1,0,1639,1212.86,NULL,NULL,10,16,17,516,NULL,0,'2025-03-31 21:07:23','2025-03-31 21:07:23',NULL,0,'Botble\\ACL\\Models\\User',0,NULL,'digital',NULL,NULL,0,0,0,0,NULL),(93,'Retro High-Top Sneakers',NULL,NULL,'published','[\"main\\/products\\/product-details-desc-1.jpg\"]',NULL,'VC-131-A1',0,18,0,1,'in_stock',0,5,1,0,1050,NULL,NULL,NULL,12,11,14,646,NULL,0,'2025-03-31 21:07:23','2025-03-31 21:07:23',NULL,0,'Botble\\ACL\\Models\\User',0,NULL,'physical',NULL,NULL,0,0,0,0,NULL),(94,'Faux Leather Leggings',NULL,NULL,'published','[\"main\\/products\\/product-2.jpg\"]',NULL,'K8-122-A1',0,19,0,1,'in_stock',0,2,1,0,981,NULL,NULL,NULL,10,15,14,558,NULL,0,'2025-03-31 21:07:23','2025-03-31 21:07:23',NULL,0,'Botble\\ACL\\Models\\User',0,NULL,'physical',NULL,NULL,0,0,0,0,NULL),(95,'Faux Leather Leggings',NULL,NULL,'published','[\"main\\/products\\/product-18.jpg\"]',NULL,'K8-122-A1-A2',0,19,0,1,'in_stock',0,2,1,0,981,NULL,NULL,NULL,10,15,14,558,NULL,0,'2025-03-31 21:07:23','2025-03-31 21:07:23',NULL,0,'Botble\\ACL\\Models\\User',0,NULL,'physical',NULL,NULL,0,0,0,0,NULL),(96,'Metallic Pleated Maxi Skirt',NULL,NULL,'published','[\"main\\/products\\/product-details-desc-1.jpg\"]',NULL,'HM-200-A1',0,16,0,1,'in_stock',0,2,1,0,1834,NULL,NULL,NULL,19,20,18,646,NULL,0,'2025-03-31 21:07:23','2025-03-31 21:07:23',NULL,0,'Botble\\ACL\\Models\\User',0,NULL,'physical',NULL,NULL,0,0,0,0,NULL),(97,'Metallic Pleated Maxi Skirt',NULL,NULL,'published','[\"main\\/products\\/product-3.jpg\"]',NULL,'HM-200-A1-A2',0,16,0,1,'in_stock',0,2,1,0,1834,NULL,NULL,NULL,19,20,18,646,NULL,0,'2025-03-31 21:07:23','2025-03-31 21:07:23',NULL,0,'Botble\\ACL\\Models\\User',0,NULL,'physical',NULL,NULL,0,0,0,0,NULL);

--
