--
-- Host: 127.0.0.1    Database: shofy
-- ------------------------------------------------------


--
-- Table structure for table `activations`
--

CREATE TABLE `activations` (
  `id` bigint unsigned NOT NULL AUTO_INCREMENT,
  `user_id` bigint unsigned NOT NULL,
  `code` varchar(120) COLLATE utf8mb4_unicode_ci NOT NULL,
  `completed` tinyint(1) NOT NULL DEFAULT '0',
  `completed_at` timestamp NULL DEFAULT NULL,
  `created_at` timestamp NULL DEFAULT NULL,
  `updated_at` timestamp NULL DEFAULT NULL,
  PRIMARY KEY (`id`),
  KEY `activations_user_id_index` (`user_id`)
) ENGINE=InnoDB AUTO_INCREMENT=2 DEFAULT CHARSET=utf8mb4 COLLATE=utf8mb4_unicode_ci;

--
-- Dumping data for table `activations`
--

INSERT INTO `activations` VALUES (1,1,'uwsjC7XhQMS1rqryaDSW3SezaLq7THj4',1,'2025-03-31 21:06:37','2025-03-31 21:06:37','2025-03-31 21:06:37');

--
-- Table structure for table `admin_notifications`
--

CREATE TABLE `admin_notifications` (
  `id` bigint unsigned NOT NULL AUTO_INCREMENT,
  `title` varchar(191) COLLATE utf8mb4_unicode_ci NOT NULL,
  `action_label` varchar(191) COLLATE utf8mb4_unicode_ci DEFAULT NULL,
  `action_url` varchar(191) COLLATE utf8mb4_unicode_ci DEFAULT NULL,
  `description` varchar(400) COLLATE utf8mb4_unicode_ci DEFAULT NULL,
  `read_at` timestamp NULL DEFAULT NULL,
  `created_at` timestamp NULL DEFAULT NULL,
  `updated_at` timestamp NULL DEFAULT NULL,
  `permission` varchar(191) COLLATE utf8mb4_unicode_ci DEFAULT NULL,
  PRIMARY KEY (`id`)
) ENGINE=InnoDB DEFAULT CHARSET=utf8mb4 COLLATE=utf8mb4_unicode_ci;

--
-- Dumping data for table `admin_notifications`
--


--
-- Table structure for table `ads_translations`
--

CREATE TABLE `ads_translations` (
  `lang_code` varchar(191) COLLATE utf8mb4_unicode_ci NOT NULL,
  `ads_id` bigint unsigned NOT NULL,
  `name` varchar(191) COLLATE utf8mb4_unicode_ci DEFAULT NULL,
  `image` varchar(191) COLLATE utf8mb4_unicode_ci DEFAULT NULL,
  `url` varchar(191) COLLATE utf8mb4_unicode_ci DEFAULT NULL,
  PRIMARY KEY (`lang_code`,`ads_id`)
) ENGINE=InnoDB DEFAULT CHARSET=utf8mb4 COLLATE=utf8mb4_unicode_ci;

--
-- Dumping data for table `ads_translations`
--


--
-- Table structure for table `announcements`
--

CREATE TABLE `announcements` (
  `id` bigint unsigned NOT NULL AUTO_INCREMENT,
  `name` varchar(191) COLLATE utf8mb4_unicode_ci NOT NULL,
  `content` text COLLATE utf8mb4_unicode_ci NOT NULL,
  `has_action` tinyint(1) NOT NULL DEFAULT '0',
  `action_label` varchar(60) COLLATE utf8mb4_unicode_ci DEFAULT NULL,
  `action_url` varchar(400) COLLATE utf8mb4_unicode_ci DEFAULT NULL,
  `action_open_new_tab` tinyint(1) NOT NULL DEFAULT '0',
  `dismissible` tinyint(1) NOT NULL DEFAULT '0',
  `start_date` datetime DEFAULT NULL,
  `end_date` datetime DEFAULT NULL,
  `is_active` tinyint(1) NOT NULL DEFAULT '1',
  `created_at` timestamp NULL DEFAULT NULL,
  `updated_at` timestamp NULL DEFAULT NULL,
  PRIMARY KEY (`id`)
) ENGINE=InnoDB AUTO_INCREMENT=4 DEFAULT CHARSET=utf8mb4 COLLATE=utf8mb4_unicode_ci;

--
-- Dumping data for table `announcements`
--

INSERT INTO `announcements` VALUES (1,'Announcement 1','Enjoy free shipping on all orders over $99! Shop now and save on delivery costs.',0,NULL,NULL,0,1,'2025-04-01 04:06:47',NULL,1,'2025-03-31 21:06:47','2025-03-31 21:06:47'),(2,'Announcement 2','Need assistance? Our customer support is available 24/7 to help you with any questions or concerns.',0,NULL,NULL,0,1,'2025-04-01 04:06:47',NULL,1,'2025-03-31 21:06:47','2025-03-31 21:06:47'),(3,'Announcement 3','Shop with confidence! We offer a hassle-free 30 days return service for your peace of mind.',0,NULL,NULL,0,1,'2025-04-01 04:06:47',NULL,1,'2025-03-31 21:06:47','2025-03-31 21:06:47');

--
-- Table structure for table `announcements_translations`
--

CREATE TABLE `announcements_translations` (
  `lang_code` varchar(191) COLLATE utf8mb4_unicode_ci NOT NULL,
  `announcements_id` bigint unsigned NOT NULL,
  `content` text COLLATE utf8mb4_unicode_ci,
  `action_label` varchar(60) COLLATE utf8mb4_unicode_ci DEFAULT NULL,
  PRIMARY KEY (`lang_code`,`announcements_id`)
) ENGINE=InnoDB DEFAULT CHARSET=utf8mb4 COLLATE=utf8mb4_unicode_ci;

--
-- Dumping data for table `announcements_translations`
--


--
-- Table structure for table `audit_histories`
--

CREATE TABLE `audit_histories` (
  `id` bigint unsigned NOT NULL AUTO_INCREMENT,
  `user_id` bigint unsigned NOT NULL,
  `module` varchar(60) COLLATE utf8mb4_unicode_ci NOT NULL,
  `request` longtext COLLATE utf8mb4_unicode_ci,
  `action` varchar(120) COLLATE utf8mb4_unicode_ci NOT NULL,
  `user_agent` text COLLATE utf8mb4_unicode_ci,
  `ip_address` varchar(45) COLLATE utf8mb4_unicode_ci DEFAULT NULL,
  `reference_user` bigint unsigned NOT NULL,
  `reference_id` bigint unsigned NOT NULL,
  `reference_name` varchar(191) COLLATE utf8mb4_unicode_ci NOT NULL,
  `type` varchar(20) COLLATE utf8mb4_unicode_ci NOT NULL,
  `created_at` timestamp NULL DEFAULT NULL,
  `updated_at` timestamp NULL DEFAULT NULL,
  PRIMARY KEY (`id`),
  KEY `audit_histories_user_id_index` (`user_id`),
  KEY `audit_histories_module_index` (`module`)
) ENGINE=InnoDB DEFAULT CHARSET=utf8mb4 COLLATE=utf8mb4_unicode_ci;

--
-- Dumping data for table `audit_histories`
--


--
-- Table structure for table `cache`
--

CREATE TABLE `cache` (
  `key` varchar(191) COLLATE utf8mb4_unicode_ci NOT NULL,
  `value` mediumtext COLLATE utf8mb4_unicode_ci NOT NULL,
  `expiration` int NOT NULL,
  PRIMARY KEY (`key`)
) ENGINE=InnoDB DEFAULT CHARSET=utf8mb4 COLLATE=utf8mb4_unicode_ci;

--
-- Dumping data for table `cache`
--


--
-- Table structure for table `cache_locks`
--

CREATE TABLE `cache_locks` (
  `key` varchar(191) COLLATE utf8mb4_unicode_ci NOT NULL,
  `owner` varchar(191) COLLATE utf8mb4_unicode_ci NOT NULL,
  `expiration` int NOT NULL,
  PRIMARY KEY (`key`)
) ENGINE=InnoDB DEFAULT CHARSET=utf8mb4 COLLATE=utf8mb4_unicode_ci;

--
-- Dumping data for table `cache_locks`
--


--
-- Table structure for table `categories`
--

CREATE TABLE `categories` (
  `id` bigint unsigned NOT NULL AUTO_INCREMENT,
  `name` varchar(120) COLLATE utf8mb4_unicode_ci NOT NULL,
  `parent_id` bigint unsigned NOT NULL DEFAULT '0',
  `description` varchar(400) COLLATE utf8mb4_unicode_ci DEFAULT NULL,
  `status` varchar(60) COLLATE utf8mb4_unicode_ci NOT NULL DEFAULT 'published',
  `author_id` bigint unsigned DEFAULT NULL,
  `author_type` varchar(191) COLLATE utf8mb4_unicode_ci NOT NULL DEFAULT 'Botble\\ACL\\Models\\User',
  `icon` varchar(60) COLLATE utf8mb4_unicode_ci DEFAULT NULL,
  `order` int unsigned NOT NULL DEFAULT '0',
  `is_featured` tinyint NOT NULL DEFAULT '0',
  `is_default` tinyint unsigned NOT NULL DEFAULT '0',
  `created_at` timestamp NULL DEFAULT NULL,
  `updated_at` timestamp NULL DEFAULT NULL,
  PRIMARY KEY (`id`),
  KEY `categories_parent_id_index` (`parent_id`),
  KEY `categories_status_index` (`status`),
  KEY `categories_created_at_index` (`created_at`)
) ENGINE=InnoDB AUTO_INCREMENT=7 DEFAULT CHARSET=utf8mb4 COLLATE=utf8mb4_unicode_ci;

--
-- Dumping data for table `categories`
--

INSERT INTO `categories` VALUES (1,'Crisp Bread &amp; Cake',0,'Quisquam quo dicta suscipit culpa similique quis exercitationem. Quo accusamus eligendi quam adipisci. Dolor voluptatem saepe numquam et repellat.','published',1,'Botble\\ACL\\Models\\User',NULL,0,0,0,'2025-03-31 21:06:44','2025-03-31 21:06:44'),(2,'Fashion',0,'Molestias quisquam veniam molestiae quis. Ducimus molestias recusandae error minima. Odio officia nostrum itaque porro est. Et velit officia ut culpa possimus non recusandae.','published',1,'Botble\\ACL\\Models\\User',NULL,0,1,0,'2025-03-31 21:06:44','2025-03-31 21:06:44'),(3,'Electronic',0,'Neque atque omnis non minus omnis debitis quod. Fugit ad enim est aspernatur voluptatem qui. Corrupti rerum cumque quia dolor ut id est. Distinctio aut autem est occaecati voluptatum.','published',1,'Botble\\ACL\\Models\\User',NULL,0,1,0,'2025-03-31 21:06:44','2025-03-31 21:06:44'),(4,'Commercial',0,'Sint aut placeat pariatur odio et repudiandae. Impedit harum et odit accusantium. Aut natus et aut natus. Qui ut dolorum cumque optio. Nihil dolores et reiciendis non qui.','published',1,'Botble\\ACL\\Models\\User',NULL,0,1,0,'2025-03-31 21:06:44','2025-03-31 21:06:44'),(5,'Organic Fruits',0,'Ut voluptatum dolore provident ipsum. Officiis vero quae facere laboriosam facere. Dicta laborum et nam autem iste qui tenetur.','published',1,'Botble\\ACL\\Models\\User',NULL,0,1,0,'2025-03-31 21:06:44','2025-03-31 21:06:44'),(6,'Ecological',0,'Dicta blanditiis fugit tempore illum. Accusamus non in est ut quas id. Quam sapiente officiis dolorum quam eaque in. Soluta quisquam tenetur voluptate sit.','published',1,'Botble\\ACL\\Models\\User',NULL,0,1,0,'2025-03-31 21:06:44','2025-03-31 21:06:44');

--
-- Table structure for table `categories_translations`
--

CREATE TABLE `categories_translations` (
  `lang_code` varchar(20) COLLATE utf8mb4_unicode_ci NOT NULL,
  `categories_id` bigint unsigned NOT NULL,
  `name` varchar(191) COLLATE utf8mb4_unicode_ci DEFAULT NULL,
  `description` varchar(400) COLLATE utf8mb4_unicode_ci DEFAULT NULL,
  PRIMARY KEY (`lang_code`,`categories_id`)
) ENGINE=InnoDB DEFAULT CHARSET=utf8mb4 COLLATE=utf8mb4_unicode_ci;

--
-- Dumping data for table `categories_translations`
--


--
-- Table structure for table `cities`
--

CREATE TABLE `cities` (
  `id` bigint unsigned NOT NULL AUTO_INCREMENT,
  `name` varchar(120) COLLATE utf8mb4_unicode_ci NOT NULL,
  `slug` varchar(120) COLLATE utf8mb4_unicode_ci DEFAULT NULL,
  `state_id` bigint unsigned DEFAULT NULL,
  `country_id` bigint unsigned DEFAULT NULL,
  `record_id` varchar(40) COLLATE utf8mb4_unicode_ci DEFAULT NULL,
  `order` tinyint NOT NULL DEFAULT '0',
  `image` varchar(191) COLLATE utf8mb4_unicode_ci DEFAULT NULL,
  `is_default` tinyint unsigned NOT NULL DEFAULT '0',
  `status` varchar(60) COLLATE utf8mb4_unicode_ci NOT NULL DEFAULT 'published',
  `created_at` timestamp NULL DEFAULT NULL,
  `updated_at` timestamp NULL DEFAULT NULL,
  `zip_code` varchar(20) COLLATE utf8mb4_unicode_ci DEFAULT NULL,
  PRIMARY KEY (`id`),
  UNIQUE KEY `cities_slug_unique` (`slug`)
) ENGINE=InnoDB DEFAULT CHARSET=utf8mb4 COLLATE=utf8mb4_unicode_ci;

--
-- Dumping data for table `cities`
--


--
-- Table structure for table `cities_translations`
--

CREATE TABLE `cities_translations` (
  `lang_code` varchar(20) COLLATE utf8mb4_unicode_ci NOT NULL,
  `cities_id` bigint unsigned NOT NULL,
  `name` varchar(120) COLLATE utf8mb4_unicode_ci DEFAULT NULL,
  `slug` varchar(120) COLLATE utf8mb4_unicode_ci DEFAULT NULL,
  PRIMARY KEY (`lang_code`,`cities_id`)
) ENGINE=InnoDB DEFAULT CHARSET=utf8mb4 COLLATE=utf8mb4_unicode_ci;

--
-- Dumping data for table `cities_translations`
--


--
-- Table structure for table `contact_custom_field_options`
--

CREATE TABLE `contact_custom_field_options` (
  `id` bigint unsigned NOT NULL AUTO_INCREMENT,
  `custom_field_id` bigint unsigned NOT NULL,
  `label` varchar(191) COLLATE utf8mb4_unicode_ci DEFAULT NULL,
  `value` varchar(191) COLLATE utf8mb4_unicode_ci NOT NULL,
  `order` int NOT NULL DEFAULT '999',
  `created_at` timestamp NULL DEFAULT NULL,
  `updated_at` timestamp NULL DEFAULT NULL,
  PRIMARY KEY (`id`)
) ENGINE=InnoDB DEFAULT CHARSET=utf8mb4 COLLATE=utf8mb4_unicode_ci;

--
-- Dumping data for table `contact_custom_field_options`
--


--
-- Table structure for table `contact_custom_field_options_translations`
--

CREATE TABLE `contact_custom_field_options_translations` (
  `contact_custom_field_options_id` bigint unsigned NOT NULL,
  `lang_code` varchar(191) COLLATE utf8mb4_unicode_ci NOT NULL,
  `label` varchar(191) COLLATE utf8mb4_unicode_ci DEFAULT NULL,
  `value` varchar(191) COLLATE utf8mb4_unicode_ci DEFAULT NULL,
  PRIMARY KEY (`lang_code`,`contact_custom_field_options_id`)
) ENGINE=InnoDB DEFAULT CHARSET=utf8mb4 COLLATE=utf8mb4_unicode_ci;

--
-- Dumping data for table `contact_custom_field_options_translations`
--


--
-- Table structure for table `contact_custom_fields`
--

CREATE TABLE `contact_custom_fields` (
  `id` bigint unsigned NOT NULL AUTO_INCREMENT,
  `type` varchar(191) COLLATE utf8mb4_unicode_ci NOT NULL,
  `required` tinyint(1) NOT NULL DEFAULT '0',
  `name` varchar(191) COLLATE utf8mb4_unicode_ci NOT NULL,
  `placeholder` varchar(191) COLLATE utf8mb4_unicode_ci DEFAULT NULL,
  `order` int NOT NULL DEFAULT '999',
  `status` varchar(191) COLLATE utf8mb4_unicode_ci NOT NULL DEFAULT 'published',
  `created_at` timestamp NULL DEFAULT NULL,
  `updated_at` timestamp NULL DEFAULT NULL,
  PRIMARY KEY (`id`)
) ENGINE=InnoDB DEFAULT CHARSET=utf8mb4 COLLATE=utf8mb4_unicode_ci;

--
-- Dumping data for table `contact_custom_fields`
--


--
-- Table structure for table `contact_custom_fields_translations`
--

CREATE TABLE `contact_custom_fields_translations` (
  `contact_custom_fields_id` bigint unsigned NOT NULL,
  `lang_code` varchar(191) COLLATE utf8mb4_unicode_ci NOT NULL,
  `name` varchar(191) COLLATE utf8mb4_unicode_ci DEFAULT NULL,
  `placeholder` varchar(191) COLLATE utf8mb4_unicode_ci DEFAULT NULL,
  PRIMARY KEY (`lang_code`,`contact_custom_fields_id`)
) ENGINE=InnoDB DEFAULT CHARSET=utf8mb4 COLLATE=utf8mb4_unicode_ci;

--
-- Dumping data for table `contact_custom_fields_translations`
--


--
-- Table structure for table `contact_replies`
--

CREATE TABLE `contact_replies` (
  `id` bigint unsigned NOT NULL AUTO_INCREMENT,
  `message` longtext COLLATE utf8mb4_unicode_ci NOT NULL,
  `contact_id` bigint unsigned NOT NULL,
  `created_at` timestamp NULL DEFAULT NULL,
  `updated_at` timestamp NULL DEFAULT NULL,
  PRIMARY KEY (`id`)
) ENGINE=InnoDB DEFAULT CHARSET=utf8mb4 COLLATE=utf8mb4_unicode_ci;

--
-- Dumping data for table `contact_replies`
--


--
-- Table structure for table `contacts`
--

CREATE TABLE `contacts` (
  `id` bigint unsigned NOT NULL AUTO_INCREMENT,
  `name` varchar(60) COLLATE utf8mb4_unicode_ci NOT NULL,
  `email` varchar(60) COLLATE utf8mb4_unicode_ci DEFAULT NULL,
  `phone` varchar(60) COLLATE utf8mb4_unicode_ci DEFAULT NULL,
  `address` varchar(120) COLLATE utf8mb4_unicode_ci DEFAULT NULL,
  `subject` varchar(120) COLLATE utf8mb4_unicode_ci DEFAULT NULL,
  `content` longtext COLLATE utf8mb4_unicode_ci NOT NULL,
  `custom_fields` text COLLATE utf8mb4_unicode_ci,
  `status` varchar(60) COLLATE utf8mb4_unicode_ci NOT NULL DEFAULT 'unread',
  `created_at` timestamp NULL DEFAULT NULL,
  `updated_at` timestamp NULL DEFAULT NULL,
  PRIMARY KEY (`id`)
) ENGINE=InnoDB AUTO_INCREMENT=11 DEFAULT CHARSET=utf8mb4 COLLATE=utf8mb4_unicode_ci;

--
-- Dumping data for table `contacts`
--

INSERT INTO `contacts` VALUES (1,'Hollie Wyman','prudence50@example.net','1-972-472-5554','9175 Conroy Course Suite 152\nRandyfurt, AL 42141-5932','Accusamus aspernatur ea alias praesentium.','Sit quos commodi tempora enim. Ut est et hic. Esse sint aspernatur exercitationem dolorem quo et non. Tenetur et et aspernatur. Esse earum asperiores ad aut ut laudantium. Et sed iure vel aut praesentium quo hic provident. In voluptatem aut sit quia voluptas veritatis. Illo ut deleniti sint iste. Laborum aperiam voluptatum accusamus officiis nulla. Delectus occaecati doloremque sint consequatur in nostrum. Itaque quae at at. Est in et qui excepturi. Reprehenderit asperiores rerum nesciunt.',NULL,'read','2025-03-31 21:06:42','2025-03-31 21:06:42'),(2,'Darrick Turcotte','treutel.derek@example.net','346-856-4068','11394 Gleason Manor\nHudsonville, NC 16025','Excepturi ut est voluptatem officia omnis.','Reiciendis sit autem veritatis omnis soluta quas. Facere consequatur iure dolorem molestiae architecto. Corrupti suscipit quia perspiciatis perferendis. Ad similique tempora voluptates illo ut. Aliquam fuga quae atque eum eos. Repudiandae voluptates occaecati eum voluptatem. Consequatur fugit eveniet magnam id et. Possimus vitae non dignissimos aut.',NULL,'read','2025-03-31 21:06:42','2025-03-31 21:06:42'),(3,'Emma Dooley','theodore.kirlin@example.com','864.532.6680','411 Becker Tunnel Suite 744\nSouth Juddburgh, PA 39739','Sint voluptas sit incidunt.','Dolore similique perferendis quia et. Consequatur facere harum distinctio illo. Qui perferendis aperiam facilis eos. Et repudiandae temporibus omnis doloremque. Velit illo animi rem non. Repudiandae voluptatem quasi ut dolor quaerat. Nam corrupti et accusamus perferendis dolorem culpa. Provident officiis excepturi et tenetur. Est magnam odio voluptatem expedita sit. Ipsum omnis mollitia tempore qui quia.',NULL,'read','2025-03-31 21:06:42','2025-03-31 21:06:42'),(4,'Daren Cormier','torrance04@example.org','509.585.8812','28087 Pollich Row Suite 220\nMarkland, DE 61941','Eum voluptas numquam provident.','Id aspernatur consequuntur quo tempora qui. Facilis et velit labore esse necessitatibus officiis mollitia. Explicabo aspernatur a accusantium ipsam voluptatem voluptas. Incidunt laboriosam magni voluptatem facere. Qui repudiandae molestiae animi hic aut. Dolore enim ducimus beatae rerum iste. Earum et eius est.',NULL,'read','2025-03-31 21:06:42','2025-03-31 21:06:42'),(5,'Arnaldo Turner DVM','jude46@example.com','(850) 793-4294','344 Jennings Fork\nMarleemouth, MN 99822-2112','Quisquam et totam eveniet.','Natus illum asperiores aut. Molestiae quia ut asperiores itaque quisquam et aut quis. Perspiciatis quo at eaque perferendis. Tempore sequi voluptatem sint tenetur fuga aut aperiam sed. Quia dolor aut molestiae perferendis. Aut dolorum nihil sint dolorem. Eveniet earum eligendi tenetur at iusto libero. Rerum aut aut nihil. Molestias labore minus omnis labore. Maiores nihil sint blanditiis corrupti.',NULL,'unread','2025-03-31 21:06:42','2025-03-31 21:06:42'),(6,'Chad Torphy','langosh.dewitt@example.org','+1-541-625-7628','959 Barrows Valleys\nEast Bruce, CO 21956-2515','Dolorem aut temporibus est.','Odit modi voluptas quam ad aliquid aut ullam. Eaque maiores voluptas suscipit repudiandae possimus soluta quisquam. Eos velit aut et est quidem. Dolorem ut reprehenderit ea quis quis. Et recusandae deleniti earum enim est. Ut dignissimos dolore neque doloremque. Aut rerum exercitationem qui eos sint facilis autem aut. Nisi maxime blanditiis tempore quas laboriosam. Dolor voluptate eos eius consequatur. Necessitatibus cum ut ea.',NULL,'read','2025-03-31 21:06:42','2025-03-31 21:06:42'),(7,'Prof. Adelbert Steuber DVM','umante@example.net','+1-689-540-0176','65061 Moises Island Apt. 503\nPort Lurlinefurt, RI 67309','Unde quos aut enim ea quibusdam sed rerum.','Culpa dolor dignissimos magnam dolorum vel necessitatibus. Sit ut repellat cum eius ipsa et reiciendis et. Ea dolor consequatur alias earum id. Quis cum odit autem voluptate minus magnam aut. Magni eos velit perferendis voluptas ut molestiae. Aut consequatur doloribus voluptatem tenetur qui. Doloribus necessitatibus distinctio et dolorem eveniet nulla dignissimos et. Aut sit dolor nemo est consequatur soluta. Et ullam rem ea beatae.',NULL,'unread','2025-03-31 21:06:42','2025-03-31 21:06:42'),(8,'Marguerite Schiller','bertha.lindgren@example.org','714-788-4610','147 Kayleigh Points\nSouth Larrytown, DC 09783','Autem consectetur dolores ipsa.','Ipsum eum adipisci repellat quidem dolorum. Quisquam harum sit id. Ad tenetur error et. Et officiis et quidem tempora. Non tempore impedit velit esse ea laborum laborum. Aut eos labore reprehenderit nulla. Odio illo quaerat tempore est. Fuga facilis ut amet et ab soluta nostrum. Dolor iusto aliquam quam corporis. Placeat qui molestiae minima repellendus.',NULL,'read','2025-03-31 21:06:42','2025-03-31 21:06:42'),(9,'Prof. Rodger Vandervort','wkuphal@example.com','1-443-307-9171','31512 Amely Parks\nBrandtshire, NH 56750','Facilis quo aut quae dolores.','Laudantium et inventore voluptatem aliquid maxime repudiandae at quam. Quasi adipisci eaque aut consequuntur. Accusamus delectus aperiam officia facere est. Neque et sunt voluptas rem ratione autem aut. Facere cupiditate nam quia. Dignissimos minima commodi deleniti et consequuntur non. Consequuntur asperiores voluptatem sunt quo minima vitae quibusdam. Consectetur id illo architecto error laudantium ea. Architecto et iure sed esse doloremque maiores quasi dolorem.',NULL,'read','2025-03-31 21:06:42','2025-03-31 21:06:42'),(10,'Lillie Rutherford','benjamin.kling@example.org','574.291.9927','5438 Travis Heights\nWest Moriahfort, RI 12242','Non eveniet qui qui et.','Et deserunt ratione fugit doloremque ut molestias. Ducimus voluptatum necessitatibus quos aut et aspernatur magni. Accusamus quia omnis dicta in temporibus. Minus impedit reiciendis accusantium velit enim est. Aut reiciendis quae officia. Libero quos sit ipsa repellat repellendus labore. Velit labore suscipit minima natus ea. Est praesentium vitae quia nemo ut et. In sit ab quam eligendi. Porro unde exercitationem atque error perspiciatis est optio tempore.',NULL,'read','2025-03-31 21:06:42','2025-03-31 21:06:42');

--
-- Table structure for table `countries`
--

CREATE TABLE `countries` (
  `id` bigint unsigned NOT NULL AUTO_INCREMENT,
  `name` varchar(120) COLLATE utf8mb4_unicode_ci NOT NULL,
  `nationality` varchar(120) COLLATE utf8mb4_unicode_ci DEFAULT NULL,
  `order` tinyint NOT NULL DEFAULT '0',
  `image` varchar(191) COLLATE utf8mb4_unicode_ci DEFAULT NULL,
  `is_default` tinyint unsigned NOT NULL DEFAULT '0',
  `status` varchar(60) COLLATE utf8mb4_unicode_ci NOT NULL DEFAULT 'published',
  `created_at` timestamp NULL DEFAULT NULL,
  `updated_at` timestamp NULL DEFAULT NULL,
  `code` varchar(10) COLLATE utf8mb4_unicode_ci DEFAULT NULL,
  PRIMARY KEY (`id`)
) ENGINE=InnoDB DEFAULT CHARSET=utf8mb4 COLLATE=utf8mb4_unicode_ci;

--
-- Dumping data for table `countries`
--


--
-- Table structure for table `countries_translations`
--

CREATE TABLE `countries_translations` (
  `lang_code` varchar(20) COLLATE utf8mb4_unicode_ci NOT NULL,
  `countries_id` bigint unsigned NOT NULL,
  `name` varchar(120) COLLATE utf8mb4_unicode_ci DEFAULT NULL,
  `nationality` varchar(120) COLLATE utf8mb4_unicode_ci DEFAULT NULL,
  PRIMARY KEY (`lang_code`,`countries_id`)
) ENGINE=InnoDB DEFAULT CHARSET=utf8mb4 COLLATE=utf8mb4_unicode_ci;

--
-- Dumping data for table `countries_translations`
--


--
-- Table structure for table `dashboard_widget_settings`
--

CREATE TABLE `dashboard_widget_settings` (
  `id` bigint unsigned NOT NULL AUTO_INCREMENT,
  `settings` text COLLATE utf8mb4_unicode_ci,
  `user_id` bigint unsigned NOT NULL,
  `widget_id` bigint unsigned NOT NULL,
  `order` tinyint unsigned NOT NULL DEFAULT '0',
  `status` tinyint unsigned NOT NULL DEFAULT '1',
  `created_at` timestamp NULL DEFAULT NULL,
  `updated_at` timestamp NULL DEFAULT NULL,
  PRIMARY KEY (`id`),
  KEY `dashboard_widget_settings_user_id_index` (`user_id`),
  KEY `dashboard_widget_settings_widget_id_index` (`widget_id`)
) ENGINE=InnoDB DEFAULT CHARSET=utf8mb4 COLLATE=utf8mb4_unicode_ci;

--
-- Dumping data for table `dashboard_widget_settings`
--


--
-- Table structure for table `dashboard_widgets`
--

CREATE TABLE `dashboard_widgets` (
  `id` bigint unsigned NOT NULL AUTO_INCREMENT,
  `name` varchar(120) COLLATE utf8mb4_unicode_ci NOT NULL,
  `created_at` timestamp NULL DEFAULT NULL,
  `updated_at` timestamp NULL DEFAULT NULL,
  PRIMARY KEY (`id`)
) ENGINE=InnoDB DEFAULT CHARSET=utf8mb4 COLLATE=utf8mb4_unicode_ci;

--
-- Dumping data for table `dashboard_widgets`
--


--
-- Table structure for table `ec_brands`
--

CREATE TABLE `ec_brands` (
  `id` bigint unsigned NOT NULL AUTO_INCREMENT,
  `name` varchar(191) COLLATE utf8mb4_unicode_ci NOT NULL,
  `description` mediumtext COLLATE utf8mb4_unicode_ci,
  `website` varchar(191) COLLATE utf8mb4_unicode_ci DEFAULT NULL,
  `logo` varchar(191) COLLATE utf8mb4_unicode_ci DEFAULT NULL,
  `status` varchar(60) COLLATE utf8mb4_unicode_ci NOT NULL DEFAULT 'published',
  `order` tinyint unsigned NOT NULL DEFAULT '0',
  `is_featured` tinyint unsigned NOT NULL DEFAULT '0',
  `created_at` timestamp NULL DEFAULT NULL,
  `updated_at` timestamp NULL DEFAULT NULL,
  PRIMARY KEY (`id`)
) ENGINE=InnoDB AUTO_INCREMENT=6 DEFAULT CHARSET=utf8mb4 COLLATE=utf8mb4_unicode_ci;

--
-- Dumping data for table `ec_brands`
--

INSERT INTO `ec_brands` VALUES (1,'FoodPound','New Snacks Release',NULL,'main/brands/1.png','published',0,1,'2025-03-31 21:06:38','2025-03-31 21:06:38'),(2,'iTea JSC','Happy Tea 100% Organic. From $29.9',NULL,'main/brands/2.png','published',1,1,'2025-03-31 21:06:38','2025-03-31 21:06:38'),(3,'Soda Brand','Fresh Meat Sausage. BUY 2 GET 1!',NULL,'main/brands/3.png','published',2,1,'2025-03-31 21:06:38','2025-03-31 21:06:38'),(4,'Shofy','Fresh Meat Sausage. BUY 2 GET 1!',NULL,'main/brands/4.png','published',3,1,'2025-03-31 21:06:38','2025-03-31 21:06:38'),(5,'Soda Brand','Fresh Meat Sausage. BUY 2 GET 1!',NULL,'main/brands/5.png','published',4,1,'2025-03-31 21:06:38','2025-03-31 21:06:38');

--
-- Table structure for table `ec_brands_translations`
--

CREATE TABLE `ec_brands_translations` (
  `lang_code` varchar(191) COLLATE utf8mb4_unicode_ci NOT NULL,
  `ec_brands_id` bigint unsigned NOT NULL,
  `name` varchar(191) COLLATE utf8mb4_unicode_ci DEFAULT NULL,
  `description` mediumtext COLLATE utf8mb4_unicode_ci,
  PRIMARY KEY (`lang_code`,`ec_brands_id`)
) ENGINE=InnoDB DEFAULT CHARSET=utf8mb4 COLLATE=utf8mb4_unicode_ci;

--
-- Dumping data for table `ec_brands_translations`
--


--
-- Table structure for table `ec_cart`
--

CREATE TABLE `ec_cart` (
  `identifier` varchar(60) COLLATE utf8mb4_unicode_ci NOT NULL,
  `instance` varchar(60) COLLATE utf8mb4_unicode_ci NOT NULL,
  `content` longtext COLLATE utf8mb4_unicode_ci NOT NULL,
  `created_at` timestamp NULL DEFAULT NULL,
  `updated_at` timestamp NULL DEFAULT NULL,
  PRIMARY KEY (`identifier`,`instance`)
) ENGINE=InnoDB DEFAULT CHARSET=utf8mb4 COLLATE=utf8mb4_unicode_ci;

--
-- Dumping data for table `ec_cart`
--


--
-- Table structure for table `ec_currencies`
--

CREATE TABLE `ec_currencies` (
  `id` bigint unsigned NOT NULL AUTO_INCREMENT,
  `title` varchar(191) COLLATE utf8mb4_unicode_ci NOT NULL,
  `symbol` varchar(10) COLLATE utf8mb4_unicode_ci NOT NULL,
  `is_prefix_symbol` tinyint unsigned NOT NULL DEFAULT '0',
  `decimals` tinyint unsigned DEFAULT '0',
  `order` int unsigned DEFAULT '0',
  `is_default` tinyint NOT NULL DEFAULT '0',
  `exchange_rate` double NOT NULL DEFAULT '1',
  `created_at` timestamp NULL DEFAULT NULL,
  `updated_at` timestamp NULL DEFAULT NULL,
  PRIMARY KEY (`id`)
) ENGINE=InnoDB AUTO_INCREMENT=5 DEFAULT CHARSET=utf8mb4 COLLATE=utf8mb4_unicode_ci;

--
-- Dumping data for table `ec_currencies`
--

INSERT INTO `ec_currencies` VALUES (1,'USD','$',1,2,0,1,1,'2025-03-31 21:06:38','2025-03-31 21:06:38'),(2,'EUR','€',0,2,1,0,0.84,'2025-03-31 21:06:38','2025-03-31 21:06:38'),(3,'VND','₫',0,0,2,0,23203,'2025-03-31 21:06:38','2025-03-31 21:06:38'),(4,'NGN','₦',1,2,2,0,895.52,'2025-03-31 21:06:38','2025-03-31 21:06:38');

--
-- Table structure for table `ec_customer_addresses`
--

CREATE TABLE `ec_customer_addresses` (
  `id` bigint unsigned NOT NULL AUTO_INCREMENT,
  `name` varchar(191) COLLATE utf8mb4_unicode_ci NOT NULL,
  `email` varchar(60) COLLATE utf8mb4_unicode_ci DEFAULT NULL,
  `phone` varchar(20) COLLATE utf8mb4_unicode_ci DEFAULT NULL,
  `country` varchar(120) COLLATE utf8mb4_unicode_ci DEFAULT NULL,
  `state` varchar(120) COLLATE utf8mb4_unicode_ci DEFAULT NULL,
  `city` varchar(120) COLLATE utf8mb4_unicode_ci DEFAULT NULL,
  `address` varchar(191) COLLATE utf8mb4_unicode_ci DEFAULT NULL,
  `customer_id` bigint unsigned NOT NULL,
  `is_default` tinyint unsigned NOT NULL DEFAULT '0',
  `created_at` timestamp NULL DEFAULT NULL,
  `updated_at` timestamp NULL DEFAULT NULL,
  `zip_code` varchar(20) COLLATE utf8mb4_unicode_ci DEFAULT NULL,
  PRIMARY KEY (`id`)
) ENGINE=InnoDB AUTO_INCREMENT=13 DEFAULT CHARSET=utf8mb4 COLLATE=utf8mb4_unicode_ci;

--
-- Dumping data for table `ec_customer_addresses`
--

INSERT INTO `ec_customer_addresses` VALUES (1,'Lue Powlowski','customer@botble.com','+12028097929','TF','Montana','Everardoton','576 Upton Inlet Suite 580',1,1,'2025-03-31 21:06:39','2025-03-31 21:06:39','82744'),(2,'Lue Powlowski','customer@botble.com','+13206087349','AD','Florida','Lake Mercedesstad','64766 Kulas Groves Apt. 084',1,0,'2025-03-31 21:06:39','2025-03-31 21:06:39','04907'),(3,'Vena Treutel','vendor@botble.com','+16268751835','YT','District of Columbia','Edamouth','9792 Marks Pike Suite 876',2,1,'2025-03-31 21:06:40','2025-03-31 21:06:40','02163'),(4,'Vena Treutel','vendor@botble.com','+18289633302','JP','Connecticut','Romanville','9611 Idell Pike Apt. 967',2,0,'2025-03-31 21:06:40','2025-03-31 21:06:40','48852-6983'),(5,'Dr. Ena Wiza','lockman.caroline@example.org','+13477948862','JO','New Jersey','Lake Waylonfurt','2367 Thiel Mall',3,1,'2025-03-31 21:06:40','2025-03-31 21:06:40','40741-1550'),(6,'Astrid Wunsch I','okeefe.demarco@example.org','+12347306979','CG','Oklahoma','South Beth','230 Schoen Circle Suite 627',4,1,'2025-03-31 21:06:40','2025-03-31 21:06:40','42302-6344'),(7,'Prof. Gina Nolan','rowena.nitzsche@example.net','+13529398855','DJ','Vermont','Port Laurel','124 Colby Trail Suite 618',5,1,'2025-03-31 21:06:41','2025-03-31 21:06:41','02778-6840'),(8,'Tabitha Rau','schultz.kody@example.com','+18728934107','NC','Arkansas','New Lazaro','48239 Larson Ports',6,1,'2025-03-31 21:06:41','2025-03-31 21:06:41','96437'),(9,'Mattie Torphy','twila.lockman@example.com','+13012699557','PW','Rhode Island','Robertostad','1361 Reanna Mills Apt. 143',7,1,'2025-03-31 21:06:41','2025-03-31 21:06:41','07548-6257'),(10,'Mr. Kale Toy PhD','raufderhar@example.com','+15314016453','KP','Rhode Island','Port Sister','8309 Pacocha Ridges Suite 145',8,1,'2025-03-31 21:06:41','2025-03-31 21:06:41','52080'),(11,'Angelica Terry','bria83@example.com','+14588226403','CR','Wisconsin','Lake Kiraville','28691 Jessica Land',9,1,'2025-03-31 21:06:42','2025-03-31 21:06:42','59652'),(12,'Alvena Heller','zoey.hoeger@example.org','+15743778819','TL','Minnesota','Pricemouth','18619 Meaghan Mountain Suite 638',10,1,'2025-03-31 21:06:42','2025-03-31 21:06:42','50310');

--
-- Table structure for table `ec_customer_password_resets`
--

CREATE TABLE `ec_customer_password_resets` (
  `email` varchar(191) COLLATE utf8mb4_unicode_ci NOT NULL,
  `token` varchar(191) COLLATE utf8mb4_unicode_ci NOT NULL,
  `created_at` timestamp NULL DEFAULT NULL,
  KEY `ec_customer_password_resets_email_index` (`email`),
  KEY `ec_customer_password_resets_token_index` (`token`)
) ENGINE=InnoDB DEFAULT CHARSET=utf8mb4 COLLATE=utf8mb4_unicode_ci;

--
-- Dumping data for table `ec_customer_password_resets`
--


--
-- Table structure for table `ec_customer_recently_viewed_products`
--

CREATE TABLE `ec_customer_recently_viewed_products` (
  `id` bigint unsigned NOT NULL AUTO_INCREMENT,
  `customer_id` bigint unsigned NOT NULL,
  `product_id` bigint unsigned NOT NULL,
  PRIMARY KEY (`id`)
) ENGINE=InnoDB DEFAULT CHARSET=utf8mb4 COLLATE=utf8mb4_unicode_ci;

--
-- Dumping data for table `ec_customer_recently_viewed_products`
--


--
-- Table structure for table `ec_customer_used_coupons`
--

CREATE TABLE `ec_customer_used_coupons` (
  `discount_id` bigint unsigned NOT NULL,
  `customer_id` bigint unsigned NOT NULL,
  PRIMARY KEY (`discount_id`,`customer_id`)
) ENGINE=InnoDB DEFAULT CHARSET=utf8mb4 COLLATE=utf8mb4_unicode_ci;

--
-- Dumping data for table `ec_customer_used_coupons`
--


--
-- Table structure for table `ec_discount_customers`
--

CREATE TABLE `ec_discount_customers` (
  `discount_id` bigint unsigned NOT NULL,
  `customer_id` bigint unsigned NOT NULL,
  PRIMARY KEY (`discount_id`,`customer_id`)
) ENGINE=InnoDB DEFAULT CHARSET=utf8mb4 COLLATE=utf8mb4_unicode_ci;

--
-- Dumping data for table `ec_discount_customers`
--


--
-- Table structure for table `ec_discount_product_categories`
--

CREATE TABLE `ec_discount_product_categories` (
  `discount_id` bigint unsigned NOT NULL,
  `product_category_id` bigint unsigned NOT NULL,
  PRIMARY KEY (`discount_id`,`product_category_id`)
) ENGINE=InnoDB DEFAULT CHARSET=utf8mb4 COLLATE=utf8mb4_unicode_ci;

--
-- Dumping data for table `ec_discount_product_categories`
--


--
-- Table structure for table `ec_discount_product_collections`
--

CREATE TABLE `ec_discount_product_collections` (
  `discount_id` bigint unsigned NOT NULL,
  `product_collection_id` bigint unsigned NOT NULL,
  PRIMARY KEY (`discount_id`,`product_collection_id`)
) ENGINE=InnoDB DEFAULT CHARSET=utf8mb4 COLLATE=utf8mb4_unicode_ci;

--
-- Dumping data for table `ec_discount_product_collections`
--


--
-- Table structure for table `ec_discount_products`
--

CREATE TABLE `ec_discount_products` (
  `discount_id` bigint unsigned NOT NULL,
  `product_id` bigint unsigned NOT NULL,
  PRIMARY KEY (`discount_id`,`product_id`)
) ENGINE=InnoDB DEFAULT CHARSET=utf8mb4 COLLATE=utf8mb4_unicode_ci;

--
-- Dumping data for table `ec_discount_products`
--


--
-- Table structure for table `ec_discounts`
--

CREATE TABLE `ec_discounts` (
  `id` bigint unsigned NOT NULL AUTO_INCREMENT,
  `title` varchar(120) COLLATE utf8mb4_unicode_ci DEFAULT NULL,
  `code` varchar(20) COLLATE utf8mb4_unicode_ci DEFAULT NULL,
  `start_date` datetime DEFAULT NULL,
  `end_date` datetime DEFAULT NULL,
  `quantity` int DEFAULT NULL,
  `total_used` int unsigned NOT NULL DEFAULT '0',
  `value` double DEFAULT NULL,
  `type` varchar(60) COLLATE utf8mb4_unicode_ci DEFAULT 'coupon',
  `can_use_with_promotion` tinyint(1) NOT NULL DEFAULT '0',
  `can_use_with_flash_sale` tinyint(1) NOT NULL DEFAULT '0',
  `discount_on` varchar(20) COLLATE utf8mb4_unicode_ci DEFAULT NULL,
  `product_quantity` int unsigned DEFAULT NULL,
  `type_option` varchar(100) COLLATE utf8mb4_unicode_ci NOT NULL DEFAULT 'amount',
  `target` varchar(100) COLLATE utf8mb4_unicode_ci NOT NULL DEFAULT 'all-orders',
  `min_order_price` decimal(15,2) DEFAULT NULL,
  `apply_via_url` tinyint(1) NOT NULL DEFAULT '0',
  `display_at_checkout` tinyint(1) NOT NULL DEFAULT '0',
  `created_at` timestamp NULL DEFAULT NULL,
  `updated_at` timestamp NULL DEFAULT NULL,
  `store_id` bigint unsigned DEFAULT NULL,
  `description` varchar(400) COLLATE utf8mb4_unicode_ci DEFAULT NULL,
  PRIMARY KEY (`id`),
  UNIQUE KEY `ec_discounts_code_unique` (`code`)
) ENGINE=InnoDB AUTO_INCREMENT=11 DEFAULT CHARSET=utf8mb4 COLLATE=utf8mb4_unicode_ci;

--
-- Dumping data for table `ec_discounts`
--

INSERT INTO `ec_discounts` VALUES (1,'Discount 1','ZRXBPMA3BDWM','2025-03-31 04:06:44','2025-04-16 04:06:44',NULL,0,370,'coupon',0,0,NULL,NULL,'shipping','all-orders',NULL,0,1,'2025-03-31 21:06:44','2025-03-31 21:06:44',NULL,NULL),(2,'Discount 2','QVB8PSEYQ8KQ','2025-03-31 04:06:44','2025-04-07 04:06:44',NULL,0,438,'coupon',0,0,NULL,NULL,'same-price','all-orders',NULL,0,1,'2025-03-31 21:06:44','2025-03-31 21:06:44',NULL,NULL),(3,'Discount 3','Z7KMDCQ6RSGT','2025-03-31 04:06:44',NULL,NULL,0,802,'coupon',0,0,NULL,NULL,'amount','all-orders',NULL,0,1,'2025-03-31 21:06:44','2025-03-31 21:06:44',NULL,NULL),(4,'Discount 4','IUTTWXPCH66M','2025-03-31 04:06:44',NULL,NULL,0,640,'coupon',0,0,NULL,NULL,'amount','all-orders',NULL,0,1,'2025-03-31 21:06:44','2025-03-31 21:06:44',NULL,NULL),(5,'Discount 5','OH6WJC0JIL73','2025-03-31 04:06:44',NULL,NULL,0,40,'coupon',0,0,NULL,NULL,'percentage','all-orders',NULL,0,1,'2025-03-31 21:06:44','2025-03-31 21:06:44',NULL,NULL),(6,'Discount 6','ZK2B3C3CUGO6','2025-03-31 04:06:44',NULL,NULL,0,883,'coupon',0,0,NULL,NULL,'amount','all-orders',NULL,0,1,'2025-03-31 21:06:44','2025-03-31 21:06:44',NULL,NULL),(7,'Discount 7','SLWPMFSVWAAD','2025-03-31 04:06:44',NULL,NULL,0,92,'coupon',0,0,NULL,NULL,'percentage','all-orders',NULL,0,1,'2025-03-31 21:06:44','2025-03-31 21:06:44',NULL,NULL),(8,'Discount 8','EJJTJ3KRLZSF','2025-03-31 04:06:44',NULL,NULL,0,67,'coupon',0,0,NULL,NULL,'percentage','all-orders',NULL,0,1,'2025-03-31 21:06:44','2025-03-31 21:06:44',NULL,NULL),(9,'Discount 9','SQOYQPEENMPB','2025-03-31 04:06:44','2025-04-22 04:06:44',NULL,0,342,'coupon',0,0,NULL,NULL,'shipping','all-orders',NULL,0,1,'2025-03-31 21:06:44','2025-03-31 21:06:44',NULL,NULL),(10,'Discount 10','7XUPVF7SIN4A','2025-03-31 04:06:44','2025-04-06 04:06:44',NULL,0,279,'coupon',0,0,NULL,NULL,'shipping','all-orders',NULL,0,1,'2025-03-31 21:06:44','2025-03-31 21:06:44',NULL,NULL);

--
-- Table structure for table `ec_flash_sale_products`
--

CREATE TABLE `ec_flash_sale_products` (
  `flash_sale_id` bigint unsigned NOT NULL,
  `product_id` bigint unsigned NOT NULL,
  `price` double unsigned DEFAULT NULL,
  `quantity` int unsigned DEFAULT NULL,
  `sold` int unsigned NOT NULL DEFAULT '0'
) ENGINE=InnoDB DEFAULT CHARSET=utf8mb4 COLLATE=utf8mb4_unicode_ci;

--
-- Dumping data for table `ec_flash_sale_products`
--

INSERT INTO `ec_flash_sale_products` VALUES (1,1,278.4,17,3),(1,2,657.15,12,3),(1,3,703.2,10,4),(1,4,376.7622,9,1),(1,5,457.16,17,4),(1,6,434.28,20,5),(1,7,974.35,12,3),(1,8,1414.8288,16,1),(1,9,193.98,18,3),(1,10,145.35,13,4);

--
-- Table structure for table `ec_flash_sales`
--

CREATE TABLE `ec_flash_sales` (
  `id` bigint unsigned NOT NULL AUTO_INCREMENT,
  `name` varchar(191) COLLATE utf8mb4_unicode_ci NOT NULL,
  `end_date` datetime NOT NULL,
  `status` varchar(60) COLLATE utf8mb4_unicode_ci NOT NULL DEFAULT 'published',
  `created_at` timestamp NULL DEFAULT NULL,
  `updated_at` timestamp NULL DEFAULT NULL,
  PRIMARY KEY (`id`)
) ENGINE=InnoDB AUTO_INCREMENT=2 DEFAULT CHARSET=utf8mb4 COLLATE=utf8mb4_unicode_ci;

--
-- Dumping data for table `ec_flash_sales`
--

INSERT INTO `ec_flash_sales` VALUES (1,'Winter Sale','2025-07-11 00:00:00','published','2025-03-31 21:06:54','2025-03-31 21:06:54');

--
-- Table structure for table `ec_flash_sales_translations`
--

CREATE TABLE `ec_flash_sales_translations` (
  `lang_code` varchar(191) COLLATE utf8mb4_unicode_ci NOT NULL,
  `ec_flash_sales_id` bigint unsigned NOT NULL,
  `name` varchar(191) COLLATE utf8mb4_unicode_ci DEFAULT NULL,
  PRIMARY KEY (`lang_code`,`ec_flash_sales_id`)
) ENGINE=InnoDB DEFAULT CHARSET=utf8mb4 COLLATE=utf8mb4_unicode_ci;

--
-- Dumping data for table `ec_flash_sales_translations`
--


--
-- Table structure for table `ec_global_option_value`
--

CREATE TABLE `ec_global_option_value` (
  `id` bigint unsigned NOT NULL AUTO_INCREMENT,
  `option_id` bigint unsigned NOT NULL COMMENT 'option id',
  `option_value` tinytext COLLATE utf8mb4_unicode_ci COMMENT 'option value',
  `affect_price` double DEFAULT NULL COMMENT 'value of price of this option affect',
  `order` int NOT NULL DEFAULT '9999',
  `affect_type` tinyint NOT NULL DEFAULT '0' COMMENT '0. fixed 1. percent',
  `created_at` timestamp NULL DEFAULT NULL,
  `updated_at` timestamp NULL DEFAULT NULL,
  PRIMARY KEY (`id`)
) ENGINE=InnoDB AUTO_INCREMENT=13 DEFAULT CHARSET=utf8mb4 COLLATE=utf8mb4_unicode_ci;

--
-- Dumping data for table `ec_global_option_value`
--

INSERT INTO `ec_global_option_value` VALUES (1,1,'1 Year',0,9999,0,'2025-03-31 21:06:44','2025-03-31 21:06:44'),(2,1,'2 Year',10,9999,0,'2025-03-31 21:06:44','2025-03-31 21:06:44'),(3,1,'3 Year',20,9999,0,'2025-03-31 21:06:44','2025-03-31 21:06:44'),(4,2,'4GB',0,9999,0,'2025-03-31 21:06:44','2025-03-31 21:06:44'),(5,2,'8GB',10,9999,0,'2025-03-31 21:06:44','2025-03-31 21:06:44'),(6,2,'16GB',20,9999,0,'2025-03-31 21:06:44','2025-03-31 21:06:44'),(7,3,'Core i5',0,9999,0,'2025-03-31 21:06:44','2025-03-31 21:06:44'),(8,3,'Core i7',10,9999,0,'2025-03-31 21:06:44','2025-03-31 21:06:44'),(9,3,'Core i9',20,9999,0,'2025-03-31 21:06:44','2025-03-31 21:06:44'),(10,4,'128GB',0,9999,0,'2025-03-31 21:06:44','2025-03-31 21:06:44'),(11,4,'256GB',10,9999,0,'2025-03-31 21:06:44','2025-03-31 21:06:44'),(12,4,'512GB',20,9999,0,'2025-03-31 21:06:44','2025-03-31 21:06:44');

--
-- Table structure for table `ec_global_option_value_translations`
--

CREATE TABLE `ec_global_option_value_translations` (
  `lang_code` varchar(191) COLLATE utf8mb4_unicode_ci NOT NULL,
  `ec_global_option_value_id` bigint unsigned NOT NULL,
  `option_value` varchar(191) COLLATE utf8mb4_unicode_ci DEFAULT NULL,
  PRIMARY KEY (`lang_code`,`ec_global_option_value_id`)
) ENGINE=InnoDB DEFAULT CHARSET=utf8mb4 COLLATE=utf8mb4_unicode_ci;

--
-- Dumping data for table `ec_global_option_value_translations`
--


--
-- Table structure for table `ec_global_options`
--

CREATE TABLE `ec_global_options` (
  `id` bigint unsigned NOT NULL AUTO_INCREMENT,
  `name` varchar(191) COLLATE utf8mb4_unicode_ci NOT NULL COMMENT 'Name of options',
  `option_type` varchar(191) COLLATE utf8mb4_unicode_ci NOT NULL COMMENT 'option type',
  `required` tinyint(1) NOT NULL DEFAULT '0' COMMENT 'Checked if this option is required',
  `created_at` timestamp NULL DEFAULT NULL,
  `updated_at` timestamp NULL DEFAULT NULL,
  PRIMARY KEY (`id`)
) ENGINE=InnoDB AUTO_INCREMENT=5 DEFAULT CHARSET=utf8mb4 COLLATE=utf8mb4_unicode_ci;

--
-- Dumping data for table `ec_global_options`
--

INSERT INTO `ec_global_options` VALUES (1,'Warranty','Botble\\Ecommerce\\Option\\OptionType\\RadioButton',1,'2025-03-31 21:06:44','2025-03-31 21:06:44'),(2,'RAM','Botble\\Ecommerce\\Option\\OptionType\\RadioButton',1,'2025-03-31 21:06:44','2025-03-31 21:06:44'),(3,'CPU','Botble\\Ecommerce\\Option\\OptionType\\RadioButton',1,'2025-03-31 21:06:44','2025-03-31 21:06:44'),(4,'HDD','Botble\\Ecommerce\\Option\\OptionType\\Dropdown',0,'2025-03-31 21:06:44','2025-03-31 21:06:44');

--
-- Table structure for table `ec_global_options_translations`
--

CREATE TABLE `ec_global_options_translations` (
  `lang_code` varchar(191) COLLATE utf8mb4_unicode_ci NOT NULL,
  `ec_global_options_id` bigint unsigned NOT NULL,
  `name` varchar(191) COLLATE utf8mb4_unicode_ci DEFAULT NULL,
  PRIMARY KEY (`lang_code`,`ec_global_options_id`)
) ENGINE=InnoDB DEFAULT CHARSET=utf8mb4 COLLATE=utf8mb4_unicode_ci;

--
-- Dumping data for table `ec_global_options_translations`
--


--
-- Table structure for table `ec_grouped_products`
--

CREATE TABLE `ec_grouped_products` (
  `id` bigint unsigned NOT NULL AUTO_INCREMENT,
  `parent_product_id` bigint unsigned NOT NULL,
  `product_id` bigint unsigned NOT NULL,
  `fixed_qty` int NOT NULL DEFAULT '1',
  PRIMARY KEY (`id`)
) ENGINE=InnoDB DEFAULT CHARSET=utf8mb4 COLLATE=utf8mb4_unicode_ci;

--
-- Dumping data for table `ec_grouped_products`
--


--
-- Table structure for table `ec_invoice_items`
--

CREATE TABLE `ec_invoice_items` (
  `id` bigint unsigned NOT NULL AUTO_INCREMENT,
  `invoice_id` bigint unsigned NOT NULL,
  `reference_type` varchar(191) COLLATE utf8mb4_unicode_ci NOT NULL,
  `reference_id` bigint unsigned NOT NULL,
  `name` varchar(191) COLLATE utf8mb4_unicode_ci NOT NULL,
  `description` varchar(400) COLLATE utf8mb4_unicode_ci DEFAULT NULL,
  `image` varchar(191) COLLATE utf8mb4_unicode_ci DEFAULT NULL,
  `qty` int unsigned NOT NULL,
  `price` decimal(15,2) NOT NULL DEFAULT '0.00',
  `sub_total` decimal(15,2) unsigned NOT NULL,
  `tax_amount` decimal(15,2) unsigned NOT NULL DEFAULT '0.00',
  `discount_amount` decimal(15,2) unsigned NOT NULL DEFAULT '0.00',
  `amount` decimal(15,2) unsigned NOT NULL,
  `options` text COLLATE utf8mb4_unicode_ci,
  `created_at` timestamp NULL DEFAULT NULL,
  `updated_at` timestamp NULL DEFAULT NULL,
  PRIMARY KEY (`id`),
  KEY `ec_invoice_items_reference_type_reference_id_index` (`reference_type`,`reference_id`)
) ENGINE=InnoDB DEFAULT CHARSET=utf8mb4 COLLATE=utf8mb4_unicode_ci;

--
-- Dumping data for table `ec_invoice_items`
--


--
-- Table structure for table `ec_invoices`
--

CREATE TABLE `ec_invoices` (
  `id` bigint unsigned NOT NULL AUTO_INCREMENT,
  `reference_type` varchar(191) COLLATE utf8mb4_unicode_ci NOT NULL,
  `reference_id` bigint unsigned NOT NULL,
  `code` varchar(191) COLLATE utf8mb4_unicode_ci NOT NULL,
  `customer_name` varchar(191) COLLATE utf8mb4_unicode_ci DEFAULT NULL,
  `company_name` varchar(191) COLLATE utf8mb4_unicode_ci DEFAULT NULL,
  `company_logo` varchar(191) COLLATE utf8mb4_unicode_ci DEFAULT NULL,
  `customer_email` varchar(191) COLLATE utf8mb4_unicode_ci DEFAULT NULL,
  `customer_phone` varchar(191) COLLATE utf8mb4_unicode_ci DEFAULT NULL,
  `customer_address` varchar(191) COLLATE utf8mb4_unicode_ci DEFAULT NULL,
  `customer_tax_id` varchar(191) COLLATE utf8mb4_unicode_ci DEFAULT NULL,
  `sub_total` decimal(15,2) unsigned NOT NULL,
  `tax_amount` decimal(15,2) unsigned NOT NULL DEFAULT '0.00',
  `shipping_amount` decimal(15,2) unsigned NOT NULL DEFAULT '0.00',
  `discount_amount` decimal(15,2) unsigned NOT NULL DEFAULT '0.00',
  `shipping_option` varchar(60) COLLATE utf8mb4_unicode_ci DEFAULT NULL,
  `shipping_method` varchar(60) COLLATE utf8mb4_unicode_ci NOT NULL DEFAULT 'default',
  `coupon_code` varchar(120) COLLATE utf8mb4_unicode_ci DEFAULT NULL,
  `discount_description` varchar(191) COLLATE utf8mb4_unicode_ci DEFAULT NULL,
  `amount` decimal(15,2) unsigned NOT NULL,
  `description` text COLLATE utf8mb4_unicode_ci,
  `payment_id` bigint unsigned DEFAULT NULL,
  `status` varchar(191) COLLATE utf8mb4_unicode_ci NOT NULL DEFAULT 'pending',
  `paid_at` timestamp NULL DEFAULT NULL,
  `created_at` timestamp NULL DEFAULT NULL,
  `updated_at` timestamp NULL DEFAULT NULL,
  PRIMARY KEY (`id`),
  UNIQUE KEY `ec_invoices_code_unique` (`code`),
  KEY `ec_invoices_reference_type_reference_id_index` (`reference_type`,`reference_id`),
  KEY `ec_invoices_payment_id_index` (`payment_id`),
  KEY `ec_invoices_status_index` (`status`)
) ENGINE=InnoDB DEFAULT CHARSET=utf8mb4 COLLATE=utf8mb4_unicode_ci;

--
-- Dumping data for table `ec_invoices`
--


--
-- Table structure for table `ec_option_value`
--

CREATE TABLE `ec_option_value` (
  `id` bigint unsigned NOT NULL AUTO_INCREMENT,
  `option_id` bigint unsigned NOT NULL COMMENT 'option id',
  `option_value` tinytext COLLATE utf8mb4_unicode_ci COMMENT 'option value',
  `affect_price` double DEFAULT NULL COMMENT 'value of price of this option affect',
  `order` int NOT NULL DEFAULT '9999',
  `affect_type` tinyint NOT NULL DEFAULT '0' COMMENT '0. fixed 1. percent',
  `created_at` timestamp NULL DEFAULT NULL,
  `updated_at` timestamp NULL DEFAULT NULL,
  PRIMARY KEY (`id`)
) ENGINE=InnoDB DEFAULT CHARSET=utf8mb4 COLLATE=utf8mb4_unicode_ci;

--
-- Dumping data for table `ec_option_value`
--


--
-- Table structure for table `ec_option_value_translations`
--

CREATE TABLE `ec_option_value_translations` (
  `lang_code` varchar(191) COLLATE utf8mb4_unicode_ci NOT NULL,
  `ec_option_value_id` bigint unsigned NOT NULL,
  `option_value` varchar(191) COLLATE utf8mb4_unicode_ci DEFAULT NULL,
  PRIMARY KEY (`lang_code`,`ec_option_value_id`)
) ENGINE=InnoDB DEFAULT CHARSET=utf8mb4 COLLATE=utf8mb4_unicode_ci;

--
-- Dumping data for table `ec_option_value_translations`
--


--
-- Table structure for table `ec_options`
--

CREATE TABLE `ec_options` (
  `id` bigint unsigned NOT NULL AUTO_INCREMENT,
  `name` varchar(191) COLLATE utf8mb4_unicode_ci NOT NULL COMMENT 'Name of options',
  `option_type` varchar(191) COLLATE utf8mb4_unicode_ci DEFAULT NULL COMMENT 'option type',
  `product_id` bigint unsigned NOT NULL DEFAULT '0',
  `order` int NOT NULL DEFAULT '9999',
  `required` tinyint(1) NOT NULL DEFAULT '0' COMMENT 'Checked if this option is required',
  `created_at` timestamp NULL DEFAULT NULL,
  `updated_at` timestamp NULL DEFAULT NULL,
  PRIMARY KEY (`id`)
) ENGINE=InnoDB DEFAULT CHARSET=utf8mb4 COLLATE=utf8mb4_unicode_ci;

--
-- Dumping data for table `ec_options`
--


--
-- Table structure for table `ec_options_translations`
--

CREATE TABLE `ec_options_translations` (
  `lang_code` varchar(191) COLLATE utf8mb4_unicode_ci NOT NULL,
  `ec_options_id` bigint unsigned NOT NULL,
  `name` varchar(191) COLLATE utf8mb4_unicode_ci DEFAULT NULL,
  PRIMARY KEY (`lang_code`,`ec_options_id`)
) ENGINE=InnoDB DEFAULT CHARSET=utf8mb4 COLLATE=utf8mb4_unicode_ci;

--
-- Dumping data for table `ec_options_translations`
--


--
-- Table structure for table `ec_order_addresses`
--

CREATE TABLE `ec_order_addresses` (
  `id` bigint unsigned NOT NULL AUTO_INCREMENT,
  `name` varchar(191) COLLATE utf8mb4_unicode_ci NOT NULL,
  `phone` varchar(20) COLLATE utf8mb4_unicode_ci DEFAULT NULL,
  `email` varchar(191) COLLATE utf8mb4_unicode_ci DEFAULT NULL,
  `country` varchar(120) COLLATE utf8mb4_unicode_ci DEFAULT NULL,
  `state` varchar(120) COLLATE utf8mb4_unicode_ci DEFAULT NULL,
  `city` varchar(120) COLLATE utf8mb4_unicode_ci DEFAULT NULL,
  `address` varchar(191) COLLATE utf8mb4_unicode_ci DEFAULT NULL,
  `order_id` bigint unsigned NOT NULL,
  `zip_code` varchar(20) COLLATE utf8mb4_unicode_ci DEFAULT NULL,
  `type` varchar(60) COLLATE utf8mb4_unicode_ci NOT NULL DEFAULT 'shipping_address',
  PRIMARY KEY (`id`)
) ENGINE=InnoDB DEFAULT CHARSET=utf8mb4 COLLATE=utf8mb4_unicode_ci;

--
-- Dumping data for table `ec_order_addresses`
--


--
-- Table structure for table `ec_order_histories`
--

CREATE TABLE `ec_order_histories` (
  `id` bigint unsigned NOT NULL AUTO_INCREMENT,
  `action` varchar(120) COLLATE utf8mb4_unicode_ci NOT NULL,
  `description` varchar(400) COLLATE utf8mb4_unicode_ci DEFAULT NULL,
  `user_id` bigint unsigned DEFAULT NULL,
  `order_id` bigint unsigned NOT NULL,
  `extras` text COLLATE utf8mb4_unicode_ci,
  `created_at` timestamp NULL DEFAULT NULL,
  `updated_at` timestamp NULL DEFAULT NULL,
  PRIMARY KEY (`id`)
) ENGINE=InnoDB DEFAULT CHARSET=utf8mb4 COLLATE=utf8mb4_unicode_ci;

--
-- Dumping data for table `ec_order_histories`
--


--
-- Table structure for table `ec_order_product`
--

CREATE TABLE `ec_order_product` (
  `id` bigint unsigned NOT NULL AUTO_INCREMENT,
  `order_id` bigint unsigned NOT NULL,
  `qty` int NOT NULL,
  `price` decimal(15,2) NOT NULL,
  `tax_amount` decimal(15,2) NOT NULL,
  `options` text COLLATE utf8mb4_unicode_ci,
  `product_options` text COLLATE utf8mb4_unicode_ci COMMENT 'product option data',
  `product_id` bigint unsigned DEFAULT NULL,
  `product_name` varchar(191) COLLATE utf8mb4_unicode_ci NOT NULL,
  `product_image` varchar(191) COLLATE utf8mb4_unicode_ci DEFAULT NULL,
  `weight` double DEFAULT '0',
  `restock_quantity` int unsigned DEFAULT '0',
  `created_at` timestamp NULL DEFAULT NULL,
  `updated_at` timestamp NULL DEFAULT NULL,
  `product_type` varchar(60) COLLATE utf8mb4_unicode_ci NOT NULL DEFAULT 'physical',
  `times_downloaded` int NOT NULL DEFAULT '0',
  `license_code` char(36) COLLATE utf8mb4_unicode_ci DEFAULT NULL,
  `downloaded_at` timestamp NULL DEFAULT NULL,
  PRIMARY KEY (`id`)
) ENGINE=InnoDB DEFAULT CHARSET=utf8mb4 COLLATE=utf8mb4_unicode_ci;

--
-- Dumping data for table `ec_order_product`
--


--
-- Table structure for table `ec_order_referrals`
--

CREATE TABLE `ec_order_referrals` (
  `id` bigint unsigned NOT NULL AUTO_INCREMENT,
  `ip` varchar(39) COLLATE utf8mb4_unicode_ci DEFAULT NULL,
  `landing_domain` varchar(191) COLLATE utf8mb4_unicode_ci DEFAULT NULL,
  `landing_page` varchar(191) COLLATE utf8mb4_unicode_ci DEFAULT NULL,
  `landing_params` varchar(191) COLLATE utf8mb4_unicode_ci DEFAULT NULL,
  `referral` varchar(191) COLLATE utf8mb4_unicode_ci DEFAULT NULL,
  `gclid` varchar(191) COLLATE utf8mb4_unicode_ci DEFAULT NULL,
  `fclid` varchar(191) COLLATE utf8mb4_unicode_ci DEFAULT NULL,
  `utm_source` varchar(191) COLLATE utf8mb4_unicode_ci DEFAULT NULL,
  `utm_campaign` varchar(191) COLLATE utf8mb4_unicode_ci DEFAULT NULL,
  `utm_medium` varchar(191) COLLATE utf8mb4_unicode_ci DEFAULT NULL,
  `utm_term` varchar(191) COLLATE utf8mb4_unicode_ci DEFAULT NULL,
  `utm_content` varchar(191) COLLATE utf8mb4_unicode_ci DEFAULT NULL,
  `referrer_url` text COLLATE utf8mb4_unicode_ci,
  `referrer_domain` varchar(191) COLLATE utf8mb4_unicode_ci DEFAULT NULL,
  `order_id` bigint unsigned DEFAULT NULL,
  `created_at` timestamp NULL DEFAULT NULL,
  `updated_at` timestamp NULL DEFAULT NULL,
  PRIMARY KEY (`id`),
  KEY `ec_order_referrals_order_id_index` (`order_id`)
) ENGINE=InnoDB DEFAULT CHARSET=utf8mb4 COLLATE=utf8mb4_unicode_ci;

--
-- Dumping data for table `ec_order_referrals`
--


--
-- Table structure for table `ec_order_return_histories`
--

CREATE TABLE `ec_order_return_histories` (
  `id` bigint unsigned NOT NULL AUTO_INCREMENT,
  `user_id` bigint unsigned DEFAULT NULL,
  `order_return_id` bigint unsigned NOT NULL,
  `action` varchar(191) COLLATE utf8mb4_unicode_ci NOT NULL,
  `description` varchar(400) COLLATE utf8mb4_unicode_ci DEFAULT NULL,
  `reason` varchar(191) COLLATE utf8mb4_unicode_ci DEFAULT NULL,
  `created_at` timestamp NULL DEFAULT NULL,
  `updated_at` timestamp NULL DEFAULT NULL,
  PRIMARY KEY (`id`)
) ENGINE=InnoDB DEFAULT CHARSET=utf8mb4 COLLATE=utf8mb4_unicode_ci;

--
-- Dumping data for table `ec_order_return_histories`
--


--
-- Table structure for table `ec_order_return_items`
--

CREATE TABLE `ec_order_return_items` (
  `id` bigint unsigned NOT NULL AUTO_INCREMENT,
  `order_return_id` bigint unsigned NOT NULL COMMENT 'Order return id',
  `order_product_id` bigint unsigned NOT NULL COMMENT 'Order product id',
  `product_id` bigint unsigned NOT NULL COMMENT 'Product id',
  `product_name` varchar(191) COLLATE utf8mb4_unicode_ci NOT NULL,
  `product_image` varchar(191) COLLATE utf8mb4_unicode_ci DEFAULT NULL,
  `qty` int NOT NULL COMMENT 'Quantity return',
  `price` decimal(15,2) NOT NULL COMMENT 'Price Product',
  `reason` text COLLATE utf8mb4_unicode_ci,
  `created_at` timestamp NULL DEFAULT NULL,
  `updated_at` timestamp NULL DEFAULT NULL,
  `refund_amount` decimal(12,2) DEFAULT '0.00',
  PRIMARY KEY (`id`)
) ENGINE=InnoDB DEFAULT CHARSET=utf8mb4 COLLATE=utf8mb4_unicode_ci;

--
-- Dumping data for table `ec_order_return_items`
--


--
-- Table structure for table `ec_order_returns`
--

CREATE TABLE `ec_order_returns` (
  `id` bigint unsigned NOT NULL AUTO_INCREMENT,
  `code` varchar(191) COLLATE utf8mb4_unicode_ci DEFAULT NULL,
  `order_id` bigint unsigned NOT NULL COMMENT 'Order ID',
  `store_id` bigint unsigned DEFAULT NULL COMMENT 'Store ID',
  `user_id` bigint unsigned NOT NULL COMMENT 'Customer ID',
  `reason` text COLLATE utf8mb4_unicode_ci COMMENT 'Reason return order',
  `order_status` varchar(191) COLLATE utf8mb4_unicode_ci DEFAULT NULL COMMENT 'Order current status',
  `return_status` varchar(191) COLLATE utf8mb4_unicode_ci NOT NULL COMMENT 'Return status',
  `created_at` timestamp NULL DEFAULT NULL,
  `updated_at` timestamp NULL DEFAULT NULL,
  PRIMARY KEY (`id`),
  UNIQUE KEY `ec_order_returns_code_unique` (`code`)
) ENGINE=InnoDB DEFAULT CHARSET=utf8mb4 COLLATE=utf8mb4_unicode_ci;

--
-- Dumping data for table `ec_order_returns`
--


--
-- Table structure for table `ec_order_tax_information`
--

CREATE TABLE `ec_order_tax_information` (
  `id` bigint unsigned NOT NULL AUTO_INCREMENT,
  `order_id` bigint unsigned NOT NULL,
  `company_name` varchar(120) COLLATE utf8mb4_unicode_ci NOT NULL,
  `company_address` varchar(191) COLLATE utf8mb4_unicode_ci NOT NULL,
  `company_tax_code` varchar(20) COLLATE utf8mb4_unicode_ci NOT NULL,
  `company_email` varchar(60) COLLATE utf8mb4_unicode_ci NOT NULL,
  `created_at` timestamp NULL DEFAULT NULL,
  `updated_at` timestamp NULL DEFAULT NULL,
  PRIMARY KEY (`id`),
  KEY `ec_order_tax_information_order_id_index` (`order_id`)
) ENGINE=InnoDB DEFAULT CHARSET=utf8mb4 COLLATE=utf8mb4_unicode_ci;

--
-- Dumping data for table `ec_order_tax_information`
--


--
-- Table structure for table `ec_orders`
--

CREATE TABLE `ec_orders` (
  `id` bigint unsigned NOT NULL AUTO_INCREMENT,
  `code` varchar(191) COLLATE utf8mb4_unicode_ci DEFAULT NULL,
  `user_id` bigint unsigned NOT NULL,
  `shipping_option` varchar(60) COLLATE utf8mb4_unicode_ci DEFAULT NULL,
  `shipping_method` varchar(60) COLLATE utf8mb4_unicode_ci NOT NULL DEFAULT 'default',
  `status` varchar(120) COLLATE utf8mb4_unicode_ci NOT NULL DEFAULT 'pending',
  `amount` decimal(15,2) NOT NULL,
  `tax_amount` decimal(15,2) DEFAULT NULL,
  `shipping_amount` decimal(15,2) DEFAULT NULL,
  `description` text COLLATE utf8mb4_unicode_ci,
  `coupon_code` varchar(120) COLLATE utf8mb4_unicode_ci DEFAULT NULL,
  `discount_amount` decimal(15,2) DEFAULT NULL,
  `sub_total` decimal(15,2) NOT NULL,
  `is_confirmed` tinyint(1) NOT NULL DEFAULT '0',
  `discount_description` varchar(191) COLLATE utf8mb4_unicode_ci DEFAULT NULL,
  `is_finished` tinyint(1) DEFAULT '0',
  `cancellation_reason` varchar(191) COLLATE utf8mb4_unicode_ci DEFAULT NULL,
  `cancellation_reason_description` varchar(191) COLLATE utf8mb4_unicode_ci DEFAULT NULL,
  `completed_at` timestamp NULL DEFAULT NULL,
  `token` varchar(120) COLLATE utf8mb4_unicode_ci DEFAULT NULL,
  `payment_id` bigint unsigned DEFAULT NULL,
  `created_at` timestamp NULL DEFAULT NULL,
  `updated_at` timestamp NULL DEFAULT NULL,
  `store_id` bigint unsigned DEFAULT NULL,
  `proof_file` varchar(191) COLLATE utf8mb4_unicode_ci DEFAULT NULL,
  `private_notes` text COLLATE utf8mb4_unicode_ci,
  PRIMARY KEY (`id`),
  UNIQUE KEY `ec_orders_code_unique` (`code`),
  KEY `ec_orders_user_id_status_created_at_index` (`user_id`,`status`,`created_at`)
) ENGINE=InnoDB DEFAULT CHARSET=utf8mb4 COLLATE=utf8mb4_unicode_ci;

--
-- Dumping data for table `ec_orders`
--


--
-- Table structure for table `ec_product_attribute_sets`
--

CREATE TABLE `ec_product_attribute_sets` (
  `id` bigint unsigned NOT NULL AUTO_INCREMENT,
  `title` varchar(120) COLLATE utf8mb4_unicode_ci NOT NULL,
  `slug` varchar(120) COLLATE utf8mb4_unicode_ci DEFAULT NULL,
  `display_layout` varchar(191) COLLATE utf8mb4_unicode_ci NOT NULL DEFAULT 'swatch_dropdown',
  `is_searchable` tinyint unsigned NOT NULL DEFAULT '1',
  `is_comparable` tinyint unsigned NOT NULL DEFAULT '1',
  `is_use_in_product_listing` tinyint unsigned NOT NULL DEFAULT '0',
  `status` varchar(60) COLLATE utf8mb4_unicode_ci NOT NULL DEFAULT 'published',
  `order` tinyint unsigned NOT NULL DEFAULT '0',
  `created_at` timestamp NULL DEFAULT NULL,
  `updated_at` timestamp NULL DEFAULT NULL,
  `use_image_from_product_variation` tinyint unsigned NOT NULL DEFAULT '0',
  PRIMARY KEY (`id`)
) ENGINE=InnoDB AUTO_INCREMENT=5 DEFAULT CHARSET=utf8mb4 COLLATE=utf8mb4_unicode_ci;

--
-- Dumping data for table `ec_product_attribute_sets`
--

INSERT INTO `ec_product_attribute_sets` VALUES (1,'Color','color','visual',1,1,1,'published',0,'2025-03-31 21:06:38','2025-03-31 21:06:38',0),(2,'Size','size','text',1,1,1,'published',1,'2025-03-31 21:06:38','2025-03-31 21:06:38',0),(3,'Weight','weight','text',1,1,1,'published',0,'2025-03-31 21:06:38','2025-03-31 21:06:38',0),(4,'Boxes','boxes','text',1,1,1,'published',1,'2025-03-31 21:06:38','2025-03-31 21:06:38',0);

--
-- Table structure for table `ec_product_attribute_sets_translations`
--

CREATE TABLE `ec_product_attribute_sets_translations` (
  `lang_code` varchar(191) COLLATE utf8mb4_unicode_ci NOT NULL,
  `ec_product_attribute_sets_id` bigint unsigned NOT NULL,
  `title` varchar(191) COLLATE utf8mb4_unicode_ci DEFAULT NULL,
  PRIMARY KEY (`lang_code`,`ec_product_attribute_sets_id`)
) ENGINE=InnoDB DEFAULT CHARSET=utf8mb4 COLLATE=utf8mb4_unicode_ci;

--
-- Dumping data for table `ec_product_attribute_sets_translations`
--


--
-- Table structure for table `ec_product_attributes`
--

CREATE TABLE `ec_product_attributes` (
  `id` bigint unsigned NOT NULL AUTO_INCREMENT,
  `attribute_set_id` bigint unsigned NOT NULL,
  `title` varchar(120) COLLATE utf8mb4_unicode_ci NOT NULL,
  `slug` varchar(120) COLLATE utf8mb4_unicode_ci DEFAULT NULL,
  `color` varchar(120) COLLATE utf8mb4_unicode_ci DEFAULT NULL,
  `image` varchar(191) COLLATE utf8mb4_unicode_ci DEFAULT NULL,
  `is_default` tinyint unsigned NOT NULL DEFAULT '0',
  `order` tinyint unsigned NOT NULL DEFAULT '0',
  `created_at` timestamp NULL DEFAULT NULL,
  `updated_at` timestamp NULL DEFAULT NULL,
  PRIMARY KEY (`id`),
  KEY `attribute_set_status_index` (`attribute_set_id`)
) ENGINE=InnoDB AUTO_INCREMENT=21 DEFAULT CHARSET=utf8mb4 COLLATE=utf8mb4_unicode_ci;

--
-- Dumping data for table `ec_product_attributes`
--

INSERT INTO `ec_product_attributes` VALUES (1,1,'Green','green','#5FB7D4',NULL,1,1,'2025-03-31 21:06:38','2025-03-31 21:06:38'),(2,1,'Blue','blue','#333333',NULL,0,2,'2025-03-31 21:06:38','2025-03-31 21:06:38'),(3,1,'Red','red','#DA323F',NULL,0,3,'2025-03-31 21:06:38','2025-03-31 21:06:38'),(4,1,'Black','black','#2F366C',NULL,0,4,'2025-03-31 21:06:38','2025-03-31 21:06:38'),(5,1,'Brown','brown','#87554B',NULL,0,5,'2025-03-31 21:06:38','2025-03-31 21:06:38'),(6,2,'S','s',NULL,NULL,1,1,'2025-03-31 21:06:38','2025-03-31 21:06:38'),(7,2,'M','m',NULL,NULL,0,2,'2025-03-31 21:06:38','2025-03-31 21:06:38'),(8,2,'L','l',NULL,NULL,0,3,'2025-03-31 21:06:38','2025-03-31 21:06:38'),(9,2,'XL','xl',NULL,NULL,0,4,'2025-03-31 21:06:38','2025-03-31 21:06:38'),(10,2,'XXL','xxl',NULL,NULL,0,5,'2025-03-31 21:06:38','2025-03-31 21:06:38'),(11,3,'1KG','1kg',NULL,NULL,1,1,'2025-03-31 21:06:38','2025-03-31 21:06:38'),(12,3,'2KG','2kg',NULL,NULL,0,2,'2025-03-31 21:06:38','2025-03-31 21:06:38'),(13,3,'3KG','3kg',NULL,NULL,0,3,'2025-03-31 21:06:38','2025-03-31 21:06:38'),(14,3,'4KG','4kg',NULL,NULL,0,4,'2025-03-31 21:06:38','2025-03-31 21:06:38'),(15,3,'5KG','5kg',NULL,NULL,0,5,'2025-03-31 21:06:38','2025-03-31 21:06:38'),(16,4,'1 Box','1-box',NULL,NULL,1,1,'2025-03-31 21:06:38','2025-03-31 21:06:38'),(17,4,'2 Boxes','2-boxes',NULL,NULL,0,2,'2025-03-31 21:06:38','2025-03-31 21:06:38'),(18,4,'3 Boxes','3-boxes',NULL,NULL,0,3,'2025-03-31 21:06:38','2025-03-31 21:06:38'),(19,4,'4 Boxes','4-boxes',NULL,NULL,0,4,'2025-03-31 21:06:38','2025-03-31 21:06:38'),(20,4,'5 Boxes','5-boxes',NULL,NULL,0,5,'2025-03-31 21:06:38','2025-03-31 21:06:38');

--
-- Table structure for table `ec_product_attributes_translations`
--

CREATE TABLE `ec_product_attributes_translations` (
  `lang_code` varchar(191) COLLATE utf8mb4_unicode_ci NOT NULL,
  `ec_product_attributes_id` bigint unsigned NOT NULL,
  `title` varchar(191) COLLATE utf8mb4_unicode_ci DEFAULT NULL,
  PRIMARY KEY (`lang_code`,`ec_product_attributes_id`)
) ENGINE=InnoDB DEFAULT CHARSET=utf8mb4 COLLATE=utf8mb4_unicode_ci;

--
-- Dumping data for table `ec_product_attributes_translations`
--


--
-- Table structure for table `ec_product_categories`
--

CREATE TABLE `ec_product_categories` (
  `id` bigint unsigned NOT NULL AUTO_INCREMENT,
  `name` varchar(191) COLLATE utf8mb4_unicode_ci NOT NULL,
  `parent_id` bigint unsigned NOT NULL DEFAULT '0',
  `description` mediumtext COLLATE utf8mb4_unicode_ci,
  `status` varchar(60) COLLATE utf8mb4_unicode_ci NOT NULL DEFAULT 'published',
  `order` int unsigned NOT NULL DEFAULT '0',
  `image` varchar(191) COLLATE utf8mb4_unicode_ci DEFAULT NULL,
  `is_featured` tinyint unsigned NOT NULL DEFAULT '0',
  `created_at` timestamp NULL DEFAULT NULL,
  `updated_at` timestamp NULL DEFAULT NULL,
  `icon` varchar(191) COLLATE utf8mb4_unicode_ci DEFAULT NULL,
  `icon_image` varchar(191) COLLATE utf8mb4_unicode_ci DEFAULT NULL,
  PRIMARY KEY (`id`),
  KEY `ec_product_categories_parent_id_status_created_at_index` (`parent_id`,`status`,`created_at`),
  KEY `ec_product_categories_parent_id_status_index` (`parent_id`,`status`)
) ENGINE=InnoDB AUTO_INCREMENT=39 DEFAULT CHARSET=utf8mb4 COLLATE=utf8mb4_unicode_ci;

--
-- Dumping data for table `ec_product_categories`
--

INSERT INTO `ec_product_categories` VALUES (1,'New Arrivals',0,NULL,'published',0,NULL,0,'2025-03-31 21:06:49','2025-03-31 21:06:49','ti ti-home',NULL),(2,'Electronics',0,NULL,'published',1,NULL,0,'2025-03-31 21:06:49','2025-03-31 21:06:49','ti ti-device-tv',NULL),(3,'Featured',2,NULL,'published',0,'main/product-categories/menu-1.jpg',0,'2025-03-31 21:06:49','2025-03-31 21:06:49',NULL,NULL),(4,'New Arrivals',3,NULL,'published',0,NULL,0,'2025-03-31 21:06:49','2025-03-31 21:06:49',NULL,NULL),(5,'Best Sellers',3,NULL,'published',1,NULL,0,'2025-03-31 21:06:49','2025-03-31 21:06:49',NULL,NULL),(6,'Mobile Phone',3,NULL,'published',2,'main/product-categories/2.png',1,'2025-03-31 21:06:49','2025-03-31 21:06:49',NULL,NULL),(7,'Computers & Laptops',2,NULL,'published',1,'main/product-categories/menu-2.jpg',1,'2025-03-31 21:06:49','2025-03-31 21:06:49',NULL,NULL),(8,'Top Brands',7,NULL,'published',0,NULL,0,'2025-03-31 21:06:49','2025-03-31 21:06:49',NULL,NULL),(9,'Weekly Best Selling',7,NULL,'published',1,NULL,0,'2025-03-31 21:06:49','2025-03-31 21:06:49',NULL,NULL),(10,'CPU Heat Pipes',7,NULL,'published',2,'main/product-categories/3.png',1,'2025-03-31 21:06:49','2025-03-31 21:06:49',NULL,NULL),(11,'CPU Coolers',7,NULL,'published',3,'main/product-categories/category-thumb-9.jpg',0,'2025-03-31 21:06:49','2025-03-31 21:06:49',NULL,NULL),(12,'Accessories',2,NULL,'published',2,'main/product-categories/menu-3.jpg',0,'2025-03-31 21:06:49','2025-03-31 21:06:49',NULL,NULL),(13,'Headphones',12,NULL,'published',0,'main/product-categories/1.png',1,'2025-03-31 21:06:49','2025-03-31 21:06:49',NULL,NULL),(14,'Wireless Headphones',12,NULL,'published',1,'main/product-categories/category-thumb-1.jpg',0,'2025-03-31 21:06:49','2025-03-31 21:06:49',NULL,NULL),(15,'TWS Earphones',12,NULL,'published',2,'main/product-categories/category-thumb-6.jpg',0,'2025-03-31 21:06:49','2025-03-31 21:06:49',NULL,NULL),(16,'Smart Watch',12,NULL,'published',3,'main/product-categories/4.png',1,'2025-03-31 21:06:49','2025-03-31 21:06:49',NULL,NULL),(17,'Gaming Console',2,NULL,'published',3,'main/product-categories/category-thumb-8.jpg',0,'2025-03-31 21:06:49','2025-03-31 21:06:49',NULL,NULL),(18,'Playstation',2,NULL,'published',4,'main/product-categories/category-thumb-12.jpg',0,'2025-03-31 21:06:49','2025-03-31 21:06:49',NULL,NULL),(19,'Gifts',0,NULL,'published',2,NULL,0,'2025-03-31 21:06:49','2025-03-31 21:06:49','ti ti-gift',NULL),(20,'Computers',0,NULL,'published',3,NULL,0,'2025-03-31 21:06:49','2025-03-31 21:06:49','ti ti-device-laptop',NULL),(21,'Desktop',20,NULL,'published',0,'main/product-categories/category-thumb-5.jpg',0,'2025-03-31 21:06:49','2025-03-31 21:06:49','ti ti-device-desktop',NULL),(22,'Laptop',20,NULL,'published',1,'main/product-categories/category-thumb-3.jpg',0,'2025-03-31 21:06:49','2025-03-31 21:06:49','ti ti-device-laptop',NULL),(23,'Tablet',20,NULL,'published',2,'main/product-categories/category-thumb-4.jpg',0,'2025-03-31 21:06:49','2025-03-31 21:06:49','ti ti-device-tablet',NULL),(24,'Accessories',20,NULL,'published',3,NULL,0,'2025-03-31 21:06:49','2025-03-31 21:06:49','ti ti-keyboard',NULL),(25,'Smartphones & Tablets',0,NULL,'published',4,'main/product-categories/category-thumb-10.jpg',0,'2025-03-31 21:06:49','2025-03-31 21:06:49','ti ti-device-mobile',NULL),(26,'TV,\n                Video & Music',0,NULL,'published',5,NULL,0,'2025-03-31 21:06:49','2025-03-31 21:06:49','ti ti-device-tv',NULL),(27,'Cameras',0,NULL,'published',6,NULL,0,'2025-03-31 21:06:49','2025-03-31 21:06:49','ti ti-camera',NULL),(28,'Cooking',0,NULL,'published',7,NULL,0,'2025-03-31 21:06:49','2025-03-31 21:06:49','ti ti-grill-spatula',NULL),(29,'Accessories',0,NULL,'published',8,NULL,0,'2025-03-31 21:06:49','2025-03-31 21:06:49','ti ti-building-store',NULL),(30,'With Bluetooth',29,NULL,'published',0,'main/product-categories/5.png',1,'2025-03-31 21:06:50','2025-03-31 21:06:50',NULL,NULL),(31,'Sports',0,NULL,'published',9,NULL,0,'2025-03-31 21:06:50','2025-03-31 21:06:50','ti ti-ball-football',NULL),(32,'Electronics Gadgets',0,NULL,'published',10,NULL,0,'2025-03-31 21:06:50','2025-03-31 21:06:50','ti ti-cpu-2',NULL),(33,'Micrscope',32,NULL,'published',0,NULL,0,'2025-03-31 21:06:50','2025-03-31 21:06:50',NULL,NULL),(34,'Remote Control',32,NULL,'published',1,NULL,0,'2025-03-31 21:06:50','2025-03-31 21:06:50',NULL,NULL),(35,'Monitor',32,NULL,'published',2,NULL,0,'2025-03-31 21:06:50','2025-03-31 21:06:50',NULL,NULL),(36,'Thermometer',32,NULL,'published',3,NULL,0,'2025-03-31 21:06:50','2025-03-31 21:06:50',NULL,NULL),(37,'Backpack',32,NULL,'published',4,NULL,0,'2025-03-31 21:06:50','2025-03-31 21:06:50',NULL,NULL),(38,'Headphones',32,NULL,'published',5,'main/product-categories/category-thumb-1.jpg',0,'2025-03-31 21:06:50','2025-03-31 21:06:50',NULL,NULL);

--
-- Table structure for table `ec_product_categories_translations`
--

CREATE TABLE `ec_product_categories_translations` (
  `lang_code` varchar(191) COLLATE utf8mb4_unicode_ci NOT NULL,
  `ec_product_categories_id` bigint unsigned NOT NULL,
  `name` varchar(191) COLLATE utf8mb4_unicode_ci DEFAULT NULL,
  `description` mediumtext COLLATE utf8mb4_unicode_ci,
  PRIMARY KEY (`lang_code`,`ec_product_categories_id`)
) ENGINE=InnoDB DEFAULT CHARSET=utf8mb4 COLLATE=utf8mb4_unicode_ci;

--
-- Dumping data for table `ec_product_categories_translations`
--


--
-- Table structure for table `ec_product_categorizables`
--

CREATE TABLE `ec_product_categorizables` (
  `category_id` bigint unsigned NOT NULL,
  `reference_id` bigint unsigned NOT NULL,
  `reference_type` varchar(120) COLLATE utf8mb4_unicode_ci NOT NULL,
  PRIMARY KEY (`category_id`,`reference_id`,`reference_type`),
  KEY `ec_product_categorizables_category_id_index` (`category_id`),
  KEY `ec_product_categorizables_reference_id_index` (`reference_id`),
  KEY `ec_product_categorizables_reference_type_index` (`reference_type`)
) ENGINE=InnoDB DEFAULT CHARSET=utf8mb4 COLLATE=utf8mb4_unicode_ci;

--
-- Dumping data for table `ec_product_categorizables`
--


--
-- Table structure for table `ec_product_category_product`
--

CREATE TABLE `ec_product_category_product` (
  `category_id` bigint unsigned NOT NULL,
  `product_id` bigint unsigned NOT NULL,
  PRIMARY KEY (`product_id`,`category_id`),
  KEY `ec_product_category_product_category_id_index` (`category_id`),
  KEY `ec_product_category_product_product_id_index` (`product_id`)
) ENGINE=InnoDB DEFAULT CHARSET=utf8mb4 COLLATE=utf8mb4_unicode_ci;

--
-- Dumping data for table `ec_product_category_product`
--

INSERT INTO `ec_product_category_product` VALUES (1,27),(1,29),(1,31),(1,35),(1,36),(1,38),(1,54),(1,57),(2,1),(2,9),(2,23),(2,36),(2,44),(2,50),(3,7),(3,8),(3,18),(3,22),(3,25),(4,2),(4,14),(4,20),(4,25),(4,26),(4,32),(5,4),(5,8),(5,12),(5,26),(5,30),(5,36),(6,5),(6,23),(6,48),(7,4),(7,17),(7,35),(7,37),(7,38),(7,40),(8,3),(8,12),(8,20),(8,21),(8,30),(8,32),(8,33),(8,44),(9,54),(10,7),(10,10),(10,13),(10,39),(10,49),(11,2),(11,14),(11,24),(11,28),(11,38),(11,55),(12,8),(13,17),(13,55),(13,57),(14,6),(14,23),(14,41),(14,44),(14,50),(14,51),(14,52),(14,55),(15,8),(15,29),(15,37),(16,15),(16,24),(16,27),(16,41),(17,3),(17,4),(17,6),(17,15),(17,18),(17,26),(17,37),(17,43),(17,48),(17,52),(18,1),(18,5),(18,7),(18,10),(18,12),(18,15),(18,43),(19,14),(19,42),(20,18),(20,21),(20,25),(20,35),(20,44),(20,52),(21,1),(21,10),(21,13),(21,17),(21,28),(21,30),(21,36),(21,37),(21,39),(21,41),(21,43),(21,46),(21,56),(22,16),(22,33),(22,39),(22,42),(22,47),(22,48),(22,53),(23,4),(23,5),(23,11),(23,31),(23,42),(24,2),(24,3),(24,6),(24,16),(24,19),(24,21),(24,25),(24,34),(24,40),(24,49),(24,57),(25,7),(25,20),(25,39),(25,49),(25,53),(26,14),(26,28),(26,40),(26,51),(26,53),(26,57),(27,24),(27,34),(27,35),(27,45),(27,46),(27,53),(27,54),(28,13),(28,24),(28,45),(28,50),(29,2),(29,3),(29,9),(29,16),(29,17),(29,19),(29,31),(29,45),(29,55),(30,46),(30,52),(30,56),(31,9),(31,11),(31,15),(31,23),(31,26),(31,27),(31,28),(31,32),(32,13),(32,20),(32,30),(32,41),(32,50),(33,11),(33,19),(33,34),(33,47),(33,49),(34,16),(34,21),(34,33),(34,34),(34,47),(34,51),(35,10),(35,11),(35,18),(35,22),(35,29),(35,51),(36,12),(36,22),(36,31),(36,42),(36,46),(36,56),(37,1),(37,5),(37,19),(37,32),(37,33),(37,43),(37,56),(38,6),(38,9),(38,22),(38,27),(38,29),(38,38),(38,40),(38,45),(38,47),(38,48),(38,54);

--
-- Table structure for table `ec_product_collection_products`
--

CREATE TABLE `ec_product_collection_products` (
  `product_collection_id` bigint unsigned NOT NULL,
  `product_id` bigint unsigned NOT NULL,
  PRIMARY KEY (`product_id`,`product_collection_id`),
  KEY `ec_product_collection_products_product_collection_id_index` (`product_collection_id`),
  KEY `ec_product_collection_products_product_id_index` (`product_id`)
) ENGINE=InnoDB DEFAULT CHARSET=utf8mb4 COLLATE=utf8mb4_unicode_ci;

--
-- Dumping data for table `ec_product_collection_products`
--

INSERT INTO `ec_product_collection_products` VALUES (1,5),(1,6),(1,16),(1,18),(1,23),(1,26),(1,30),(1,33),(1,37),(1,49),(1,50),(1,52),(2,1),(2,3),(2,4),(2,10),(2,12),(2,14),(2,22),(2,24),(2,35),(2,36),(2,38),(2,39),(2,40),(2,45),(2,46),(3,9),(3,11),(3,15),(3,21),(3,28),(3,29),(3,31),(3,34),(3,42),(3,43),(3,48),(3,53),(3,55),(3,57),(4,2),(4,7),(4,8),(4,13),(4,17),(4,19),(4,20),(4,25),(4,27),(4,32),(4,41),(4,44),(4,47),(4,51),(4,54),(4,56);

--
-- Table structure for table `ec_product_collections`
--

CREATE TABLE `ec_product_collections` (
  `id` bigint unsigned NOT NULL AUTO_INCREMENT,
  `name` varchar(191) COLLATE utf8mb4_unicode_ci NOT NULL,
  `slug` varchar(191) COLLATE utf8mb4_unicode_ci NOT NULL,
  `description` varchar(400) COLLATE utf8mb4_unicode_ci DEFAULT NULL,
  `image` varchar(191) COLLATE utf8mb4_unicode_ci DEFAULT NULL,
  `status` varchar(60) COLLATE utf8mb4_unicode_ci NOT NULL DEFAULT 'published',
  `created_at` timestamp NULL DEFAULT NULL,
  `updated_at` timestamp NULL DEFAULT NULL,
  `is_featured` tinyint unsigned NOT NULL DEFAULT '0',
  PRIMARY KEY (`id`)
) ENGINE=InnoDB AUTO_INCREMENT=5 DEFAULT CHARSET=utf8mb4 COLLATE=utf8mb4_unicode_ci;

--
-- Dumping data for table `ec_product_collections`
--

INSERT INTO `ec_product_collections` VALUES (1,'Weekly Gadget Spotlight','weekly-gadget-spotlight',NULL,NULL,'published','2025-03-31 21:06:50','2025-03-31 21:06:50',0),(2,'Electronics Trendsetters','electronics-trendsetters',NULL,NULL,'published','2025-03-31 21:06:50','2025-03-31 21:06:50',0),(3,'Digital Workspace Gear','digital-workspace-gear',NULL,NULL,'published','2025-03-31 21:06:50','2025-03-31 21:06:50',0),(4,'Cutting-Edge Tech Showcase','cutting-edge-tech-showcase',NULL,NULL,'published','2025-03-31 21:06:50','2025-03-31 21:06:50',0);

--
-- Table structure for table `ec_product_collections_translations`
--

CREATE TABLE `ec_product_collections_translations` (
  `lang_code` varchar(191) COLLATE utf8mb4_unicode_ci NOT NULL,
  `ec_product_collections_id` bigint unsigned NOT NULL,
  `name` varchar(191) COLLATE utf8mb4_unicode_ci DEFAULT NULL,
  `description` varchar(400) COLLATE utf8mb4_unicode_ci DEFAULT NULL,
  PRIMARY KEY (`lang_code`,`ec_product_collections_id`)
) ENGINE=InnoDB DEFAULT CHARSET=utf8mb4 COLLATE=utf8mb4_unicode_ci;

--
-- Dumping data for table `ec_product_collections_translations`
--


--
-- Table structure for table `ec_product_cross_sale_relations`
--

CREATE TABLE `ec_product_cross_sale_relations` (
  `from_product_id` bigint unsigned NOT NULL,
  `to_product_id` bigint unsigned NOT NULL,
  `is_variant` tinyint(1) NOT NULL DEFAULT '0',
  `price` decimal(15,2) DEFAULT '0.00',
  `price_type` varchar(191) COLLATE utf8mb4_unicode_ci NOT NULL DEFAULT 'fixed',
  `apply_to_all_variations` tinyint(1) NOT NULL DEFAULT '1',
  PRIMARY KEY (`from_product_id`,`to_product_id`),
  KEY `ec_product_cross_sale_relations_from_product_id_index` (`from_product_id`),
  KEY `ec_product_cross_sale_relations_to_product_id_index` (`to_product_id`)
) ENGINE=InnoDB DEFAULT CHARSET=utf8mb4 COLLATE=utf8mb4_unicode_ci;

--
-- Dumping data for table `ec_product_cross_sale_relations`
--

INSERT INTO `ec_product_cross_sale_relations` VALUES (1,12,0,0.00,'fixed',1),(1,27,0,0.00,'fixed',1),(1,39,0,0.00,'fixed',1),(1,40,0,0.00,'fixed',1),(1,42,0,0.00,'fixed',1),(1,46,0,0.00,'fixed',1),(1,57,0,0.00,'fixed',1),(2,7,0,0.00,'fixed',1),(2,9,0,0.00,'fixed',1),(2,25,0,0.00,'fixed',1),(2,28,0,0.00,'fixed',1),(2,30,0,0.00,'fixed',1),(2,51,0,0.00,'fixed',1),(2,52,0,0.00,'fixed',1),(3,15,0,0.00,'fixed',1),(3,35,0,0.00,'fixed',1),(3,38,0,0.00,'fixed',1),(3,41,0,0.00,'fixed',1),(3,45,0,0.00,'fixed',1),(3,55,0,0.00,'fixed',1),(4,6,0,0.00,'fixed',1),(4,13,0,0.00,'fixed',1),(4,20,0,0.00,'fixed',1),(4,21,0,0.00,'fixed',1),(4,40,0,0.00,'fixed',1),(4,46,0,0.00,'fixed',1),(4,57,0,0.00,'fixed',1),(5,9,0,0.00,'fixed',1),(5,23,0,0.00,'fixed',1),(5,25,0,0.00,'fixed',1),(5,40,0,0.00,'fixed',1),(5,46,0,0.00,'fixed',1),(6,11,0,0.00,'fixed',1),(6,31,0,0.00,'fixed',1),(6,41,0,0.00,'fixed',1),(6,44,0,0.00,'fixed',1),(6,46,0,0.00,'fixed',1),(6,52,0,0.00,'fixed',1),(6,55,0,0.00,'fixed',1),(7,13,0,0.00,'fixed',1),(7,16,0,0.00,'fixed',1),(7,21,0,0.00,'fixed',1),(7,26,0,0.00,'fixed',1),(7,41,0,0.00,'fixed',1),(7,44,0,0.00,'fixed',1),(7,54,0,0.00,'fixed',1),(8,15,0,0.00,'fixed',1),(8,16,0,0.00,'fixed',1),(8,17,0,0.00,'fixed',1),(8,21,0,0.00,'fixed',1),(8,33,0,0.00,'fixed',1),(8,41,0,0.00,'fixed',1),(8,56,0,0.00,'fixed',1),(9,7,0,0.00,'fixed',1),(9,23,0,0.00,'fixed',1),(9,30,0,0.00,'fixed',1),(9,34,0,0.00,'fixed',1),(9,37,0,0.00,'fixed',1),(9,45,0,0.00,'fixed',1),(10,14,0,0.00,'fixed',1),(10,15,0,0.00,'fixed',1),(10,16,0,0.00,'fixed',1),(10,17,0,0.00,'fixed',1),(10,37,0,0.00,'fixed',1),(10,42,0,0.00,'fixed',1),(10,50,0,0.00,'fixed',1),(11,14,0,0.00,'fixed',1),(11,21,0,0.00,'fixed',1),(11,24,0,0.00,'fixed',1),(11,25,0,0.00,'fixed',1),(11,38,0,0.00,'fixed',1),(11,41,0,0.00,'fixed',1),(11,44,0,0.00,'fixed',1),(12,6,0,0.00,'fixed',1),(12,8,0,0.00,'fixed',1),(12,21,0,0.00,'fixed',1),(12,24,0,0.00,'fixed',1),(12,27,0,0.00,'fixed',1),(12,36,0,0.00,'fixed',1),(12,38,0,0.00,'fixed',1),(13,11,0,0.00,'fixed',1),(13,20,0,0.00,'fixed',1),(13,29,0,0.00,'fixed',1),(13,31,0,0.00,'fixed',1),(13,45,0,0.00,'fixed',1),(13,52,0,0.00,'fixed',1),(13,53,0,0.00,'fixed',1),(14,21,0,0.00,'fixed',1),(14,31,0,0.00,'fixed',1),(14,36,0,0.00,'fixed',1),(14,39,0,0.00,'fixed',1),(14,41,0,0.00,'fixed',1),(14,46,0,0.00,'fixed',1),(14,50,0,0.00,'fixed',1),(15,4,0,0.00,'fixed',1),(15,14,0,0.00,'fixed',1),(15,17,0,0.00,'fixed',1),(15,21,0,0.00,'fixed',1),(15,27,0,0.00,'fixed',1),(15,28,0,0.00,'fixed',1),(15,53,0,0.00,'fixed',1),(16,2,0,0.00,'fixed',1),(16,33,0,0.00,'fixed',1),(16,41,0,0.00,'fixed',1),(16,44,0,0.00,'fixed',1),(16,45,0,0.00,'fixed',1),(16,56,0,0.00,'fixed',1),(17,6,0,0.00,'fixed',1),(17,19,0,0.00,'fixed',1),(17,22,0,0.00,'fixed',1),(17,23,0,0.00,'fixed',1),(17,26,0,0.00,'fixed',1),(17,35,0,0.00,'fixed',1),(17,55,0,0.00,'fixed',1),(18,5,0,0.00,'fixed',1),(18,8,0,0.00,'fixed',1),(18,13,0,0.00,'fixed',1),(18,20,0,0.00,'fixed',1),(18,26,0,0.00,'fixed',1),(18,28,0,0.00,'fixed',1),(18,34,0,0.00,'fixed',1),(19,2,0,0.00,'fixed',1),(19,24,0,0.00,'fixed',1),(19,29,0,0.00,'fixed',1),(19,32,0,0.00,'fixed',1),(19,36,0,0.00,'fixed',1),(19,48,0,0.00,'fixed',1),(20,9,0,0.00,'fixed',1),(20,25,0,0.00,'fixed',1),(20,31,0,0.00,'fixed',1),(20,32,0,0.00,'fixed',1),(20,38,0,0.00,'fixed',1),(20,40,0,0.00,'fixed',1),(20,48,0,0.00,'fixed',1),(21,9,0,0.00,'fixed',1),(21,10,0,0.00,'fixed',1),(21,11,0,0.00,'fixed',1),(21,15,0,0.00,'fixed',1),(21,18,0,0.00,'fixed',1),(21,24,0,0.00,'fixed',1),(21,53,0,0.00,'fixed',1),(22,19,0,0.00,'fixed',1),(22,20,0,0.00,'fixed',1),(22,30,0,0.00,'fixed',1),(22,44,0,0.00,'fixed',1),(22,50,0,0.00,'fixed',1),(22,54,0,0.00,'fixed',1),(23,2,0,0.00,'fixed',1),(23,4,0,0.00,'fixed',1),(23,14,0,0.00,'fixed',1),(23,25,0,0.00,'fixed',1),(23,31,0,0.00,'fixed',1),(23,35,0,0.00,'fixed',1),(23,43,0,0.00,'fixed',1),(24,2,0,0.00,'fixed',1),(24,11,0,0.00,'fixed',1),(24,12,0,0.00,'fixed',1),(24,21,0,0.00,'fixed',1),(24,38,0,0.00,'fixed',1),(24,40,0,0.00,'fixed',1),(24,43,0,0.00,'fixed',1),(25,2,0,0.00,'fixed',1),(25,4,0,0.00,'fixed',1),(25,18,0,0.00,'fixed',1),(25,21,0,0.00,'fixed',1),(25,31,0,0.00,'fixed',1),(25,33,0,0.00,'fixed',1),(26,4,0,0.00,'fixed',1),(26,12,0,0.00,'fixed',1),(26,21,0,0.00,'fixed',1),(26,23,0,0.00,'fixed',1),(26,28,0,0.00,'fixed',1),(26,44,0,0.00,'fixed',1),(26,56,0,0.00,'fixed',1),(27,3,0,0.00,'fixed',1),(27,5,0,0.00,'fixed',1),(27,8,0,0.00,'fixed',1),(27,25,0,0.00,'fixed',1),(27,26,0,0.00,'fixed',1),(27,41,0,0.00,'fixed',1),(27,50,0,0.00,'fixed',1),(28,2,0,0.00,'fixed',1),(28,11,0,0.00,'fixed',1),(28,34,0,0.00,'fixed',1),(28,35,0,0.00,'fixed',1),(28,36,0,0.00,'fixed',1),(28,37,0,0.00,'fixed',1),(28,50,0,0.00,'fixed',1),(29,10,0,0.00,'fixed',1),(29,11,0,0.00,'fixed',1),(29,18,0,0.00,'fixed',1),(29,25,0,0.00,'fixed',1),(29,28,0,0.00,'fixed',1),(29,34,0,0.00,'fixed',1),(29,39,0,0.00,'fixed',1),(30,8,0,0.00,'fixed',1),(30,9,0,0.00,'fixed',1),(30,39,0,0.00,'fixed',1),(30,48,0,0.00,'fixed',1),(30,49,0,0.00,'fixed',1),(30,51,0,0.00,'fixed',1),(30,56,0,0.00,'fixed',1),(31,7,0,0.00,'fixed',1),(31,29,0,0.00,'fixed',1),(31,35,0,0.00,'fixed',1),(31,36,0,0.00,'fixed',1),(31,46,0,0.00,'fixed',1),(31,48,0,0.00,'fixed',1),(31,53,0,0.00,'fixed',1),(32,2,0,0.00,'fixed',1),(32,5,0,0.00,'fixed',1),(32,22,0,0.00,'fixed',1),(32,36,0,0.00,'fixed',1),(32,39,0,0.00,'fixed',1),(32,50,0,0.00,'fixed',1),(33,3,0,0.00,'fixed',1),(33,9,0,0.00,'fixed',1),(33,13,0,0.00,'fixed',1),(33,14,0,0.00,'fixed',1),(33,34,0,0.00,'fixed',1),(33,46,0,0.00,'fixed',1),(33,53,0,0.00,'fixed',1),(34,2,0,0.00,'fixed',1),(34,17,0,0.00,'fixed',1),(34,26,0,0.00,'fixed',1),(34,27,0,0.00,'fixed',1),(34,29,0,0.00,'fixed',1),(34,49,0,0.00,'fixed',1),(34,56,0,0.00,'fixed',1),(35,2,0,0.00,'fixed',1),(35,28,0,0.00,'fixed',1),(35,31,0,0.00,'fixed',1),(35,43,0,0.00,'fixed',1),(35,46,0,0.00,'fixed',1),(35,49,0,0.00,'fixed',1),(35,50,0,0.00,'fixed',1),(36,1,0,0.00,'fixed',1),(36,14,0,0.00,'fixed',1),(36,30,0,0.00,'fixed',1),(36,35,0,0.00,'fixed',1),(36,54,0,0.00,'fixed',1),(36,55,0,0.00,'fixed',1),(37,14,0,0.00,'fixed',1),(37,16,0,0.00,'fixed',1),(37,31,0,0.00,'fixed',1),(37,38,0,0.00,'fixed',1),(37,41,0,0.00,'fixed',1),(37,43,0,0.00,'fixed',1),(37,48,0,0.00,'fixed',1),(38,7,0,0.00,'fixed',1),(38,10,0,0.00,'fixed',1),(38,29,0,0.00,'fixed',1),(38,30,0,0.00,'fixed',1),(38,33,0,0.00,'fixed',1),(38,40,0,0.00,'fixed',1),(38,45,0,0.00,'fixed',1),(39,2,0,0.00,'fixed',1),(39,29,0,0.00,'fixed',1),(39,30,0,0.00,'fixed',1),(39,31,0,0.00,'fixed',1),(39,32,0,0.00,'fixed',1),(39,45,0,0.00,'fixed',1),(40,8,0,0.00,'fixed',1),(40,12,0,0.00,'fixed',1),(40,16,0,0.00,'fixed',1),(40,24,0,0.00,'fixed',1),(40,51,0,0.00,'fixed',1),(40,53,0,0.00,'fixed',1),(40,56,0,0.00,'fixed',1),(41,9,0,0.00,'fixed',1),(41,20,0,0.00,'fixed',1),(41,28,0,0.00,'fixed',1),(41,29,0,0.00,'fixed',1),(41,35,0,0.00,'fixed',1),(41,48,0,0.00,'fixed',1),(41,51,0,0.00,'fixed',1),(42,26,0,0.00,'fixed',1),(42,28,0,0.00,'fixed',1),(42,29,0,0.00,'fixed',1),(42,49,0,0.00,'fixed',1),(42,57,0,0.00,'fixed',1),(43,5,0,0.00,'fixed',1),(43,17,0,0.00,'fixed',1),(43,35,0,0.00,'fixed',1),(43,41,0,0.00,'fixed',1),(43,46,0,0.00,'fixed',1),(43,47,0,0.00,'fixed',1),(44,1,0,0.00,'fixed',1),(44,12,0,0.00,'fixed',1),(44,21,0,0.00,'fixed',1),(44,30,0,0.00,'fixed',1),(44,32,0,0.00,'fixed',1),(44,37,0,0.00,'fixed',1),(44,38,0,0.00,'fixed',1),(45,5,0,0.00,'fixed',1),(45,7,0,0.00,'fixed',1),(45,13,0,0.00,'fixed',1),(45,26,0,0.00,'fixed',1),(45,27,0,0.00,'fixed',1),(45,31,0,0.00,'fixed',1),(45,48,0,0.00,'fixed',1),(46,5,0,0.00,'fixed',1),(46,11,0,0.00,'fixed',1),(46,21,0,0.00,'fixed',1),(46,30,0,0.00,'fixed',1),(46,47,0,0.00,'fixed',1),(46,49,0,0.00,'fixed',1),(46,55,0,0.00,'fixed',1),(47,9,0,0.00,'fixed',1),(47,12,0,0.00,'fixed',1),(47,27,0,0.00,'fixed',1),(47,28,0,0.00,'fixed',1),(47,43,0,0.00,'fixed',1),(47,46,0,0.00,'fixed',1),(47,55,0,0.00,'fixed',1),(48,23,0,0.00,'fixed',1),(48,24,0,0.00,'fixed',1),(48,28,0,0.00,'fixed',1),(48,31,0,0.00,'fixed',1),(48,33,0,0.00,'fixed',1),(48,56,0,0.00,'fixed',1),(48,57,0,0.00,'fixed',1),(49,9,0,0.00,'fixed',1),(49,17,0,0.00,'fixed',1),(49,42,0,0.00,'fixed',1),(49,48,0,0.00,'fixed',1),(49,52,0,0.00,'fixed',1),(49,53,0,0.00,'fixed',1),(50,24,0,0.00,'fixed',1),(50,32,0,0.00,'fixed',1),(50,37,0,0.00,'fixed',1),(50,39,0,0.00,'fixed',1),(50,40,0,0.00,'fixed',1),(50,49,0,0.00,'fixed',1),(50,54,0,0.00,'fixed',1),(51,2,0,0.00,'fixed',1),(51,5,0,0.00,'fixed',1),(51,17,0,0.00,'fixed',1),(51,23,0,0.00,'fixed',1),(51,24,0,0.00,'fixed',1),(51,37,0,0.00,'fixed',1),(51,46,0,0.00,'fixed',1),(52,10,0,0.00,'fixed',1),(52,12,0,0.00,'fixed',1),(52,20,0,0.00,'fixed',1),(52,24,0,0.00,'fixed',1),(52,26,0,0.00,'fixed',1),(52,53,0,0.00,'fixed',1),(53,23,0,0.00,'fixed',1),(53,29,0,0.00,'fixed',1),(53,32,0,0.00,'fixed',1),(53,40,0,0.00,'fixed',1),(53,41,0,0.00,'fixed',1),(53,43,0,0.00,'fixed',1),(53,49,0,0.00,'fixed',1),(54,8,0,0.00,'fixed',1),(54,19,0,0.00,'fixed',1),(54,22,0,0.00,'fixed',1),(54,33,0,0.00,'fixed',1),(54,52,0,0.00,'fixed',1),(54,55,0,0.00,'fixed',1),(55,2,0,0.00,'fixed',1),(55,4,0,0.00,'fixed',1),(55,8,0,0.00,'fixed',1),(55,25,0,0.00,'fixed',1),(55,45,0,0.00,'fixed',1),(55,48,0,0.00,'fixed',1),(55,53,0,0.00,'fixed',1),(56,3,0,0.00,'fixed',1),(56,5,0,0.00,'fixed',1),(56,17,0,0.00,'fixed',1),(56,21,0,0.00,'fixed',1),(56,52,0,0.00,'fixed',1),(56,53,0,0.00,'fixed',1),(56,55,0,0.00,'fixed',1),(57,7,0,0.00,'fixed',1),(57,12,0,0.00,'fixed',1),(57,14,0,0.00,'fixed',1),(57,38,0,0.00,'fixed',1),(57,45,0,0.00,'fixed',1),(57,50,0,0.00,'fixed',1),(57,53,0,0.00,'fixed',1);

--
-- Table structure for table `ec_product_files`
--

CREATE TABLE `ec_product_files` (
  `id` bigint unsigned NOT NULL AUTO_INCREMENT,
  `product_id` bigint unsigned DEFAULT NULL,
  `url` varchar(400) COLLATE utf8mb4_unicode_ci DEFAULT NULL,
  `extras` mediumtext COLLATE utf8mb4_unicode_ci,
  `created_at` timestamp NULL DEFAULT NULL,
  `updated_at` timestamp NULL DEFAULT NULL,
  PRIMARY KEY (`id`),
  KEY `ec_product_files_product_id_index` (`product_id`)
) ENGINE=InnoDB AUTO_INCREMENT=41 DEFAULT CHARSET=utf8mb4 COLLATE=utf8mb4_unicode_ci;

--
-- Dumping data for table `ec_product_files`
--

INSERT INTO `ec_product_files` VALUES (1,4,'ecommerce/digital-product-files/product-2.jpg','{\"filename\":\"product-2.jpg\",\"url\":\"ecommerce\\/digital-product-files\\/product-2.jpg\",\"mime_type\":\"image\\/jpeg\",\"size\":9803,\"modified\":\"2025-04-01 04:06:53\",\"name\":\"product-2\",\"extension\":\"jpg\"}','2025-03-31 21:06:53','2025-03-31 21:06:53'),(2,4,'ecommerce/digital-product-files/product-details-desc-1.jpg','{\"filename\":\"product-details-desc-1.jpg\",\"url\":\"ecommerce\\/digital-product-files\\/product-details-desc-1.jpg\",\"mime_type\":\"image\\/jpeg\",\"size\":9803,\"modified\":\"2025-04-01 04:06:53\",\"name\":\"product-details-desc-1\",\"extension\":\"jpg\"}','2025-03-31 21:06:53','2025-03-31 21:06:53'),(3,8,'ecommerce/digital-product-files/product-8.jpg','{\"filename\":\"product-8.jpg\",\"url\":\"ecommerce\\/digital-product-files\\/product-8.jpg\",\"mime_type\":\"image\\/jpeg\",\"size\":9803,\"modified\":\"2025-04-01 04:06:53\",\"name\":\"product-8\",\"extension\":\"jpg\"}','2025-03-31 21:06:53','2025-03-31 21:06:53'),(4,8,'ecommerce/digital-product-files/product-11.jpg','{\"filename\":\"product-11.jpg\",\"url\":\"ecommerce\\/digital-product-files\\/product-11.jpg\",\"mime_type\":\"image\\/jpeg\",\"size\":9803,\"modified\":\"2025-04-01 04:06:53\",\"name\":\"product-11\",\"extension\":\"jpg\"}','2025-03-31 21:06:53','2025-03-31 21:06:53'),(5,12,'ecommerce/digital-product-files/product-5.jpg','{\"filename\":\"product-5.jpg\",\"url\":\"ecommerce\\/digital-product-files\\/product-5.jpg\",\"mime_type\":\"image\\/jpeg\",\"size\":9803,\"modified\":\"2025-04-01 04:06:53\",\"name\":\"product-5\",\"extension\":\"jpg\"}','2025-03-31 21:06:53','2025-03-31 21:06:53'),(6,12,'ecommerce/digital-product-files/product-9.jpg','{\"filename\":\"product-9.jpg\",\"url\":\"ecommerce\\/digital-product-files\\/product-9.jpg\",\"mime_type\":\"image\\/jpeg\",\"size\":9803,\"modified\":\"2025-04-01 04:06:53\",\"name\":\"product-9\",\"extension\":\"jpg\"}','2025-03-31 21:06:53','2025-03-31 21:06:53'),(7,16,'ecommerce/digital-product-files/product-7.jpg','{\"filename\":\"product-7.jpg\",\"url\":\"ecommerce\\/digital-product-files\\/product-7.jpg\",\"mime_type\":\"image\\/jpeg\",\"size\":9803,\"modified\":\"2025-04-01 04:06:53\",\"name\":\"product-7\",\"extension\":\"jpg\"}','2025-03-31 21:06:53','2025-03-31 21:06:53'),(8,16,'ecommerce/digital-product-files/product-17.jpg','{\"filename\":\"product-17.jpg\",\"url\":\"ecommerce\\/digital-product-files\\/product-17.jpg\",\"mime_type\":\"image\\/jpeg\",\"size\":9803,\"modified\":\"2025-04-01 04:06:53\",\"name\":\"product-17\",\"extension\":\"jpg\"}','2025-03-31 21:06:53','2025-03-31 21:06:53'),(9,20,'ecommerce/digital-product-files/product-20.jpg','{\"filename\":\"product-20.jpg\",\"url\":\"ecommerce\\/digital-product-files\\/product-20.jpg\",\"mime_type\":\"image\\/jpeg\",\"size\":9803,\"modified\":\"2025-04-01 04:06:53\",\"name\":\"product-20\",\"extension\":\"jpg\"}','2025-03-31 21:06:53','2025-03-31 21:06:53'),(10,20,'ecommerce/digital-product-files/product-5.jpg','{\"filename\":\"product-5.jpg\",\"url\":\"ecommerce\\/digital-product-files\\/product-5.jpg\",\"mime_type\":\"image\\/jpeg\",\"size\":9803,\"modified\":\"2025-04-01 04:06:53\",\"name\":\"product-5\",\"extension\":\"jpg\"}','2025-03-31 21:06:53','2025-03-31 21:06:53'),(11,24,'ecommerce/digital-product-files/product-5.jpg','{\"filename\":\"product-5.jpg\",\"url\":\"ecommerce\\/digital-product-files\\/product-5.jpg\",\"mime_type\":\"image\\/jpeg\",\"size\":9803,\"modified\":\"2025-04-01 04:06:53\",\"name\":\"product-5\",\"extension\":\"jpg\"}','2025-03-31 21:06:53','2025-03-31 21:06:53'),(12,24,'ecommerce/digital-product-files/product-3.jpg','{\"filename\":\"product-3.jpg\",\"url\":\"ecommerce\\/digital-product-files\\/product-3.jpg\",\"mime_type\":\"image\\/jpeg\",\"size\":9803,\"modified\":\"2025-04-01 04:06:53\",\"name\":\"product-3\",\"extension\":\"jpg\"}','2025-03-31 21:06:53','2025-03-31 21:06:53'),(13,28,'ecommerce/digital-product-files/product-1.jpg','{\"filename\":\"product-1.jpg\",\"url\":\"ecommerce\\/digital-product-files\\/product-1.jpg\",\"mime_type\":\"image\\/jpeg\",\"size\":9803,\"modified\":\"2025-04-01 04:06:53\",\"name\":\"product-1\",\"extension\":\"jpg\"}','2025-03-31 21:06:53','2025-03-31 21:06:53'),(14,28,'ecommerce/digital-product-files/product-5.jpg','{\"filename\":\"product-5.jpg\",\"url\":\"ecommerce\\/digital-product-files\\/product-5.jpg\",\"mime_type\":\"image\\/jpeg\",\"size\":9803,\"modified\":\"2025-04-01 04:06:53\",\"name\":\"product-5\",\"extension\":\"jpg\"}','2025-03-31 21:06:53','2025-03-31 21:06:53'),(15,32,'ecommerce/digital-product-files/product-7.jpg','{\"filename\":\"product-7.jpg\",\"url\":\"ecommerce\\/digital-product-files\\/product-7.jpg\",\"mime_type\":\"image\\/jpeg\",\"size\":9803,\"modified\":\"2025-04-01 04:06:53\",\"name\":\"product-7\",\"extension\":\"jpg\"}','2025-03-31 21:06:53','2025-03-31 21:06:53'),(16,32,'ecommerce/digital-product-files/product-14.jpg','{\"filename\":\"product-14.jpg\",\"url\":\"ecommerce\\/digital-product-files\\/product-14.jpg\",\"mime_type\":\"image\\/jpeg\",\"size\":9803,\"modified\":\"2025-04-01 04:06:53\",\"name\":\"product-14\",\"extension\":\"jpg\"}','2025-03-31 21:06:53','2025-03-31 21:06:53'),(17,36,'ecommerce/digital-product-files/product-14.jpg','{\"filename\":\"product-14.jpg\",\"url\":\"ecommerce\\/digital-product-files\\/product-14.jpg\",\"mime_type\":\"image\\/jpeg\",\"size\":9803,\"modified\":\"2025-04-01 04:06:53\",\"name\":\"product-14\",\"extension\":\"jpg\"}','2025-03-31 21:06:53','2025-03-31 21:06:53'),(18,36,'ecommerce/digital-product-files/product-4.jpg','{\"filename\":\"product-4.jpg\",\"url\":\"ecommerce\\/digital-product-files\\/product-4.jpg\",\"mime_type\":\"image\\/jpeg\",\"size\":9803,\"modified\":\"2025-04-01 04:06:53\",\"name\":\"product-4\",\"extension\":\"jpg\"}','2025-03-31 21:06:53','2025-03-31 21:06:53'),(19,40,'ecommerce/digital-product-files/product-16.jpg','{\"filename\":\"product-16.jpg\",\"url\":\"ecommerce\\/digital-product-files\\/product-16.jpg\",\"mime_type\":\"image\\/jpeg\",\"size\":9803,\"modified\":\"2025-04-01 04:06:53\",\"name\":\"product-16\",\"extension\":\"jpg\"}','2025-03-31 21:06:53','2025-03-31 21:06:53'),(20,40,'ecommerce/digital-product-files/product-4.jpg','{\"filename\":\"product-4.jpg\",\"url\":\"ecommerce\\/digital-product-files\\/product-4.jpg\",\"mime_type\":\"image\\/jpeg\",\"size\":9803,\"modified\":\"2025-04-01 04:06:53\",\"name\":\"product-4\",\"extension\":\"jpg\"}','2025-03-31 21:06:53','2025-03-31 21:06:53'),(21,44,'ecommerce/digital-product-files/product-2.jpg','{\"filename\":\"product-2.jpg\",\"url\":\"ecommerce\\/digital-product-files\\/product-2.jpg\",\"mime_type\":\"image\\/jpeg\",\"size\":9803,\"modified\":\"2025-04-01 04:06:53\",\"name\":\"product-2\",\"extension\":\"jpg\"}','2025-03-31 21:06:53','2025-03-31 21:06:53'),(22,44,'ecommerce/digital-product-files/product-16.jpg','{\"filename\":\"product-16.jpg\",\"url\":\"ecommerce\\/digital-product-files\\/product-16.jpg\",\"mime_type\":\"image\\/jpeg\",\"size\":9803,\"modified\":\"2025-04-01 04:06:53\",\"name\":\"product-16\",\"extension\":\"jpg\"}','2025-03-31 21:06:53','2025-03-31 21:06:53'),(23,48,'ecommerce/digital-product-files/product-7.jpg','{\"filename\":\"product-7.jpg\",\"url\":\"ecommerce\\/digital-product-files\\/product-7.jpg\",\"mime_type\":\"image\\/jpeg\",\"size\":9803,\"modified\":\"2025-04-01 04:06:53\",\"name\":\"product-7\",\"extension\":\"jpg\"}','2025-03-31 21:06:53','2025-03-31 21:06:53'),(24,48,'ecommerce/digital-product-files/product-3.jpg','{\"filename\":\"product-3.jpg\",\"url\":\"ecommerce\\/digital-product-files\\/product-3.jpg\",\"mime_type\":\"image\\/jpeg\",\"size\":9803,\"modified\":\"2025-04-01 04:06:53\",\"name\":\"product-3\",\"extension\":\"jpg\"}','2025-03-31 21:06:53','2025-03-31 21:06:53'),(25,52,'ecommerce/digital-product-files/product-11.jpg','{\"filename\":\"product-11.jpg\",\"url\":\"ecommerce\\/digital-product-files\\/product-11.jpg\",\"mime_type\":\"image\\/jpeg\",\"size\":9803,\"modified\":\"2025-04-01 04:06:53\",\"name\":\"product-11\",\"extension\":\"jpg\"}','2025-03-31 21:06:53','2025-03-31 21:06:53'),(26,52,'ecommerce/digital-product-files/product-1.jpg','{\"filename\":\"product-1.jpg\",\"url\":\"ecommerce\\/digital-product-files\\/product-1.jpg\",\"mime_type\":\"image\\/jpeg\",\"size\":9803,\"modified\":\"2025-04-01 04:06:53\",\"name\":\"product-1\",\"extension\":\"jpg\"}','2025-03-31 21:06:53','2025-03-31 21:06:53'),(27,56,'ecommerce/digital-product-files/product-19.jpg','{\"filename\":\"product-19.jpg\",\"url\":\"ecommerce\\/digital-product-files\\/product-19.jpg\",\"mime_type\":\"image\\/jpeg\",\"size\":9803,\"modified\":\"2025-04-01 04:06:53\",\"name\":\"product-19\",\"extension\":\"jpg\"}','2025-03-31 21:06:53','2025-03-31 21:06:53'),(28,56,'ecommerce/digital-product-files/product-11.jpg','{\"filename\":\"product-11.jpg\",\"url\":\"ecommerce\\/digital-product-files\\/product-11.jpg\",\"mime_type\":\"image\\/jpeg\",\"size\":9803,\"modified\":\"2025-04-01 04:06:53\",\"name\":\"product-11\",\"extension\":\"jpg\"}','2025-03-31 21:06:53','2025-03-31 21:06:53'),(29,63,'ecommerce/digital-product-files/product-details-desc-1.jpg','{\"filename\":\"product-details-desc-1.jpg\",\"url\":\"ecommerce\\/digital-product-files\\/product-details-desc-1.jpg\",\"mime_type\":\"image\\/jpeg\",\"size\":9803,\"modified\":\"2025-04-01 04:06:53\",\"name\":\"product-details-desc-1\",\"extension\":\"jpg\"}','2025-03-31 21:06:53','2025-03-31 21:06:53'),(30,73,'ecommerce/digital-product-files/product-11.jpg','{\"filename\":\"product-11.jpg\",\"url\":\"ecommerce\\/digital-product-files\\/product-11.jpg\",\"mime_type\":\"image\\/jpeg\",\"size\":9803,\"modified\":\"2025-04-01 04:06:53\",\"name\":\"product-11\",\"extension\":\"jpg\"}','2025-03-31 21:06:53','2025-03-31 21:06:53'),(31,74,'ecommerce/digital-product-files/product-9.jpg','{\"filename\":\"product-9.jpg\",\"url\":\"ecommerce\\/digital-product-files\\/product-9.jpg\",\"mime_type\":\"image\\/jpeg\",\"size\":9803,\"modified\":\"2025-04-01 04:06:53\",\"name\":\"product-9\",\"extension\":\"jpg\"}','2025-03-31 21:06:53','2025-03-31 21:06:53'),(32,81,'ecommerce/digital-product-files/product-5.jpg','{\"filename\":\"product-5.jpg\",\"url\":\"ecommerce\\/digital-product-files\\/product-5.jpg\",\"mime_type\":\"image\\/jpeg\",\"size\":9803,\"modified\":\"2025-04-01 04:06:53\",\"name\":\"product-5\",\"extension\":\"jpg\"}','2025-03-31 21:06:53','2025-03-31 21:06:53'),(33,94,'ecommerce/digital-product-files/product-14.jpg','{\"filename\":\"product-14.jpg\",\"url\":\"ecommerce\\/digital-product-files\\/product-14.jpg\",\"mime_type\":\"image\\/jpeg\",\"size\":9803,\"modified\":\"2025-04-01 04:06:53\",\"name\":\"product-14\",\"extension\":\"jpg\"}','2025-03-31 21:06:53','2025-03-31 21:06:53'),(34,95,'ecommerce/digital-product-files/product-details-desc-1.jpg','{\"filename\":\"product-details-desc-1.jpg\",\"url\":\"ecommerce\\/digital-product-files\\/product-details-desc-1.jpg\",\"mime_type\":\"image\\/jpeg\",\"size\":9803,\"modified\":\"2025-04-01 04:06:53\",\"name\":\"product-details-desc-1\",\"extension\":\"jpg\"}','2025-03-31 21:06:53','2025-03-31 21:06:53'),(35,100,'ecommerce/digital-product-files/product-4.jpg','{\"filename\":\"product-4.jpg\",\"url\":\"ecommerce\\/digital-product-files\\/product-4.jpg\",\"mime_type\":\"image\\/jpeg\",\"size\":9803,\"modified\":\"2025-04-01 04:06:53\",\"name\":\"product-4\",\"extension\":\"jpg\"}','2025-03-31 21:06:53','2025-03-31 21:06:53'),(36,111,'ecommerce/digital-product-files/product-4.jpg','{\"filename\":\"product-4.jpg\",\"url\":\"ecommerce\\/digital-product-files\\/product-4.jpg\",\"mime_type\":\"image\\/jpeg\",\"size\":9803,\"modified\":\"2025-04-01 04:06:53\",\"name\":\"product-4\",\"extension\":\"jpg\"}','2025-03-31 21:06:53','2025-03-31 21:06:53'),(37,112,'ecommerce/digital-product-files/product-details-desc-2.jpg','{\"filename\":\"product-details-desc-2.jpg\",\"url\":\"ecommerce\\/digital-product-files\\/product-details-desc-2.jpg\",\"mime_type\":\"image\\/jpeg\",\"size\":9803,\"modified\":\"2025-04-01 04:06:53\",\"name\":\"product-details-desc-2\",\"extension\":\"jpg\"}','2025-03-31 21:06:53','2025-03-31 21:06:53'),(38,120,'ecommerce/digital-product-files/product-1.jpg','{\"filename\":\"product-1.jpg\",\"url\":\"ecommerce\\/digital-product-files\\/product-1.jpg\",\"mime_type\":\"image\\/jpeg\",\"size\":9803,\"modified\":\"2025-04-01 04:06:53\",\"name\":\"product-1\",\"extension\":\"jpg\"}','2025-03-31 21:06:53','2025-03-31 21:06:53'),(39,121,'ecommerce/digital-product-files/product-6.jpg','{\"filename\":\"product-6.jpg\",\"url\":\"ecommerce\\/digital-product-files\\/product-6.jpg\",\"mime_type\":\"image\\/jpeg\",\"size\":9803,\"modified\":\"2025-04-01 04:06:53\",\"name\":\"product-6\",\"extension\":\"jpg\"}','2025-03-31 21:06:53','2025-03-31 21:06:53'),(40,124,'ecommerce/digital-product-files/product-11.jpg','{\"filename\":\"product-11.jpg\",\"url\":\"ecommerce\\/digital-product-files\\/product-11.jpg\",\"mime_type\":\"image\\/jpeg\",\"size\":9803,\"modified\":\"2025-04-01 04:06:53\",\"name\":\"product-11\",\"extension\":\"jpg\"}','2025-03-31 21:06:53','2025-03-31 21:06:53');

--
-- Table structure for table `ec_product_label_products`
--

CREATE TABLE `ec_product_label_products` (
  `product_label_id` bigint unsigned NOT NULL,
  `product_id` bigint unsigned NOT NULL,
  PRIMARY KEY (`product_label_id`,`product_id`),
  KEY `ec_product_label_products_product_label_id_index` (`product_label_id`),
  KEY `ec_product_label_products_product_id_index` (`product_id`)
) ENGINE=InnoDB DEFAULT CHARSET=utf8mb4 COLLATE=utf8mb4_unicode_ci;

--
-- Dumping data for table `ec_product_label_products`
--

INSERT INTO `ec_product_label_products` VALUES (1,3),(1,6),(1,15),(1,24),(1,30),(1,42),(2,12),(2,18),(2,33),(2,36),(2,39),(2,48),(2,51),(2,54),(3,9),(3,21),(3,27),(3,45),(3,57);

--
-- Table structure for table `ec_product_labels`
--

CREATE TABLE `ec_product_labels` (
  `id` bigint unsigned NOT NULL AUTO_INCREMENT,
  `name` varchar(191) COLLATE utf8mb4_unicode_ci NOT NULL,
  `color` varchar(120) COLLATE utf8mb4_unicode_ci DEFAULT NULL,
  `status` varchar(60) COLLATE utf8mb4_unicode_ci NOT NULL DEFAULT 'published',
  `created_at` timestamp NULL DEFAULT NULL,
  `updated_at` timestamp NULL DEFAULT NULL,
  `text_color` varchar(120) COLLATE utf8mb4_unicode_ci DEFAULT NULL,
  PRIMARY KEY (`id`)
) ENGINE=InnoDB AUTO_INCREMENT=4 DEFAULT CHARSET=utf8mb4 COLLATE=utf8mb4_unicode_ci;

--
-- Dumping data for table `ec_product_labels`
--

INSERT INTO `ec_product_labels` VALUES (1,'Hot','#AC2200','published','2025-03-31 21:06:38','2025-03-31 21:06:38',NULL),(2,'New','#006554','published','2025-03-31 21:06:38','2025-03-31 21:06:38',NULL),(3,'Sale','#9A3B00','published','2025-03-31 21:06:38','2025-03-31 21:06:38',NULL);

--
-- Table structure for table `ec_product_labels_translations`
--

CREATE TABLE `ec_product_labels_translations` (
  `lang_code` varchar(191) COLLATE utf8mb4_unicode_ci NOT NULL,
  `ec_product_labels_id` bigint unsigned NOT NULL,
  `name` varchar(191) COLLATE utf8mb4_unicode_ci DEFAULT NULL,
  `description` varchar(400) COLLATE utf8mb4_unicode_ci DEFAULT NULL,
  PRIMARY KEY (`lang_code`,`ec_product_labels_id`)
) ENGINE=InnoDB DEFAULT CHARSET=utf8mb4 COLLATE=utf8mb4_unicode_ci;

--
-- Dumping data for table `ec_product_labels_translations`
--


--
-- Table structure for table `ec_product_related_relations`
--

CREATE TABLE `ec_product_related_relations` (
  `from_product_id` bigint unsigned NOT NULL,
  `to_product_id` bigint unsigned NOT NULL,
  PRIMARY KEY (`from_product_id`,`to_product_id`),
  KEY `ec_product_related_relations_from_product_id_index` (`from_product_id`),
  KEY `ec_product_related_relations_to_product_id_index` (`to_product_id`)
) ENGINE=InnoDB DEFAULT CHARSET=utf8mb4 COLLATE=utf8mb4_unicode_ci;

--
-- Dumping data for table `ec_product_related_relations`
--


--
-- Table structure for table `ec_product_specification_attribute`
--

CREATE TABLE `ec_product_specification_attribute` (
  `product_id` bigint unsigned NOT NULL,
  `attribute_id` bigint unsigned NOT NULL,
  `value` text COLLATE utf8mb4_unicode_ci,
  `hidden` tinyint(1) NOT NULL DEFAULT '0',
  `order` tinyint NOT NULL DEFAULT '0',
  PRIMARY KEY (`product_id`,`attribute_id`)
) ENGINE=InnoDB DEFAULT CHARSET=utf8mb4 COLLATE=utf8mb4_unicode_ci;

--
-- Dumping data for table `ec_product_specification_attribute`
--

INSERT INTO `ec_product_specification_attribute` VALUES (1,1,'94.79 cm',0,0),(1,2,'46.24 cm',0,0),(1,3,'84.16 cm',0,0),(1,4,'11.53 cm',0,0),(1,5,'33.97 cm',0,0),(2,1,'24.18 cm',0,0),(2,2,'39.78 cm',0,0),(2,3,'42.92 cm',0,0),(2,4,'68.28 cm',0,0),(2,5,'48.43 cm',0,0),(3,6,'94.1 cm',0,0),(3,7,'63.78 cm',0,0),(3,8,'2560x1440',0,0),(4,6,'20.02 cm',0,0),(4,7,'90.55 cm',0,0),(4,8,'3840x2160',0,0),(5,6,'84.3 cm',0,0),(5,7,'83.1 cm',0,0),(5,8,'3840x2160',0,0),(6,1,'26.75 cm',0,0),(6,2,'76.41 cm',0,0),(6,3,'23.71 cm',0,0),(6,4,'19.32 cm',0,0),(6,5,'82.77 cm',0,0),(7,6,'88.06 cm',0,0),(7,7,'15.56 cm',0,0),(7,8,'3840x2160',0,0),(8,6,'85.25 cm',0,0),(8,7,'67.91 cm',0,0),(8,8,'2560x1440',0,0),(9,6,'35.97 cm',0,0),(9,7,'56.8 cm',0,0),(9,8,'2560x1440',0,0),(10,6,'93.91 cm',0,0),(10,7,'51.07 cm',0,0),(10,8,'3840x2160',0,0),(11,1,'21.54 cm',0,0),(11,2,'71.63 cm',0,0),(11,3,'51.14 cm',0,0),(11,4,'92.88 cm',0,0),(11,5,'93.75 cm',0,0),(12,1,'15.16 cm',0,0),(12,2,'12.26 cm',0,0),(12,3,'6.92 cm',0,0),(12,4,'81.72 cm',0,0),(12,5,'84.36 cm',0,0),(13,1,'51.48 cm',0,0),(13,2,'28.27 cm',0,0),(13,3,'89.8 cm',0,0),(13,4,'2.55 cm',0,0),(13,5,'26.14 cm',0,0),(14,1,'50.91 cm',0,0),(14,2,'49.3 cm',0,0),(14,3,'3.15 cm',0,0),(14,4,'32.87 cm',0,0),(14,5,'21.1 cm',0,0),(15,6,'32.84 cm',0,0),(15,7,'56.97 cm',0,0),(15,8,'2560x1440',0,0),(16,6,'30.12 cm',0,0),(16,7,'81.12 cm',0,0),(16,8,'1920x1080',0,0),(17,6,'34.1 cm',0,0),(17,7,'99.93 cm',0,0),(17,8,'3840x2160',0,0),(18,6,'20.44 cm',0,0),(18,7,'14.22 cm',0,0),(18,8,'3840x2160',0,0),(19,1,'46.03 cm',0,0),(19,2,'43.35 cm',0,0),(19,3,'32.83 cm',0,0),(19,4,'73.64 cm',0,0),(19,5,'1.81 cm',0,0),(20,1,'34.32 cm',0,0),(20,2,'8.21 cm',0,0),(20,3,'82.22 cm',0,0),(20,4,'55.61 cm',0,0),(20,5,'29.18 cm',0,0),(21,6,'17.78 cm',0,0),(21,7,'97.63 cm',0,0),(21,8,'3840x2160',0,0),(22,1,'42.69 cm',0,0),(22,2,'23.9 cm',0,0),(22,3,'20.48 cm',0,0),(22,4,'54.27 cm',0,0),(22,5,'18.1 cm',0,0),(23,6,'4.23 cm',0,0),(23,7,'83.11 cm',0,0),(23,8,'1920x1080',0,0),(24,1,'15.78 cm',0,0),(24,2,'51.17 cm',0,0),(24,3,'95.69 cm',0,0),(24,4,'77.01 cm',0,0),(24,5,'68.61 cm',0,0),(25,6,'70.77 cm',0,0),(25,7,'28.25 cm',0,0),(25,8,'2560x1440',0,0),(26,1,'84.21 cm',0,0),(26,2,'78.01 cm',0,0),(26,3,'52.3 cm',0,0),(26,4,'16.23 cm',0,0),(26,5,'62.34 cm',0,0),(27,1,'46.27 cm',0,0),(27,2,'45.76 cm',0,0),(27,3,'61.24 cm',0,0),(27,4,'78.93 cm',0,0),(27,5,'57.82 cm',0,0),(28,1,'82.49 cm',0,0),(28,2,'89.43 cm',0,0),(28,3,'94.16 cm',0,0),(28,4,'75.34 cm',0,0),(28,5,'22.03 cm',0,0),(29,6,'9.47 cm',0,0),(29,7,'17.89 cm',0,0),(29,8,'2560x1440',0,0),(30,6,'93.42 cm',0,0),(30,7,'26.8 cm',0,0),(30,8,'2560x1440',0,0),(31,1,'76.71 cm',0,0),(31,2,'20.19 cm',0,0),(31,3,'95.95 cm',0,0),(31,4,'93.48 cm',0,0),(31,5,'52.75 cm',0,0),(32,1,'44.45 cm',0,0),(32,2,'15.92 cm',0,0),(32,3,'47.76 cm',0,0),(32,4,'58.19 cm',0,0),(32,5,'40.16 cm',0,0),(33,1,'3.33 cm',0,0),(33,2,'44.01 cm',0,0),(33,3,'55.24 cm',0,0),(33,4,'61.73 cm',0,0),(33,5,'11.27 cm',0,0),(34,1,'4.94 cm',0,0),(34,2,'4.81 cm',0,0),(34,3,'83.44 cm',0,0),(34,4,'1.27 cm',0,0),(34,5,'75.16 cm',0,0),(35,1,'92.89 cm',0,0),(35,2,'50.89 cm',0,0),(35,3,'37.14 cm',0,0),(35,4,'54.99 cm',0,0),(35,5,'94.55 cm',0,0),(36,6,'96.82 cm',0,0),(36,7,'69.98 cm',0,0),(36,8,'2560x1440',0,0),(37,6,'41.43 cm',0,0),(37,7,'73.16 cm',0,0),(37,8,'2560x1440',0,0),(38,6,'3.05 cm',0,0),(38,7,'26.68 cm',0,0),(38,8,'1920x1080',0,0),(39,6,'39.22 cm',0,0),(39,7,'23.57 cm',0,0),(39,8,'3840x2160',0,0),(40,6,'11.17 cm',0,0),(40,7,'65.31 cm',0,0),(40,8,'3840x2160',0,0),(41,1,'4.93 cm',0,0),(41,2,'99.37 cm',0,0),(41,3,'38.24 cm',0,0),(41,4,'23.07 cm',0,0),(41,5,'26.52 cm',0,0),(42,6,'41.52 cm',0,0),(42,7,'15 cm',0,0),(42,8,'1920x1080',0,0),(43,6,'57.75 cm',0,0),(43,7,'54.44 cm',0,0),(43,8,'1920x1080',0,0),(44,1,'6.73 cm',0,0),(44,2,'86.16 cm',0,0),(44,3,'79.28 cm',0,0),(44,4,'58.24 cm',0,0),(44,5,'41.89 cm',0,0),(45,6,'9.81 cm',0,0),(45,7,'55.04 cm',0,0),(45,8,'2560x1440',0,0),(46,1,'26.75 cm',0,0),(46,2,'80.47 cm',0,0),(46,3,'44.59 cm',0,0),(46,4,'31.26 cm',0,0),(46,5,'26.26 cm',0,0),(47,6,'13.11 cm',0,0),(47,7,'58.59 cm',0,0),(47,8,'1920x1080',0,0),(48,6,'22.74 cm',0,0),(48,7,'28.89 cm',0,0),(48,8,'1920x1080',0,0),(49,1,'26.93 cm',0,0),(49,2,'30.13 cm',0,0),(49,3,'20.98 cm',0,0),(49,4,'98.5 cm',0,0),(49,5,'25.74 cm',0,0),(50,1,'2.01 cm',0,0),(50,2,'92.88 cm',0,0),(50,3,'68.99 cm',0,0),(50,4,'68.17 cm',0,0),(50,5,'25.79 cm',0,0),(51,6,'8.18 cm',0,0),(51,7,'35.47 cm',0,0),(51,8,'1920x1080',0,0),(52,1,'43.54 cm',0,0),(52,2,'49.66 cm',0,0),(52,3,'25.21 cm',0,0),(52,4,'92.14 cm',0,0),(52,5,'87.86 cm',0,0),(53,1,'82.84 cm',0,0),(53,2,'95.42 cm',0,0),(53,3,'42.65 cm',0,0),(53,4,'42.54 cm',0,0),(53,5,'64.08 cm',0,0),(54,1,'86.94 cm',0,0),(54,2,'12.82 cm',0,0),(54,3,'35.64 cm',0,0),(54,4,'77 cm',0,0),(54,5,'19.41 cm',0,0),(55,1,'90.14 cm',0,0),(55,2,'94.19 cm',0,0),(55,3,'38.96 cm',0,0),(55,4,'82.92 cm',0,0),(55,5,'56.87 cm',0,0),(56,6,'19.91 cm',0,0),(56,7,'94.99 cm',0,0),(56,8,'3840x2160',0,0),(57,6,'1.92 cm',0,0),(57,7,'43.3 cm',0,0),(57,8,'2560x1440',0,0);

--
-- Table structure for table `ec_product_tag_product`
--

CREATE TABLE `ec_product_tag_product` (
  `product_id` bigint unsigned NOT NULL,
  `tag_id` bigint unsigned NOT NULL,
  PRIMARY KEY (`product_id`,`tag_id`),
  KEY `ec_product_tag_product_product_id_index` (`product_id`),
  KEY `ec_product_tag_product_tag_id_index` (`tag_id`)
) ENGINE=InnoDB DEFAULT CHARSET=utf8mb4 COLLATE=utf8mb4_unicode_ci;

--
-- Dumping data for table `ec_product_tag_product`
--

INSERT INTO `ec_product_tag_product` VALUES (1,3),(1,5),(1,6),(2,2),(2,4),(2,6),(3,1),(3,2),(3,5),(4,3),(4,5),(4,6),(5,1),(5,4),(5,6),(6,3),(6,4),(6,6),(7,2),(7,4),(7,6),(8,1),(8,2),(8,6),(9,1),(9,2),(9,3),(10,1),(10,4),(10,6),(11,1),(11,2),(11,6),(12,2),(12,3),(12,6),(13,2),(13,3),(13,4),(14,1),(14,3),(14,5),(15,3),(15,4),(15,6),(16,1),(16,4),(16,6),(17,1),(17,2),(17,6),(18,3),(18,5),(18,6),(19,1),(19,3),(19,4),(20,1),(20,3),(20,5),(21,1),(21,5),(21,6),(22,4),(22,5),(22,6),(23,1),(23,2),(23,3),(24,1),(24,3),(24,4),(25,2),(25,3),(25,6),(26,1),(26,2),(26,5),(27,2),(27,3),(27,4),(28,2),(28,4),(28,6),(29,3),(29,5),(29,6),(30,1),(30,4),(30,6),(31,1),(31,2),(31,4),(32,3),(32,5),(32,6),(33,2),(33,3),(33,6),(34,1),(34,3),(34,6),(35,2),(35,4),(35,6),(36,1),(36,3),(36,6),(37,1),(37,2),(37,6),(38,1),(38,3),(38,5),(39,3),(39,5),(39,6),(40,1),(40,2),(40,4),(41,3),(41,4),(41,6),(42,3),(42,4),(42,5),(43,1),(43,3),(43,6),(44,2),(44,4),(44,6),(45,1),(45,2),(45,3),(46,2),(46,5),(46,6),(47,1),(47,2),(47,3),(48,2),(48,4),(48,5),(49,3),(49,4),(49,5),(50,2),(50,5),(50,6),(51,1),(51,4),(51,5),(52,2),(52,4),(52,6),(53,4),(53,5),(53,6),(54,2),(54,4),(54,5),(55,1),(55,2),(55,5),(56,2),(56,4),(56,5),(57,1),(57,4),(57,5);

--
-- Table structure for table `ec_product_tags`
--

CREATE TABLE `ec_product_tags` (
  `id` bigint unsigned NOT NULL AUTO_INCREMENT,
  `name` varchar(120) COLLATE utf8mb4_unicode_ci NOT NULL,
  `description` varchar(400) COLLATE utf8mb4_unicode_ci DEFAULT NULL,
  `status` varchar(60) COLLATE utf8mb4_unicode_ci NOT NULL DEFAULT 'published',
  `created_at` timestamp NULL DEFAULT NULL,
  `updated_at` timestamp NULL DEFAULT NULL,
  PRIMARY KEY (`id`)
) ENGINE=InnoDB AUTO_INCREMENT=7 DEFAULT CHARSET=utf8mb4 COLLATE=utf8mb4_unicode_ci;

--
-- Dumping data for table `ec_product_tags`
--

INSERT INTO `ec_product_tags` VALUES (1,'Electronic',NULL,'published','2025-03-31 21:06:42','2025-03-31 21:06:42'),(2,'Mobile',NULL,'published','2025-03-31 21:06:42','2025-03-31 21:06:42'),(3,'Iphone',NULL,'published','2025-03-31 21:06:42','2025-03-31 21:06:42'),(4,'Printer',NULL,'published','2025-03-31 21:06:42','2025-03-31 21:06:42'),(5,'Office',NULL,'published','2025-03-31 21:06:42','2025-03-31 21:06:42'),(6,'IT',NULL,'published','2025-03-31 21:06:42','2025-03-31 21:06:42');

--
-- Table structure for table `ec_product_tags_translations`
--

CREATE TABLE `ec_product_tags_translations` (
  `lang_code` varchar(191) COLLATE utf8mb4_unicode_ci NOT NULL,
  `ec_product_tags_id` bigint unsigned NOT NULL,
  `name` varchar(191) COLLATE utf8mb4_unicode_ci DEFAULT NULL,
  PRIMARY KEY (`lang_code`,`ec_product_tags_id`)
) ENGINE=InnoDB DEFAULT CHARSET=utf8mb4 COLLATE=utf8mb4_unicode_ci;

--
-- Dumping data for table `ec_product_tags_translations`
--


--
-- Table structure for table `ec_product_up_sale_relations`
--

CREATE TABLE `ec_product_up_sale_relations` (
  `from_product_id` bigint unsigned NOT NULL,
  `to_product_id` bigint unsigned NOT NULL,
  PRIMARY KEY (`from_product_id`,`to_product_id`),
  KEY `ec_product_up_sale_relations_from_product_id_index` (`from_product_id`),
  KEY `ec_product_up_sale_relations_to_product_id_index` (`to_product_id`)
) ENGINE=InnoDB DEFAULT CHARSET=utf8mb4 COLLATE=utf8mb4_unicode_ci;

--
-- Dumping data for table `ec_product_up_sale_relations`
--


--
-- Table structure for table `ec_product_variation_items`
--

CREATE TABLE `ec_product_variation_items` (
  `id` bigint unsigned NOT NULL AUTO_INCREMENT,
  `attribute_id` bigint unsigned NOT NULL,
  `variation_id` bigint unsigned NOT NULL,
  PRIMARY KEY (`id`),
  UNIQUE KEY `ec_product_variation_items_attribute_id_variation_id_unique` (`attribute_id`,`variation_id`),
  KEY `attribute_variation_index` (`attribute_id`,`variation_id`)
) ENGINE=InnoDB AUTO_INCREMENT=145 DEFAULT CHARSET=utf8mb4 COLLATE=utf8mb4_unicode_ci;

--
-- Dumping data for table `ec_product_variation_items`
--

INSERT INTO `ec_product_variation_items` VALUES (9,1,5),(15,1,8),(23,1,12),(25,1,13),(39,1,20),(17,2,9),(27,2,14),(37,2,19),(41,2,21),(5,3,3),(7,3,4),(11,3,6),(13,3,7),(31,3,16),(45,3,23),(55,3,28),(1,4,1),(21,4,11),(43,4,22),(49,4,25),(51,4,26),(53,4,27),(57,4,29),(3,5,2),(19,5,10),(29,5,15),(33,5,17),(35,5,18),(47,5,24),(59,5,30),(34,6,17),(36,6,18),(44,6,22),(50,6,25),(58,6,29),(20,7,10),(26,7,13),(28,7,14),(38,7,19),(6,8,3),(10,8,5),(32,8,16),(46,8,23),(54,8,27),(4,9,2),(8,9,4),(12,9,6),(16,9,8),(22,9,11),(24,9,12),(48,9,24),(52,9,26),(56,9,28),(2,10,1),(14,10,7),(18,10,9),(30,10,15),(40,10,20),(42,10,21),(60,10,30),(69,11,35),(71,11,36),(87,11,44),(93,11,47),(107,11,54),(115,11,58),(63,12,32),(67,12,34),(85,12,43),(109,12,55),(129,12,65),(133,12,67),(141,12,71),(61,13,31),(75,13,38),(77,13,39),(89,13,45),(103,13,52),(105,13,53),(111,13,56),(113,13,57),(121,13,61),(137,13,69),(139,13,70),(79,14,40),(83,14,42),(91,14,46),(95,14,48),(97,14,49),(99,14,50),(101,14,51),(127,14,64),(135,14,68),(143,14,72),(65,15,33),(73,15,37),(81,15,41),(117,15,59),(119,15,60),(123,15,62),(125,15,63),(131,15,66),(78,16,39),(80,16,40),(84,16,42),(88,16,44),(98,16,49),(116,16,58),(134,16,67),(140,16,70),(144,16,72),(74,17,37),(76,17,38),(86,17,43),(112,17,56),(114,17,57),(118,17,59),(120,17,60),(122,17,61),(124,17,62),(126,17,63),(142,17,71),(68,18,34),(72,18,36),(82,18,41),(106,18,53),(108,18,54),(128,18,64),(132,18,66),(92,19,46),(94,19,47),(100,19,50),(102,19,51),(104,19,52),(110,19,55),(130,19,65),(138,19,69),(62,20,31),(64,20,32),(66,20,33),(70,20,35),(90,20,45),(96,20,48),(136,20,68);

--
-- Table structure for table `ec_product_variations`
--

CREATE TABLE `ec_product_variations` (
  `id` bigint unsigned NOT NULL AUTO_INCREMENT,
  `product_id` bigint unsigned DEFAULT NULL,
  `configurable_product_id` bigint unsigned NOT NULL,
  `is_default` tinyint NOT NULL DEFAULT '0',
  PRIMARY KEY (`id`),
  UNIQUE KEY `ec_product_variations_product_id_configurable_product_id_unique` (`product_id`,`configurable_product_id`),
  KEY `configurable_product_index` (`product_id`,`configurable_product_id`)
) ENGINE=InnoDB AUTO_INCREMENT=73 DEFAULT CHARSET=utf8mb4 COLLATE=utf8mb4_unicode_ci;

--
-- Dumping data for table `ec_product_variations`
--

INSERT INTO `ec_product_variations` VALUES (1,58,1,1),(2,59,1,0),(3,60,3,1),(4,61,3,0),(5,62,3,0),(6,63,4,1),(7,64,5,1),(8,65,5,0),(9,66,5,0),(10,67,5,0),(11,68,5,0),(12,69,6,1),(13,70,6,0),(14,71,7,1),(15,72,7,0),(16,73,8,1),(17,74,12,1),(18,75,13,1),(19,76,15,1),(20,77,15,0),(21,78,15,0),(22,79,15,0),(23,80,18,1),(24,81,20,1),(25,82,21,1),(26,83,21,0),(27,84,21,0),(28,85,26,1),(29,86,26,0),(30,87,26,0),(31,88,29,1),(32,89,29,0),(33,90,29,0),(34,91,30,1),(35,92,30,0),(36,93,30,0),(37,94,32,1),(38,95,32,0),(39,96,35,1),(40,97,35,0),(41,98,35,0),(42,99,35,0),(43,100,36,1),(44,101,37,1),(45,102,37,0),(46,103,37,0),(47,104,38,1),(48,105,38,0),(49,106,38,0),(50,107,39,1),(51,108,39,0),(52,109,39,0),(53,110,39,0),(54,111,40,1),(55,112,40,0),(56,113,42,1),(57,114,42,0),(58,115,42,0),(59,116,46,1),(60,117,46,0),(61,118,47,1),(62,119,47,0),(63,120,52,1),(64,121,52,0),(65,122,53,1),(66,123,53,0),(67,124,56,1),(68,125,57,1),(69,126,57,0),(70,127,57,0),(71,128,57,0),(72,129,57,0);

--
-- Table structure for table `ec_product_views`
--

CREATE TABLE `ec_product_views` (
  `id` bigint unsigned NOT NULL AUTO_INCREMENT,
  `product_id` bigint unsigned NOT NULL,
  `views` int NOT NULL DEFAULT '1',
  `date` date NOT NULL DEFAULT '2025-04-01',
  PRIMARY KEY (`id`),
  UNIQUE KEY `ec_product_views_product_id_date_unique` (`product_id`,`date`),
  KEY `ec_product_views_product_id_index` (`product_id`)
) ENGINE=InnoDB DEFAULT CHARSET=utf8mb4 COLLATE=utf8mb4_unicode_ci;

--
-- Dumping data for table `ec_product_views`
--


--
-- Table structure for table `ec_product_with_attribute_set`
--

CREATE TABLE `ec_product_with_attribute_set` (
  `attribute_set_id` bigint unsigned NOT NULL,
  `product_id` bigint unsigned NOT NULL,
  `order` tinyint unsigned NOT NULL DEFAULT '0',
  PRIMARY KEY (`product_id`,`attribute_set_id`)
) ENGINE=InnoDB DEFAULT CHARSET=utf8mb4 COLLATE=utf8mb4_unicode_ci;

--
-- Dumping data for table `ec_product_with_attribute_set`
--

INSERT INTO `ec_product_with_attribute_set` VALUES (1,1,0),(2,1,0),(1,3,0),(2,3,0),(1,4,0),(2,4,0),(1,5,0),(2,5,0),(1,6,0),(2,6,0),(1,7,0),(2,7,0),(1,8,0),(2,8,0),(1,12,0),(2,12,0),(1,13,0),(2,13,0),(1,15,0),(2,15,0),(1,18,0),(2,18,0),(1,20,0),(2,20,0),(1,21,0),(2,21,0),(1,26,0),(2,26,0),(3,29,0),(4,29,0),(3,30,0),(4,30,0),(3,32,0),(4,32,0),(3,35,0),(4,35,0),(3,36,0),(4,36,0),(3,37,0),(4,37,0),(3,38,0),(4,38,0),(3,39,0),(4,39,0),(3,40,0),(4,40,0),(3,42,0),(4,42,0),(3,46,0),(4,46,0),(3,47,0),(4,47,0),(3,52,0),(4,52,0),(3,53,0),(4,53,0),(3,56,0),(4,56,0),(3,57,0),(4,57,0);

--
-- Table structure for table `ec_products`
--

CREATE TABLE `ec_products` (
  `id` bigint unsigned NOT NULL AUTO_INCREMENT,
  `name` varchar(191) COLLATE utf8mb4_unicode_ci NOT NULL,
  `description` text COLLATE utf8mb4_unicode_ci,
  `content` longtext COLLATE utf8mb4_unicode_ci,
  `status` varchar(60) COLLATE utf8mb4_unicode_ci NOT NULL DEFAULT 'published',
  `images` text COLLATE utf8mb4_unicode_ci,
  `video_media` text COLLATE utf8mb4_unicode_ci,
  `sku` varchar(191) COLLATE utf8mb4_unicode_ci DEFAULT NULL,
  `order` int unsigned NOT NULL DEFAULT '0',
  `quantity` int unsigned DEFAULT NULL,
  `allow_checkout_when_out_of_stock` tinyint unsigned NOT NULL DEFAULT '0',
  `with_storehouse_management` tinyint unsigned NOT NULL DEFAULT '0',
  `stock_status` varchar(191) COLLATE utf8mb4_unicode_ci DEFAULT 'in_stock',
  `is_featured` tinyint unsigned NOT NULL DEFAULT '0',
  `brand_id` bigint unsigned DEFAULT NULL,
  `is_variation` tinyint NOT NULL DEFAULT '0',
  `sale_type` tinyint NOT NULL DEFAULT '0',
  `price` double unsigned DEFAULT NULL,
  `sale_price` double unsigned DEFAULT NULL,
  `start_date` timestamp NULL DEFAULT NULL,
  `end_date` timestamp NULL DEFAULT NULL,
  `length` double DEFAULT NULL,
  `wide` double DEFAULT NULL,
  `height` double DEFAULT NULL,
  `weight` double DEFAULT NULL,
  `tax_id` bigint unsigned DEFAULT NULL,
  `views` bigint NOT NULL DEFAULT '0',
  `created_at` timestamp NULL DEFAULT NULL,
  `updated_at` timestamp NULL DEFAULT NULL,
  `store_id` bigint unsigned DEFAULT NULL,
  `created_by_id` bigint unsigned DEFAULT '0',
  `created_by_type` varchar(191) COLLATE utf8mb4_unicode_ci NOT NULL DEFAULT 'Botble\\ACL\\Models\\User',
  `approved_by` bigint unsigned DEFAULT '0',
  `image` varchar(191) COLLATE utf8mb4_unicode_ci DEFAULT NULL,
  `product_type` varchar(60) COLLATE utf8mb4_unicode_ci DEFAULT 'physical',
  `barcode` varchar(50) COLLATE utf8mb4_unicode_ci DEFAULT NULL,
  `cost_per_item` double DEFAULT NULL,
  `generate_license_code` tinyint(1) NOT NULL DEFAULT '0',
  `minimum_order_quantity` int unsigned DEFAULT '0',
  `maximum_order_quantity` int unsigned DEFAULT '0',
  `notify_attachment_updated` tinyint(1) NOT NULL DEFAULT '0',
  `specification_table_id` bigint unsigned DEFAULT NULL,
  PRIMARY KEY (`id`),
  KEY `ec_products_brand_id_status_is_variation_created_at_index` (`brand_id`,`status`,`is_variation`,`created_at`),
  KEY `sale_type_index` (`sale_type`),
  KEY `start_date_index` (`start_date`),
  KEY `end_date_index` (`end_date`),
  KEY `sale_price_index` (`sale_price`),
  KEY `is_variation_index` (`is_variation`),
  KEY `ec_products_sku_index` (`sku`)
) ENGINE=InnoDB AUTO_INCREMENT=130 DEFAULT CHARSET=utf8mb4 COLLATE=utf8mb4_unicode_ci;

--
-- Dumping data for table `ec_products`
--

INSERT INTO `ec_products` VALUES (1,'EcoTech Marine Radion XR30w G5 Pro LED Light Fixture','We can provide exceptional noise isolation and the best all-day comfort by mixing firm foam for the outer with soft foam for the interior of the ear cushions. So that you may receive Active Noise-Cancellation (ANC) performance that is even greater in a headset that you can wear for whatever length you wish.','<div class=\"row justify-content-center\">\n    <div class=\"col-xl-10\">\n        <div class=\"tp-product-details-desc-item pb-105\">\n            <div class=\"row\">\n                <div class=\"col-lg-6\">\n                    <div class=\"pt-25\">\n                        <span>Galaxy A8 tablet</span>\n                        <h3 class=\"tp-product-details-desc-title\">Your world at a glance</h3>\n                        <p>\n                            With a slim design, a vibrant entertainment system, and <br>\n                            outstanding performance, the new Galaxy Tab A7 is a stylish new <br>\n                            companion for your life.Dive head-first into the things you love, <br>\n                            and easily share your favorite moments. Learn, explore, connect <br>\n                            and be inspired.\n                        </p>\n                    </div>\n                    <div>\n                        <h3 class=\"tp-product-details-desc-title\">Draw inspiration with S Pen</h3>\n                        <p>\n                            S Pen is a bundle of writing instruments in one. Its natural grip, <br>\n                            low latency and impressive pressure sensitivity will make it your go-to for everything from drawing to editing documents. And S Pen won\'t get misplaced thanks.\n                        </p>\n                    </div>\n                </div>\n                <div class=\"col-lg-6\">\n                    <div class=\"tp-product-details-desc-thumb\">\n                        <img src=\"/storage/main/products/product-details-desc-1.jpg\" alt=\"product\">\n                    </div>\n                </div>\n            </div>\n        </div>\n        <div class=\"tp-product-details-desc-item pb-75\">\n            <div class=\"row\">\n                <div class=\"col-lg-7\">\n                    <div class=\"tp-product-details-desc-thumb\">\n                        <img src=\"/storage/main/products/product-details-desc-2.jpg\" alt=\"product\">\n                    </div>\n                </div>\n\n                <div class=\"col-lg-5 order-first order-lg-last\">\n                    <div class=\"des-content-2 pl-40\">\n                        <h3 class=\"tp-product-details-desc-title\">\n                            Carry with <br>\n                            Confidence and style\n                        </h3>\n                        <p>\n                            Wrap your tablet in a sleek case that\'s as stylish as it is convenient. Galaxy Tab S6 Lite Book Cover folds around and clings magnetically, so you can easily gear up as you\'re headed out the door. There\'s even a\n                            compartment for S pen, so you can be sure it doesn\'t get left behind.\n                        </p>\n                    </div>\n                </div>\n            </div>\n        </div>\n        <div class=\"tp-product-details-desc-item\">\n            <div class=\"row\">\n                <div class=\"col-xl-12\">\n                    <div class=\"tp-product-details-desc-banner text-center m-img\">\n                        <h3 class=\"tp-product-details-desc-banner-title tp-product-details-desc-title\">Speed Memory Power = Epic Races</h3>\n                        <img src=\"/storage/main/products/product-details-desc-3.jpg\" alt=\"product\">\n                    </div>\n                </div>\n            </div>\n        </div>\n    </div>\n</div>\n','published','[\"main\\/products\\/product-4.jpg\",\"main\\/products\\/product-details-desc-2.jpg\",\"main\\/products\\/product-details-desc-3.jpg\",\"main\\/products\\/product-10.jpg\",\"main\\/products\\/product-3.jpg\"]','[[{\"key\":\"file\",\"value\":null},{\"key\":\"url\",\"value\":\"https:\\/\\/www.youtube.com\\/watch?v=6JYIGclVQdw\"},{\"key\":\"thumbnail\",\"value\":\"main\\/video\\/2.jpg\"}]]','HR-123-A1',0,19,0,1,'in_stock',1,1,0,0,464,NULL,NULL,NULL,15,11,20,738,NULL,151997,'2025-03-31 21:06:51','2025-03-31 21:06:53',2,0,'Botble\\ACL\\Models\\User',0,NULL,'physical',NULL,NULL,0,0,0,0,1),(2,'Philips Hue White and Color Ambiance A19 LED Smart Bulb','We can provide exceptional noise isolation and the best all-day comfort by mixing firm foam for the outer with soft foam for the interior of the ear cushions. So that you may receive Active Noise-Cancellation (ANC) performance that is even greater in a headset that you can wear for whatever length you wish.','<div class=\"row justify-content-center\">\n    <div class=\"col-xl-10\">\n        <div class=\"tp-product-details-desc-item pb-105\">\n            <div class=\"row\">\n                <div class=\"col-lg-6\">\n                    <div class=\"pt-25\">\n                        <span>Galaxy A8 tablet</span>\n                        <h3 class=\"tp-product-details-desc-title\">Your world at a glance</h3>\n                        <p>\n                            With a slim design, a vibrant entertainment system, and <br>\n                            outstanding performance, the new Galaxy Tab A7 is a stylish new <br>\n                            companion for your life.Dive head-first into the things you love, <br>\n                            and easily share your favorite moments. Learn, explore, connect <br>\n                            and be inspired.\n                        </p>\n                    </div>\n                    <div>\n                        <h3 class=\"tp-product-details-desc-title\">Draw inspiration with S Pen</h3>\n                        <p>\n                            S Pen is a bundle of writing instruments in one. Its natural grip, <br>\n                            low latency and impressive pressure sensitivity will make it your go-to for everything from drawing to editing documents. And S Pen won\'t get misplaced thanks.\n                        </p>\n                    </div>\n                </div>\n                <div class=\"col-lg-6\">\n                    <div class=\"tp-product-details-desc-thumb\">\n                        <img src=\"/storage/main/products/product-details-desc-1.jpg\" alt=\"product\">\n                    </div>\n                </div>\n            </div>\n        </div>\n        <div class=\"tp-product-details-desc-item pb-75\">\n            <div class=\"row\">\n                <div class=\"col-lg-7\">\n                    <div class=\"tp-product-details-desc-thumb\">\n                        <img src=\"/storage/main/products/product-details-desc-2.jpg\" alt=\"product\">\n                    </div>\n                </div>\n\n                <div class=\"col-lg-5 order-first order-lg-last\">\n                    <div class=\"des-content-2 pl-40\">\n                        <h3 class=\"tp-product-details-desc-title\">\n                            Carry with <br>\n                            Confidence and style\n                        </h3>\n                        <p>\n                            Wrap your tablet in a sleek case that\'s as stylish as it is convenient. Galaxy Tab S6 Lite Book Cover folds around and clings magnetically, so you can easily gear up as you\'re headed out the door. There\'s even a\n                            compartment for S pen, so you can be sure it doesn\'t get left behind.\n                        </p>\n                    </div>\n                </div>\n            </div>\n        </div>\n        <div class=\"tp-product-details-desc-item\">\n            <div class=\"row\">\n                <div class=\"col-xl-12\">\n                    <div class=\"tp-product-details-desc-banner text-center m-img\">\n                        <h3 class=\"tp-product-details-desc-banner-title tp-product-details-desc-title\">Speed Memory Power = Epic Races</h3>\n                        <img src=\"/storage/main/products/product-details-desc-3.jpg\" alt=\"product\">\n                    </div>\n                </div>\n            </div>\n        </div>\n    </div>\n</div>\n','published','[\"main\\/products\\/product-13.jpg\",\"main\\/products\\/product-20.jpg\",\"main\\/products\\/product-5.jpg\",\"main\\/products\\/product-8.jpg\",\"main\\/products\\/product-18.jpg\",\"main\\/products\\/product-10.jpg\",\"main\\/products\\/product-3.jpg\",\"main\\/products\\/product-6.jpg\"]','[[{\"key\":\"file\",\"value\":null},{\"key\":\"url\",\"value\":\"https:\\/\\/www.youtube.com\\/watch?v=6JYIGclVQdw\"},{\"key\":\"thumbnail\",\"value\":\"main\\/video\\/2.jpg\"}]]','PU-147',0,15,0,1,'in_stock',1,1,0,0,1114,1011,NULL,NULL,18,19,13,794,NULL,196498,'2025-03-31 21:06:51','2025-03-31 21:06:53',7,0,'Botble\\ACL\\Models\\User',0,NULL,'physical',NULL,NULL,0,0,0,0,1),(3,'Samsung Galaxy Tab S7+ 12.4-Inch Android Tablet','It complies with Microsoft\'s Open Office criteria and is specially tuned for outstanding conversations in open-plan workplaces and other loud environments when the microphone boom arm is lowered in Performance Mode','<div class=\"row justify-content-center\">\n    <div class=\"col-xl-10\">\n        <div class=\"tp-product-details-desc-item pb-105\">\n            <div class=\"row\">\n                <div class=\"col-lg-6\">\n                    <div class=\"pt-25\">\n                        <span>Galaxy A8 tablet</span>\n                        <h3 class=\"tp-product-details-desc-title\">Your world at a glance</h3>\n                        <p>\n                            With a slim design, a vibrant entertainment system, and <br>\n                            outstanding performance, the new Galaxy Tab A7 is a stylish new <br>\n                            companion for your life.Dive head-first into the things you love, <br>\n                            and easily share your favorite moments. Learn, explore, connect <br>\n                            and be inspired.\n                        </p>\n                    </div>\n                    <div>\n                        <h3 class=\"tp-product-details-desc-title\">Draw inspiration with S Pen</h3>\n                        <p>\n                            S Pen is a bundle of writing instruments in one. Its natural grip, <br>\n                            low latency and impressive pressure sensitivity will make it your go-to for everything from drawing to editing documents. And S Pen won\'t get misplaced thanks.\n                        </p>\n                    </div>\n                </div>\n                <div class=\"col-lg-6\">\n                    <div class=\"tp-product-details-desc-thumb\">\n                        <img src=\"/storage/main/products/product-details-desc-1.jpg\" alt=\"product\">\n                    </div>\n                </div>\n            </div>\n        </div>\n        <div class=\"tp-product-details-desc-item pb-75\">\n            <div class=\"row\">\n                <div class=\"col-lg-7\">\n                    <div class=\"tp-product-details-desc-thumb\">\n                        <img src=\"/storage/main/products/product-details-desc-2.jpg\" alt=\"product\">\n                    </div>\n                </div>\n\n                <div class=\"col-lg-5 order-first order-lg-last\">\n                    <div class=\"des-content-2 pl-40\">\n                        <h3 class=\"tp-product-details-desc-title\">\n                            Carry with <br>\n                            Confidence and style\n                        </h3>\n                        <p>\n                            Wrap your tablet in a sleek case that\'s as stylish as it is convenient. Galaxy Tab S6 Lite Book Cover folds around and clings magnetically, so you can easily gear up as you\'re headed out the door. There\'s even a\n                            compartment for S pen, so you can be sure it doesn\'t get left behind.\n                        </p>\n                    </div>\n                </div>\n            </div>\n        </div>\n        <div class=\"tp-product-details-desc-item\">\n            <div class=\"row\">\n                <div class=\"col-xl-12\">\n                    <div class=\"tp-product-details-desc-banner text-center m-img\">\n                        <h3 class=\"tp-product-details-desc-banner-title tp-product-details-desc-title\">Speed Memory Power = Epic Races</h3>\n                        <img src=\"/storage/main/products/product-details-desc-3.jpg\" alt=\"product\">\n                    </div>\n                </div>\n            </div>\n        </div>\n    </div>\n</div>\n','published','[\"main\\/products\\/product-7.jpg\",\"main\\/products\\/product-details-desc-2.jpg\",\"main\\/products\\/product-19.jpg\",\"main\\/products\\/product-2.jpg\",\"main\\/products\\/product-13.jpg\",\"main\\/products\\/product-details-desc-3.jpg\"]','[[{\"key\":\"file\",\"value\":\"main\\/video\\/video-1.mp4\"},{\"key\":\"url\",\"value\":null},{\"key\":\"thumbnail\",\"value\":\"main\\/video\\/1.jpg\"}]]','D2-138-A1',0,10,0,1,'in_stock',0,2,0,0,1172,NULL,NULL,NULL,18,18,19,761,NULL,149612,'2025-03-31 21:06:51','2025-03-31 21:06:53',5,0,'Botble\\ACL\\Models\\User',0,NULL,'physical',NULL,NULL,0,0,0,0,2),(4,'Apple MacBook Pro 16-Inch Laptop (Digital)','We can provide exceptional noise isolation and the best all-day comfort by mixing firm foam for the outer with soft foam for the interior of the ear cushions. So that you may receive Active Noise-Cancellation (ANC) performance that is even greater in a headset that you can wear for whatever length you wish.','<div class=\"row justify-content-center\">\n    <div class=\"col-xl-10\">\n        <div class=\"tp-product-details-desc-item pb-105\">\n            <div class=\"row\">\n                <div class=\"col-lg-6\">\n                    <div class=\"pt-25\">\n                        <span>Galaxy A8 tablet</span>\n                        <h3 class=\"tp-product-details-desc-title\">Your world at a glance</h3>\n                        <p>\n                            With a slim design, a vibrant entertainment system, and <br>\n                            outstanding performance, the new Galaxy Tab A7 is a stylish new <br>\n                            companion for your life.Dive head-first into the things you love, <br>\n                            and easily share your favorite moments. Learn, explore, connect <br>\n                            and be inspired.\n                        </p>\n                    </div>\n                    <div>\n                        <h3 class=\"tp-product-details-desc-title\">Draw inspiration with S Pen</h3>\n                        <p>\n                            S Pen is a bundle of writing instruments in one. Its natural grip, <br>\n                            low latency and impressive pressure sensitivity will make it your go-to for everything from drawing to editing documents. And S Pen won\'t get misplaced thanks.\n                        </p>\n                    </div>\n                </div>\n                <div class=\"col-lg-6\">\n                    <div class=\"tp-product-details-desc-thumb\">\n                        <img src=\"/storage/main/products/product-details-desc-1.jpg\" alt=\"product\">\n                    </div>\n                </div>\n            </div>\n        </div>\n        <div class=\"tp-product-details-desc-item pb-75\">\n            <div class=\"row\">\n                <div class=\"col-lg-7\">\n                    <div class=\"tp-product-details-desc-thumb\">\n                        <img src=\"/storage/main/products/product-details-desc-2.jpg\" alt=\"product\">\n                    </div>\n                </div>\n\n                <div class=\"col-lg-5 order-first order-lg-last\">\n                    <div class=\"des-content-2 pl-40\">\n                        <h3 class=\"tp-product-details-desc-title\">\n                            Carry with <br>\n                            Confidence and style\n                        </h3>\n                        <p>\n                            Wrap your tablet in a sleek case that\'s as stylish as it is convenient. Galaxy Tab S6 Lite Book Cover folds around and clings magnetically, so you can easily gear up as you\'re headed out the door. There\'s even a\n                            compartment for S pen, so you can be sure it doesn\'t get left behind.\n                        </p>\n                    </div>\n                </div>\n            </div>\n        </div>\n        <div class=\"tp-product-details-desc-item\">\n            <div class=\"row\">\n                <div class=\"col-xl-12\">\n                    <div class=\"tp-product-details-desc-banner text-center m-img\">\n                        <h3 class=\"tp-product-details-desc-banner-title tp-product-details-desc-title\">Speed Memory Power = Epic Races</h3>\n                        <img src=\"/storage/main/products/product-details-desc-3.jpg\" alt=\"product\">\n                    </div>\n                </div>\n            </div>\n        </div>\n    </div>\n</div>\n','published','[\"main\\/products\\/product-2.jpg\",\"main\\/products\\/product-details-desc-1.jpg\",\"main\\/products\\/product-14.jpg\",\"main\\/products\\/product-11.jpg\",\"main\\/products\\/product-5.jpg\"]','[[{\"key\":\"file\",\"value\":null},{\"key\":\"url\",\"value\":\"https:\\/\\/www.youtube.com\\/watch?v=6JYIGclVQdw\"},{\"key\":\"thumbnail\",\"value\":\"main\\/video\\/2.jpg\"}]]','PT-146-A1',0,10,0,1,'in_stock',1,3,0,0,734,638.58,NULL,NULL,13,14,10,691,NULL,17408,'2025-03-31 21:06:51','2025-03-31 21:06:53',2,0,'Botble\\ACL\\Models\\User',0,NULL,'digital',NULL,NULL,0,0,0,0,2),(5,'Sony WH-1000XM4 Wireless Noise-Canceling Headphones','The headset also offers MS Teams Certifications and other features like Busylight, Calls controls, Voice guiding, and Wireless range (ft): Up to 100 feet. Best-in-class. Boom The most recent Jabra Evolve2 75 USB-A MS Teams Stereo Headset offers professional-grade call performance that leads the industry, yet Evolve2 75 wins best-in-class.','<div class=\"row justify-content-center\">\n    <div class=\"col-xl-10\">\n        <div class=\"tp-product-details-desc-item pb-105\">\n            <div class=\"row\">\n                <div class=\"col-lg-6\">\n                    <div class=\"pt-25\">\n                        <span>Galaxy A8 tablet</span>\n                        <h3 class=\"tp-product-details-desc-title\">Your world at a glance</h3>\n                        <p>\n                            With a slim design, a vibrant entertainment system, and <br>\n                            outstanding performance, the new Galaxy Tab A7 is a stylish new <br>\n                            companion for your life.Dive head-first into the things you love, <br>\n                            and easily share your favorite moments. Learn, explore, connect <br>\n                            and be inspired.\n                        </p>\n                    </div>\n                    <div>\n                        <h3 class=\"tp-product-details-desc-title\">Draw inspiration with S Pen</h3>\n                        <p>\n                            S Pen is a bundle of writing instruments in one. Its natural grip, <br>\n                            low latency and impressive pressure sensitivity will make it your go-to for everything from drawing to editing documents. And S Pen won\'t get misplaced thanks.\n                        </p>\n                    </div>\n                </div>\n                <div class=\"col-lg-6\">\n                    <div class=\"tp-product-details-desc-thumb\">\n                        <img src=\"/storage/main/products/product-details-desc-1.jpg\" alt=\"product\">\n                    </div>\n                </div>\n            </div>\n        </div>\n        <div class=\"tp-product-details-desc-item pb-75\">\n            <div class=\"row\">\n                <div class=\"col-lg-7\">\n                    <div class=\"tp-product-details-desc-thumb\">\n                        <img src=\"/storage/main/products/product-details-desc-2.jpg\" alt=\"product\">\n                    </div>\n                </div>\n\n                <div class=\"col-lg-5 order-first order-lg-last\">\n                    <div class=\"des-content-2 pl-40\">\n                        <h3 class=\"tp-product-details-desc-title\">\n                            Carry with <br>\n                            Confidence and style\n                        </h3>\n                        <p>\n                            Wrap your tablet in a sleek case that\'s as stylish as it is convenient. Galaxy Tab S6 Lite Book Cover folds around and clings magnetically, so you can easily gear up as you\'re headed out the door. There\'s even a\n                            compartment for S pen, so you can be sure it doesn\'t get left behind.\n                        </p>\n                    </div>\n                </div>\n            </div>\n        </div>\n        <div class=\"tp-product-details-desc-item\">\n            <div class=\"row\">\n                <div class=\"col-xl-12\">\n                    <div class=\"tp-product-details-desc-banner text-center m-img\">\n                        <h3 class=\"tp-product-details-desc-banner-title tp-product-details-desc-title\">Speed Memory Power = Epic Races</h3>\n                        <img src=\"/storage/main/products/product-details-desc-3.jpg\" alt=\"product\">\n                    </div>\n                </div>\n            </div>\n        </div>\n    </div>\n</div>\n','published','[\"main\\/products\\/product-5.jpg\",\"main\\/products\\/product-10.jpg\",\"main\\/products\\/product-details-desc-2.jpg\",\"main\\/products\\/product-18.jpg\",\"main\\/products\\/product-12.jpg\",\"main\\/products\\/product-1.jpg\",\"main\\/products\\/product-4.jpg\",\"main\\/products\\/product-11.jpg\"]','[[{\"key\":\"file\",\"value\":null},{\"key\":\"url\",\"value\":\"https:\\/\\/www.youtube.com\\/watch?v=6JYIGclVQdw\"},{\"key\":\"thumbnail\",\"value\":\"main\\/video\\/2.jpg\"}]]','YF-129-A1',0,12,0,1,'in_stock',1,4,0,0,1039,NULL,NULL,NULL,15,11,17,749,NULL,106033,'2025-03-31 21:06:52','2025-03-31 21:06:53',7,0,'Botble\\ACL\\Models\\User',0,NULL,'physical',NULL,NULL,0,0,0,0,2),(6,'DJI Mavic Air 2 Drone','We can provide exceptional noise isolation and the best all-day comfort by mixing firm foam for the outer with soft foam for the interior of the ear cushions. So that you may receive Active Noise-Cancellation (ANC) performance that is even greater in a headset that you can wear for whatever length you wish.','<div class=\"row justify-content-center\">\n    <div class=\"col-xl-10\">\n        <div class=\"tp-product-details-desc-item pb-105\">\n            <div class=\"row\">\n                <div class=\"col-lg-6\">\n                    <div class=\"pt-25\">\n                        <span>Galaxy A8 tablet</span>\n                        <h3 class=\"tp-product-details-desc-title\">Your world at a glance</h3>\n                        <p>\n                            With a slim design, a vibrant entertainment system, and <br>\n                            outstanding performance, the new Galaxy Tab A7 is a stylish new <br>\n                            companion for your life.Dive head-first into the things you love, <br>\n                            and easily share your favorite moments. Learn, explore, connect <br>\n                            and be inspired.\n                        </p>\n                    </div>\n                    <div>\n                        <h3 class=\"tp-product-details-desc-title\">Draw inspiration with S Pen</h3>\n                        <p>\n                            S Pen is a bundle of writing instruments in one. Its natural grip, <br>\n                            low latency and impressive pressure sensitivity will make it your go-to for everything from drawing to editing documents. And S Pen won\'t get misplaced thanks.\n                        </p>\n                    </div>\n                </div>\n                <div class=\"col-lg-6\">\n                    <div class=\"tp-product-details-desc-thumb\">\n                        <img src=\"/storage/main/products/product-details-desc-1.jpg\" alt=\"product\">\n                    </div>\n                </div>\n            </div>\n        </div>\n        <div class=\"tp-product-details-desc-item pb-75\">\n            <div class=\"row\">\n                <div class=\"col-lg-7\">\n                    <div class=\"tp-product-details-desc-thumb\">\n                        <img src=\"/storage/main/products/product-details-desc-2.jpg\" alt=\"product\">\n                    </div>\n                </div>\n\n                <div class=\"col-lg-5 order-first order-lg-last\">\n                    <div class=\"des-content-2 pl-40\">\n                        <h3 class=\"tp-product-details-desc-title\">\n                            Carry with <br>\n                            Confidence and style\n                        </h3>\n                        <p>\n                            Wrap your tablet in a sleek case that\'s as stylish as it is convenient. Galaxy Tab S6 Lite Book Cover folds around and clings magnetically, so you can easily gear up as you\'re headed out the door. There\'s even a\n                            compartment for S pen, so you can be sure it doesn\'t get left behind.\n                        </p>\n                    </div>\n                </div>\n            </div>\n        </div>\n        <div class=\"tp-product-details-desc-item\">\n            <div class=\"row\">\n                <div class=\"col-xl-12\">\n                    <div class=\"tp-product-details-desc-banner text-center m-img\">\n                        <h3 class=\"tp-product-details-desc-banner-title tp-product-details-desc-title\">Speed Memory Power = Epic Races</h3>\n                        <img src=\"/storage/main/products/product-details-desc-3.jpg\" alt=\"product\">\n                    </div>\n                </div>\n            </div>\n        </div>\n    </div>\n</div>\n','published','[\"main\\/products\\/product-details-desc-3.jpg\",\"main\\/products\\/product-15.jpg\",\"main\\/products\\/product-5.jpg\",\"main\\/products\\/product-4.jpg\",\"main\\/products\\/product-13.jpg\",\"main\\/products\\/product-1.jpg\"]','[[{\"key\":\"file\",\"value\":\"main\\/video\\/video-1.mp4\"},{\"key\":\"url\",\"value\":null},{\"key\":\"thumbnail\",\"value\":\"main\\/video\\/1.jpg\"}]]','CX-146-A1',0,13,0,1,'in_stock',0,1,0,0,1034,NULL,NULL,NULL,11,16,17,743,NULL,134652,'2025-03-31 21:06:52','2025-03-31 21:06:53',6,0,'Botble\\ACL\\Models\\User',0,NULL,'physical',NULL,NULL,0,0,0,0,1),(7,'GoPro HERO9 Black Action Camera','We can provide exceptional noise isolation and the best all-day comfort by mixing firm foam for the outer with soft foam for the interior of the ear cushions. So that you may receive Active Noise-Cancellation (ANC) performance that is even greater in a headset that you can wear for whatever length you wish.','<div class=\"row justify-content-center\">\n    <div class=\"col-xl-10\">\n        <div class=\"tp-product-details-desc-item pb-105\">\n            <div class=\"row\">\n                <div class=\"col-lg-6\">\n                    <div class=\"pt-25\">\n                        <span>Galaxy A8 tablet</span>\n                        <h3 class=\"tp-product-details-desc-title\">Your world at a glance</h3>\n                        <p>\n                            With a slim design, a vibrant entertainment system, and <br>\n                            outstanding performance, the new Galaxy Tab A7 is a stylish new <br>\n                            companion for your life.Dive head-first into the things you love, <br>\n                            and easily share your favorite moments. Learn, explore, connect <br>\n                            and be inspired.\n                        </p>\n                    </div>\n                    <div>\n                        <h3 class=\"tp-product-details-desc-title\">Draw inspiration with S Pen</h3>\n                        <p>\n                            S Pen is a bundle of writing instruments in one. Its natural grip, <br>\n                            low latency and impressive pressure sensitivity will make it your go-to for everything from drawing to editing documents. And S Pen won\'t get misplaced thanks.\n                        </p>\n                    </div>\n                </div>\n                <div class=\"col-lg-6\">\n                    <div class=\"tp-product-details-desc-thumb\">\n                        <img src=\"/storage/main/products/product-details-desc-1.jpg\" alt=\"product\">\n                    </div>\n                </div>\n            </div>\n        </div>\n        <div class=\"tp-product-details-desc-item pb-75\">\n            <div class=\"row\">\n                <div class=\"col-lg-7\">\n                    <div class=\"tp-product-details-desc-thumb\">\n                        <img src=\"/storage/main/products/product-details-desc-2.jpg\" alt=\"product\">\n                    </div>\n                </div>\n\n                <div class=\"col-lg-5 order-first order-lg-last\">\n                    <div class=\"des-content-2 pl-40\">\n                        <h3 class=\"tp-product-details-desc-title\">\n                            Carry with <br>\n                            Confidence and style\n                        </h3>\n                        <p>\n                            Wrap your tablet in a sleek case that\'s as stylish as it is convenient. Galaxy Tab S6 Lite Book Cover folds around and clings magnetically, so you can easily gear up as you\'re headed out the door. There\'s even a\n                            compartment for S pen, so you can be sure it doesn\'t get left behind.\n                        </p>\n                    </div>\n                </div>\n            </div>\n        </div>\n        <div class=\"tp-product-details-desc-item\">\n            <div class=\"row\">\n                <div class=\"col-xl-12\">\n                    <div class=\"tp-product-details-desc-banner text-center m-img\">\n                        <h3 class=\"tp-product-details-desc-banner-title tp-product-details-desc-title\">Speed Memory Power = Epic Races</h3>\n                        <img src=\"/storage/main/products/product-details-desc-3.jpg\" alt=\"product\">\n                    </div>\n                </div>\n            </div>\n        </div>\n    </div>\n</div>\n','published','[\"main\\/products\\/product-15.jpg\",\"main\\/products\\/product-20.jpg\",\"main\\/products\\/product-5.jpg\",\"main\\/products\\/product-11.jpg\",\"main\\/products\\/product-3.jpg\"]','[]','YN-193-A1',0,20,0,1,'in_stock',0,5,0,0,1499,NULL,NULL,NULL,20,16,19,800,NULL,58038,'2025-03-31 21:06:52','2025-03-31 21:06:53',6,0,'Botble\\ACL\\Models\\User',0,NULL,'physical',NULL,NULL,0,0,0,0,2),(8,'Bose SoundLink Revolve+ Portable Bluetooth Speaker (Digital)','With this intelligent headset, you can stay connected and productive from the first call of the day to the last train home. With an ergonomic earcup design, this headset invented a brand-new dual-foam technology. You will be comfortable from the first call to the last thanks to the re-engineered leatherette ear cushion design that allows for better airflow.','<div class=\"row justify-content-center\">\n    <div class=\"col-xl-10\">\n        <div class=\"tp-product-details-desc-item pb-105\">\n            <div class=\"row\">\n                <div class=\"col-lg-6\">\n                    <div class=\"pt-25\">\n                        <span>Galaxy A8 tablet</span>\n                        <h3 class=\"tp-product-details-desc-title\">Your world at a glance</h3>\n                        <p>\n                            With a slim design, a vibrant entertainment system, and <br>\n                            outstanding performance, the new Galaxy Tab A7 is a stylish new <br>\n                            companion for your life.Dive head-first into the things you love, <br>\n                            and easily share your favorite moments. Learn, explore, connect <br>\n                            and be inspired.\n                        </p>\n                    </div>\n                    <div>\n                        <h3 class=\"tp-product-details-desc-title\">Draw inspiration with S Pen</h3>\n                        <p>\n                            S Pen is a bundle of writing instruments in one. Its natural grip, <br>\n                            low latency and impressive pressure sensitivity will make it your go-to for everything from drawing to editing documents. And S Pen won\'t get misplaced thanks.\n                        </p>\n                    </div>\n                </div>\n                <div class=\"col-lg-6\">\n                    <div class=\"tp-product-details-desc-thumb\">\n                        <img src=\"/storage/main/products/product-details-desc-1.jpg\" alt=\"product\">\n                    </div>\n                </div>\n            </div>\n        </div>\n        <div class=\"tp-product-details-desc-item pb-75\">\n            <div class=\"row\">\n                <div class=\"col-lg-7\">\n                    <div class=\"tp-product-details-desc-thumb\">\n                        <img src=\"/storage/main/products/product-details-desc-2.jpg\" alt=\"product\">\n                    </div>\n                </div>\n\n                <div class=\"col-lg-5 order-first order-lg-last\">\n                    <div class=\"des-content-2 pl-40\">\n                        <h3 class=\"tp-product-details-desc-title\">\n                            Carry with <br>\n                            Confidence and style\n                        </h3>\n                        <p>\n                            Wrap your tablet in a sleek case that\'s as stylish as it is convenient. Galaxy Tab S6 Lite Book Cover folds around and clings magnetically, so you can easily gear up as you\'re headed out the door. There\'s even a\n                            compartment for S pen, so you can be sure it doesn\'t get left behind.\n                        </p>\n                    </div>\n                </div>\n            </div>\n        </div>\n        <div class=\"tp-product-details-desc-item\">\n            <div class=\"row\">\n                <div class=\"col-xl-12\">\n                    <div class=\"tp-product-details-desc-banner text-center m-img\">\n                        <h3 class=\"tp-product-details-desc-banner-title tp-product-details-desc-title\">Speed Memory Power = Epic Races</h3>\n                        <img src=\"/storage/main/products/product-details-desc-3.jpg\" alt=\"product\">\n                    </div>\n                </div>\n            </div>\n        </div>\n    </div>\n</div>\n','published','[\"main\\/products\\/product-8.jpg\",\"main\\/products\\/product-11.jpg\",\"main\\/products\\/product-2.jpg\",\"main\\/products\\/product-15.jpg\"]','[[{\"key\":\"file\",\"value\":null},{\"key\":\"url\",\"value\":\"https:\\/\\/www.youtube.com\\/watch?v=6JYIGclVQdw\"},{\"key\":\"thumbnail\",\"value\":\"main\\/video\\/1.jpg\"}]]','BV-123-A1',0,15,0,1,'in_stock',1,4,0,0,2436,2143.68,NULL,NULL,11,14,14,644,NULL,3840,'2025-03-31 21:06:52','2025-03-31 21:06:53',6,0,'Botble\\ACL\\Models\\User',0,NULL,'digital',NULL,NULL,0,0,0,0,2),(9,'Nest Learning Thermostat (3rd Generation)','With this intelligent headset, you can stay connected and productive from the first call of the day to the last train home. With an ergonomic earcup design, this headset invented a brand-new dual-foam technology. You will be comfortable from the first call to the last thanks to the re-engineered leatherette ear cushion design that allows for better airflow.','<div class=\"row justify-content-center\">\n    <div class=\"col-xl-10\">\n        <div class=\"tp-product-details-desc-item pb-105\">\n            <div class=\"row\">\n                <div class=\"col-lg-6\">\n                    <div class=\"pt-25\">\n                        <span>Galaxy A8 tablet</span>\n                        <h3 class=\"tp-product-details-desc-title\">Your world at a glance</h3>\n                        <p>\n                            With a slim design, a vibrant entertainment system, and <br>\n                            outstanding performance, the new Galaxy Tab A7 is a stylish new <br>\n                            companion for your life.Dive head-first into the things you love, <br>\n                            and easily share your favorite moments. Learn, explore, connect <br>\n                            and be inspired.\n                        </p>\n                    </div>\n                    <div>\n                        <h3 class=\"tp-product-details-desc-title\">Draw inspiration with S Pen</h3>\n                        <p>\n                            S Pen is a bundle of writing instruments in one. Its natural grip, <br>\n                            low latency and impressive pressure sensitivity will make it your go-to for everything from drawing to editing documents. And S Pen won\'t get misplaced thanks.\n                        </p>\n                    </div>\n                </div>\n                <div class=\"col-lg-6\">\n                    <div class=\"tp-product-details-desc-thumb\">\n                        <img src=\"/storage/main/products/product-details-desc-1.jpg\" alt=\"product\">\n                    </div>\n                </div>\n            </div>\n        </div>\n        <div class=\"tp-product-details-desc-item pb-75\">\n            <div class=\"row\">\n                <div class=\"col-lg-7\">\n                    <div class=\"tp-product-details-desc-thumb\">\n                        <img src=\"/storage/main/products/product-details-desc-2.jpg\" alt=\"product\">\n                    </div>\n                </div>\n\n                <div class=\"col-lg-5 order-first order-lg-last\">\n                    <div class=\"des-content-2 pl-40\">\n                        <h3 class=\"tp-product-details-desc-title\">\n                            Carry with <br>\n                            Confidence and style\n                        </h3>\n                        <p>\n                            Wrap your tablet in a sleek case that\'s as stylish as it is convenient. Galaxy Tab S6 Lite Book Cover folds around and clings magnetically, so you can easily gear up as you\'re headed out the door. There\'s even a\n                            compartment for S pen, so you can be sure it doesn\'t get left behind.\n                        </p>\n                    </div>\n                </div>\n            </div>\n        </div>\n        <div class=\"tp-product-details-desc-item\">\n            <div class=\"row\">\n                <div class=\"col-xl-12\">\n                    <div class=\"tp-product-details-desc-banner text-center m-img\">\n                        <h3 class=\"tp-product-details-desc-banner-title tp-product-details-desc-title\">Speed Memory Power = Epic Races</h3>\n                        <img src=\"/storage/main/products/product-details-desc-3.jpg\" alt=\"product\">\n                    </div>\n                </div>\n            </div>\n        </div>\n    </div>\n</div>\n','published','[\"main\\/products\\/product-14.jpg\",\"main\\/products\\/product-12.jpg\",\"main\\/products\\/product-6.jpg\",\"main\\/products\\/product-5.jpg\",\"main\\/products\\/product-17.jpg\",\"main\\/products\\/product-20.jpg\",\"main\\/products\\/product-8.jpg\",\"main\\/products\\/product-19.jpg\"]','[]','V6-108',0,16,0,1,'in_stock',1,1,0,0,1139,318,NULL,NULL,13,14,13,501,NULL,127112,'2025-03-31 21:06:52','2025-03-31 21:06:53',8,0,'Botble\\ACL\\Models\\User',0,NULL,'physical',NULL,NULL,0,0,0,0,2),(10,'Ring Video Doorbell Pro','The headset also offers MS Teams Certifications and other features like Busylight, Calls controls, Voice guiding, and Wireless range (ft): Up to 100 feet. Best-in-class. Boom The most recent Jabra Evolve2 75 USB-A MS Teams Stereo Headset offers professional-grade call performance that leads the industry, yet Evolve2 75 wins best-in-class.','<div class=\"row justify-content-center\">\n    <div class=\"col-xl-10\">\n        <div class=\"tp-product-details-desc-item pb-105\">\n            <div class=\"row\">\n                <div class=\"col-lg-6\">\n                    <div class=\"pt-25\">\n                        <span>Galaxy A8 tablet</span>\n                        <h3 class=\"tp-product-details-desc-title\">Your world at a glance</h3>\n                        <p>\n                            With a slim design, a vibrant entertainment system, and <br>\n                            outstanding performance, the new Galaxy Tab A7 is a stylish new <br>\n                            companion for your life.Dive head-first into the things you love, <br>\n                            and easily share your favorite moments. Learn, explore, connect <br>\n                            and be inspired.\n                        </p>\n                    </div>\n                    <div>\n                        <h3 class=\"tp-product-details-desc-title\">Draw inspiration with S Pen</h3>\n                        <p>\n                            S Pen is a bundle of writing instruments in one. Its natural grip, <br>\n                            low latency and impressive pressure sensitivity will make it your go-to for everything from drawing to editing documents. And S Pen won\'t get misplaced thanks.\n                        </p>\n                    </div>\n                </div>\n                <div class=\"col-lg-6\">\n                    <div class=\"tp-product-details-desc-thumb\">\n                        <img src=\"/storage/main/products/product-details-desc-1.jpg\" alt=\"product\">\n                    </div>\n                </div>\n            </div>\n        </div>\n        <div class=\"tp-product-details-desc-item pb-75\">\n            <div class=\"row\">\n                <div class=\"col-lg-7\">\n                    <div class=\"tp-product-details-desc-thumb\">\n                        <img src=\"/storage/main/products/product-details-desc-2.jpg\" alt=\"product\">\n                    </div>\n                </div>\n\n                <div class=\"col-lg-5 order-first order-lg-last\">\n                    <div class=\"des-content-2 pl-40\">\n                        <h3 class=\"tp-product-details-desc-title\">\n                            Carry with <br>\n                            Confidence and style\n                        </h3>\n                        <p>\n                            Wrap your tablet in a sleek case that\'s as stylish as it is convenient. Galaxy Tab S6 Lite Book Cover folds around and clings magnetically, so you can easily gear up as you\'re headed out the door. There\'s even a\n                            compartment for S pen, so you can be sure it doesn\'t get left behind.\n                        </p>\n                    </div>\n                </div>\n            </div>\n        </div>\n        <div class=\"tp-product-details-desc-item\">\n            <div class=\"row\">\n                <div class=\"col-xl-12\">\n                    <div class=\"tp-product-details-desc-banner text-center m-img\">\n                        <h3 class=\"tp-product-details-desc-banner-title tp-product-details-desc-title\">Speed Memory Power = Epic Races</h3>\n                        <img src=\"/storage/main/products/product-details-desc-3.jpg\" alt=\"product\">\n                    </div>\n                </div>\n            </div>\n        </div>\n    </div>\n</div>\n','published','[\"main\\/products\\/product-6.jpg\",\"main\\/products\\/product-17.jpg\",\"main\\/products\\/product-details-desc-2.jpg\",\"main\\/products\\/product-10.jpg\"]','[[{\"key\":\"file\",\"value\":\"main\\/video\\/video-1.mp4\"},{\"key\":\"url\",\"value\":null},{\"key\":\"thumbnail\",\"value\":\"main\\/video\\/1.jpg\"}]]','KG-176',0,12,0,1,'in_stock',1,2,0,0,424,323,NULL,NULL,12,12,20,501,NULL,26189,'2025-03-31 21:06:52','2025-03-31 21:06:53',3,0,'Botble\\ACL\\Models\\User',0,NULL,'physical',NULL,NULL,0,0,0,0,2),(11,'Amazon Echo Show 10 (3rd Gen)','The headset also offers MS Teams Certifications and other features like Busylight, Calls controls, Voice guiding, and Wireless range (ft): Up to 100 feet. Best-in-class. Boom The most recent Jabra Evolve2 75 USB-A MS Teams Stereo Headset offers professional-grade call performance that leads the industry, yet Evolve2 75 wins best-in-class.','<div class=\"row justify-content-center\">\n    <div class=\"col-xl-10\">\n        <div class=\"tp-product-details-desc-item pb-105\">\n            <div class=\"row\">\n                <div class=\"col-lg-6\">\n                    <div class=\"pt-25\">\n                        <span>Galaxy A8 tablet</span>\n                        <h3 class=\"tp-product-details-desc-title\">Your world at a glance</h3>\n                        <p>\n                            With a slim design, a vibrant entertainment system, and <br>\n                            outstanding performance, the new Galaxy Tab A7 is a stylish new <br>\n                            companion for your life.Dive head-first into the things you love, <br>\n                            and easily share your favorite moments. Learn, explore, connect <br>\n                            and be inspired.\n                        </p>\n                    </div>\n                    <div>\n                        <h3 class=\"tp-product-details-desc-title\">Draw inspiration with S Pen</h3>\n                        <p>\n                            S Pen is a bundle of writing instruments in one. Its natural grip, <br>\n                            low latency and impressive pressure sensitivity will make it your go-to for everything from drawing to editing documents. And S Pen won\'t get misplaced thanks.\n                        </p>\n                    </div>\n                </div>\n                <div class=\"col-lg-6\">\n                    <div class=\"tp-product-details-desc-thumb\">\n                        <img src=\"/storage/main/products/product-details-desc-1.jpg\" alt=\"product\">\n                    </div>\n                </div>\n            </div>\n        </div>\n        <div class=\"tp-product-details-desc-item pb-75\">\n            <div class=\"row\">\n                <div class=\"col-lg-7\">\n                    <div class=\"tp-product-details-desc-thumb\">\n                        <img src=\"/storage/main/products/product-details-desc-2.jpg\" alt=\"product\">\n                    </div>\n                </div>\n\n                <div class=\"col-lg-5 order-first order-lg-last\">\n                    <div class=\"des-content-2 pl-40\">\n                        <h3 class=\"tp-product-details-desc-title\">\n                            Carry with <br>\n                            Confidence and style\n                        </h3>\n                        <p>\n                            Wrap your tablet in a sleek case that\'s as stylish as it is convenient. Galaxy Tab S6 Lite Book Cover folds around and clings magnetically, so you can easily gear up as you\'re headed out the door. There\'s even a\n                            compartment for S pen, so you can be sure it doesn\'t get left behind.\n                        </p>\n                    </div>\n                </div>\n            </div>\n        </div>\n        <div class=\"tp-product-details-desc-item\">\n            <div class=\"row\">\n                <div class=\"col-xl-12\">\n                    <div class=\"tp-product-details-desc-banner text-center m-img\">\n                        <h3 class=\"tp-product-details-desc-banner-title tp-product-details-desc-title\">Speed Memory Power = Epic Races</h3>\n                        <img src=\"/storage/main/products/product-details-desc-3.jpg\" alt=\"product\">\n                    </div>\n                </div>\n            </div>\n        </div>\n    </div>\n</div>\n','published','[\"main\\/products\\/product-4.jpg\",\"main\\/products\\/product-7.jpg\",\"main\\/products\\/product-13.jpg\",\"main\\/products\\/product-16.jpg\"]','[]','EC-164',0,20,0,1,'in_stock',0,4,0,0,1233,946,NULL,NULL,17,19,13,538,NULL,30108,'2025-03-31 21:06:52','2025-03-31 21:06:53',2,0,'Botble\\ACL\\Models\\User',0,NULL,'physical',NULL,NULL,0,0,0,0,1),(12,'Samsung QN90A Neo QLED 4K Smart TV (Digital)','With this intelligent headset, you can stay connected and productive from the first call of the day to the last train home. With an ergonomic earcup design, this headset invented a brand-new dual-foam technology. You will be comfortable from the first call to the last thanks to the re-engineered leatherette ear cushion design that allows for better airflow.','<div class=\"row justify-content-center\">\n    <div class=\"col-xl-10\">\n        <div class=\"tp-product-details-desc-item pb-105\">\n            <div class=\"row\">\n                <div class=\"col-lg-6\">\n                    <div class=\"pt-25\">\n                        <span>Galaxy A8 tablet</span>\n                        <h3 class=\"tp-product-details-desc-title\">Your world at a glance</h3>\n                        <p>\n                            With a slim design, a vibrant entertainment system, and <br>\n                            outstanding performance, the new Galaxy Tab A7 is a stylish new <br>\n                            companion for your life.Dive head-first into the things you love, <br>\n                            and easily share your favorite moments. Learn, explore, connect <br>\n                            and be inspired.\n                        </p>\n                    </div>\n                    <div>\n                        <h3 class=\"tp-product-details-desc-title\">Draw inspiration with S Pen</h3>\n                        <p>\n                            S Pen is a bundle of writing instruments in one. Its natural grip, <br>\n                            low latency and impressive pressure sensitivity will make it your go-to for everything from drawing to editing documents. And S Pen won\'t get misplaced thanks.\n                        </p>\n                    </div>\n                </div>\n                <div class=\"col-lg-6\">\n                    <div class=\"tp-product-details-desc-thumb\">\n                        <img src=\"/storage/main/products/product-details-desc-1.jpg\" alt=\"product\">\n                    </div>\n                </div>\n            </div>\n        </div>\n        <div class=\"tp-product-details-desc-item pb-75\">\n            <div class=\"row\">\n                <div class=\"col-lg-7\">\n                    <div class=\"tp-product-details-desc-thumb\">\n                        <img src=\"/storage/main/products/product-details-desc-2.jpg\" alt=\"product\">\n                    </div>\n                </div>\n\n                <div class=\"col-lg-5 order-first order-lg-last\">\n                    <div class=\"des-content-2 pl-40\">\n                        <h3 class=\"tp-product-details-desc-title\">\n                            Carry with <br>\n                            Confidence and style\n                        </h3>\n                        <p>\n                            Wrap your tablet in a sleek case that\'s as stylish as it is convenient. Galaxy Tab S6 Lite Book Cover folds around and clings magnetically, so you can easily gear up as you\'re headed out the door. There\'s even a\n                            compartment for S pen, so you can be sure it doesn\'t get left behind.\n                        </p>\n                    </div>\n                </div>\n            </div>\n        </div>\n        <div class=\"tp-product-details-desc-item\">\n            <div class=\"row\">\n                <div class=\"col-xl-12\">\n                    <div class=\"tp-product-details-desc-banner text-center m-img\">\n                        <h3 class=\"tp-product-details-desc-banner-title tp-product-details-desc-title\">Speed Memory Power = Epic Races</h3>\n                        <img src=\"/storage/main/products/product-details-desc-3.jpg\" alt=\"product\">\n                    </div>\n                </div>\n            </div>\n        </div>\n    </div>\n</div>\n','published','[\"main\\/products\\/product-5.jpg\",\"main\\/products\\/product-9.jpg\",\"main\\/products\\/product-7.jpg\",\"main\\/products\\/product-12.jpg\"]','[]','MA-192-A1',0,16,0,1,'in_stock',1,4,0,0,605,429.55,NULL,NULL,13,17,11,834,NULL,11796,'2025-03-31 21:06:52','2025-03-31 21:06:53',6,0,'Botble\\ACL\\Models\\User',0,NULL,'digital',NULL,NULL,0,0,0,0,1),(13,'LG OLED C1 Series 4K Smart TV','We can provide exceptional noise isolation and the best all-day comfort by mixing firm foam for the outer with soft foam for the interior of the ear cushions. So that you may receive Active Noise-Cancellation (ANC) performance that is even greater in a headset that you can wear for whatever length you wish.','<div class=\"row justify-content-center\">\n    <div class=\"col-xl-10\">\n        <div class=\"tp-product-details-desc-item pb-105\">\n            <div class=\"row\">\n                <div class=\"col-lg-6\">\n                    <div class=\"pt-25\">\n                        <span>Galaxy A8 tablet</span>\n                        <h3 class=\"tp-product-details-desc-title\">Your world at a glance</h3>\n                        <p>\n                            With a slim design, a vibrant entertainment system, and <br>\n                            outstanding performance, the new Galaxy Tab A7 is a stylish new <br>\n                            companion for your life.Dive head-first into the things you love, <br>\n                            and easily share your favorite moments. Learn, explore, connect <br>\n                            and be inspired.\n                        </p>\n                    </div>\n                    <div>\n                        <h3 class=\"tp-product-details-desc-title\">Draw inspiration with S Pen</h3>\n                        <p>\n                            S Pen is a bundle of writing instruments in one. Its natural grip, <br>\n                            low latency and impressive pressure sensitivity will make it your go-to for everything from drawing to editing documents. And S Pen won\'t get misplaced thanks.\n                        </p>\n                    </div>\n                </div>\n                <div class=\"col-lg-6\">\n                    <div class=\"tp-product-details-desc-thumb\">\n                        <img src=\"/storage/main/products/product-details-desc-1.jpg\" alt=\"product\">\n                    </div>\n                </div>\n            </div>\n        </div>\n        <div class=\"tp-product-details-desc-item pb-75\">\n            <div class=\"row\">\n                <div class=\"col-lg-7\">\n                    <div class=\"tp-product-details-desc-thumb\">\n                        <img src=\"/storage/main/products/product-details-desc-2.jpg\" alt=\"product\">\n                    </div>\n                </div>\n\n                <div class=\"col-lg-5 order-first order-lg-last\">\n                    <div class=\"des-content-2 pl-40\">\n                        <h3 class=\"tp-product-details-desc-title\">\n                            Carry with <br>\n                            Confidence and style\n                        </h3>\n                        <p>\n                            Wrap your tablet in a sleek case that\'s as stylish as it is convenient. Galaxy Tab S6 Lite Book Cover folds around and clings magnetically, so you can easily gear up as you\'re headed out the door. There\'s even a\n                            compartment for S pen, so you can be sure it doesn\'t get left behind.\n                        </p>\n                    </div>\n                </div>\n            </div>\n        </div>\n        <div class=\"tp-product-details-desc-item\">\n            <div class=\"row\">\n                <div class=\"col-xl-12\">\n                    <div class=\"tp-product-details-desc-banner text-center m-img\">\n                        <h3 class=\"tp-product-details-desc-banner-title tp-product-details-desc-title\">Speed Memory Power = Epic Races</h3>\n                        <img src=\"/storage/main/products/product-details-desc-3.jpg\" alt=\"product\">\n                    </div>\n                </div>\n            </div>\n        </div>\n    </div>\n</div>\n','published','[\"main\\/products\\/product-12.jpg\",\"main\\/products\\/product-1.jpg\",\"main\\/products\\/product-details-desc-2.jpg\",\"main\\/products\\/product-16.jpg\"]','[]','PL-158-A1',0,19,0,1,'in_stock',1,1,0,0,924,NULL,NULL,NULL,14,13,15,617,NULL,86908,'2025-03-31 21:06:52','2025-03-31 21:06:53',4,0,'Botble\\ACL\\Models\\User',0,NULL,'physical',NULL,NULL,0,0,0,0,1),(14,'Sony X950H 4K Ultra HD Smart LED TV','The headset also offers MS Teams Certifications and other features like Busylight, Calls controls, Voice guiding, and Wireless range (ft): Up to 100 feet. Best-in-class. Boom The most recent Jabra Evolve2 75 USB-A MS Teams Stereo Headset offers professional-grade call performance that leads the industry, yet Evolve2 75 wins best-in-class.','<div class=\"row justify-content-center\">\n    <div class=\"col-xl-10\">\n        <div class=\"tp-product-details-desc-item pb-105\">\n            <div class=\"row\">\n                <div class=\"col-lg-6\">\n                    <div class=\"pt-25\">\n                        <span>Galaxy A8 tablet</span>\n                        <h3 class=\"tp-product-details-desc-title\">Your world at a glance</h3>\n                        <p>\n                            With a slim design, a vibrant entertainment system, and <br>\n                            outstanding performance, the new Galaxy Tab A7 is a stylish new <br>\n                            companion for your life.Dive head-first into the things you love, <br>\n                            and easily share your favorite moments. Learn, explore, connect <br>\n                            and be inspired.\n                        </p>\n                    </div>\n                    <div>\n                        <h3 class=\"tp-product-details-desc-title\">Draw inspiration with S Pen</h3>\n                        <p>\n                            S Pen is a bundle of writing instruments in one. Its natural grip, <br>\n                            low latency and impressive pressure sensitivity will make it your go-to for everything from drawing to editing documents. And S Pen won\'t get misplaced thanks.\n                        </p>\n                    </div>\n                </div>\n                <div class=\"col-lg-6\">\n                    <div class=\"tp-product-details-desc-thumb\">\n                        <img src=\"/storage/main/products/product-details-desc-1.jpg\" alt=\"product\">\n                    </div>\n                </div>\n            </div>\n        </div>\n        <div class=\"tp-product-details-desc-item pb-75\">\n            <div class=\"row\">\n                <div class=\"col-lg-7\">\n                    <div class=\"tp-product-details-desc-thumb\">\n                        <img src=\"/storage/main/products/product-details-desc-2.jpg\" alt=\"product\">\n                    </div>\n                </div>\n\n                <div class=\"col-lg-5 order-first order-lg-last\">\n                    <div class=\"des-content-2 pl-40\">\n                        <h3 class=\"tp-product-details-desc-title\">\n                            Carry with <br>\n                            Confidence and style\n                        </h3>\n                        <p>\n                            Wrap your tablet in a sleek case that\'s as stylish as it is convenient. Galaxy Tab S6 Lite Book Cover folds around and clings magnetically, so you can easily gear up as you\'re headed out the door. There\'s even a\n                            compartment for S pen, so you can be sure it doesn\'t get left behind.\n                        </p>\n                    </div>\n                </div>\n            </div>\n        </div>\n        <div class=\"tp-product-details-desc-item\">\n            <div class=\"row\">\n                <div class=\"col-xl-12\">\n                    <div class=\"tp-product-details-desc-banner text-center m-img\">\n                        <h3 class=\"tp-product-details-desc-banner-title tp-product-details-desc-title\">Speed Memory Power = Epic Races</h3>\n                        <img src=\"/storage/main/products/product-details-desc-3.jpg\" alt=\"product\">\n                    </div>\n                </div>\n            </div>\n        </div>\n    </div>\n</div>\n','published','[\"main\\/products\\/product-15.jpg\",\"main\\/products\\/product-2.jpg\",\"main\\/products\\/product-details-desc-1.jpg\",\"main\\/products\\/product-12.jpg\",\"main\\/products\\/product-19.jpg\",\"main\\/products\\/product-18.jpg\",\"main\\/products\\/product-details-desc-3.jpg\"]','[[{\"key\":\"file\",\"value\":\"main\\/video\\/video-1.mp4\"},{\"key\":\"url\",\"value\":null},{\"key\":\"thumbnail\",\"value\":\"main\\/video\\/1.jpg\"}]]','NZ-149',0,18,0,1,'in_stock',0,1,0,0,2368,1549,NULL,NULL,11,16,14,673,NULL,49120,'2025-03-31 21:06:52','2025-03-31 21:06:53',3,0,'Botble\\ACL\\Models\\User',0,NULL,'physical',NULL,NULL,0,0,0,0,1),(15,'Apple Watch Series 7','It complies with Microsoft\'s Open Office criteria and is specially tuned for outstanding conversations in open-plan workplaces and other loud environments when the microphone boom arm is lowered in Performance Mode','<div class=\"row justify-content-center\">\n    <div class=\"col-xl-10\">\n        <div class=\"tp-product-details-desc-item pb-105\">\n            <div class=\"row\">\n                <div class=\"col-lg-6\">\n                    <div class=\"pt-25\">\n                        <span>Galaxy A8 tablet</span>\n                        <h3 class=\"tp-product-details-desc-title\">Your world at a glance</h3>\n                        <p>\n                            With a slim design, a vibrant entertainment system, and <br>\n                            outstanding performance, the new Galaxy Tab A7 is a stylish new <br>\n                            companion for your life.Dive head-first into the things you love, <br>\n                            and easily share your favorite moments. Learn, explore, connect <br>\n                            and be inspired.\n                        </p>\n                    </div>\n                    <div>\n                        <h3 class=\"tp-product-details-desc-title\">Draw inspiration with S Pen</h3>\n                        <p>\n                            S Pen is a bundle of writing instruments in one. Its natural grip, <br>\n                            low latency and impressive pressure sensitivity will make it your go-to for everything from drawing to editing documents. And S Pen won\'t get misplaced thanks.\n                        </p>\n                    </div>\n                </div>\n                <div class=\"col-lg-6\">\n                    <div class=\"tp-product-details-desc-thumb\">\n                        <img src=\"/storage/main/products/product-details-desc-1.jpg\" alt=\"product\">\n                    </div>\n                </div>\n            </div>\n        </div>\n        <div class=\"tp-product-details-desc-item pb-75\">\n            <div class=\"row\">\n                <div class=\"col-lg-7\">\n                    <div class=\"tp-product-details-desc-thumb\">\n                        <img src=\"/storage/main/products/product-details-desc-2.jpg\" alt=\"product\">\n                    </div>\n                </div>\n\n                <div class=\"col-lg-5 order-first order-lg-last\">\n                    <div class=\"des-content-2 pl-40\">\n                        <h3 class=\"tp-product-details-desc-title\">\n                            Carry with <br>\n                            Confidence and style\n                        </h3>\n                        <p>\n                            Wrap your tablet in a sleek case that\'s as stylish as it is convenient. Galaxy Tab S6 Lite Book Cover folds around and clings magnetically, so you can easily gear up as you\'re headed out the door. There\'s even a\n                            compartment for S pen, so you can be sure it doesn\'t get left behind.\n                        </p>\n                    </div>\n                </div>\n            </div>\n        </div>\n        <div class=\"tp-product-details-desc-item\">\n            <div class=\"row\">\n                <div class=\"col-xl-12\">\n                    <div class=\"tp-product-details-desc-banner text-center m-img\">\n                        <h3 class=\"tp-product-details-desc-banner-title tp-product-details-desc-title\">Speed Memory Power = Epic Races</h3>\n                        <img src=\"/storage/main/products/product-details-desc-3.jpg\" alt=\"product\">\n                    </div>\n                </div>\n            </div>\n        </div>\n    </div>\n</div>\n','published','[\"main\\/products\\/product-9.jpg\",\"main\\/products\\/product-12.jpg\",\"main\\/products\\/product-10.jpg\",\"main\\/products\\/product-3.jpg\",\"main\\/products\\/product-5.jpg\",\"main\\/products\\/product-1.jpg\",\"main\\/products\\/product-11.jpg\"]','[]','QJ-158-A1',0,16,0,1,'in_stock',1,1,0,0,2301,NULL,NULL,NULL,14,10,16,716,NULL,91382,'2025-03-31 21:06:52','2025-03-31 21:06:53',8,0,'Botble\\ACL\\Models\\User',0,NULL,'physical',NULL,NULL,0,0,0,0,2),(16,'Fitbit Charge 5 Fitness Tracker (Digital)','With this intelligent headset, you can stay connected and productive from the first call of the day to the last train home. With an ergonomic earcup design, this headset invented a brand-new dual-foam technology. You will be comfortable from the first call to the last thanks to the re-engineered leatherette ear cushion design that allows for better airflow.','<div class=\"row justify-content-center\">\n    <div class=\"col-xl-10\">\n        <div class=\"tp-product-details-desc-item pb-105\">\n            <div class=\"row\">\n                <div class=\"col-lg-6\">\n                    <div class=\"pt-25\">\n                        <span>Galaxy A8 tablet</span>\n                        <h3 class=\"tp-product-details-desc-title\">Your world at a glance</h3>\n                        <p>\n                            With a slim design, a vibrant entertainment system, and <br>\n                            outstanding performance, the new Galaxy Tab A7 is a stylish new <br>\n                            companion for your life.Dive head-first into the things you love, <br>\n                            and easily share your favorite moments. Learn, explore, connect <br>\n                            and be inspired.\n                        </p>\n                    </div>\n                    <div>\n                        <h3 class=\"tp-product-details-desc-title\">Draw inspiration with S Pen</h3>\n                        <p>\n                            S Pen is a bundle of writing instruments in one. Its natural grip, <br>\n                            low latency and impressive pressure sensitivity will make it your go-to for everything from drawing to editing documents. And S Pen won\'t get misplaced thanks.\n                        </p>\n                    </div>\n                </div>\n                <div class=\"col-lg-6\">\n                    <div class=\"tp-product-details-desc-thumb\">\n                        <img src=\"/storage/main/products/product-details-desc-1.jpg\" alt=\"product\">\n                    </div>\n                </div>\n            </div>\n        </div>\n        <div class=\"tp-product-details-desc-item pb-75\">\n            <div class=\"row\">\n                <div class=\"col-lg-7\">\n                    <div class=\"tp-product-details-desc-thumb\">\n                        <img src=\"/storage/main/products/product-details-desc-2.jpg\" alt=\"product\">\n                    </div>\n                </div>\n\n                <div class=\"col-lg-5 order-first order-lg-last\">\n                    <div class=\"des-content-2 pl-40\">\n                        <h3 class=\"tp-product-details-desc-title\">\n                            Carry with <br>\n                            Confidence and style\n                        </h3>\n                        <p>\n                            Wrap your tablet in a sleek case that\'s as stylish as it is convenient. Galaxy Tab S6 Lite Book Cover folds around and clings magnetically, so you can easily gear up as you\'re headed out the door. There\'s even a\n                            compartment for S pen, so you can be sure it doesn\'t get left behind.\n                        </p>\n                    </div>\n                </div>\n            </div>\n        </div>\n        <div class=\"tp-product-details-desc-item\">\n            <div class=\"row\">\n                <div class=\"col-xl-12\">\n                    <div class=\"tp-product-details-desc-banner text-center m-img\">\n                        <h3 class=\"tp-product-details-desc-banner-title tp-product-details-desc-title\">Speed Memory Power = Epic Races</h3>\n                        <img src=\"/storage/main/products/product-details-desc-3.jpg\" alt=\"product\">\n                    </div>\n                </div>\n            </div>\n        </div>\n    </div>\n</div>\n','published','[\"main\\/products\\/product-7.jpg\",\"main\\/products\\/product-17.jpg\",\"main\\/products\\/product-15.jpg\",\"main\\/products\\/product-20.jpg\",\"main\\/products\\/product-12.jpg\",\"main\\/products\\/product-5.jpg\",\"main\\/products\\/product-6.jpg\"]','[[{\"key\":\"file\",\"value\":\"main\\/video\\/video-2.mp4\"},{\"key\":\"url\",\"value\":null},{\"key\":\"thumbnail\",\"value\":\"main\\/video\\/2.jpg\"}]]','CY-137',0,19,0,1,'in_stock',1,3,0,0,2495,6,NULL,NULL,10,12,11,612,NULL,66513,'2025-03-31 21:06:52','2025-03-31 21:06:53',6,0,'Botble\\ACL\\Models\\User',0,NULL,'digital',NULL,NULL,0,0,0,0,2),(17,'Garmin Fenix 7X Sapphire Solar GPS Watch','It complies with Microsoft\'s Open Office criteria and is specially tuned for outstanding conversations in open-plan workplaces and other loud environments when the microphone boom arm is lowered in Performance Mode','<div class=\"row justify-content-center\">\n    <div class=\"col-xl-10\">\n        <div class=\"tp-product-details-desc-item pb-105\">\n            <div class=\"row\">\n                <div class=\"col-lg-6\">\n                    <div class=\"pt-25\">\n                        <span>Galaxy A8 tablet</span>\n                        <h3 class=\"tp-product-details-desc-title\">Your world at a glance</h3>\n                        <p>\n                            With a slim design, a vibrant entertainment system, and <br>\n                            outstanding performance, the new Galaxy Tab A7 is a stylish new <br>\n                            companion for your life.Dive head-first into the things you love, <br>\n                            and easily share your favorite moments. Learn, explore, connect <br>\n                            and be inspired.\n                        </p>\n                    </div>\n                    <div>\n                        <h3 class=\"tp-product-details-desc-title\">Draw inspiration with S Pen</h3>\n                        <p>\n                            S Pen is a bundle of writing instruments in one. Its natural grip, <br>\n                            low latency and impressive pressure sensitivity will make it your go-to for everything from drawing to editing documents. And S Pen won\'t get misplaced thanks.\n                        </p>\n                    </div>\n                </div>\n                <div class=\"col-lg-6\">\n                    <div class=\"tp-product-details-desc-thumb\">\n                        <img src=\"/storage/main/products/product-details-desc-1.jpg\" alt=\"product\">\n                    </div>\n                </div>\n            </div>\n        </div>\n        <div class=\"tp-product-details-desc-item pb-75\">\n            <div class=\"row\">\n                <div class=\"col-lg-7\">\n                    <div class=\"tp-product-details-desc-thumb\">\n                        <img src=\"/storage/main/products/product-details-desc-2.jpg\" alt=\"product\">\n                    </div>\n                </div>\n\n                <div class=\"col-lg-5 order-first order-lg-last\">\n                    <div class=\"des-content-2 pl-40\">\n                        <h3 class=\"tp-product-details-desc-title\">\n                            Carry with <br>\n                            Confidence and style\n                        </h3>\n                        <p>\n                            Wrap your tablet in a sleek case that\'s as stylish as it is convenient. Galaxy Tab S6 Lite Book Cover folds around and clings magnetically, so you can easily gear up as you\'re headed out the door. There\'s even a\n                            compartment for S pen, so you can be sure it doesn\'t get left behind.\n                        </p>\n                    </div>\n                </div>\n            </div>\n        </div>\n        <div class=\"tp-product-details-desc-item\">\n            <div class=\"row\">\n                <div class=\"col-xl-12\">\n                    <div class=\"tp-product-details-desc-banner text-center m-img\">\n                        <h3 class=\"tp-product-details-desc-banner-title tp-product-details-desc-title\">Speed Memory Power = Epic Races</h3>\n                        <img src=\"/storage/main/products/product-details-desc-3.jpg\" alt=\"product\">\n                    </div>\n                </div>\n            </div>\n        </div>\n    </div>\n</div>\n','published','[\"main\\/products\\/product-7.jpg\",\"main\\/products\\/product-19.jpg\",\"main\\/products\\/product-16.jpg\",\"main\\/products\\/product-9.jpg\",\"main\\/products\\/product-17.jpg\",\"main\\/products\\/product-12.jpg\",\"main\\/products\\/product-4.jpg\"]','[]','BS-115',0,12,0,1,'in_stock',1,1,0,0,1992,1397,NULL,NULL,20,20,14,519,NULL,5943,'2025-03-31 21:06:52','2025-03-31 21:06:53',6,0,'Botble\\ACL\\Models\\User',0,NULL,'physical',NULL,NULL,0,0,0,0,2),(18,'Microsoft Surface Pro 8','With this intelligent headset, you can stay connected and productive from the first call of the day to the last train home. With an ergonomic earcup design, this headset invented a brand-new dual-foam technology. You will be comfortable from the first call to the last thanks to the re-engineered leatherette ear cushion design that allows for better airflow.','<div class=\"row justify-content-center\">\n    <div class=\"col-xl-10\">\n        <div class=\"tp-product-details-desc-item pb-105\">\n            <div class=\"row\">\n                <div class=\"col-lg-6\">\n                    <div class=\"pt-25\">\n                        <span>Galaxy A8 tablet</span>\n                        <h3 class=\"tp-product-details-desc-title\">Your world at a glance</h3>\n                        <p>\n                            With a slim design, a vibrant entertainment system, and <br>\n                            outstanding performance, the new Galaxy Tab A7 is a stylish new <br>\n                            companion for your life.Dive head-first into the things you love, <br>\n                            and easily share your favorite moments. Learn, explore, connect <br>\n                            and be inspired.\n                        </p>\n                    </div>\n                    <div>\n                        <h3 class=\"tp-product-details-desc-title\">Draw inspiration with S Pen</h3>\n                        <p>\n                            S Pen is a bundle of writing instruments in one. Its natural grip, <br>\n                            low latency and impressive pressure sensitivity will make it your go-to for everything from drawing to editing documents. And S Pen won\'t get misplaced thanks.\n                        </p>\n                    </div>\n                </div>\n                <div class=\"col-lg-6\">\n                    <div class=\"tp-product-details-desc-thumb\">\n                        <img src=\"/storage/main/products/product-details-desc-1.jpg\" alt=\"product\">\n                    </div>\n                </div>\n            </div>\n        </div>\n        <div class=\"tp-product-details-desc-item pb-75\">\n            <div class=\"row\">\n                <div class=\"col-lg-7\">\n                    <div class=\"tp-product-details-desc-thumb\">\n                        <img src=\"/storage/main/products/product-details-desc-2.jpg\" alt=\"product\">\n                    </div>\n                </div>\n\n                <div class=\"col-lg-5 order-first order-lg-last\">\n                    <div class=\"des-content-2 pl-40\">\n                        <h3 class=\"tp-product-details-desc-title\">\n                            Carry with <br>\n                            Confidence and style\n                        </h3>\n                        <p>\n                            Wrap your tablet in a sleek case that\'s as stylish as it is convenient. Galaxy Tab S6 Lite Book Cover folds around and clings magnetically, so you can easily gear up as you\'re headed out the door. There\'s even a\n                            compartment for S pen, so you can be sure it doesn\'t get left behind.\n                        </p>\n                    </div>\n                </div>\n            </div>\n        </div>\n        <div class=\"tp-product-details-desc-item\">\n            <div class=\"row\">\n                <div class=\"col-xl-12\">\n                    <div class=\"tp-product-details-desc-banner text-center m-img\">\n                        <h3 class=\"tp-product-details-desc-banner-title tp-product-details-desc-title\">Speed Memory Power = Epic Races</h3>\n                        <img src=\"/storage/main/products/product-details-desc-3.jpg\" alt=\"product\">\n                    </div>\n                </div>\n            </div>\n        </div>\n    </div>\n</div>\n','published','[\"main\\/products\\/product-8.jpg\",\"main\\/products\\/product-5.jpg\",\"main\\/products\\/product-15.jpg\",\"main\\/products\\/product-7.jpg\",\"main\\/products\\/product-10.jpg\"]','[[{\"key\":\"file\",\"value\":null},{\"key\":\"url\",\"value\":\"https:\\/\\/www.youtube.com\\/watch?v=6JYIGclVQdw\"},{\"key\":\"thumbnail\",\"value\":\"main\\/video\\/2.jpg\"}]]','J0-140-A1',0,17,0,1,'in_stock',1,5,0,0,314,NULL,NULL,NULL,17,13,12,725,NULL,60937,'2025-03-31 21:06:52','2025-03-31 21:06:53',1,0,'Botble\\ACL\\Models\\User',0,NULL,'physical',NULL,NULL,0,0,0,0,2),(19,'Lenovo ThinkPad X1 Carbon Gen 9 Laptop','Additionally, this includes a redesigned microphone boom arm that is 33 percent shorter than the Evolve 75 and offers the industry-leading call performance for which Jabra headsets are known.','<div class=\"row justify-content-center\">\n    <div class=\"col-xl-10\">\n        <div class=\"tp-product-details-desc-item pb-105\">\n            <div class=\"row\">\n                <div class=\"col-lg-6\">\n                    <div class=\"pt-25\">\n                        <span>Galaxy A8 tablet</span>\n                        <h3 class=\"tp-product-details-desc-title\">Your world at a glance</h3>\n                        <p>\n                            With a slim design, a vibrant entertainment system, and <br>\n                            outstanding performance, the new Galaxy Tab A7 is a stylish new <br>\n                            companion for your life.Dive head-first into the things you love, <br>\n                            and easily share your favorite moments. Learn, explore, connect <br>\n                            and be inspired.\n                        </p>\n                    </div>\n                    <div>\n                        <h3 class=\"tp-product-details-desc-title\">Draw inspiration with S Pen</h3>\n                        <p>\n                            S Pen is a bundle of writing instruments in one. Its natural grip, <br>\n                            low latency and impressive pressure sensitivity will make it your go-to for everything from drawing to editing documents. And S Pen won\'t get misplaced thanks.\n                        </p>\n                    </div>\n                </div>\n                <div class=\"col-lg-6\">\n                    <div class=\"tp-product-details-desc-thumb\">\n                        <img src=\"/storage/main/products/product-details-desc-1.jpg\" alt=\"product\">\n                    </div>\n                </div>\n            </div>\n        </div>\n        <div class=\"tp-product-details-desc-item pb-75\">\n            <div class=\"row\">\n                <div class=\"col-lg-7\">\n                    <div class=\"tp-product-details-desc-thumb\">\n                        <img src=\"/storage/main/products/product-details-desc-2.jpg\" alt=\"product\">\n                    </div>\n                </div>\n\n                <div class=\"col-lg-5 order-first order-lg-last\">\n                    <div class=\"des-content-2 pl-40\">\n                        <h3 class=\"tp-product-details-desc-title\">\n                            Carry with <br>\n                            Confidence and style\n                        </h3>\n                        <p>\n                            Wrap your tablet in a sleek case that\'s as stylish as it is convenient. Galaxy Tab S6 Lite Book Cover folds around and clings magnetically, so you can easily gear up as you\'re headed out the door. There\'s even a\n                            compartment for S pen, so you can be sure it doesn\'t get left behind.\n                        </p>\n                    </div>\n                </div>\n            </div>\n        </div>\n        <div class=\"tp-product-details-desc-item\">\n            <div class=\"row\">\n                <div class=\"col-xl-12\">\n                    <div class=\"tp-product-details-desc-banner text-center m-img\">\n                        <h3 class=\"tp-product-details-desc-banner-title tp-product-details-desc-title\">Speed Memory Power = Epic Races</h3>\n                        <img src=\"/storage/main/products/product-details-desc-3.jpg\" alt=\"product\">\n                    </div>\n                </div>\n            </div>\n        </div>\n    </div>\n</div>\n','published','[\"main\\/products\\/product-15.jpg\",\"main\\/products\\/product-12.jpg\",\"main\\/products\\/product-details-desc-3.jpg\",\"main\\/products\\/product-16.jpg\",\"main\\/products\\/product-6.jpg\",\"main\\/products\\/product-1.jpg\",\"main\\/products\\/product-10.jpg\"]','[]','LN-112',0,16,0,1,'in_stock',0,5,0,0,1366,98,NULL,NULL,19,17,13,715,NULL,136723,'2025-03-31 21:06:52','2025-03-31 21:06:53',3,0,'Botble\\ACL\\Models\\User',0,NULL,'physical',NULL,NULL,0,0,0,0,1),(20,'HP Spectre x360 14-Inch Convertible Laptop (Digital)','We can provide exceptional noise isolation and the best all-day comfort by mixing firm foam for the outer with soft foam for the interior of the ear cushions. So that you may receive Active Noise-Cancellation (ANC) performance that is even greater in a headset that you can wear for whatever length you wish.','<div class=\"row justify-content-center\">\n    <div class=\"col-xl-10\">\n        <div class=\"tp-product-details-desc-item pb-105\">\n            <div class=\"row\">\n                <div class=\"col-lg-6\">\n                    <div class=\"pt-25\">\n                        <span>Galaxy A8 tablet</span>\n                        <h3 class=\"tp-product-details-desc-title\">Your world at a glance</h3>\n                        <p>\n                            With a slim design, a vibrant entertainment system, and <br>\n                            outstanding performance, the new Galaxy Tab A7 is a stylish new <br>\n                            companion for your life.Dive head-first into the things you love, <br>\n                            and easily share your favorite moments. Learn, explore, connect <br>\n                            and be inspired.\n                        </p>\n                    </div>\n                    <div>\n                        <h3 class=\"tp-product-details-desc-title\">Draw inspiration with S Pen</h3>\n                        <p>\n                            S Pen is a bundle of writing instruments in one. Its natural grip, <br>\n                            low latency and impressive pressure sensitivity will make it your go-to for everything from drawing to editing documents. And S Pen won\'t get misplaced thanks.\n                        </p>\n                    </div>\n                </div>\n                <div class=\"col-lg-6\">\n                    <div class=\"tp-product-details-desc-thumb\">\n                        <img src=\"/storage/main/products/product-details-desc-1.jpg\" alt=\"product\">\n                    </div>\n                </div>\n            </div>\n        </div>\n        <div class=\"tp-product-details-desc-item pb-75\">\n            <div class=\"row\">\n                <div class=\"col-lg-7\">\n                    <div class=\"tp-product-details-desc-thumb\">\n                        <img src=\"/storage/main/products/product-details-desc-2.jpg\" alt=\"product\">\n                    </div>\n                </div>\n\n                <div class=\"col-lg-5 order-first order-lg-last\">\n                    <div class=\"des-content-2 pl-40\">\n                        <h3 class=\"tp-product-details-desc-title\">\n                            Carry with <br>\n                            Confidence and style\n                        </h3>\n                        <p>\n                            Wrap your tablet in a sleek case that\'s as stylish as it is convenient. Galaxy Tab S6 Lite Book Cover folds around and clings magnetically, so you can easily gear up as you\'re headed out the door. There\'s even a\n                            compartment for S pen, so you can be sure it doesn\'t get left behind.\n                        </p>\n                    </div>\n                </div>\n            </div>\n        </div>\n        <div class=\"tp-product-details-desc-item\">\n            <div class=\"row\">\n                <div class=\"col-xl-12\">\n                    <div class=\"tp-product-details-desc-banner text-center m-img\">\n                        <h3 class=\"tp-product-details-desc-banner-title tp-product-details-desc-title\">Speed Memory Power = Epic Races</h3>\n                        <img src=\"/storage/main/products/product-details-desc-3.jpg\" alt=\"product\">\n                    </div>\n                </div>\n            </div>\n        </div>\n    </div>\n</div>\n','published','[\"main\\/products\\/product-20.jpg\",\"main\\/products\\/product-5.jpg\",\"main\\/products\\/product-8.jpg\",\"main\\/products\\/product-11.jpg\",\"main\\/products\\/product-4.jpg\"]','[]','QD-109-A1',0,16,0,1,'in_stock',0,2,0,0,722,628.14,NULL,NULL,14,12,18,776,NULL,183603,'2025-03-31 21:06:52','2025-03-31 21:06:53',2,0,'Botble\\ACL\\Models\\User',0,NULL,'digital',NULL,NULL,0,0,0,0,1),(21,'Razer Blade 15 Advanced Gaming Laptop','With this intelligent headset, you can stay connected and productive from the first call of the day to the last train home. With an ergonomic earcup design, this headset invented a brand-new dual-foam technology. You will be comfortable from the first call to the last thanks to the re-engineered leatherette ear cushion design that allows for better airflow.','<div class=\"row justify-content-center\">\n    <div class=\"col-xl-10\">\n        <div class=\"tp-product-details-desc-item pb-105\">\n            <div class=\"row\">\n                <div class=\"col-lg-6\">\n                    <div class=\"pt-25\">\n                        <span>Galaxy A8 tablet</span>\n                        <h3 class=\"tp-product-details-desc-title\">Your world at a glance</h3>\n                        <p>\n                            With a slim design, a vibrant entertainment system, and <br>\n                            outstanding performance, the new Galaxy Tab A7 is a stylish new <br>\n                            companion for your life.Dive head-first into the things you love, <br>\n                            and easily share your favorite moments. Learn, explore, connect <br>\n                            and be inspired.\n                        </p>\n                    </div>\n                    <div>\n                        <h3 class=\"tp-product-details-desc-title\">Draw inspiration with S Pen</h3>\n                        <p>\n                            S Pen is a bundle of writing instruments in one. Its natural grip, <br>\n                            low latency and impressive pressure sensitivity will make it your go-to for everything from drawing to editing documents. And S Pen won\'t get misplaced thanks.\n                        </p>\n                    </div>\n                </div>\n                <div class=\"col-lg-6\">\n                    <div class=\"tp-product-details-desc-thumb\">\n                        <img src=\"/storage/main/products/product-details-desc-1.jpg\" alt=\"product\">\n                    </div>\n                </div>\n            </div>\n        </div>\n        <div class=\"tp-product-details-desc-item pb-75\">\n            <div class=\"row\">\n                <div class=\"col-lg-7\">\n                    <div class=\"tp-product-details-desc-thumb\">\n                        <img src=\"/storage/main/products/product-details-desc-2.jpg\" alt=\"product\">\n                    </div>\n                </div>\n\n                <div class=\"col-lg-5 order-first order-lg-last\">\n                    <div class=\"des-content-2 pl-40\">\n                        <h3 class=\"tp-product-details-desc-title\">\n                            Carry with <br>\n                            Confidence and style\n                        </h3>\n                        <p>\n                            Wrap your tablet in a sleek case that\'s as stylish as it is convenient. Galaxy Tab S6 Lite Book Cover folds around and clings magnetically, so you can easily gear up as you\'re headed out the door. There\'s even a\n                            compartment for S pen, so you can be sure it doesn\'t get left behind.\n                        </p>\n                    </div>\n                </div>\n            </div>\n        </div>\n        <div class=\"tp-product-details-desc-item\">\n            <div class=\"row\">\n                <div class=\"col-xl-12\">\n                    <div class=\"tp-product-details-desc-banner text-center m-img\">\n                        <h3 class=\"tp-product-details-desc-banner-title tp-product-details-desc-title\">Speed Memory Power = Epic Races</h3>\n                        <img src=\"/storage/main/products/product-details-desc-3.jpg\" alt=\"product\">\n                    </div>\n                </div>\n            </div>\n        </div>\n    </div>\n</div>\n','published','[\"main\\/products\\/product-16.jpg\",\"main\\/products\\/product-11.jpg\",\"main\\/products\\/product-details-desc-1.jpg\",\"main\\/products\\/product-18.jpg\",\"main\\/products\\/product-3.jpg\"]','[[{\"key\":\"file\",\"value\":\"main\\/video\\/video-1.mp4\"},{\"key\":\"url\",\"value\":null},{\"key\":\"thumbnail\",\"value\":\"main\\/video\\/1.jpg\"}]]','FK-101-A1',0,17,0,1,'in_stock',1,4,0,0,1640,NULL,NULL,NULL,17,14,19,790,NULL,48438,'2025-03-31 21:06:52','2025-03-31 21:06:53',5,0,'Botble\\ACL\\Models\\User',0,NULL,'physical',NULL,NULL,0,0,0,0,2),(22,'Alienware m15 R6 Gaming Laptop','With this intelligent headset, you can stay connected and productive from the first call of the day to the last train home. With an ergonomic earcup design, this headset invented a brand-new dual-foam technology. You will be comfortable from the first call to the last thanks to the re-engineered leatherette ear cushion design that allows for better airflow.','<div class=\"row justify-content-center\">\n    <div class=\"col-xl-10\">\n        <div class=\"tp-product-details-desc-item pb-105\">\n            <div class=\"row\">\n                <div class=\"col-lg-6\">\n                    <div class=\"pt-25\">\n                        <span>Galaxy A8 tablet</span>\n                        <h3 class=\"tp-product-details-desc-title\">Your world at a glance</h3>\n                        <p>\n                            With a slim design, a vibrant entertainment system, and <br>\n                            outstanding performance, the new Galaxy Tab A7 is a stylish new <br>\n                            companion for your life.Dive head-first into the things you love, <br>\n                            and easily share your favorite moments. Learn, explore, connect <br>\n                            and be inspired.\n                        </p>\n                    </div>\n                    <div>\n                        <h3 class=\"tp-product-details-desc-title\">Draw inspiration with S Pen</h3>\n                        <p>\n                            S Pen is a bundle of writing instruments in one. Its natural grip, <br>\n                            low latency and impressive pressure sensitivity will make it your go-to for everything from drawing to editing documents. And S Pen won\'t get misplaced thanks.\n                        </p>\n                    </div>\n                </div>\n                <div class=\"col-lg-6\">\n                    <div class=\"tp-product-details-desc-thumb\">\n                        <img src=\"/storage/main/products/product-details-desc-1.jpg\" alt=\"product\">\n                    </div>\n                </div>\n            </div>\n        </div>\n        <div class=\"tp-product-details-desc-item pb-75\">\n            <div class=\"row\">\n                <div class=\"col-lg-7\">\n                    <div class=\"tp-product-details-desc-thumb\">\n                        <img src=\"/storage/main/products/product-details-desc-2.jpg\" alt=\"product\">\n                    </div>\n                </div>\n\n                <div class=\"col-lg-5 order-first order-lg-last\">\n                    <div class=\"des-content-2 pl-40\">\n                        <h3 class=\"tp-product-details-desc-title\">\n                            Carry with <br>\n                            Confidence and style\n                        </h3>\n                        <p>\n                            Wrap your tablet in a sleek case that\'s as stylish as it is convenient. Galaxy Tab S6 Lite Book Cover folds around and clings magnetically, so you can easily gear up as you\'re headed out the door. There\'s even a\n                            compartment for S pen, so you can be sure it doesn\'t get left behind.\n                        </p>\n                    </div>\n                </div>\n            </div>\n        </div>\n        <div class=\"tp-product-details-desc-item\">\n            <div class=\"row\">\n                <div class=\"col-xl-12\">\n                    <div class=\"tp-product-details-desc-banner text-center m-img\">\n                        <h3 class=\"tp-product-details-desc-banner-title tp-product-details-desc-title\">Speed Memory Power = Epic Races</h3>\n                        <img src=\"/storage/main/products/product-details-desc-3.jpg\" alt=\"product\">\n                    </div>\n                </div>\n            </div>\n        </div>\n    </div>\n</div>\n','published','[\"main\\/products\\/product-details-desc-1.jpg\",\"main\\/products\\/product-7.jpg\",\"main\\/products\\/product-details-desc-3.jpg\",\"main\\/products\\/product-20.jpg\",\"main\\/products\\/product-13.jpg\"]','[[{\"key\":\"file\",\"value\":null},{\"key\":\"url\",\"value\":\"https:\\/\\/www.youtube.com\\/watch?v=6JYIGclVQdw\"},{\"key\":\"thumbnail\",\"value\":\"main\\/video\\/2.jpg\"}]]','TS-112',0,17,0,1,'in_stock',0,5,0,0,1857,1744,NULL,NULL,11,11,10,578,NULL,122204,'2025-03-31 21:06:52','2025-03-31 21:06:53',4,0,'Botble\\ACL\\Models\\User',0,NULL,'physical',NULL,NULL,0,0,0,0,1),(23,'Corsair K95 RGB Platinum XT Mechanical Gaming Keyboard','With this intelligent headset, you can stay connected and productive from the first call of the day to the last train home. With an ergonomic earcup design, this headset invented a brand-new dual-foam technology. You will be comfortable from the first call to the last thanks to the re-engineered leatherette ear cushion design that allows for better airflow.','<div class=\"row justify-content-center\">\n    <div class=\"col-xl-10\">\n        <div class=\"tp-product-details-desc-item pb-105\">\n            <div class=\"row\">\n                <div class=\"col-lg-6\">\n                    <div class=\"pt-25\">\n                        <span>Galaxy A8 tablet</span>\n                        <h3 class=\"tp-product-details-desc-title\">Your world at a glance</h3>\n                        <p>\n                            With a slim design, a vibrant entertainment system, and <br>\n                            outstanding performance, the new Galaxy Tab A7 is a stylish new <br>\n                            companion for your life.Dive head-first into the things you love, <br>\n                            and easily share your favorite moments. Learn, explore, connect <br>\n                            and be inspired.\n                        </p>\n                    </div>\n                    <div>\n                        <h3 class=\"tp-product-details-desc-title\">Draw inspiration with S Pen</h3>\n                        <p>\n                            S Pen is a bundle of writing instruments in one. Its natural grip, <br>\n                            low latency and impressive pressure sensitivity will make it your go-to for everything from drawing to editing documents. And S Pen won\'t get misplaced thanks.\n                        </p>\n                    </div>\n                </div>\n                <div class=\"col-lg-6\">\n                    <div class=\"tp-product-details-desc-thumb\">\n                        <img src=\"/storage/main/products/product-details-desc-1.jpg\" alt=\"product\">\n                    </div>\n                </div>\n            </div>\n        </div>\n        <div class=\"tp-product-details-desc-item pb-75\">\n            <div class=\"row\">\n                <div class=\"col-lg-7\">\n                    <div class=\"tp-product-details-desc-thumb\">\n                        <img src=\"/storage/main/products/product-details-desc-2.jpg\" alt=\"product\">\n                    </div>\n                </div>\n\n                <div class=\"col-lg-5 order-first order-lg-last\">\n                    <div class=\"des-content-2 pl-40\">\n                        <h3 class=\"tp-product-details-desc-title\">\n                            Carry with <br>\n                            Confidence and style\n                        </h3>\n                        <p>\n                            Wrap your tablet in a sleek case that\'s as stylish as it is convenient. Galaxy Tab S6 Lite Book Cover folds around and clings magnetically, so you can easily gear up as you\'re headed out the door. There\'s even a\n                            compartment for S pen, so you can be sure it doesn\'t get left behind.\n                        </p>\n                    </div>\n                </div>\n            </div>\n        </div>\n        <div class=\"tp-product-details-desc-item\">\n            <div class=\"row\">\n                <div class=\"col-xl-12\">\n                    <div class=\"tp-product-details-desc-banner text-center m-img\">\n                        <h3 class=\"tp-product-details-desc-banner-title tp-product-details-desc-title\">Speed Memory Power = Epic Races</h3>\n                        <img src=\"/storage/main/products/product-details-desc-3.jpg\" alt=\"product\">\n                    </div>\n                </div>\n            </div>\n        </div>\n    </div>\n</div>\n','published','[\"main\\/products\\/product-6.jpg\",\"main\\/products\\/product-3.jpg\",\"main\\/products\\/product-2.jpg\",\"main\\/products\\/product-9.jpg\",\"main\\/products\\/product-18.jpg\",\"main\\/products\\/product-11.jpg\",\"main\\/products\\/product-5.jpg\",\"main\\/products\\/product-16.jpg\"]','[[{\"key\":\"file\",\"value\":null},{\"key\":\"url\",\"value\":\"https:\\/\\/www.youtube.com\\/watch?v=6JYIGclVQdw\"},{\"key\":\"thumbnail\",\"value\":\"main\\/video\\/1.jpg\"}]]','DY-107',0,18,0,1,'in_stock',1,5,0,0,1090,300,NULL,NULL,20,18,16,514,NULL,17135,'2025-03-31 21:06:52','2025-03-31 21:06:53',3,0,'Botble\\ACL\\Models\\User',0,NULL,'physical',NULL,NULL,0,0,0,0,2),(24,'Logitech G Pro X Superlight Wireless Gaming Mouse (Digital)','Jabra Evolve2 75 USB-A MS Teams Stereo Headset The Jabra Evolve2 75 USB-A MS Teams Stereo Headset has replaced previous hybrid working standards. Industry-leading call quality thanks to top-notch audio engineering.','<div class=\"row justify-content-center\">\n    <div class=\"col-xl-10\">\n        <div class=\"tp-product-details-desc-item pb-105\">\n            <div class=\"row\">\n                <div class=\"col-lg-6\">\n                    <div class=\"pt-25\">\n                        <span>Galaxy A8 tablet</span>\n                        <h3 class=\"tp-product-details-desc-title\">Your world at a glance</h3>\n                        <p>\n                            With a slim design, a vibrant entertainment system, and <br>\n                            outstanding performance, the new Galaxy Tab A7 is a stylish new <br>\n                            companion for your life.Dive head-first into the things you love, <br>\n                            and easily share your favorite moments. Learn, explore, connect <br>\n                            and be inspired.\n                        </p>\n                    </div>\n                    <div>\n                        <h3 class=\"tp-product-details-desc-title\">Draw inspiration with S Pen</h3>\n                        <p>\n                            S Pen is a bundle of writing instruments in one. Its natural grip, <br>\n                            low latency and impressive pressure sensitivity will make it your go-to for everything from drawing to editing documents. And S Pen won\'t get misplaced thanks.\n                        </p>\n                    </div>\n                </div>\n                <div class=\"col-lg-6\">\n                    <div class=\"tp-product-details-desc-thumb\">\n                        <img src=\"/storage/main/products/product-details-desc-1.jpg\" alt=\"product\">\n                    </div>\n                </div>\n            </div>\n        </div>\n        <div class=\"tp-product-details-desc-item pb-75\">\n            <div class=\"row\">\n                <div class=\"col-lg-7\">\n                    <div class=\"tp-product-details-desc-thumb\">\n                        <img src=\"/storage/main/products/product-details-desc-2.jpg\" alt=\"product\">\n                    </div>\n                </div>\n\n                <div class=\"col-lg-5 order-first order-lg-last\">\n                    <div class=\"des-content-2 pl-40\">\n                        <h3 class=\"tp-product-details-desc-title\">\n                            Carry with <br>\n                            Confidence and style\n                        </h3>\n                        <p>\n                            Wrap your tablet in a sleek case that\'s as stylish as it is convenient. Galaxy Tab S6 Lite Book Cover folds around and clings magnetically, so you can easily gear up as you\'re headed out the door. There\'s even a\n                            compartment for S pen, so you can be sure it doesn\'t get left behind.\n                        </p>\n                    </div>\n                </div>\n            </div>\n        </div>\n        <div class=\"tp-product-details-desc-item\">\n            <div class=\"row\">\n                <div class=\"col-xl-12\">\n                    <div class=\"tp-product-details-desc-banner text-center m-img\">\n                        <h3 class=\"tp-product-details-desc-banner-title tp-product-details-desc-title\">Speed Memory Power = Epic Races</h3>\n                        <img src=\"/storage/main/products/product-details-desc-3.jpg\" alt=\"product\">\n                    </div>\n                </div>\n            </div>\n        </div>\n    </div>\n</div>\n','published','[\"main\\/products\\/product-5.jpg\",\"main\\/products\\/product-3.jpg\",\"main\\/products\\/product-4.jpg\"]','[[{\"key\":\"file\",\"value\":\"main\\/video\\/video-1.mp4\"},{\"key\":\"url\",\"value\":null},{\"key\":\"thumbnail\",\"value\":\"main\\/video\\/1.jpg\"}]]','WG-113',0,16,0,1,'in_stock',1,4,0,0,1677,76,NULL,NULL,18,11,10,519,NULL,32925,'2025-03-31 21:06:52','2025-03-31 21:06:53',8,0,'Botble\\ACL\\Models\\User',0,NULL,'digital',NULL,NULL,0,0,0,0,1),(25,'SteelSeries Arctis Pro Wireless Gaming Headset','The headset also offers MS Teams Certifications and other features like Busylight, Calls controls, Voice guiding, and Wireless range (ft): Up to 100 feet. Best-in-class. Boom The most recent Jabra Evolve2 75 USB-A MS Teams Stereo Headset offers professional-grade call performance that leads the industry, yet Evolve2 75 wins best-in-class.','<div class=\"row justify-content-center\">\n    <div class=\"col-xl-10\">\n        <div class=\"tp-product-details-desc-item pb-105\">\n            <div class=\"row\">\n                <div class=\"col-lg-6\">\n                    <div class=\"pt-25\">\n                        <span>Galaxy A8 tablet</span>\n                        <h3 class=\"tp-product-details-desc-title\">Your world at a glance</h3>\n                        <p>\n                            With a slim design, a vibrant entertainment system, and <br>\n                            outstanding performance, the new Galaxy Tab A7 is a stylish new <br>\n                            companion for your life.Dive head-first into the things you love, <br>\n                            and easily share your favorite moments. Learn, explore, connect <br>\n                            and be inspired.\n                        </p>\n                    </div>\n                    <div>\n                        <h3 class=\"tp-product-details-desc-title\">Draw inspiration with S Pen</h3>\n                        <p>\n                            S Pen is a bundle of writing instruments in one. Its natural grip, <br>\n                            low latency and impressive pressure sensitivity will make it your go-to for everything from drawing to editing documents. And S Pen won\'t get misplaced thanks.\n                        </p>\n                    </div>\n                </div>\n                <div class=\"col-lg-6\">\n                    <div class=\"tp-product-details-desc-thumb\">\n                        <img src=\"/storage/main/products/product-details-desc-1.jpg\" alt=\"product\">\n                    </div>\n                </div>\n            </div>\n        </div>\n        <div class=\"tp-product-details-desc-item pb-75\">\n            <div class=\"row\">\n                <div class=\"col-lg-7\">\n                    <div class=\"tp-product-details-desc-thumb\">\n                        <img src=\"/storage/main/products/product-details-desc-2.jpg\" alt=\"product\">\n                    </div>\n                </div>\n\n                <div class=\"col-lg-5 order-first order-lg-last\">\n                    <div class=\"des-content-2 pl-40\">\n                        <h3 class=\"tp-product-details-desc-title\">\n                            Carry with <br>\n                            Confidence and style\n                        </h3>\n                        <p>\n                            Wrap your tablet in a sleek case that\'s as stylish as it is convenient. Galaxy Tab S6 Lite Book Cover folds around and clings magnetically, so you can easily gear up as you\'re headed out the door. There\'s even a\n                            compartment for S pen, so you can be sure it doesn\'t get left behind.\n                        </p>\n                    </div>\n                </div>\n            </div>\n        </div>\n        <div class=\"tp-product-details-desc-item\">\n            <div class=\"row\">\n                <div class=\"col-xl-12\">\n                    <div class=\"tp-product-details-desc-banner text-center m-img\">\n                        <h3 class=\"tp-product-details-desc-banner-title tp-product-details-desc-title\">Speed Memory Power = Epic Races</h3>\n                        <img src=\"/storage/main/products/product-details-desc-3.jpg\" alt=\"product\">\n                    </div>\n                </div>\n            </div>\n        </div>\n    </div>\n</div>\n','published','[\"main\\/products\\/product-10.jpg\",\"main\\/products\\/product-3.jpg\",\"main\\/products\\/product-14.jpg\",\"main\\/products\\/product-4.jpg\",\"main\\/products\\/product-7.jpg\",\"main\\/products\\/product-2.jpg\"]','[]','NM-107',0,12,0,1,'in_stock',0,5,0,0,2151,1448,NULL,NULL,14,10,17,601,NULL,55502,'2025-03-31 21:06:52','2025-03-31 21:06:53',3,0,'Botble\\ACL\\Models\\User',0,NULL,'physical',NULL,NULL,0,0,0,0,2),(26,'Elgato Stream Deck XL','The headset also offers MS Teams Certifications and other features like Busylight, Calls controls, Voice guiding, and Wireless range (ft): Up to 100 feet. Best-in-class. Boom The most recent Jabra Evolve2 75 USB-A MS Teams Stereo Headset offers professional-grade call performance that leads the industry, yet Evolve2 75 wins best-in-class.','<div class=\"row justify-content-center\">\n    <div class=\"col-xl-10\">\n        <div class=\"tp-product-details-desc-item pb-105\">\n            <div class=\"row\">\n                <div class=\"col-lg-6\">\n                    <div class=\"pt-25\">\n                        <span>Galaxy A8 tablet</span>\n                        <h3 class=\"tp-product-details-desc-title\">Your world at a glance</h3>\n                        <p>\n                            With a slim design, a vibrant entertainment system, and <br>\n                            outstanding performance, the new Galaxy Tab A7 is a stylish new <br>\n                            companion for your life.Dive head-first into the things you love, <br>\n                            and easily share your favorite moments. Learn, explore, connect <br>\n                            and be inspired.\n                        </p>\n                    </div>\n                    <div>\n                        <h3 class=\"tp-product-details-desc-title\">Draw inspiration with S Pen</h3>\n                        <p>\n                            S Pen is a bundle of writing instruments in one. Its natural grip, <br>\n                            low latency and impressive pressure sensitivity will make it your go-to for everything from drawing to editing documents. And S Pen won\'t get misplaced thanks.\n                        </p>\n                    </div>\n                </div>\n                <div class=\"col-lg-6\">\n                    <div class=\"tp-product-details-desc-thumb\">\n                        <img src=\"/storage/main/products/product-details-desc-1.jpg\" alt=\"product\">\n                    </div>\n                </div>\n            </div>\n        </div>\n        <div class=\"tp-product-details-desc-item pb-75\">\n            <div class=\"row\">\n                <div class=\"col-lg-7\">\n                    <div class=\"tp-product-details-desc-thumb\">\n                        <img src=\"/storage/main/products/product-details-desc-2.jpg\" alt=\"product\">\n                    </div>\n                </div>\n\n                <div class=\"col-lg-5 order-first order-lg-last\">\n                    <div class=\"des-content-2 pl-40\">\n                        <h3 class=\"tp-product-details-desc-title\">\n                            Carry with <br>\n                            Confidence and style\n                        </h3>\n                        <p>\n                            Wrap your tablet in a sleek case that\'s as stylish as it is convenient. Galaxy Tab S6 Lite Book Cover folds around and clings magnetically, so you can easily gear up as you\'re headed out the door. There\'s even a\n                            compartment for S pen, so you can be sure it doesn\'t get left behind.\n                        </p>\n                    </div>\n                </div>\n            </div>\n        </div>\n        <div class=\"tp-product-details-desc-item\">\n            <div class=\"row\">\n                <div class=\"col-xl-12\">\n                    <div class=\"tp-product-details-desc-banner text-center m-img\">\n                        <h3 class=\"tp-product-details-desc-banner-title tp-product-details-desc-title\">Speed Memory Power = Epic Races</h3>\n                        <img src=\"/storage/main/products/product-details-desc-3.jpg\" alt=\"product\">\n                    </div>\n                </div>\n            </div>\n        </div>\n    </div>\n</div>\n','published','[\"main\\/products\\/product-details-desc-1.jpg\",\"main\\/products\\/product-18.jpg\",\"main\\/products\\/product-7.jpg\",\"main\\/products\\/product-9.jpg\",\"main\\/products\\/product-4.jpg\"]','[]','P8-180-A1',0,15,0,1,'in_stock',0,1,0,0,990,NULL,NULL,NULL,14,20,12,524,NULL,50909,'2025-03-31 21:06:52','2025-03-31 21:06:53',8,0,'Botble\\ACL\\Models\\User',0,NULL,'physical',NULL,NULL,0,0,0,0,1),(27,'Nintendo Switch OLED Model','The headset also offers MS Teams Certifications and other features like Busylight, Calls controls, Voice guiding, and Wireless range (ft): Up to 100 feet. Best-in-class. Boom The most recent Jabra Evolve2 75 USB-A MS Teams Stereo Headset offers professional-grade call performance that leads the industry, yet Evolve2 75 wins best-in-class.','<div class=\"row justify-content-center\">\n    <div class=\"col-xl-10\">\n        <div class=\"tp-product-details-desc-item pb-105\">\n            <div class=\"row\">\n                <div class=\"col-lg-6\">\n                    <div class=\"pt-25\">\n                        <span>Galaxy A8 tablet</span>\n                        <h3 class=\"tp-product-details-desc-title\">Your world at a glance</h3>\n                        <p>\n                            With a slim design, a vibrant entertainment system, and <br>\n                            outstanding performance, the new Galaxy Tab A7 is a stylish new <br>\n                            companion for your life.Dive head-first into the things you love, <br>\n                            and easily share your favorite moments. Learn, explore, connect <br>\n                            and be inspired.\n                        </p>\n                    </div>\n                    <div>\n                        <h3 class=\"tp-product-details-desc-title\">Draw inspiration with S Pen</h3>\n                        <p>\n                            S Pen is a bundle of writing instruments in one. Its natural grip, <br>\n                            low latency and impressive pressure sensitivity will make it your go-to for everything from drawing to editing documents. And S Pen won\'t get misplaced thanks.\n                        </p>\n                    </div>\n                </div>\n                <div class=\"col-lg-6\">\n                    <div class=\"tp-product-details-desc-thumb\">\n                        <img src=\"/storage/main/products/product-details-desc-1.jpg\" alt=\"product\">\n                    </div>\n                </div>\n            </div>\n        </div>\n        <div class=\"tp-product-details-desc-item pb-75\">\n            <div class=\"row\">\n                <div class=\"col-lg-7\">\n                    <div class=\"tp-product-details-desc-thumb\">\n                        <img src=\"/storage/main/products/product-details-desc-2.jpg\" alt=\"product\">\n                    </div>\n                </div>\n\n                <div class=\"col-lg-5 order-first order-lg-last\">\n                    <div class=\"des-content-2 pl-40\">\n                        <h3 class=\"tp-product-details-desc-title\">\n                            Carry with <br>\n                            Confidence and style\n                        </h3>\n                        <p>\n                            Wrap your tablet in a sleek case that\'s as stylish as it is convenient. Galaxy Tab S6 Lite Book Cover folds around and clings magnetically, so you can easily gear up as you\'re headed out the door. There\'s even a\n                            compartment for S pen, so you can be sure it doesn\'t get left behind.\n                        </p>\n                    </div>\n                </div>\n            </div>\n        </div>\n        <div class=\"tp-product-details-desc-item\">\n            <div class=\"row\">\n                <div class=\"col-xl-12\">\n                    <div class=\"tp-product-details-desc-banner text-center m-img\">\n                        <h3 class=\"tp-product-details-desc-banner-title tp-product-details-desc-title\">Speed Memory Power = Epic Races</h3>\n                        <img src=\"/storage/main/products/product-details-desc-3.jpg\" alt=\"product\">\n                    </div>\n                </div>\n            </div>\n        </div>\n    </div>\n</div>\n','published','[\"main\\/products\\/product-10.jpg\",\"main\\/products\\/product-2.jpg\",\"main\\/products\\/product-4.jpg\",\"main\\/products\\/product-7.jpg\",\"main\\/products\\/product-details-desc-3.jpg\",\"main\\/products\\/product-17.jpg\"]','[]','XR-151',0,12,0,1,'in_stock',1,2,0,0,1509,403,NULL,NULL,13,12,12,842,NULL,72971,'2025-03-31 21:06:52','2025-03-31 21:06:53',3,0,'Botble\\ACL\\Models\\User',0,NULL,'physical',NULL,NULL,0,0,0,0,1),(28,'PlayStation 5 Console (Digital)','The headset also offers MS Teams Certifications and other features like Busylight, Calls controls, Voice guiding, and Wireless range (ft): Up to 100 feet. Best-in-class. Boom The most recent Jabra Evolve2 75 USB-A MS Teams Stereo Headset offers professional-grade call performance that leads the industry, yet Evolve2 75 wins best-in-class.','<div class=\"row justify-content-center\">\n    <div class=\"col-xl-10\">\n        <div class=\"tp-product-details-desc-item pb-105\">\n            <div class=\"row\">\n                <div class=\"col-lg-6\">\n                    <div class=\"pt-25\">\n                        <span>Galaxy A8 tablet</span>\n                        <h3 class=\"tp-product-details-desc-title\">Your world at a glance</h3>\n                        <p>\n                            With a slim design, a vibrant entertainment system, and <br>\n                            outstanding performance, the new Galaxy Tab A7 is a stylish new <br>\n                            companion for your life.Dive head-first into the things you love, <br>\n                            and easily share your favorite moments. Learn, explore, connect <br>\n                            and be inspired.\n                        </p>\n                    </div>\n                    <div>\n                        <h3 class=\"tp-product-details-desc-title\">Draw inspiration with S Pen</h3>\n                        <p>\n                            S Pen is a bundle of writing instruments in one. Its natural grip, <br>\n                            low latency and impressive pressure sensitivity will make it your go-to for everything from drawing to editing documents. And S Pen won\'t get misplaced thanks.\n                        </p>\n                    </div>\n                </div>\n                <div class=\"col-lg-6\">\n                    <div class=\"tp-product-details-desc-thumb\">\n                        <img src=\"/storage/main/products/product-details-desc-1.jpg\" alt=\"product\">\n                    </div>\n                </div>\n            </div>\n        </div>\n        <div class=\"tp-product-details-desc-item pb-75\">\n            <div class=\"row\">\n                <div class=\"col-lg-7\">\n                    <div class=\"tp-product-details-desc-thumb\">\n                        <img src=\"/storage/main/products/product-details-desc-2.jpg\" alt=\"product\">\n                    </div>\n                </div>\n\n                <div class=\"col-lg-5 order-first order-lg-last\">\n                    <div class=\"des-content-2 pl-40\">\n                        <h3 class=\"tp-product-details-desc-title\">\n                            Carry with <br>\n                            Confidence and style\n                        </h3>\n                        <p>\n                            Wrap your tablet in a sleek case that\'s as stylish as it is convenient. Galaxy Tab S6 Lite Book Cover folds around and clings magnetically, so you can easily gear up as you\'re headed out the door. There\'s even a\n                            compartment for S pen, so you can be sure it doesn\'t get left behind.\n                        </p>\n                    </div>\n                </div>\n            </div>\n        </div>\n        <div class=\"tp-product-details-desc-item\">\n            <div class=\"row\">\n                <div class=\"col-xl-12\">\n                    <div class=\"tp-product-details-desc-banner text-center m-img\">\n                        <h3 class=\"tp-product-details-desc-banner-title tp-product-details-desc-title\">Speed Memory Power = Epic Races</h3>\n                        <img src=\"/storage/main/products/product-details-desc-3.jpg\" alt=\"product\">\n                    </div>\n                </div>\n            </div>\n        </div>\n    </div>\n</div>\n','published','[\"main\\/products\\/product-1.jpg\",\"main\\/products\\/product-5.jpg\",\"main\\/products\\/product-details-desc-2.jpg\"]','[[{\"key\":\"file\",\"value\":\"main\\/video\\/video-1.mp4\"},{\"key\":\"url\",\"value\":null},{\"key\":\"thumbnail\",\"value\":\"main\\/video\\/1.jpg\"}]]','CV-125',0,18,0,1,'in_stock',0,3,0,0,734,546,NULL,NULL,18,19,14,697,NULL,120701,'2025-03-31 21:06:52','2025-03-31 21:06:53',1,0,'Botble\\ACL\\Models\\User',0,NULL,'digital',NULL,NULL,0,0,0,0,1),(29,'Xbox Series X Console','The headset also offers MS Teams Certifications and other features like Busylight, Calls controls, Voice guiding, and Wireless range (ft): Up to 100 feet. Best-in-class. Boom The most recent Jabra Evolve2 75 USB-A MS Teams Stereo Headset offers professional-grade call performance that leads the industry, yet Evolve2 75 wins best-in-class.','<div class=\"row justify-content-center\">\n    <div class=\"col-xl-10\">\n        <div class=\"tp-product-details-desc-item pb-105\">\n            <div class=\"row\">\n                <div class=\"col-lg-6\">\n                    <div class=\"pt-25\">\n                        <span>Galaxy A8 tablet</span>\n                        <h3 class=\"tp-product-details-desc-title\">Your world at a glance</h3>\n                        <p>\n                            With a slim design, a vibrant entertainment system, and <br>\n                            outstanding performance, the new Galaxy Tab A7 is a stylish new <br>\n                            companion for your life.Dive head-first into the things you love, <br>\n                            and easily share your favorite moments. Learn, explore, connect <br>\n                            and be inspired.\n                        </p>\n                    </div>\n                    <div>\n                        <h3 class=\"tp-product-details-desc-title\">Draw inspiration with S Pen</h3>\n                        <p>\n                            S Pen is a bundle of writing instruments in one. Its natural grip, <br>\n                            low latency and impressive pressure sensitivity will make it your go-to for everything from drawing to editing documents. And S Pen won\'t get misplaced thanks.\n                        </p>\n                    </div>\n                </div>\n                <div class=\"col-lg-6\">\n                    <div class=\"tp-product-details-desc-thumb\">\n                        <img src=\"/storage/main/products/product-details-desc-1.jpg\" alt=\"product\">\n                    </div>\n                </div>\n            </div>\n        </div>\n        <div class=\"tp-product-details-desc-item pb-75\">\n            <div class=\"row\">\n                <div class=\"col-lg-7\">\n                    <div class=\"tp-product-details-desc-thumb\">\n                        <img src=\"/storage/main/products/product-details-desc-2.jpg\" alt=\"product\">\n                    </div>\n                </div>\n\n                <div class=\"col-lg-5 order-first order-lg-last\">\n                    <div class=\"des-content-2 pl-40\">\n                        <h3 class=\"tp-product-details-desc-title\">\n                            Carry with <br>\n                            Confidence and style\n                        </h3>\n                        <p>\n                            Wrap your tablet in a sleek case that\'s as stylish as it is convenient. Galaxy Tab S6 Lite Book Cover folds around and clings magnetically, so you can easily gear up as you\'re headed out the door. There\'s even a\n                            compartment for S pen, so you can be sure it doesn\'t get left behind.\n                        </p>\n                    </div>\n                </div>\n            </div>\n        </div>\n        <div class=\"tp-product-details-desc-item\">\n            <div class=\"row\">\n                <div class=\"col-xl-12\">\n                    <div class=\"tp-product-details-desc-banner text-center m-img\">\n                        <h3 class=\"tp-product-details-desc-banner-title tp-product-details-desc-title\">Speed Memory Power = Epic Races</h3>\n                        <img src=\"/storage/main/products/product-details-desc-3.jpg\" alt=\"product\">\n                    </div>\n                </div>\n            </div>\n        </div>\n    </div>\n</div>\n','published','[\"main\\/products\\/product-12.jpg\",\"main\\/products\\/product-4.jpg\",\"main\\/products\\/product-3.jpg\",\"main\\/products\\/product-5.jpg\",\"main\\/products\\/product-20.jpg\",\"main\\/products\\/product-details-desc-1.jpg\",\"main\\/products\\/product-14.jpg\",\"main\\/products\\/product-16.jpg\"]','[]','HF-142-A1',0,12,0,1,'in_stock',1,2,0,0,1863,NULL,NULL,NULL,10,14,12,865,NULL,51382,'2025-03-31 21:06:52','2025-03-31 21:06:53',4,0,'Botble\\ACL\\Models\\User',0,NULL,'physical',NULL,NULL,0,0,0,0,2),(30,'Oculus Quest 2 VR Headset','Jabra Evolve2 75 USB-A MS Teams Stereo Headset The Jabra Evolve2 75 USB-A MS Teams Stereo Headset has replaced previous hybrid working standards. Industry-leading call quality thanks to top-notch audio engineering.','<div class=\"row justify-content-center\">\n    <div class=\"col-xl-10\">\n        <div class=\"tp-product-details-desc-item pb-105\">\n            <div class=\"row\">\n                <div class=\"col-lg-6\">\n                    <div class=\"pt-25\">\n                        <span>Galaxy A8 tablet</span>\n                        <h3 class=\"tp-product-details-desc-title\">Your world at a glance</h3>\n                        <p>\n                            With a slim design, a vibrant entertainment system, and <br>\n                            outstanding performance, the new Galaxy Tab A7 is a stylish new <br>\n                            companion for your life.Dive head-first into the things you love, <br>\n                            and easily share your favorite moments. Learn, explore, connect <br>\n                            and be inspired.\n                        </p>\n                    </div>\n                    <div>\n                        <h3 class=\"tp-product-details-desc-title\">Draw inspiration with S Pen</h3>\n                        <p>\n                            S Pen is a bundle of writing instruments in one. Its natural grip, <br>\n                            low latency and impressive pressure sensitivity will make it your go-to for everything from drawing to editing documents. And S Pen won\'t get misplaced thanks.\n                        </p>\n                    </div>\n                </div>\n                <div class=\"col-lg-6\">\n                    <div class=\"tp-product-details-desc-thumb\">\n                        <img src=\"/storage/main/products/product-details-desc-1.jpg\" alt=\"product\">\n                    </div>\n                </div>\n            </div>\n        </div>\n        <div class=\"tp-product-details-desc-item pb-75\">\n            <div class=\"row\">\n                <div class=\"col-lg-7\">\n                    <div class=\"tp-product-details-desc-thumb\">\n                        <img src=\"/storage/main/products/product-details-desc-2.jpg\" alt=\"product\">\n                    </div>\n                </div>\n\n                <div class=\"col-lg-5 order-first order-lg-last\">\n                    <div class=\"des-content-2 pl-40\">\n                        <h3 class=\"tp-product-details-desc-title\">\n                            Carry with <br>\n                            Confidence and style\n                        </h3>\n                        <p>\n                            Wrap your tablet in a sleek case that\'s as stylish as it is convenient. Galaxy Tab S6 Lite Book Cover folds around and clings magnetically, so you can easily gear up as you\'re headed out the door. There\'s even a\n                            compartment for S pen, so you can be sure it doesn\'t get left behind.\n                        </p>\n                    </div>\n                </div>\n            </div>\n        </div>\n        <div class=\"tp-product-details-desc-item\">\n            <div class=\"row\">\n                <div class=\"col-xl-12\">\n                    <div class=\"tp-product-details-desc-banner text-center m-img\">\n                        <h3 class=\"tp-product-details-desc-banner-title tp-product-details-desc-title\">Speed Memory Power = Epic Races</h3>\n                        <img src=\"/storage/main/products/product-details-desc-3.jpg\" alt=\"product\">\n                    </div>\n                </div>\n            </div>\n        </div>\n    </div>\n</div>\n','published','[\"main\\/products\\/product-16.jpg\",\"main\\/products\\/product-11.jpg\",\"main\\/products\\/product-details-desc-2.jpg\",\"main\\/products\\/product-20.jpg\"]','[[{\"key\":\"file\",\"value\":\"main\\/video\\/video-2.mp4\"},{\"key\":\"url\",\"value\":null},{\"key\":\"thumbnail\",\"value\":\"main\\/video\\/2.jpg\"}]]','IX-125-A1',0,18,0,1,'in_stock',1,4,0,0,579,NULL,NULL,NULL,18,10,13,649,NULL,76425,'2025-03-31 21:06:52','2025-03-31 21:06:53',2,0,'Botble\\ACL\\Models\\User',0,NULL,'physical',NULL,NULL,0,0,0,0,2),(31,'HTC Vive Cosmos Elite VR Headset','Jabra Evolve2 75 USB-A MS Teams Stereo Headset The Jabra Evolve2 75 USB-A MS Teams Stereo Headset has replaced previous hybrid working standards. Industry-leading call quality thanks to top-notch audio engineering.','<div class=\"row justify-content-center\">\n    <div class=\"col-xl-10\">\n        <div class=\"tp-product-details-desc-item pb-105\">\n            <div class=\"row\">\n                <div class=\"col-lg-6\">\n                    <div class=\"pt-25\">\n                        <span>Galaxy A8 tablet</span>\n                        <h3 class=\"tp-product-details-desc-title\">Your world at a glance</h3>\n                        <p>\n                            With a slim design, a vibrant entertainment system, and <br>\n                            outstanding performance, the new Galaxy Tab A7 is a stylish new <br>\n                            companion for your life.Dive head-first into the things you love, <br>\n                            and easily share your favorite moments. Learn, explore, connect <br>\n                            and be inspired.\n                        </p>\n                    </div>\n                    <div>\n                        <h3 class=\"tp-product-details-desc-title\">Draw inspiration with S Pen</h3>\n                        <p>\n                            S Pen is a bundle of writing instruments in one. Its natural grip, <br>\n                            low latency and impressive pressure sensitivity will make it your go-to for everything from drawing to editing documents. And S Pen won\'t get misplaced thanks.\n                        </p>\n                    </div>\n                </div>\n                <div class=\"col-lg-6\">\n                    <div class=\"tp-product-details-desc-thumb\">\n                        <img src=\"/storage/main/products/product-details-desc-1.jpg\" alt=\"product\">\n                    </div>\n                </div>\n            </div>\n        </div>\n        <div class=\"tp-product-details-desc-item pb-75\">\n            <div class=\"row\">\n                <div class=\"col-lg-7\">\n                    <div class=\"tp-product-details-desc-thumb\">\n                        <img src=\"/storage/main/products/product-details-desc-2.jpg\" alt=\"product\">\n                    </div>\n                </div>\n\n                <div class=\"col-lg-5 order-first order-lg-last\">\n                    <div class=\"des-content-2 pl-40\">\n                        <h3 class=\"tp-product-details-desc-title\">\n                            Carry with <br>\n                            Confidence and style\n                        </h3>\n                        <p>\n                            Wrap your tablet in a sleek case that\'s as stylish as it is convenient. Galaxy Tab S6 Lite Book Cover folds around and clings magnetically, so you can easily gear up as you\'re headed out the door. There\'s even a\n                            compartment for S pen, so you can be sure it doesn\'t get left behind.\n                        </p>\n                    </div>\n                </div>\n            </div>\n        </div>\n        <div class=\"tp-product-details-desc-item\">\n            <div class=\"row\">\n                <div class=\"col-xl-12\">\n                    <div class=\"tp-product-details-desc-banner text-center m-img\">\n                        <h3 class=\"tp-product-details-desc-banner-title tp-product-details-desc-title\">Speed Memory Power = Epic Races</h3>\n                        <img src=\"/storage/main/products/product-details-desc-3.jpg\" alt=\"product\">\n                    </div>\n                </div>\n            </div>\n        </div>\n    </div>\n</div>\n','published','[\"main\\/products\\/product-14.jpg\",\"main\\/products\\/product-details-desc-2.jpg\",\"main\\/products\\/product-15.jpg\",\"main\\/products\\/product-details-desc-3.jpg\",\"main\\/products\\/product-4.jpg\",\"main\\/products\\/product-3.jpg\",\"main\\/products\\/product-13.jpg\",\"main\\/products\\/product-16.jpg\"]','[[{\"key\":\"file\",\"value\":\"main\\/video\\/video-2.mp4\"},{\"key\":\"url\",\"value\":null},{\"key\":\"thumbnail\",\"value\":\"main\\/video\\/2.jpg\"}]]','WN-177',0,20,0,1,'in_stock',0,4,0,0,1590,1040,NULL,NULL,17,13,14,723,NULL,138891,'2025-03-31 21:06:52','2025-03-31 21:06:53',3,0,'Botble\\ACL\\Models\\User',0,NULL,'physical',NULL,NULL,0,0,0,0,1),(32,'Samsung Odyssey G9 49-Inch Curved Gaming Monitor (Digital)','We can provide exceptional noise isolation and the best all-day comfort by mixing firm foam for the outer with soft foam for the interior of the ear cushions. So that you may receive Active Noise-Cancellation (ANC) performance that is even greater in a headset that you can wear for whatever length you wish.','<div class=\"row justify-content-center\">\n    <div class=\"col-xl-10\">\n        <div class=\"tp-product-details-desc-item pb-105\">\n            <div class=\"row\">\n                <div class=\"col-lg-6\">\n                    <div class=\"pt-25\">\n                        <span>Galaxy A8 tablet</span>\n                        <h3 class=\"tp-product-details-desc-title\">Your world at a glance</h3>\n                        <p>\n                            With a slim design, a vibrant entertainment system, and <br>\n                            outstanding performance, the new Galaxy Tab A7 is a stylish new <br>\n                            companion for your life.Dive head-first into the things you love, <br>\n                            and easily share your favorite moments. Learn, explore, connect <br>\n                            and be inspired.\n                        </p>\n                    </div>\n                    <div>\n                        <h3 class=\"tp-product-details-desc-title\">Draw inspiration with S Pen</h3>\n                        <p>\n                            S Pen is a bundle of writing instruments in one. Its natural grip, <br>\n                            low latency and impressive pressure sensitivity will make it your go-to for everything from drawing to editing documents. And S Pen won\'t get misplaced thanks.\n                        </p>\n                    </div>\n                </div>\n                <div class=\"col-lg-6\">\n                    <div class=\"tp-product-details-desc-thumb\">\n                        <img src=\"/storage/main/products/product-details-desc-1.jpg\" alt=\"product\">\n                    </div>\n                </div>\n            </div>\n        </div>\n        <div class=\"tp-product-details-desc-item pb-75\">\n            <div class=\"row\">\n                <div class=\"col-lg-7\">\n                    <div class=\"tp-product-details-desc-thumb\">\n                        <img src=\"/storage/main/products/product-details-desc-2.jpg\" alt=\"product\">\n                    </div>\n                </div>\n\n                <div class=\"col-lg-5 order-first order-lg-last\">\n                    <div class=\"des-content-2 pl-40\">\n                        <h3 class=\"tp-product-details-desc-title\">\n                            Carry with <br>\n                            Confidence and style\n                        </h3>\n                        <p>\n                            Wrap your tablet in a sleek case that\'s as stylish as it is convenient. Galaxy Tab S6 Lite Book Cover folds around and clings magnetically, so you can easily gear up as you\'re headed out the door. There\'s even a\n                            compartment for S pen, so you can be sure it doesn\'t get left behind.\n                        </p>\n                    </div>\n                </div>\n            </div>\n        </div>\n        <div class=\"tp-product-details-desc-item\">\n            <div class=\"row\">\n                <div class=\"col-xl-12\">\n                    <div class=\"tp-product-details-desc-banner text-center m-img\">\n                        <h3 class=\"tp-product-details-desc-banner-title tp-product-details-desc-title\">Speed Memory Power = Epic Races</h3>\n                        <img src=\"/storage/main/products/product-details-desc-3.jpg\" alt=\"product\">\n                    </div>\n                </div>\n            </div>\n        </div>\n    </div>\n</div>\n','published','[\"main\\/products\\/product-7.jpg\",\"main\\/products\\/product-14.jpg\",\"main\\/products\\/product-details-desc-1.jpg\",\"main\\/products\\/product-19.jpg\",\"main\\/products\\/product-15.jpg\",\"main\\/products\\/product-details-desc-2.jpg\"]','[[{\"key\":\"file\",\"value\":null},{\"key\":\"url\",\"value\":\"https:\\/\\/www.youtube.com\\/watch?v=6JYIGclVQdw\"},{\"key\":\"thumbnail\",\"value\":\"main\\/video\\/1.jpg\"}]]','UN-182-A1',0,15,0,1,'in_stock',1,2,0,0,630,459.9,NULL,NULL,18,17,20,619,NULL,37429,'2025-03-31 21:06:52','2025-03-31 21:06:53',2,0,'Botble\\ACL\\Models\\User',0,NULL,'digital',NULL,NULL,0,0,0,0,1),(33,'LG UltraGear 27GN950-B 4K Gaming Monitor','Additionally, this includes a redesigned microphone boom arm that is 33 percent shorter than the Evolve 75 and offers the industry-leading call performance for which Jabra headsets are known.','<div class=\"row justify-content-center\">\n    <div class=\"col-xl-10\">\n        <div class=\"tp-product-details-desc-item pb-105\">\n            <div class=\"row\">\n                <div class=\"col-lg-6\">\n                    <div class=\"pt-25\">\n                        <span>Galaxy A8 tablet</span>\n                        <h3 class=\"tp-product-details-desc-title\">Your world at a glance</h3>\n                        <p>\n                            With a slim design, a vibrant entertainment system, and <br>\n                            outstanding performance, the new Galaxy Tab A7 is a stylish new <br>\n                            companion for your life.Dive head-first into the things you love, <br>\n                            and easily share your favorite moments. Learn, explore, connect <br>\n                            and be inspired.\n                        </p>\n                    </div>\n                    <div>\n                        <h3 class=\"tp-product-details-desc-title\">Draw inspiration with S Pen</h3>\n                        <p>\n                            S Pen is a bundle of writing instruments in one. Its natural grip, <br>\n                            low latency and impressive pressure sensitivity will make it your go-to for everything from drawing to editing documents. And S Pen won\'t get misplaced thanks.\n                        </p>\n                    </div>\n                </div>\n                <div class=\"col-lg-6\">\n                    <div class=\"tp-product-details-desc-thumb\">\n                        <img src=\"/storage/main/products/product-details-desc-1.jpg\" alt=\"product\">\n                    </div>\n                </div>\n            </div>\n        </div>\n        <div class=\"tp-product-details-desc-item pb-75\">\n            <div class=\"row\">\n                <div class=\"col-lg-7\">\n                    <div class=\"tp-product-details-desc-thumb\">\n                        <img src=\"/storage/main/products/product-details-desc-2.jpg\" alt=\"product\">\n                    </div>\n                </div>\n\n                <div class=\"col-lg-5 order-first order-lg-last\">\n                    <div class=\"des-content-2 pl-40\">\n                        <h3 class=\"tp-product-details-desc-title\">\n                            Carry with <br>\n                            Confidence and style\n                        </h3>\n                        <p>\n                            Wrap your tablet in a sleek case that\'s as stylish as it is convenient. Galaxy Tab S6 Lite Book Cover folds around and clings magnetically, so you can easily gear up as you\'re headed out the door. There\'s even a\n                            compartment for S pen, so you can be sure it doesn\'t get left behind.\n                        </p>\n                    </div>\n                </div>\n            </div>\n        </div>\n        <div class=\"tp-product-details-desc-item\">\n            <div class=\"row\">\n                <div class=\"col-xl-12\">\n                    <div class=\"tp-product-details-desc-banner text-center m-img\">\n                        <h3 class=\"tp-product-details-desc-banner-title tp-product-details-desc-title\">Speed Memory Power = Epic Races</h3>\n                        <img src=\"/storage/main/products/product-details-desc-3.jpg\" alt=\"product\">\n                    </div>\n                </div>\n            </div>\n        </div>\n    </div>\n</div>\n','published','[\"main\\/products\\/product-16.jpg\",\"main\\/products\\/product-9.jpg\",\"main\\/products\\/product-details-desc-2.jpg\",\"main\\/products\\/product-8.jpg\",\"main\\/products\\/product-1.jpg\",\"main\\/products\\/product-7.jpg\"]','[[{\"key\":\"file\",\"value\":\"main\\/video\\/video-2.mp4\"},{\"key\":\"url\",\"value\":null},{\"key\":\"thumbnail\",\"value\":\"main\\/video\\/2.jpg\"}]]','KH-113',0,19,0,1,'in_stock',0,5,0,0,346,257,NULL,NULL,16,18,20,878,NULL,9713,'2025-03-31 21:06:52','2025-03-31 21:06:53',2,0,'Botble\\ACL\\Models\\User',0,NULL,'physical',NULL,NULL,0,0,0,0,1),(34,'Acer Predator X38 Pbmiphzx 38-Inch Curved Gaming Monitor','We can provide exceptional noise isolation and the best all-day comfort by mixing firm foam for the outer with soft foam for the interior of the ear cushions. So that you may receive Active Noise-Cancellation (ANC) performance that is even greater in a headset that you can wear for whatever length you wish.','<div class=\"row justify-content-center\">\n    <div class=\"col-xl-10\">\n        <div class=\"tp-product-details-desc-item pb-105\">\n            <div class=\"row\">\n                <div class=\"col-lg-6\">\n                    <div class=\"pt-25\">\n                        <span>Galaxy A8 tablet</span>\n                        <h3 class=\"tp-product-details-desc-title\">Your world at a glance</h3>\n                        <p>\n                            With a slim design, a vibrant entertainment system, and <br>\n                            outstanding performance, the new Galaxy Tab A7 is a stylish new <br>\n                            companion for your life.Dive head-first into the things you love, <br>\n                            and easily share your favorite moments. Learn, explore, connect <br>\n                            and be inspired.\n                        </p>\n                    </div>\n                    <div>\n                        <h3 class=\"tp-product-details-desc-title\">Draw inspiration with S Pen</h3>\n                        <p>\n                            S Pen is a bundle of writing instruments in one. Its natural grip, <br>\n                            low latency and impressive pressure sensitivity will make it your go-to for everything from drawing to editing documents. And S Pen won\'t get misplaced thanks.\n                        </p>\n                    </div>\n                </div>\n                <div class=\"col-lg-6\">\n                    <div class=\"tp-product-details-desc-thumb\">\n                        <img src=\"/storage/main/products/product-details-desc-1.jpg\" alt=\"product\">\n                    </div>\n                </div>\n            </div>\n        </div>\n        <div class=\"tp-product-details-desc-item pb-75\">\n            <div class=\"row\">\n                <div class=\"col-lg-7\">\n                    <div class=\"tp-product-details-desc-thumb\">\n                        <img src=\"/storage/main/products/product-details-desc-2.jpg\" alt=\"product\">\n                    </div>\n                </div>\n\n                <div class=\"col-lg-5 order-first order-lg-last\">\n                    <div class=\"des-content-2 pl-40\">\n                        <h3 class=\"tp-product-details-desc-title\">\n                            Carry with <br>\n                            Confidence and style\n                        </h3>\n                        <p>\n                            Wrap your tablet in a sleek case that\'s as stylish as it is convenient. Galaxy Tab S6 Lite Book Cover folds around and clings magnetically, so you can easily gear up as you\'re headed out the door. There\'s even a\n                            compartment for S pen, so you can be sure it doesn\'t get left behind.\n                        </p>\n                    </div>\n                </div>\n            </div>\n        </div>\n        <div class=\"tp-product-details-desc-item\">\n            <div class=\"row\">\n                <div class=\"col-xl-12\">\n                    <div class=\"tp-product-details-desc-banner text-center m-img\">\n                        <h3 class=\"tp-product-details-desc-banner-title tp-product-details-desc-title\">Speed Memory Power = Epic Races</h3>\n                        <img src=\"/storage/main/products/product-details-desc-3.jpg\" alt=\"product\">\n                    </div>\n                </div>\n            </div>\n        </div>\n    </div>\n</div>\n','published','[\"main\\/products\\/product-19.jpg\",\"main\\/products\\/product-4.jpg\",\"main\\/products\\/product-7.jpg\",\"main\\/products\\/product-details-desc-2.jpg\",\"main\\/products\\/product-1.jpg\",\"main\\/products\\/product-20.jpg\",\"main\\/products\\/product-details-desc-1.jpg\"]','[]','33-163',0,16,0,1,'in_stock',1,3,0,0,1127,868,NULL,NULL,14,14,15,573,NULL,144998,'2025-03-31 21:06:52','2025-03-31 21:06:53',5,0,'Botble\\ACL\\Models\\User',0,NULL,'physical',NULL,NULL,0,0,0,0,1),(35,'ASUS ROG Swift PG279QM 27-Inch Gaming Monitor','With this intelligent headset, you can stay connected and productive from the first call of the day to the last train home. With an ergonomic earcup design, this headset invented a brand-new dual-foam technology. You will be comfortable from the first call to the last thanks to the re-engineered leatherette ear cushion design that allows for better airflow.','<div class=\"row justify-content-center\">\n    <div class=\"col-xl-10\">\n        <div class=\"tp-product-details-desc-item pb-105\">\n            <div class=\"row\">\n                <div class=\"col-lg-6\">\n                    <div class=\"pt-25\">\n                        <span>Galaxy A8 tablet</span>\n                        <h3 class=\"tp-product-details-desc-title\">Your world at a glance</h3>\n                        <p>\n                            With a slim design, a vibrant entertainment system, and <br>\n                            outstanding performance, the new Galaxy Tab A7 is a stylish new <br>\n                            companion for your life.Dive head-first into the things you love, <br>\n                            and easily share your favorite moments. Learn, explore, connect <br>\n                            and be inspired.\n                        </p>\n                    </div>\n                    <div>\n                        <h3 class=\"tp-product-details-desc-title\">Draw inspiration with S Pen</h3>\n                        <p>\n                            S Pen is a bundle of writing instruments in one. Its natural grip, <br>\n                            low latency and impressive pressure sensitivity will make it your go-to for everything from drawing to editing documents. And S Pen won\'t get misplaced thanks.\n                        </p>\n                    </div>\n                </div>\n                <div class=\"col-lg-6\">\n                    <div class=\"tp-product-details-desc-thumb\">\n                        <img src=\"/storage/main/products/product-details-desc-1.jpg\" alt=\"product\">\n                    </div>\n                </div>\n            </div>\n        </div>\n        <div class=\"tp-product-details-desc-item pb-75\">\n            <div class=\"row\">\n                <div class=\"col-lg-7\">\n                    <div class=\"tp-product-details-desc-thumb\">\n                        <img src=\"/storage/main/products/product-details-desc-2.jpg\" alt=\"product\">\n                    </div>\n                </div>\n\n                <div class=\"col-lg-5 order-first order-lg-last\">\n                    <div class=\"des-content-2 pl-40\">\n                        <h3 class=\"tp-product-details-desc-title\">\n                            Carry with <br>\n                            Confidence and style\n                        </h3>\n                        <p>\n                            Wrap your tablet in a sleek case that\'s as stylish as it is convenient. Galaxy Tab S6 Lite Book Cover folds around and clings magnetically, so you can easily gear up as you\'re headed out the door. There\'s even a\n                            compartment for S pen, so you can be sure it doesn\'t get left behind.\n                        </p>\n                    </div>\n                </div>\n            </div>\n        </div>\n        <div class=\"tp-product-details-desc-item\">\n            <div class=\"row\">\n                <div class=\"col-xl-12\">\n                    <div class=\"tp-product-details-desc-banner text-center m-img\">\n                        <h3 class=\"tp-product-details-desc-banner-title tp-product-details-desc-title\">Speed Memory Power = Epic Races</h3>\n                        <img src=\"/storage/main/products/product-details-desc-3.jpg\" alt=\"product\">\n                    </div>\n                </div>\n            </div>\n        </div>\n    </div>\n</div>\n','published','[\"main\\/products\\/product-14.jpg\",\"main\\/products\\/product-8.jpg\",\"main\\/products\\/product-details-desc-3.jpg\"]','[[{\"key\":\"file\",\"value\":\"main\\/video\\/video-1.mp4\"},{\"key\":\"url\",\"value\":null},{\"key\":\"thumbnail\",\"value\":\"main\\/video\\/1.jpg\"}]]','EG-160-A1',0,17,0,1,'in_stock',1,5,0,0,330,NULL,NULL,NULL,16,13,18,552,NULL,125284,'2025-03-31 21:06:52','2025-03-31 21:06:53',1,0,'Botble\\ACL\\Models\\User',0,NULL,'physical',NULL,NULL,0,0,0,0,1),(36,'BenQ EW3280U 32-Inch 4K HDR Entertainment Monitor (Digital)','Jabra Evolve2 75 USB-A MS Teams Stereo Headset The Jabra Evolve2 75 USB-A MS Teams Stereo Headset has replaced previous hybrid working standards. Industry-leading call quality thanks to top-notch audio engineering.','<div class=\"row justify-content-center\">\n    <div class=\"col-xl-10\">\n        <div class=\"tp-product-details-desc-item pb-105\">\n            <div class=\"row\">\n                <div class=\"col-lg-6\">\n                    <div class=\"pt-25\">\n                        <span>Galaxy A8 tablet</span>\n                        <h3 class=\"tp-product-details-desc-title\">Your world at a glance</h3>\n                        <p>\n                            With a slim design, a vibrant entertainment system, and <br>\n                            outstanding performance, the new Galaxy Tab A7 is a stylish new <br>\n                            companion for your life.Dive head-first into the things you love, <br>\n                            and easily share your favorite moments. Learn, explore, connect <br>\n                            and be inspired.\n                        </p>\n                    </div>\n                    <div>\n                        <h3 class=\"tp-product-details-desc-title\">Draw inspiration with S Pen</h3>\n                        <p>\n                            S Pen is a bundle of writing instruments in one. Its natural grip, <br>\n                            low latency and impressive pressure sensitivity will make it your go-to for everything from drawing to editing documents. And S Pen won\'t get misplaced thanks.\n                        </p>\n                    </div>\n                </div>\n                <div class=\"col-lg-6\">\n                    <div class=\"tp-product-details-desc-thumb\">\n                        <img src=\"/storage/main/products/product-details-desc-1.jpg\" alt=\"product\">\n                    </div>\n                </div>\n            </div>\n        </div>\n        <div class=\"tp-product-details-desc-item pb-75\">\n            <div class=\"row\">\n                <div class=\"col-lg-7\">\n                    <div class=\"tp-product-details-desc-thumb\">\n                        <img src=\"/storage/main/products/product-details-desc-2.jpg\" alt=\"product\">\n                    </div>\n                </div>\n\n                <div class=\"col-lg-5 order-first order-lg-last\">\n                    <div class=\"des-content-2 pl-40\">\n                        <h3 class=\"tp-product-details-desc-title\">\n                            Carry with <br>\n                            Confidence and style\n                        </h3>\n                        <p>\n                            Wrap your tablet in a sleek case that\'s as stylish as it is convenient. Galaxy Tab S6 Lite Book Cover folds around and clings magnetically, so you can easily gear up as you\'re headed out the door. There\'s even a\n                            compartment for S pen, so you can be sure it doesn\'t get left behind.\n                        </p>\n                    </div>\n                </div>\n            </div>\n        </div>\n        <div class=\"tp-product-details-desc-item\">\n            <div class=\"row\">\n                <div class=\"col-xl-12\">\n                    <div class=\"tp-product-details-desc-banner text-center m-img\">\n                        <h3 class=\"tp-product-details-desc-banner-title tp-product-details-desc-title\">Speed Memory Power = Epic Races</h3>\n                        <img src=\"/storage/main/products/product-details-desc-3.jpg\" alt=\"product\">\n                    </div>\n                </div>\n            </div>\n        </div>\n    </div>\n</div>\n','published','[\"main\\/products\\/product-14.jpg\",\"main\\/products\\/product-4.jpg\",\"main\\/products\\/product-12.jpg\",\"main\\/products\\/product-19.jpg\"]','[[{\"key\":\"file\",\"value\":\"main\\/video\\/video-1.mp4\"},{\"key\":\"url\",\"value\":null},{\"key\":\"thumbnail\",\"value\":\"main\\/video\\/1.jpg\"}]]','AB-145-A1',0,16,0,1,'in_stock',1,5,0,0,2241,1792.8,NULL,NULL,20,18,19,748,NULL,117272,'2025-03-31 21:06:52','2025-03-31 21:06:53',2,0,'Botble\\ACL\\Models\\User',0,NULL,'digital',NULL,NULL,0,0,0,0,2),(37,'Dell UltraSharp U2720Q 27-Inch 4K USB-C Monitor','Jabra Evolve2 75 USB-A MS Teams Stereo Headset The Jabra Evolve2 75 USB-A MS Teams Stereo Headset has replaced previous hybrid working standards. Industry-leading call quality thanks to top-notch audio engineering.','<div class=\"row justify-content-center\">\n    <div class=\"col-xl-10\">\n        <div class=\"tp-product-details-desc-item pb-105\">\n            <div class=\"row\">\n                <div class=\"col-lg-6\">\n                    <div class=\"pt-25\">\n                        <span>Galaxy A8 tablet</span>\n                        <h3 class=\"tp-product-details-desc-title\">Your world at a glance</h3>\n                        <p>\n                            With a slim design, a vibrant entertainment system, and <br>\n                            outstanding performance, the new Galaxy Tab A7 is a stylish new <br>\n                            companion for your life.Dive head-first into the things you love, <br>\n                            and easily share your favorite moments. Learn, explore, connect <br>\n                            and be inspired.\n                        </p>\n                    </div>\n                    <div>\n                        <h3 class=\"tp-product-details-desc-title\">Draw inspiration with S Pen</h3>\n                        <p>\n                            S Pen is a bundle of writing instruments in one. Its natural grip, <br>\n                            low latency and impressive pressure sensitivity will make it your go-to for everything from drawing to editing documents. And S Pen won\'t get misplaced thanks.\n                        </p>\n                    </div>\n                </div>\n                <div class=\"col-lg-6\">\n                    <div class=\"tp-product-details-desc-thumb\">\n                        <img src=\"/storage/main/products/product-details-desc-1.jpg\" alt=\"product\">\n                    </div>\n                </div>\n            </div>\n        </div>\n        <div class=\"tp-product-details-desc-item pb-75\">\n            <div class=\"row\">\n                <div class=\"col-lg-7\">\n                    <div class=\"tp-product-details-desc-thumb\">\n                        <img src=\"/storage/main/products/product-details-desc-2.jpg\" alt=\"product\">\n                    </div>\n                </div>\n\n                <div class=\"col-lg-5 order-first order-lg-last\">\n                    <div class=\"des-content-2 pl-40\">\n                        <h3 class=\"tp-product-details-desc-title\">\n                            Carry with <br>\n                            Confidence and style\n                        </h3>\n                        <p>\n                            Wrap your tablet in a sleek case that\'s as stylish as it is convenient. Galaxy Tab S6 Lite Book Cover folds around and clings magnetically, so you can easily gear up as you\'re headed out the door. There\'s even a\n                            compartment for S pen, so you can be sure it doesn\'t get left behind.\n                        </p>\n                    </div>\n                </div>\n            </div>\n        </div>\n        <div class=\"tp-product-details-desc-item\">\n            <div class=\"row\">\n                <div class=\"col-xl-12\">\n                    <div class=\"tp-product-details-desc-banner text-center m-img\">\n                        <h3 class=\"tp-product-details-desc-banner-title tp-product-details-desc-title\">Speed Memory Power = Epic Races</h3>\n                        <img src=\"/storage/main/products/product-details-desc-3.jpg\" alt=\"product\">\n                    </div>\n                </div>\n            </div>\n        </div>\n    </div>\n</div>\n','published','[\"main\\/products\\/product-details-desc-1.jpg\",\"main\\/products\\/product-details-desc-2.jpg\",\"main\\/products\\/product-5.jpg\",\"main\\/products\\/product-19.jpg\"]','[]','GN-172-A1',0,13,0,1,'in_stock',1,2,0,0,1546,NULL,NULL,NULL,17,17,14,702,NULL,147809,'2025-03-31 21:06:52','2025-03-31 21:06:53',8,0,'Botble\\ACL\\Models\\User',0,NULL,'physical',NULL,NULL,0,0,0,0,2),(38,'HP Z27k G3 4K USB-C Monitor','With this intelligent headset, you can stay connected and productive from the first call of the day to the last train home. With an ergonomic earcup design, this headset invented a brand-new dual-foam technology. You will be comfortable from the first call to the last thanks to the re-engineered leatherette ear cushion design that allows for better airflow.','<div class=\"row justify-content-center\">\n    <div class=\"col-xl-10\">\n        <div class=\"tp-product-details-desc-item pb-105\">\n            <div class=\"row\">\n                <div class=\"col-lg-6\">\n                    <div class=\"pt-25\">\n                        <span>Galaxy A8 tablet</span>\n                        <h3 class=\"tp-product-details-desc-title\">Your world at a glance</h3>\n                        <p>\n                            With a slim design, a vibrant entertainment system, and <br>\n                            outstanding performance, the new Galaxy Tab A7 is a stylish new <br>\n                            companion for your life.Dive head-first into the things you love, <br>\n                            and easily share your favorite moments. Learn, explore, connect <br>\n                            and be inspired.\n                        </p>\n                    </div>\n                    <div>\n                        <h3 class=\"tp-product-details-desc-title\">Draw inspiration with S Pen</h3>\n                        <p>\n                            S Pen is a bundle of writing instruments in one. Its natural grip, <br>\n                            low latency and impressive pressure sensitivity will make it your go-to for everything from drawing to editing documents. And S Pen won\'t get misplaced thanks.\n                        </p>\n                    </div>\n                </div>\n                <div class=\"col-lg-6\">\n                    <div class=\"tp-product-details-desc-thumb\">\n                        <img src=\"/storage/main/products/product-details-desc-1.jpg\" alt=\"product\">\n                    </div>\n                </div>\n            </div>\n        </div>\n        <div class=\"tp-product-details-desc-item pb-75\">\n            <div class=\"row\">\n                <div class=\"col-lg-7\">\n                    <div class=\"tp-product-details-desc-thumb\">\n                        <img src=\"/storage/main/products/product-details-desc-2.jpg\" alt=\"product\">\n                    </div>\n                </div>\n\n                <div class=\"col-lg-5 order-first order-lg-last\">\n                    <div class=\"des-content-2 pl-40\">\n                        <h3 class=\"tp-product-details-desc-title\">\n                            Carry with <br>\n                            Confidence and style\n                        </h3>\n                        <p>\n                            Wrap your tablet in a sleek case that\'s as stylish as it is convenient. Galaxy Tab S6 Lite Book Cover folds around and clings magnetically, so you can easily gear up as you\'re headed out the door. There\'s even a\n                            compartment for S pen, so you can be sure it doesn\'t get left behind.\n                        </p>\n                    </div>\n                </div>\n            </div>\n        </div>\n        <div class=\"tp-product-details-desc-item\">\n            <div class=\"row\">\n                <div class=\"col-xl-12\">\n                    <div class=\"tp-product-details-desc-banner text-center m-img\">\n                        <h3 class=\"tp-product-details-desc-banner-title tp-product-details-desc-title\">Speed Memory Power = Epic Races</h3>\n                        <img src=\"/storage/main/products/product-details-desc-3.jpg\" alt=\"product\">\n                    </div>\n                </div>\n            </div>\n        </div>\n    </div>\n</div>\n','published','[\"main\\/products\\/product-6.jpg\",\"main\\/products\\/product-14.jpg\",\"main\\/products\\/product-9.jpg\",\"main\\/products\\/product-13.jpg\",\"main\\/products\\/product-4.jpg\"]','[[{\"key\":\"file\",\"value\":\"main\\/video\\/video-1.mp4\"},{\"key\":\"url\",\"value\":null},{\"key\":\"thumbnail\",\"value\":\"main\\/video\\/1.jpg\"}]]','I9-157-A1',0,11,0,1,'in_stock',0,2,0,0,1617,NULL,NULL,NULL,11,18,10,734,NULL,63851,'2025-03-31 21:06:52','2025-03-31 21:06:53',7,0,'Botble\\ACL\\Models\\User',0,NULL,'physical',NULL,NULL,0,0,0,0,2),(39,'LG 27UK850-W 27-Inch 4K UHD IPS Monitor','With this intelligent headset, you can stay connected and productive from the first call of the day to the last train home. With an ergonomic earcup design, this headset invented a brand-new dual-foam technology. You will be comfortable from the first call to the last thanks to the re-engineered leatherette ear cushion design that allows for better airflow.','<div class=\"row justify-content-center\">\n    <div class=\"col-xl-10\">\n        <div class=\"tp-product-details-desc-item pb-105\">\n            <div class=\"row\">\n                <div class=\"col-lg-6\">\n                    <div class=\"pt-25\">\n                        <span>Galaxy A8 tablet</span>\n                        <h3 class=\"tp-product-details-desc-title\">Your world at a glance</h3>\n                        <p>\n                            With a slim design, a vibrant entertainment system, and <br>\n                            outstanding performance, the new Galaxy Tab A7 is a stylish new <br>\n                            companion for your life.Dive head-first into the things you love, <br>\n                            and easily share your favorite moments. Learn, explore, connect <br>\n                            and be inspired.\n                        </p>\n                    </div>\n                    <div>\n                        <h3 class=\"tp-product-details-desc-title\">Draw inspiration with S Pen</h3>\n                        <p>\n                            S Pen is a bundle of writing instruments in one. Its natural grip, <br>\n                            low latency and impressive pressure sensitivity will make it your go-to for everything from drawing to editing documents. And S Pen won\'t get misplaced thanks.\n                        </p>\n                    </div>\n                </div>\n                <div class=\"col-lg-6\">\n                    <div class=\"tp-product-details-desc-thumb\">\n                        <img src=\"/storage/main/products/product-details-desc-1.jpg\" alt=\"product\">\n                    </div>\n                </div>\n            </div>\n        </div>\n        <div class=\"tp-product-details-desc-item pb-75\">\n            <div class=\"row\">\n                <div class=\"col-lg-7\">\n                    <div class=\"tp-product-details-desc-thumb\">\n                        <img src=\"/storage/main/products/product-details-desc-2.jpg\" alt=\"product\">\n                    </div>\n                </div>\n\n                <div class=\"col-lg-5 order-first order-lg-last\">\n                    <div class=\"des-content-2 pl-40\">\n                        <h3 class=\"tp-product-details-desc-title\">\n                            Carry with <br>\n                            Confidence and style\n                        </h3>\n                        <p>\n                            Wrap your tablet in a sleek case that\'s as stylish as it is convenient. Galaxy Tab S6 Lite Book Cover folds around and clings magnetically, so you can easily gear up as you\'re headed out the door. There\'s even a\n                            compartment for S pen, so you can be sure it doesn\'t get left behind.\n                        </p>\n                    </div>\n                </div>\n            </div>\n        </div>\n        <div class=\"tp-product-details-desc-item\">\n            <div class=\"row\">\n                <div class=\"col-xl-12\">\n                    <div class=\"tp-product-details-desc-banner text-center m-img\">\n                        <h3 class=\"tp-product-details-desc-banner-title tp-product-details-desc-title\">Speed Memory Power = Epic Races</h3>\n                        <img src=\"/storage/main/products/product-details-desc-3.jpg\" alt=\"product\">\n                    </div>\n                </div>\n            </div>\n        </div>\n    </div>\n</div>\n','published','[\"main\\/products\\/product-14.jpg\",\"main\\/products\\/product-7.jpg\",\"main\\/products\\/product-9.jpg\",\"main\\/products\\/product-6.jpg\",\"main\\/products\\/product-8.jpg\",\"main\\/products\\/product-19.jpg\",\"main\\/products\\/product-details-desc-3.jpg\",\"main\\/products\\/product-17.jpg\"]','[]','RW-142-A1',0,14,0,1,'in_stock',0,1,0,0,1177,NULL,NULL,NULL,12,10,16,744,NULL,173665,'2025-03-31 21:06:52','2025-03-31 21:06:53',3,0,'Botble\\ACL\\Models\\User',0,NULL,'physical',NULL,NULL,0,0,0,0,2),(40,'Samsung Odyssey G7 32-Inch Curved Gaming Monitor (Digital)','We can provide exceptional noise isolation and the best all-day comfort by mixing firm foam for the outer with soft foam for the interior of the ear cushions. So that you may receive Active Noise-Cancellation (ANC) performance that is even greater in a headset that you can wear for whatever length you wish.','<div class=\"row justify-content-center\">\n    <div class=\"col-xl-10\">\n        <div class=\"tp-product-details-desc-item pb-105\">\n            <div class=\"row\">\n                <div class=\"col-lg-6\">\n                    <div class=\"pt-25\">\n                        <span>Galaxy A8 tablet</span>\n                        <h3 class=\"tp-product-details-desc-title\">Your world at a glance</h3>\n                        <p>\n                            With a slim design, a vibrant entertainment system, and <br>\n                            outstanding performance, the new Galaxy Tab A7 is a stylish new <br>\n                            companion for your life.Dive head-first into the things you love, <br>\n                            and easily share your favorite moments. Learn, explore, connect <br>\n                            and be inspired.\n                        </p>\n                    </div>\n                    <div>\n                        <h3 class=\"tp-product-details-desc-title\">Draw inspiration with S Pen</h3>\n                        <p>\n                            S Pen is a bundle of writing instruments in one. Its natural grip, <br>\n                            low latency and impressive pressure sensitivity will make it your go-to for everything from drawing to editing documents. And S Pen won\'t get misplaced thanks.\n                        </p>\n                    </div>\n                </div>\n                <div class=\"col-lg-6\">\n                    <div class=\"tp-product-details-desc-thumb\">\n                        <img src=\"/storage/main/products/product-details-desc-1.jpg\" alt=\"product\">\n                    </div>\n                </div>\n            </div>\n        </div>\n        <div class=\"tp-product-details-desc-item pb-75\">\n            <div class=\"row\">\n                <div class=\"col-lg-7\">\n                    <div class=\"tp-product-details-desc-thumb\">\n                        <img src=\"/storage/main/products/product-details-desc-2.jpg\" alt=\"product\">\n                    </div>\n                </div>\n\n                <div class=\"col-lg-5 order-first order-lg-last\">\n                    <div class=\"des-content-2 pl-40\">\n                        <h3 class=\"tp-product-details-desc-title\">\n                            Carry with <br>\n                            Confidence and style\n                        </h3>\n                        <p>\n                            Wrap your tablet in a sleek case that\'s as stylish as it is convenient. Galaxy Tab S6 Lite Book Cover folds around and clings magnetically, so you can easily gear up as you\'re headed out the door. There\'s even a\n                            compartment for S pen, so you can be sure it doesn\'t get left behind.\n                        </p>\n                    </div>\n                </div>\n            </div>\n        </div>\n        <div class=\"tp-product-details-desc-item\">\n            <div class=\"row\">\n                <div class=\"col-xl-12\">\n                    <div class=\"tp-product-details-desc-banner text-center m-img\">\n                        <h3 class=\"tp-product-details-desc-banner-title tp-product-details-desc-title\">Speed Memory Power = Epic Races</h3>\n                        <img src=\"/storage/main/products/product-details-desc-3.jpg\" alt=\"product\">\n                    </div>\n                </div>\n            </div>\n        </div>\n    </div>\n</div>\n','published','[\"main\\/products\\/product-16.jpg\",\"main\\/products\\/product-4.jpg\",\"main\\/products\\/product-details-desc-2.jpg\",\"main\\/products\\/product-6.jpg\"]','[[{\"key\":\"file\",\"value\":\"main\\/video\\/video-2.mp4\"},{\"key\":\"url\",\"value\":null},{\"key\":\"thumbnail\",\"value\":\"main\\/video\\/2.jpg\"}]]','QR-161-A1',0,19,0,1,'in_stock',0,4,0,0,512,445.44,NULL,NULL,10,15,20,574,NULL,30690,'2025-03-31 21:06:52','2025-03-31 21:06:53',1,0,'Botble\\ACL\\Models\\User',0,NULL,'digital',NULL,NULL,0,0,0,0,2),(41,'Sony X900H 4K Ultra HD Smart LED TV','Jabra Evolve2 75 USB-A MS Teams Stereo Headset The Jabra Evolve2 75 USB-A MS Teams Stereo Headset has replaced previous hybrid working standards. Industry-leading call quality thanks to top-notch audio engineering.','<div class=\"row justify-content-center\">\n    <div class=\"col-xl-10\">\n        <div class=\"tp-product-details-desc-item pb-105\">\n            <div class=\"row\">\n                <div class=\"col-lg-6\">\n                    <div class=\"pt-25\">\n                        <span>Galaxy A8 tablet</span>\n                        <h3 class=\"tp-product-details-desc-title\">Your world at a glance</h3>\n                        <p>\n                            With a slim design, a vibrant entertainment system, and <br>\n                            outstanding performance, the new Galaxy Tab A7 is a stylish new <br>\n                            companion for your life.Dive head-first into the things you love, <br>\n                            and easily share your favorite moments. Learn, explore, connect <br>\n                            and be inspired.\n                        </p>\n                    </div>\n                    <div>\n                        <h3 class=\"tp-product-details-desc-title\">Draw inspiration with S Pen</h3>\n                        <p>\n                            S Pen is a bundle of writing instruments in one. Its natural grip, <br>\n                            low latency and impressive pressure sensitivity will make it your go-to for everything from drawing to editing documents. And S Pen won\'t get misplaced thanks.\n                        </p>\n                    </div>\n                </div>\n                <div class=\"col-lg-6\">\n                    <div class=\"tp-product-details-desc-thumb\">\n                        <img src=\"/storage/main/products/product-details-desc-1.jpg\" alt=\"product\">\n                    </div>\n                </div>\n            </div>\n        </div>\n        <div class=\"tp-product-details-desc-item pb-75\">\n            <div class=\"row\">\n                <div class=\"col-lg-7\">\n                    <div class=\"tp-product-details-desc-thumb\">\n                        <img src=\"/storage/main/products/product-details-desc-2.jpg\" alt=\"product\">\n                    </div>\n                </div>\n\n                <div class=\"col-lg-5 order-first order-lg-last\">\n                    <div class=\"des-content-2 pl-40\">\n                        <h3 class=\"tp-product-details-desc-title\">\n                            Carry with <br>\n                            Confidence and style\n                        </h3>\n                        <p>\n                            Wrap your tablet in a sleek case that\'s as stylish as it is convenient. Galaxy Tab S6 Lite Book Cover folds around and clings magnetically, so you can easily gear up as you\'re headed out the door. There\'s even a\n                            compartment for S pen, so you can be sure it doesn\'t get left behind.\n                        </p>\n                    </div>\n                </div>\n            </div>\n        </div>\n        <div class=\"tp-product-details-desc-item\">\n            <div class=\"row\">\n                <div class=\"col-xl-12\">\n                    <div class=\"tp-product-details-desc-banner text-center m-img\">\n                        <h3 class=\"tp-product-details-desc-banner-title tp-product-details-desc-title\">Speed Memory Power = Epic Races</h3>\n                        <img src=\"/storage/main/products/product-details-desc-3.jpg\" alt=\"product\">\n                    </div>\n                </div>\n            </div>\n        </div>\n    </div>\n</div>\n','published','[\"main\\/products\\/product-3.jpg\",\"main\\/products\\/product-18.jpg\",\"main\\/products\\/product-14.jpg\",\"main\\/products\\/product-9.jpg\",\"main\\/products\\/product-15.jpg\",\"main\\/products\\/product-2.jpg\"]','[[{\"key\":\"file\",\"value\":\"main\\/video\\/video-2.mp4\"},{\"key\":\"url\",\"value\":null},{\"key\":\"thumbnail\",\"value\":\"main\\/video\\/2.jpg\"}]]','DR-127',0,18,0,1,'in_stock',0,3,0,0,1068,1055,NULL,NULL,16,13,14,712,NULL,119936,'2025-03-31 21:06:52','2025-03-31 21:06:53',4,0,'Botble\\ACL\\Models\\User',0,NULL,'physical',NULL,NULL,0,0,0,0,1),(42,'TCL 6-Series 4K UHD Dolby Vision HDR QLED Roku Smart TV','Additionally, this includes a redesigned microphone boom arm that is 33 percent shorter than the Evolve 75 and offers the industry-leading call performance for which Jabra headsets are known.','<div class=\"row justify-content-center\">\n    <div class=\"col-xl-10\">\n        <div class=\"tp-product-details-desc-item pb-105\">\n            <div class=\"row\">\n                <div class=\"col-lg-6\">\n                    <div class=\"pt-25\">\n                        <span>Galaxy A8 tablet</span>\n                        <h3 class=\"tp-product-details-desc-title\">Your world at a glance</h3>\n                        <p>\n                            With a slim design, a vibrant entertainment system, and <br>\n                            outstanding performance, the new Galaxy Tab A7 is a stylish new <br>\n                            companion for your life.Dive head-first into the things you love, <br>\n                            and easily share your favorite moments. Learn, explore, connect <br>\n                            and be inspired.\n                        </p>\n                    </div>\n                    <div>\n                        <h3 class=\"tp-product-details-desc-title\">Draw inspiration with S Pen</h3>\n                        <p>\n                            S Pen is a bundle of writing instruments in one. Its natural grip, <br>\n                            low latency and impressive pressure sensitivity will make it your go-to for everything from drawing to editing documents. And S Pen won\'t get misplaced thanks.\n                        </p>\n                    </div>\n                </div>\n                <div class=\"col-lg-6\">\n                    <div class=\"tp-product-details-desc-thumb\">\n                        <img src=\"/storage/main/products/product-details-desc-1.jpg\" alt=\"product\">\n                    </div>\n                </div>\n            </div>\n        </div>\n        <div class=\"tp-product-details-desc-item pb-75\">\n            <div class=\"row\">\n                <div class=\"col-lg-7\">\n                    <div class=\"tp-product-details-desc-thumb\">\n                        <img src=\"/storage/main/products/product-details-desc-2.jpg\" alt=\"product\">\n                    </div>\n                </div>\n\n                <div class=\"col-lg-5 order-first order-lg-last\">\n                    <div class=\"des-content-2 pl-40\">\n                        <h3 class=\"tp-product-details-desc-title\">\n                            Carry with <br>\n                            Confidence and style\n                        </h3>\n                        <p>\n                            Wrap your tablet in a sleek case that\'s as stylish as it is convenient. Galaxy Tab S6 Lite Book Cover folds around and clings magnetically, so you can easily gear up as you\'re headed out the door. There\'s even a\n                            compartment for S pen, so you can be sure it doesn\'t get left behind.\n                        </p>\n                    </div>\n                </div>\n            </div>\n        </div>\n        <div class=\"tp-product-details-desc-item\">\n            <div class=\"row\">\n                <div class=\"col-xl-12\">\n                    <div class=\"tp-product-details-desc-banner text-center m-img\">\n                        <h3 class=\"tp-product-details-desc-banner-title tp-product-details-desc-title\">Speed Memory Power = Epic Races</h3>\n                        <img src=\"/storage/main/products/product-details-desc-3.jpg\" alt=\"product\">\n                    </div>\n                </div>\n            </div>\n        </div>\n    </div>\n</div>\n','published','[\"main\\/products\\/product-9.jpg\",\"main\\/products\\/product-14.jpg\",\"main\\/products\\/product-details-desc-2.jpg\",\"main\\/products\\/product-20.jpg\",\"main\\/products\\/product-11.jpg\",\"main\\/products\\/product-3.jpg\"]','[[{\"key\":\"file\",\"value\":null},{\"key\":\"url\",\"value\":\"https:\\/\\/www.youtube.com\\/watch?v=6JYIGclVQdw\"},{\"key\":\"thumbnail\",\"value\":\"main\\/video\\/1.jpg\"}]]','V4-105-A1',0,20,0,1,'in_stock',0,4,0,0,2438,NULL,NULL,NULL,12,14,12,788,NULL,95979,'2025-03-31 21:06:52','2025-03-31 21:06:53',6,0,'Botble\\ACL\\Models\\User',0,NULL,'physical',NULL,NULL,0,0,0,0,2),(43,'Vizio OLED65-H1 65-Inch 4K OLED Smart TV','With this intelligent headset, you can stay connected and productive from the first call of the day to the last train home. With an ergonomic earcup design, this headset invented a brand-new dual-foam technology. You will be comfortable from the first call to the last thanks to the re-engineered leatherette ear cushion design that allows for better airflow.','<div class=\"row justify-content-center\">\n    <div class=\"col-xl-10\">\n        <div class=\"tp-product-details-desc-item pb-105\">\n            <div class=\"row\">\n                <div class=\"col-lg-6\">\n                    <div class=\"pt-25\">\n                        <span>Galaxy A8 tablet</span>\n                        <h3 class=\"tp-product-details-desc-title\">Your world at a glance</h3>\n                        <p>\n                            With a slim design, a vibrant entertainment system, and <br>\n                            outstanding performance, the new Galaxy Tab A7 is a stylish new <br>\n                            companion for your life.Dive head-first into the things you love, <br>\n                            and easily share your favorite moments. Learn, explore, connect <br>\n                            and be inspired.\n                        </p>\n                    </div>\n                    <div>\n                        <h3 class=\"tp-product-details-desc-title\">Draw inspiration with S Pen</h3>\n                        <p>\n                            S Pen is a bundle of writing instruments in one. Its natural grip, <br>\n                            low latency and impressive pressure sensitivity will make it your go-to for everything from drawing to editing documents. And S Pen won\'t get misplaced thanks.\n                        </p>\n                    </div>\n                </div>\n                <div class=\"col-lg-6\">\n                    <div class=\"tp-product-details-desc-thumb\">\n                        <img src=\"/storage/main/products/product-details-desc-1.jpg\" alt=\"product\">\n                    </div>\n                </div>\n            </div>\n        </div>\n        <div class=\"tp-product-details-desc-item pb-75\">\n            <div class=\"row\">\n                <div class=\"col-lg-7\">\n                    <div class=\"tp-product-details-desc-thumb\">\n                        <img src=\"/storage/main/products/product-details-desc-2.jpg\" alt=\"product\">\n                    </div>\n                </div>\n\n                <div class=\"col-lg-5 order-first order-lg-last\">\n                    <div class=\"des-content-2 pl-40\">\n                        <h3 class=\"tp-product-details-desc-title\">\n                            Carry with <br>\n                            Confidence and style\n                        </h3>\n                        <p>\n                            Wrap your tablet in a sleek case that\'s as stylish as it is convenient. Galaxy Tab S6 Lite Book Cover folds around and clings magnetically, so you can easily gear up as you\'re headed out the door. There\'s even a\n                            compartment for S pen, so you can be sure it doesn\'t get left behind.\n                        </p>\n                    </div>\n                </div>\n            </div>\n        </div>\n        <div class=\"tp-product-details-desc-item\">\n            <div class=\"row\">\n                <div class=\"col-xl-12\">\n                    <div class=\"tp-product-details-desc-banner text-center m-img\">\n                        <h3 class=\"tp-product-details-desc-banner-title tp-product-details-desc-title\">Speed Memory Power = Epic Races</h3>\n                        <img src=\"/storage/main/products/product-details-desc-3.jpg\" alt=\"product\">\n                    </div>\n                </div>\n            </div>\n        </div>\n    </div>\n</div>\n','published','[\"main\\/products\\/product-15.jpg\",\"main\\/products\\/product-3.jpg\",\"main\\/products\\/product-13.jpg\",\"main\\/products\\/product-8.jpg\",\"main\\/products\\/product-20.jpg\",\"main\\/products\\/product-10.jpg\",\"main\\/products\\/product-details-desc-2.jpg\",\"main\\/products\\/product-16.jpg\"]','[[{\"key\":\"file\",\"value\":\"main\\/video\\/video-2.mp4\"},{\"key\":\"url\",\"value\":null},{\"key\":\"thumbnail\",\"value\":\"main\\/video\\/2.jpg\"}]]','9J-118',0,16,0,1,'in_stock',1,5,0,0,1221,848,NULL,NULL,11,14,10,557,NULL,14768,'2025-03-31 21:06:52','2025-03-31 21:06:53',1,0,'Botble\\ACL\\Models\\User',0,NULL,'physical',NULL,NULL,0,0,0,0,2),(44,'Hisense U8G Quantum Series 4K ULED Android TV (Digital)','With this intelligent headset, you can stay connected and productive from the first call of the day to the last train home. With an ergonomic earcup design, this headset invented a brand-new dual-foam technology. You will be comfortable from the first call to the last thanks to the re-engineered leatherette ear cushion design that allows for better airflow.','<div class=\"row justify-content-center\">\n    <div class=\"col-xl-10\">\n        <div class=\"tp-product-details-desc-item pb-105\">\n            <div class=\"row\">\n                <div class=\"col-lg-6\">\n                    <div class=\"pt-25\">\n                        <span>Galaxy A8 tablet</span>\n                        <h3 class=\"tp-product-details-desc-title\">Your world at a glance</h3>\n                        <p>\n                            With a slim design, a vibrant entertainment system, and <br>\n                            outstanding performance, the new Galaxy Tab A7 is a stylish new <br>\n                            companion for your life.Dive head-first into the things you love, <br>\n                            and easily share your favorite moments. Learn, explore, connect <br>\n                            and be inspired.\n                        </p>\n                    </div>\n                    <div>\n                        <h3 class=\"tp-product-details-desc-title\">Draw inspiration with S Pen</h3>\n                        <p>\n                            S Pen is a bundle of writing instruments in one. Its natural grip, <br>\n                            low latency and impressive pressure sensitivity will make it your go-to for everything from drawing to editing documents. And S Pen won\'t get misplaced thanks.\n                        </p>\n                    </div>\n                </div>\n                <div class=\"col-lg-6\">\n                    <div class=\"tp-product-details-desc-thumb\">\n                        <img src=\"/storage/main/products/product-details-desc-1.jpg\" alt=\"product\">\n                    </div>\n                </div>\n            </div>\n        </div>\n        <div class=\"tp-product-details-desc-item pb-75\">\n            <div class=\"row\">\n                <div class=\"col-lg-7\">\n                    <div class=\"tp-product-details-desc-thumb\">\n                        <img src=\"/storage/main/products/product-details-desc-2.jpg\" alt=\"product\">\n                    </div>\n                </div>\n\n                <div class=\"col-lg-5 order-first order-lg-last\">\n                    <div class=\"des-content-2 pl-40\">\n                        <h3 class=\"tp-product-details-desc-title\">\n                            Carry with <br>\n                            Confidence and style\n                        </h3>\n                        <p>\n                            Wrap your tablet in a sleek case that\'s as stylish as it is convenient. Galaxy Tab S6 Lite Book Cover folds around and clings magnetically, so you can easily gear up as you\'re headed out the door. There\'s even a\n                            compartment for S pen, so you can be sure it doesn\'t get left behind.\n                        </p>\n                    </div>\n                </div>\n            </div>\n        </div>\n        <div class=\"tp-product-details-desc-item\">\n            <div class=\"row\">\n                <div class=\"col-xl-12\">\n                    <div class=\"tp-product-details-desc-banner text-center m-img\">\n                        <h3 class=\"tp-product-details-desc-banner-title tp-product-details-desc-title\">Speed Memory Power = Epic Races</h3>\n                        <img src=\"/storage/main/products/product-details-desc-3.jpg\" alt=\"product\">\n                    </div>\n                </div>\n            </div>\n        </div>\n    </div>\n</div>\n','published','[\"main\\/products\\/product-2.jpg\",\"main\\/products\\/product-16.jpg\",\"main\\/products\\/product-13.jpg\",\"main\\/products\\/product-3.jpg\",\"main\\/products\\/product-7.jpg\",\"main\\/products\\/product-8.jpg\",\"main\\/products\\/product-15.jpg\",\"main\\/products\\/product-6.jpg\"]','[[{\"key\":\"file\",\"value\":\"main\\/video\\/video-1.mp4\"},{\"key\":\"url\",\"value\":null},{\"key\":\"thumbnail\",\"value\":\"main\\/video\\/1.jpg\"}]]','RR-198',0,12,0,1,'in_stock',1,1,0,0,1593,776,NULL,NULL,10,11,19,777,NULL,180821,'2025-03-31 21:06:52','2025-03-31 21:06:53',8,0,'Botble\\ACL\\Models\\User',0,NULL,'digital',NULL,NULL,0,0,0,0,1),(45,'LG C1 Series 4K OLED Smart TV','We can provide exceptional noise isolation and the best all-day comfort by mixing firm foam for the outer with soft foam for the interior of the ear cushions. So that you may receive Active Noise-Cancellation (ANC) performance that is even greater in a headset that you can wear for whatever length you wish.','<div class=\"row justify-content-center\">\n    <div class=\"col-xl-10\">\n        <div class=\"tp-product-details-desc-item pb-105\">\n            <div class=\"row\">\n                <div class=\"col-lg-6\">\n                    <div class=\"pt-25\">\n                        <span>Galaxy A8 tablet</span>\n                        <h3 class=\"tp-product-details-desc-title\">Your world at a glance</h3>\n                        <p>\n                            With a slim design, a vibrant entertainment system, and <br>\n                            outstanding performance, the new Galaxy Tab A7 is a stylish new <br>\n                            companion for your life.Dive head-first into the things you love, <br>\n                            and easily share your favorite moments. Learn, explore, connect <br>\n                            and be inspired.\n                        </p>\n                    </div>\n                    <div>\n                        <h3 class=\"tp-product-details-desc-title\">Draw inspiration with S Pen</h3>\n                        <p>\n                            S Pen is a bundle of writing instruments in one. Its natural grip, <br>\n                            low latency and impressive pressure sensitivity will make it your go-to for everything from drawing to editing documents. And S Pen won\'t get misplaced thanks.\n                        </p>\n                    </div>\n                </div>\n                <div class=\"col-lg-6\">\n                    <div class=\"tp-product-details-desc-thumb\">\n                        <img src=\"/storage/main/products/product-details-desc-1.jpg\" alt=\"product\">\n                    </div>\n                </div>\n            </div>\n        </div>\n        <div class=\"tp-product-details-desc-item pb-75\">\n            <div class=\"row\">\n                <div class=\"col-lg-7\">\n                    <div class=\"tp-product-details-desc-thumb\">\n                        <img src=\"/storage/main/products/product-details-desc-2.jpg\" alt=\"product\">\n                    </div>\n                </div>\n\n                <div class=\"col-lg-5 order-first order-lg-last\">\n                    <div class=\"des-content-2 pl-40\">\n                        <h3 class=\"tp-product-details-desc-title\">\n                            Carry with <br>\n                            Confidence and style\n                        </h3>\n                        <p>\n                            Wrap your tablet in a sleek case that\'s as stylish as it is convenient. Galaxy Tab S6 Lite Book Cover folds around and clings magnetically, so you can easily gear up as you\'re headed out the door. There\'s even a\n                            compartment for S pen, so you can be sure it doesn\'t get left behind.\n                        </p>\n                    </div>\n                </div>\n            </div>\n        </div>\n        <div class=\"tp-product-details-desc-item\">\n            <div class=\"row\">\n                <div class=\"col-xl-12\">\n                    <div class=\"tp-product-details-desc-banner text-center m-img\">\n                        <h3 class=\"tp-product-details-desc-banner-title tp-product-details-desc-title\">Speed Memory Power = Epic Races</h3>\n                        <img src=\"/storage/main/products/product-details-desc-3.jpg\" alt=\"product\">\n                    </div>\n                </div>\n            </div>\n        </div>\n    </div>\n</div>\n','published','[\"main\\/products\\/product-11.jpg\",\"main\\/products\\/product-details-desc-2.jpg\",\"main\\/products\\/product-3.jpg\",\"main\\/products\\/product-14.jpg\",\"main\\/products\\/product-details-desc-3.jpg\",\"main\\/products\\/product-8.jpg\",\"main\\/products\\/product-4.jpg\",\"main\\/products\\/product-12.jpg\"]','[[{\"key\":\"file\",\"value\":null},{\"key\":\"url\",\"value\":\"https:\\/\\/www.youtube.com\\/watch?v=6JYIGclVQdw\"},{\"key\":\"thumbnail\",\"value\":\"main\\/video\\/1.jpg\"}]]','NW-194',0,10,0,1,'in_stock',0,5,0,0,412,302,NULL,NULL,12,16,10,571,NULL,154047,'2025-03-31 21:06:52','2025-03-31 21:06:53',4,0,'Botble\\ACL\\Models\\User',0,NULL,'physical',NULL,NULL,0,0,0,0,2),(46,'Samsung QN85A Neo QLED 4K Smart TV','With this intelligent headset, you can stay connected and productive from the first call of the day to the last train home. With an ergonomic earcup design, this headset invented a brand-new dual-foam technology. You will be comfortable from the first call to the last thanks to the re-engineered leatherette ear cushion design that allows for better airflow.','<div class=\"row justify-content-center\">\n    <div class=\"col-xl-10\">\n        <div class=\"tp-product-details-desc-item pb-105\">\n            <div class=\"row\">\n                <div class=\"col-lg-6\">\n                    <div class=\"pt-25\">\n                        <span>Galaxy A8 tablet</span>\n                        <h3 class=\"tp-product-details-desc-title\">Your world at a glance</h3>\n                        <p>\n                            With a slim design, a vibrant entertainment system, and <br>\n                            outstanding performance, the new Galaxy Tab A7 is a stylish new <br>\n                            companion for your life.Dive head-first into the things you love, <br>\n                            and easily share your favorite moments. Learn, explore, connect <br>\n                            and be inspired.\n                        </p>\n                    </div>\n                    <div>\n                        <h3 class=\"tp-product-details-desc-title\">Draw inspiration with S Pen</h3>\n                        <p>\n                            S Pen is a bundle of writing instruments in one. Its natural grip, <br>\n                            low latency and impressive pressure sensitivity will make it your go-to for everything from drawing to editing documents. And S Pen won\'t get misplaced thanks.\n                        </p>\n                    </div>\n                </div>\n                <div class=\"col-lg-6\">\n                    <div class=\"tp-product-details-desc-thumb\">\n                        <img src=\"/storage/main/products/product-details-desc-1.jpg\" alt=\"product\">\n                    </div>\n                </div>\n            </div>\n        </div>\n        <div class=\"tp-product-details-desc-item pb-75\">\n            <div class=\"row\">\n                <div class=\"col-lg-7\">\n                    <div class=\"tp-product-details-desc-thumb\">\n                        <img src=\"/storage/main/products/product-details-desc-2.jpg\" alt=\"product\">\n                    </div>\n                </div>\n\n                <div class=\"col-lg-5 order-first order-lg-last\">\n                    <div class=\"des-content-2 pl-40\">\n                        <h3 class=\"tp-product-details-desc-title\">\n                            Carry with <br>\n                            Confidence and style\n                        </h3>\n                        <p>\n                            Wrap your tablet in a sleek case that\'s as stylish as it is convenient. Galaxy Tab S6 Lite Book Cover folds around and clings magnetically, so you can easily gear up as you\'re headed out the door. There\'s even a\n                            compartment for S pen, so you can be sure it doesn\'t get left behind.\n                        </p>\n                    </div>\n                </div>\n            </div>\n        </div>\n        <div class=\"tp-product-details-desc-item\">\n            <div class=\"row\">\n                <div class=\"col-xl-12\">\n                    <div class=\"tp-product-details-desc-banner text-center m-img\">\n                        <h3 class=\"tp-product-details-desc-banner-title tp-product-details-desc-title\">Speed Memory Power = Epic Races</h3>\n                        <img src=\"/storage/main/products/product-details-desc-3.jpg\" alt=\"product\">\n                    </div>\n                </div>\n            </div>\n        </div>\n    </div>\n</div>\n','published','[\"main\\/products\\/product-12.jpg\",\"main\\/products\\/product-7.jpg\",\"main\\/products\\/product-10.jpg\",\"main\\/products\\/product-15.jpg\",\"main\\/products\\/product-9.jpg\",\"main\\/products\\/product-6.jpg\"]','[[{\"key\":\"file\",\"value\":null},{\"key\":\"url\",\"value\":\"https:\\/\\/www.youtube.com\\/watch?v=6JYIGclVQdw\"},{\"key\":\"thumbnail\",\"value\":\"main\\/video\\/2.jpg\"}]]','GM-125-A1',0,10,0,1,'in_stock',1,3,0,0,2158,NULL,NULL,NULL,18,10,14,693,NULL,95578,'2025-03-31 21:06:52','2025-03-31 21:06:53',1,0,'Botble\\ACL\\Models\\User',0,NULL,'physical',NULL,NULL,0,0,0,0,1),(47,'Sony A90J 4K OLED Smart TV','The headset also offers MS Teams Certifications and other features like Busylight, Calls controls, Voice guiding, and Wireless range (ft): Up to 100 feet. Best-in-class. Boom The most recent Jabra Evolve2 75 USB-A MS Teams Stereo Headset offers professional-grade call performance that leads the industry, yet Evolve2 75 wins best-in-class.','<div class=\"row justify-content-center\">\n    <div class=\"col-xl-10\">\n        <div class=\"tp-product-details-desc-item pb-105\">\n            <div class=\"row\">\n                <div class=\"col-lg-6\">\n                    <div class=\"pt-25\">\n                        <span>Galaxy A8 tablet</span>\n                        <h3 class=\"tp-product-details-desc-title\">Your world at a glance</h3>\n                        <p>\n                            With a slim design, a vibrant entertainment system, and <br>\n                            outstanding performance, the new Galaxy Tab A7 is a stylish new <br>\n                            companion for your life.Dive head-first into the things you love, <br>\n                            and easily share your favorite moments. Learn, explore, connect <br>\n                            and be inspired.\n                        </p>\n                    </div>\n                    <div>\n                        <h3 class=\"tp-product-details-desc-title\">Draw inspiration with S Pen</h3>\n                        <p>\n                            S Pen is a bundle of writing instruments in one. Its natural grip, <br>\n                            low latency and impressive pressure sensitivity will make it your go-to for everything from drawing to editing documents. And S Pen won\'t get misplaced thanks.\n                        </p>\n                    </div>\n                </div>\n                <div class=\"col-lg-6\">\n                    <div class=\"tp-product-details-desc-thumb\">\n                        <img src=\"/storage/main/products/product-details-desc-1.jpg\" alt=\"product\">\n                    </div>\n                </div>\n            </div>\n        </div>\n        <div class=\"tp-product-details-desc-item pb-75\">\n            <div class=\"row\">\n                <div class=\"col-lg-7\">\n                    <div class=\"tp-product-details-desc-thumb\">\n                        <img src=\"/storage/main/products/product-details-desc-2.jpg\" alt=\"product\">\n                    </div>\n                </div>\n\n                <div class=\"col-lg-5 order-first order-lg-last\">\n                    <div class=\"des-content-2 pl-40\">\n                        <h3 class=\"tp-product-details-desc-title\">\n                            Carry with <br>\n                            Confidence and style\n                        </h3>\n                        <p>\n                            Wrap your tablet in a sleek case that\'s as stylish as it is convenient. Galaxy Tab S6 Lite Book Cover folds around and clings magnetically, so you can easily gear up as you\'re headed out the door. There\'s even a\n                            compartment for S pen, so you can be sure it doesn\'t get left behind.\n                        </p>\n                    </div>\n                </div>\n            </div>\n        </div>\n        <div class=\"tp-product-details-desc-item\">\n            <div class=\"row\">\n                <div class=\"col-xl-12\">\n                    <div class=\"tp-product-details-desc-banner text-center m-img\">\n                        <h3 class=\"tp-product-details-desc-banner-title tp-product-details-desc-title\">Speed Memory Power = Epic Races</h3>\n                        <img src=\"/storage/main/products/product-details-desc-3.jpg\" alt=\"product\">\n                    </div>\n                </div>\n            </div>\n        </div>\n    </div>\n</div>\n','published','[\"main\\/products\\/product-2.jpg\",\"main\\/products\\/product-15.jpg\",\"main\\/products\\/product-20.jpg\",\"main\\/products\\/product-18.jpg\",\"main\\/products\\/product-7.jpg\",\"main\\/products\\/product-13.jpg\"]','[[{\"key\":\"file\",\"value\":null},{\"key\":\"url\",\"value\":\"https:\\/\\/www.youtube.com\\/watch?v=6JYIGclVQdw\"},{\"key\":\"thumbnail\",\"value\":\"main\\/video\\/1.jpg\"}]]','1E-163-A1',0,14,0,1,'in_stock',1,5,0,0,989,NULL,NULL,NULL,17,12,17,867,NULL,22527,'2025-03-31 21:06:52','2025-03-31 21:06:53',8,0,'Botble\\ACL\\Models\\User',0,NULL,'physical',NULL,NULL,0,0,0,0,2),(48,'Apple TV 4K (2nd Generation) (Digital)','Jabra Evolve2 75 USB-A MS Teams Stereo Headset The Jabra Evolve2 75 USB-A MS Teams Stereo Headset has replaced previous hybrid working standards. Industry-leading call quality thanks to top-notch audio engineering.','<div class=\"row justify-content-center\">\n    <div class=\"col-xl-10\">\n        <div class=\"tp-product-details-desc-item pb-105\">\n            <div class=\"row\">\n                <div class=\"col-lg-6\">\n                    <div class=\"pt-25\">\n                        <span>Galaxy A8 tablet</span>\n                        <h3 class=\"tp-product-details-desc-title\">Your world at a glance</h3>\n                        <p>\n                            With a slim design, a vibrant entertainment system, and <br>\n                            outstanding performance, the new Galaxy Tab A7 is a stylish new <br>\n                            companion for your life.Dive head-first into the things you love, <br>\n                            and easily share your favorite moments. Learn, explore, connect <br>\n                            and be inspired.\n                        </p>\n                    </div>\n                    <div>\n                        <h3 class=\"tp-product-details-desc-title\">Draw inspiration with S Pen</h3>\n                        <p>\n                            S Pen is a bundle of writing instruments in one. Its natural grip, <br>\n                            low latency and impressive pressure sensitivity will make it your go-to for everything from drawing to editing documents. And S Pen won\'t get misplaced thanks.\n                        </p>\n                    </div>\n                </div>\n                <div class=\"col-lg-6\">\n                    <div class=\"tp-product-details-desc-thumb\">\n                        <img src=\"/storage/main/products/product-details-desc-1.jpg\" alt=\"product\">\n                    </div>\n                </div>\n            </div>\n        </div>\n        <div class=\"tp-product-details-desc-item pb-75\">\n            <div class=\"row\">\n                <div class=\"col-lg-7\">\n                    <div class=\"tp-product-details-desc-thumb\">\n                        <img src=\"/storage/main/products/product-details-desc-2.jpg\" alt=\"product\">\n                    </div>\n                </div>\n\n                <div class=\"col-lg-5 order-first order-lg-last\">\n                    <div class=\"des-content-2 pl-40\">\n                        <h3 class=\"tp-product-details-desc-title\">\n                            Carry with <br>\n                            Confidence and style\n                        </h3>\n                        <p>\n                            Wrap your tablet in a sleek case that\'s as stylish as it is convenient. Galaxy Tab S6 Lite Book Cover folds around and clings magnetically, so you can easily gear up as you\'re headed out the door. There\'s even a\n                            compartment for S pen, so you can be sure it doesn\'t get left behind.\n                        </p>\n                    </div>\n                </div>\n            </div>\n        </div>\n        <div class=\"tp-product-details-desc-item\">\n            <div class=\"row\">\n                <div class=\"col-xl-12\">\n                    <div class=\"tp-product-details-desc-banner text-center m-img\">\n                        <h3 class=\"tp-product-details-desc-banner-title tp-product-details-desc-title\">Speed Memory Power = Epic Races</h3>\n                        <img src=\"/storage/main/products/product-details-desc-3.jpg\" alt=\"product\">\n                    </div>\n                </div>\n            </div>\n        </div>\n    </div>\n</div>\n','published','[\"main\\/products\\/product-7.jpg\",\"main\\/products\\/product-3.jpg\",\"main\\/products\\/product-19.jpg\"]','[[{\"key\":\"file\",\"value\":\"main\\/video\\/video-1.mp4\"},{\"key\":\"url\",\"value\":null},{\"key\":\"thumbnail\",\"value\":\"main\\/video\\/1.jpg\"}]]','CX-161',0,17,0,1,'in_stock',1,5,0,0,582,515,NULL,NULL,18,11,14,678,NULL,190431,'2025-03-31 21:06:52','2025-03-31 21:06:53',1,0,'Botble\\ACL\\Models\\User',0,NULL,'digital',NULL,NULL,0,0,0,0,2),(49,'Roku Ultra 2020 Streaming Media Player','The headset also offers MS Teams Certifications and other features like Busylight, Calls controls, Voice guiding, and Wireless range (ft): Up to 100 feet. Best-in-class. Boom The most recent Jabra Evolve2 75 USB-A MS Teams Stereo Headset offers professional-grade call performance that leads the industry, yet Evolve2 75 wins best-in-class.','<div class=\"row justify-content-center\">\n    <div class=\"col-xl-10\">\n        <div class=\"tp-product-details-desc-item pb-105\">\n            <div class=\"row\">\n                <div class=\"col-lg-6\">\n                    <div class=\"pt-25\">\n                        <span>Galaxy A8 tablet</span>\n                        <h3 class=\"tp-product-details-desc-title\">Your world at a glance</h3>\n                        <p>\n                            With a slim design, a vibrant entertainment system, and <br>\n                            outstanding performance, the new Galaxy Tab A7 is a stylish new <br>\n                            companion for your life.Dive head-first into the things you love, <br>\n                            and easily share your favorite moments. Learn, explore, connect <br>\n                            and be inspired.\n                        </p>\n                    </div>\n                    <div>\n                        <h3 class=\"tp-product-details-desc-title\">Draw inspiration with S Pen</h3>\n                        <p>\n                            S Pen is a bundle of writing instruments in one. Its natural grip, <br>\n                            low latency and impressive pressure sensitivity will make it your go-to for everything from drawing to editing documents. And S Pen won\'t get misplaced thanks.\n                        </p>\n                    </div>\n                </div>\n                <div class=\"col-lg-6\">\n                    <div class=\"tp-product-details-desc-thumb\">\n                        <img src=\"/storage/main/products/product-details-desc-1.jpg\" alt=\"product\">\n                    </div>\n                </div>\n            </div>\n        </div>\n        <div class=\"tp-product-details-desc-item pb-75\">\n            <div class=\"row\">\n                <div class=\"col-lg-7\">\n                    <div class=\"tp-product-details-desc-thumb\">\n                        <img src=\"/storage/main/products/product-details-desc-2.jpg\" alt=\"product\">\n                    </div>\n                </div>\n\n                <div class=\"col-lg-5 order-first order-lg-last\">\n                    <div class=\"des-content-2 pl-40\">\n                        <h3 class=\"tp-product-details-desc-title\">\n                            Carry with <br>\n                            Confidence and style\n                        </h3>\n                        <p>\n                            Wrap your tablet in a sleek case that\'s as stylish as it is convenient. Galaxy Tab S6 Lite Book Cover folds around and clings magnetically, so you can easily gear up as you\'re headed out the door. There\'s even a\n                            compartment for S pen, so you can be sure it doesn\'t get left behind.\n                        </p>\n                    </div>\n                </div>\n            </div>\n        </div>\n        <div class=\"tp-product-details-desc-item\">\n            <div class=\"row\">\n                <div class=\"col-xl-12\">\n                    <div class=\"tp-product-details-desc-banner text-center m-img\">\n                        <h3 class=\"tp-product-details-desc-banner-title tp-product-details-desc-title\">Speed Memory Power = Epic Races</h3>\n                        <img src=\"/storage/main/products/product-details-desc-3.jpg\" alt=\"product\">\n                    </div>\n                </div>\n            </div>\n        </div>\n    </div>\n</div>\n','published','[\"main\\/products\\/product-6.jpg\",\"main\\/products\\/product-3.jpg\",\"main\\/products\\/product-9.jpg\"]','[[{\"key\":\"file\",\"value\":\"main\\/video\\/video-1.mp4\"},{\"key\":\"url\",\"value\":null},{\"key\":\"thumbnail\",\"value\":\"main\\/video\\/1.jpg\"}]]','YI-150',0,14,0,1,'in_stock',1,1,0,0,566,403,NULL,NULL,11,18,13,588,NULL,191085,'2025-03-31 21:06:52','2025-03-31 21:06:53',8,0,'Botble\\ACL\\Models\\User',0,NULL,'physical',NULL,NULL,0,0,0,0,1),(50,'Amazon Fire TV Stick 4K Max','The headset also offers MS Teams Certifications and other features like Busylight, Calls controls, Voice guiding, and Wireless range (ft): Up to 100 feet. Best-in-class. Boom The most recent Jabra Evolve2 75 USB-A MS Teams Stereo Headset offers professional-grade call performance that leads the industry, yet Evolve2 75 wins best-in-class.','<div class=\"row justify-content-center\">\n    <div class=\"col-xl-10\">\n        <div class=\"tp-product-details-desc-item pb-105\">\n            <div class=\"row\">\n                <div class=\"col-lg-6\">\n                    <div class=\"pt-25\">\n                        <span>Galaxy A8 tablet</span>\n                        <h3 class=\"tp-product-details-desc-title\">Your world at a glance</h3>\n                        <p>\n                            With a slim design, a vibrant entertainment system, and <br>\n                            outstanding performance, the new Galaxy Tab A7 is a stylish new <br>\n                            companion for your life.Dive head-first into the things you love, <br>\n                            and easily share your favorite moments. Learn, explore, connect <br>\n                            and be inspired.\n                        </p>\n                    </div>\n                    <div>\n                        <h3 class=\"tp-product-details-desc-title\">Draw inspiration with S Pen</h3>\n                        <p>\n                            S Pen is a bundle of writing instruments in one. Its natural grip, <br>\n                            low latency and impressive pressure sensitivity will make it your go-to for everything from drawing to editing documents. And S Pen won\'t get misplaced thanks.\n                        </p>\n                    </div>\n                </div>\n                <div class=\"col-lg-6\">\n                    <div class=\"tp-product-details-desc-thumb\">\n                        <img src=\"/storage/main/products/product-details-desc-1.jpg\" alt=\"product\">\n                    </div>\n                </div>\n            </div>\n        </div>\n        <div class=\"tp-product-details-desc-item pb-75\">\n            <div class=\"row\">\n                <div class=\"col-lg-7\">\n                    <div class=\"tp-product-details-desc-thumb\">\n                        <img src=\"/storage/main/products/product-details-desc-2.jpg\" alt=\"product\">\n                    </div>\n                </div>\n\n                <div class=\"col-lg-5 order-first order-lg-last\">\n                    <div class=\"des-content-2 pl-40\">\n                        <h3 class=\"tp-product-details-desc-title\">\n                            Carry with <br>\n                            Confidence and style\n                        </h3>\n                        <p>\n                            Wrap your tablet in a sleek case that\'s as stylish as it is convenient. Galaxy Tab S6 Lite Book Cover folds around and clings magnetically, so you can easily gear up as you\'re headed out the door. There\'s even a\n                            compartment for S pen, so you can be sure it doesn\'t get left behind.\n                        </p>\n                    </div>\n                </div>\n            </div>\n        </div>\n        <div class=\"tp-product-details-desc-item\">\n            <div class=\"row\">\n                <div class=\"col-xl-12\">\n                    <div class=\"tp-product-details-desc-banner text-center m-img\">\n                        <h3 class=\"tp-product-details-desc-banner-title tp-product-details-desc-title\">Speed Memory Power = Epic Races</h3>\n                        <img src=\"/storage/main/products/product-details-desc-3.jpg\" alt=\"product\">\n                    </div>\n                </div>\n            </div>\n        </div>\n    </div>\n</div>\n','published','[\"main\\/products\\/product-5.jpg\",\"main\\/products\\/product-13.jpg\",\"main\\/products\\/product-11.jpg\",\"main\\/products\\/product-4.jpg\",\"main\\/products\\/product-2.jpg\",\"main\\/products\\/product-details-desc-3.jpg\",\"main\\/products\\/product-10.jpg\"]','[[{\"key\":\"file\",\"value\":null},{\"key\":\"url\",\"value\":\"https:\\/\\/www.youtube.com\\/watch?v=6JYIGclVQdw\"},{\"key\":\"thumbnail\",\"value\":\"main\\/video\\/2.jpg\"}]]','OD-165',0,12,0,1,'in_stock',0,2,0,0,1322,666,NULL,NULL,10,18,13,587,NULL,45620,'2025-03-31 21:06:52','2025-03-31 21:06:53',5,0,'Botble\\ACL\\Models\\User',0,NULL,'physical',NULL,NULL,0,0,0,0,1),(51,'Google Chromecast with Google TV','Additionally, this includes a redesigned microphone boom arm that is 33 percent shorter than the Evolve 75 and offers the industry-leading call performance for which Jabra headsets are known.','<div class=\"row justify-content-center\">\n    <div class=\"col-xl-10\">\n        <div class=\"tp-product-details-desc-item pb-105\">\n            <div class=\"row\">\n                <div class=\"col-lg-6\">\n                    <div class=\"pt-25\">\n                        <span>Galaxy A8 tablet</span>\n                        <h3 class=\"tp-product-details-desc-title\">Your world at a glance</h3>\n                        <p>\n                            With a slim design, a vibrant entertainment system, and <br>\n                            outstanding performance, the new Galaxy Tab A7 is a stylish new <br>\n                            companion for your life.Dive head-first into the things you love, <br>\n                            and easily share your favorite moments. Learn, explore, connect <br>\n                            and be inspired.\n                        </p>\n                    </div>\n                    <div>\n                        <h3 class=\"tp-product-details-desc-title\">Draw inspiration with S Pen</h3>\n                        <p>\n                            S Pen is a bundle of writing instruments in one. Its natural grip, <br>\n                            low latency and impressive pressure sensitivity will make it your go-to for everything from drawing to editing documents. And S Pen won\'t get misplaced thanks.\n                        </p>\n                    </div>\n                </div>\n                <div class=\"col-lg-6\">\n                    <div class=\"tp-product-details-desc-thumb\">\n                        <img src=\"/storage/main/products/product-details-desc-1.jpg\" alt=\"product\">\n                    </div>\n                </div>\n            </div>\n        </div>\n        <div class=\"tp-product-details-desc-item pb-75\">\n            <div class=\"row\">\n                <div class=\"col-lg-7\">\n                    <div class=\"tp-product-details-desc-thumb\">\n                        <img src=\"/storage/main/products/product-details-desc-2.jpg\" alt=\"product\">\n                    </div>\n                </div>\n\n                <div class=\"col-lg-5 order-first order-lg-last\">\n                    <div class=\"des-content-2 pl-40\">\n                        <h3 class=\"tp-product-details-desc-title\">\n                            Carry with <br>\n                            Confidence and style\n                        </h3>\n                        <p>\n                            Wrap your tablet in a sleek case that\'s as stylish as it is convenient. Galaxy Tab S6 Lite Book Cover folds around and clings magnetically, so you can easily gear up as you\'re headed out the door. There\'s even a\n                            compartment for S pen, so you can be sure it doesn\'t get left behind.\n                        </p>\n                    </div>\n                </div>\n            </div>\n        </div>\n        <div class=\"tp-product-details-desc-item\">\n            <div class=\"row\">\n                <div class=\"col-xl-12\">\n                    <div class=\"tp-product-details-desc-banner text-center m-img\">\n                        <h3 class=\"tp-product-details-desc-banner-title tp-product-details-desc-title\">Speed Memory Power = Epic Races</h3>\n                        <img src=\"/storage/main/products/product-details-desc-3.jpg\" alt=\"product\">\n                    </div>\n                </div>\n            </div>\n        </div>\n    </div>\n</div>\n','published','[\"main\\/products\\/product-17.jpg\",\"main\\/products\\/product-details-desc-1.jpg\",\"main\\/products\\/product-16.jpg\",\"main\\/products\\/product-11.jpg\",\"main\\/products\\/product-10.jpg\",\"main\\/products\\/product-8.jpg\",\"main\\/products\\/product-14.jpg\"]','[[{\"key\":\"file\",\"value\":\"main\\/video\\/video-1.mp4\"},{\"key\":\"url\",\"value\":null},{\"key\":\"thumbnail\",\"value\":\"main\\/video\\/1.jpg\"}]]','I1-113',0,16,0,1,'in_stock',1,2,0,0,340,327,NULL,NULL,16,13,14,744,NULL,174866,'2025-03-31 21:06:52','2025-03-31 21:06:53',5,0,'Botble\\ACL\\Models\\User',0,NULL,'physical',NULL,NULL,0,0,0,0,2),(52,'NVIDIA SHIELD TV Pro (Digital)','Additionally, this includes a redesigned microphone boom arm that is 33 percent shorter than the Evolve 75 and offers the industry-leading call performance for which Jabra headsets are known.','<div class=\"row justify-content-center\">\n    <div class=\"col-xl-10\">\n        <div class=\"tp-product-details-desc-item pb-105\">\n            <div class=\"row\">\n                <div class=\"col-lg-6\">\n                    <div class=\"pt-25\">\n                        <span>Galaxy A8 tablet</span>\n                        <h3 class=\"tp-product-details-desc-title\">Your world at a glance</h3>\n                        <p>\n                            With a slim design, a vibrant entertainment system, and <br>\n                            outstanding performance, the new Galaxy Tab A7 is a stylish new <br>\n                            companion for your life.Dive head-first into the things you love, <br>\n                            and easily share your favorite moments. Learn, explore, connect <br>\n                            and be inspired.\n                        </p>\n                    </div>\n                    <div>\n                        <h3 class=\"tp-product-details-desc-title\">Draw inspiration with S Pen</h3>\n                        <p>\n                            S Pen is a bundle of writing instruments in one. Its natural grip, <br>\n                            low latency and impressive pressure sensitivity will make it your go-to for everything from drawing to editing documents. And S Pen won\'t get misplaced thanks.\n                        </p>\n                    </div>\n                </div>\n                <div class=\"col-lg-6\">\n                    <div class=\"tp-product-details-desc-thumb\">\n                        <img src=\"/storage/main/products/product-details-desc-1.jpg\" alt=\"product\">\n                    </div>\n                </div>\n            </div>\n        </div>\n        <div class=\"tp-product-details-desc-item pb-75\">\n            <div class=\"row\">\n                <div class=\"col-lg-7\">\n                    <div class=\"tp-product-details-desc-thumb\">\n                        <img src=\"/storage/main/products/product-details-desc-2.jpg\" alt=\"product\">\n                    </div>\n                </div>\n\n                <div class=\"col-lg-5 order-first order-lg-last\">\n                    <div class=\"des-content-2 pl-40\">\n                        <h3 class=\"tp-product-details-desc-title\">\n                            Carry with <br>\n                            Confidence and style\n                        </h3>\n                        <p>\n                            Wrap your tablet in a sleek case that\'s as stylish as it is convenient. Galaxy Tab S6 Lite Book Cover folds around and clings magnetically, so you can easily gear up as you\'re headed out the door. There\'s even a\n                            compartment for S pen, so you can be sure it doesn\'t get left behind.\n                        </p>\n                    </div>\n                </div>\n            </div>\n        </div>\n        <div class=\"tp-product-details-desc-item\">\n            <div class=\"row\">\n                <div class=\"col-xl-12\">\n                    <div class=\"tp-product-details-desc-banner text-center m-img\">\n                        <h3 class=\"tp-product-details-desc-banner-title tp-product-details-desc-title\">Speed Memory Power = Epic Races</h3>\n                        <img src=\"/storage/main/products/product-details-desc-3.jpg\" alt=\"product\">\n                    </div>\n                </div>\n            </div>\n        </div>\n    </div>\n</div>\n','published','[\"main\\/products\\/product-11.jpg\",\"main\\/products\\/product-1.jpg\",\"main\\/products\\/product-6.jpg\",\"main\\/products\\/product-14.jpg\"]','[[{\"key\":\"file\",\"value\":\"main\\/video\\/video-1.mp4\"},{\"key\":\"url\",\"value\":null},{\"key\":\"thumbnail\",\"value\":\"main\\/video\\/1.jpg\"}]]','EH-130-A1',0,18,0,1,'in_stock',1,3,0,0,2268,1973.16,NULL,NULL,20,12,17,659,NULL,110325,'2025-03-31 21:06:52','2025-03-31 21:06:53',5,0,'Botble\\ACL\\Models\\User',0,NULL,'digital',NULL,NULL,0,0,0,0,1),(53,'Sonos Beam Gen 2 Soundbar','With this intelligent headset, you can stay connected and productive from the first call of the day to the last train home. With an ergonomic earcup design, this headset invented a brand-new dual-foam technology. You will be comfortable from the first call to the last thanks to the re-engineered leatherette ear cushion design that allows for better airflow.','<div class=\"row justify-content-center\">\n    <div class=\"col-xl-10\">\n        <div class=\"tp-product-details-desc-item pb-105\">\n            <div class=\"row\">\n                <div class=\"col-lg-6\">\n                    <div class=\"pt-25\">\n                        <span>Galaxy A8 tablet</span>\n                        <h3 class=\"tp-product-details-desc-title\">Your world at a glance</h3>\n                        <p>\n                            With a slim design, a vibrant entertainment system, and <br>\n                            outstanding performance, the new Galaxy Tab A7 is a stylish new <br>\n                            companion for your life.Dive head-first into the things you love, <br>\n                            and easily share your favorite moments. Learn, explore, connect <br>\n                            and be inspired.\n                        </p>\n                    </div>\n                    <div>\n                        <h3 class=\"tp-product-details-desc-title\">Draw inspiration with S Pen</h3>\n                        <p>\n                            S Pen is a bundle of writing instruments in one. Its natural grip, <br>\n                            low latency and impressive pressure sensitivity will make it your go-to for everything from drawing to editing documents. And S Pen won\'t get misplaced thanks.\n                        </p>\n                    </div>\n                </div>\n                <div class=\"col-lg-6\">\n                    <div class=\"tp-product-details-desc-thumb\">\n                        <img src=\"/storage/main/products/product-details-desc-1.jpg\" alt=\"product\">\n                    </div>\n                </div>\n            </div>\n        </div>\n        <div class=\"tp-product-details-desc-item pb-75\">\n            <div class=\"row\">\n                <div class=\"col-lg-7\">\n                    <div class=\"tp-product-details-desc-thumb\">\n                        <img src=\"/storage/main/products/product-details-desc-2.jpg\" alt=\"product\">\n                    </div>\n                </div>\n\n                <div class=\"col-lg-5 order-first order-lg-last\">\n                    <div class=\"des-content-2 pl-40\">\n                        <h3 class=\"tp-product-details-desc-title\">\n                            Carry with <br>\n                            Confidence and style\n                        </h3>\n                        <p>\n                            Wrap your tablet in a sleek case that\'s as stylish as it is convenient. Galaxy Tab S6 Lite Book Cover folds around and clings magnetically, so you can easily gear up as you\'re headed out the door. There\'s even a\n                            compartment for S pen, so you can be sure it doesn\'t get left behind.\n                        </p>\n                    </div>\n                </div>\n            </div>\n        </div>\n        <div class=\"tp-product-details-desc-item\">\n            <div class=\"row\">\n                <div class=\"col-xl-12\">\n                    <div class=\"tp-product-details-desc-banner text-center m-img\">\n                        <h3 class=\"tp-product-details-desc-banner-title tp-product-details-desc-title\">Speed Memory Power = Epic Races</h3>\n                        <img src=\"/storage/main/products/product-details-desc-3.jpg\" alt=\"product\">\n                    </div>\n                </div>\n            </div>\n        </div>\n    </div>\n</div>\n','published','[\"main\\/products\\/product-details-desc-1.jpg\",\"main\\/products\\/product-6.jpg\",\"main\\/products\\/product-12.jpg\",\"main\\/products\\/product-details-desc-3.jpg\",\"main\\/products\\/product-13.jpg\",\"main\\/products\\/product-9.jpg\",\"main\\/products\\/product-1.jpg\"]','[]','LI-186-A1',0,14,0,1,'in_stock',0,2,0,0,1905,NULL,NULL,NULL,19,12,11,677,NULL,139100,'2025-03-31 21:06:52','2025-03-31 21:06:53',2,0,'Botble\\ACL\\Models\\User',0,NULL,'physical',NULL,NULL,0,0,0,0,1),(54,'Bose Smart Soundbar 900','It complies with Microsoft\'s Open Office criteria and is specially tuned for outstanding conversations in open-plan workplaces and other loud environments when the microphone boom arm is lowered in Performance Mode','<div class=\"row justify-content-center\">\n    <div class=\"col-xl-10\">\n        <div class=\"tp-product-details-desc-item pb-105\">\n            <div class=\"row\">\n                <div class=\"col-lg-6\">\n                    <div class=\"pt-25\">\n                        <span>Galaxy A8 tablet</span>\n                        <h3 class=\"tp-product-details-desc-title\">Your world at a glance</h3>\n                        <p>\n                            With a slim design, a vibrant entertainment system, and <br>\n                            outstanding performance, the new Galaxy Tab A7 is a stylish new <br>\n                            companion for your life.Dive head-first into the things you love, <br>\n                            and easily share your favorite moments. Learn, explore, connect <br>\n                            and be inspired.\n                        </p>\n                    </div>\n                    <div>\n                        <h3 class=\"tp-product-details-desc-title\">Draw inspiration with S Pen</h3>\n                        <p>\n                            S Pen is a bundle of writing instruments in one. Its natural grip, <br>\n                            low latency and impressive pressure sensitivity will make it your go-to for everything from drawing to editing documents. And S Pen won\'t get misplaced thanks.\n                        </p>\n                    </div>\n                </div>\n                <div class=\"col-lg-6\">\n                    <div class=\"tp-product-details-desc-thumb\">\n                        <img src=\"/storage/main/products/product-details-desc-1.jpg\" alt=\"product\">\n                    </div>\n                </div>\n            </div>\n        </div>\n        <div class=\"tp-product-details-desc-item pb-75\">\n            <div class=\"row\">\n                <div class=\"col-lg-7\">\n                    <div class=\"tp-product-details-desc-thumb\">\n                        <img src=\"/storage/main/products/product-details-desc-2.jpg\" alt=\"product\">\n                    </div>\n                </div>\n\n                <div class=\"col-lg-5 order-first order-lg-last\">\n                    <div class=\"des-content-2 pl-40\">\n                        <h3 class=\"tp-product-details-desc-title\">\n                            Carry with <br>\n                            Confidence and style\n                        </h3>\n                        <p>\n                            Wrap your tablet in a sleek case that\'s as stylish as it is convenient. Galaxy Tab S6 Lite Book Cover folds around and clings magnetically, so you can easily gear up as you\'re headed out the door. There\'s even a\n                            compartment for S pen, so you can be sure it doesn\'t get left behind.\n                        </p>\n                    </div>\n                </div>\n            </div>\n        </div>\n        <div class=\"tp-product-details-desc-item\">\n            <div class=\"row\">\n                <div class=\"col-xl-12\">\n                    <div class=\"tp-product-details-desc-banner text-center m-img\">\n                        <h3 class=\"tp-product-details-desc-banner-title tp-product-details-desc-title\">Speed Memory Power = Epic Races</h3>\n                        <img src=\"/storage/main/products/product-details-desc-3.jpg\" alt=\"product\">\n                    </div>\n                </div>\n            </div>\n        </div>\n    </div>\n</div>\n','published','[\"main\\/products\\/product-9.jpg\",\"main\\/products\\/product-5.jpg\",\"main\\/products\\/product-details-desc-1.jpg\",\"main\\/products\\/product-details-desc-2.jpg\",\"main\\/products\\/product-7.jpg\",\"main\\/products\\/product-19.jpg\",\"main\\/products\\/product-15.jpg\",\"main\\/products\\/product-3.jpg\"]','[[{\"key\":\"file\",\"value\":\"main\\/video\\/video-2.mp4\"},{\"key\":\"url\",\"value\":null},{\"key\":\"thumbnail\",\"value\":\"main\\/video\\/2.jpg\"}]]','WI-174',0,13,0,1,'in_stock',0,3,0,0,462,398,NULL,NULL,15,13,17,839,NULL,30550,'2025-03-31 21:06:52','2025-03-31 21:06:53',2,0,'Botble\\ACL\\Models\\User',0,NULL,'physical',NULL,NULL,0,0,0,0,1),(55,'JBL Bar 9.1 Soundbar with Dolby Atmos','Jabra Evolve2 75 USB-A MS Teams Stereo Headset The Jabra Evolve2 75 USB-A MS Teams Stereo Headset has replaced previous hybrid working standards. Industry-leading call quality thanks to top-notch audio engineering.','<div class=\"row justify-content-center\">\n    <div class=\"col-xl-10\">\n        <div class=\"tp-product-details-desc-item pb-105\">\n            <div class=\"row\">\n                <div class=\"col-lg-6\">\n                    <div class=\"pt-25\">\n                        <span>Galaxy A8 tablet</span>\n                        <h3 class=\"tp-product-details-desc-title\">Your world at a glance</h3>\n                        <p>\n                            With a slim design, a vibrant entertainment system, and <br>\n                            outstanding performance, the new Galaxy Tab A7 is a stylish new <br>\n                            companion for your life.Dive head-first into the things you love, <br>\n                            and easily share your favorite moments. Learn, explore, connect <br>\n                            and be inspired.\n                        </p>\n                    </div>\n                    <div>\n                        <h3 class=\"tp-product-details-desc-title\">Draw inspiration with S Pen</h3>\n                        <p>\n                            S Pen is a bundle of writing instruments in one. Its natural grip, <br>\n                            low latency and impressive pressure sensitivity will make it your go-to for everything from drawing to editing documents. And S Pen won\'t get misplaced thanks.\n                        </p>\n                    </div>\n                </div>\n                <div class=\"col-lg-6\">\n                    <div class=\"tp-product-details-desc-thumb\">\n                        <img src=\"/storage/main/products/product-details-desc-1.jpg\" alt=\"product\">\n                    </div>\n                </div>\n            </div>\n        </div>\n        <div class=\"tp-product-details-desc-item pb-75\">\n            <div class=\"row\">\n                <div class=\"col-lg-7\">\n                    <div class=\"tp-product-details-desc-thumb\">\n                        <img src=\"/storage/main/products/product-details-desc-2.jpg\" alt=\"product\">\n                    </div>\n                </div>\n\n                <div class=\"col-lg-5 order-first order-lg-last\">\n                    <div class=\"des-content-2 pl-40\">\n                        <h3 class=\"tp-product-details-desc-title\">\n                            Carry with <br>\n                            Confidence and style\n                        </h3>\n                        <p>\n                            Wrap your tablet in a sleek case that\'s as stylish as it is convenient. Galaxy Tab S6 Lite Book Cover folds around and clings magnetically, so you can easily gear up as you\'re headed out the door. There\'s even a\n                            compartment for S pen, so you can be sure it doesn\'t get left behind.\n                        </p>\n                    </div>\n                </div>\n            </div>\n        </div>\n        <div class=\"tp-product-details-desc-item\">\n            <div class=\"row\">\n                <div class=\"col-xl-12\">\n                    <div class=\"tp-product-details-desc-banner text-center m-img\">\n                        <h3 class=\"tp-product-details-desc-banner-title tp-product-details-desc-title\">Speed Memory Power = Epic Races</h3>\n                        <img src=\"/storage/main/products/product-details-desc-3.jpg\" alt=\"product\">\n                    </div>\n                </div>\n            </div>\n        </div>\n    </div>\n</div>\n','published','[\"main\\/products\\/product-4.jpg\",\"main\\/products\\/product-details-desc-3.jpg\",\"main\\/products\\/product-details-desc-2.jpg\",\"main\\/products\\/product-20.jpg\"]','[]','XI-134',0,10,0,1,'in_stock',0,2,0,0,2143,1943,NULL,NULL,19,17,18,556,NULL,97617,'2025-03-31 21:06:52','2025-03-31 21:06:53',8,0,'Botble\\ACL\\Models\\User',0,NULL,'physical',NULL,NULL,0,0,0,0,1),(56,'Sennheiser Ambeo Soundbar (Digital)','It complies with Microsoft\'s Open Office criteria and is specially tuned for outstanding conversations in open-plan workplaces and other loud environments when the microphone boom arm is lowered in Performance Mode','<div class=\"row justify-content-center\">\n    <div class=\"col-xl-10\">\n        <div class=\"tp-product-details-desc-item pb-105\">\n            <div class=\"row\">\n                <div class=\"col-lg-6\">\n                    <div class=\"pt-25\">\n                        <span>Galaxy A8 tablet</span>\n                        <h3 class=\"tp-product-details-desc-title\">Your world at a glance</h3>\n                        <p>\n                            With a slim design, a vibrant entertainment system, and <br>\n                            outstanding performance, the new Galaxy Tab A7 is a stylish new <br>\n                            companion for your life.Dive head-first into the things you love, <br>\n                            and easily share your favorite moments. Learn, explore, connect <br>\n                            and be inspired.\n                        </p>\n                    </div>\n                    <div>\n                        <h3 class=\"tp-product-details-desc-title\">Draw inspiration with S Pen</h3>\n                        <p>\n                            S Pen is a bundle of writing instruments in one. Its natural grip, <br>\n                            low latency and impressive pressure sensitivity will make it your go-to for everything from drawing to editing documents. And S Pen won\'t get misplaced thanks.\n                        </p>\n                    </div>\n                </div>\n                <div class=\"col-lg-6\">\n                    <div class=\"tp-product-details-desc-thumb\">\n                        <img src=\"/storage/main/products/product-details-desc-1.jpg\" alt=\"product\">\n                    </div>\n                </div>\n            </div>\n        </div>\n        <div class=\"tp-product-details-desc-item pb-75\">\n            <div class=\"row\">\n                <div class=\"col-lg-7\">\n                    <div class=\"tp-product-details-desc-thumb\">\n                        <img src=\"/storage/main/products/product-details-desc-2.jpg\" alt=\"product\">\n                    </div>\n                </div>\n\n                <div class=\"col-lg-5 order-first order-lg-last\">\n                    <div class=\"des-content-2 pl-40\">\n                        <h3 class=\"tp-product-details-desc-title\">\n                            Carry with <br>\n                            Confidence and style\n                        </h3>\n                        <p>\n                            Wrap your tablet in a sleek case that\'s as stylish as it is convenient. Galaxy Tab S6 Lite Book Cover folds around and clings magnetically, so you can easily gear up as you\'re headed out the door. There\'s even a\n                            compartment for S pen, so you can be sure it doesn\'t get left behind.\n                        </p>\n                    </div>\n                </div>\n            </div>\n        </div>\n        <div class=\"tp-product-details-desc-item\">\n            <div class=\"row\">\n                <div class=\"col-xl-12\">\n                    <div class=\"tp-product-details-desc-banner text-center m-img\">\n                        <h3 class=\"tp-product-details-desc-banner-title tp-product-details-desc-title\">Speed Memory Power = Epic Races</h3>\n                        <img src=\"/storage/main/products/product-details-desc-3.jpg\" alt=\"product\">\n                    </div>\n                </div>\n            </div>\n        </div>\n    </div>\n</div>\n','published','[\"main\\/products\\/product-19.jpg\",\"main\\/products\\/product-11.jpg\",\"main\\/products\\/product-15.jpg\",\"main\\/products\\/product-14.jpg\"]','[[{\"key\":\"file\",\"value\":null},{\"key\":\"url\",\"value\":\"https:\\/\\/www.youtube.com\\/watch?v=6JYIGclVQdw\"},{\"key\":\"thumbnail\",\"value\":\"main\\/video\\/2.jpg\"}]]','AB-104-A1',0,13,0,1,'in_stock',1,4,0,0,1275,892.5,NULL,NULL,14,18,12,509,NULL,120940,'2025-03-31 21:06:52','2025-03-31 21:06:53',8,0,'Botble\\ACL\\Models\\User',0,NULL,'digital',NULL,NULL,0,0,0,0,2),(57,'Sony HT-A9 Home Theater System','Jabra Evolve2 75 USB-A MS Teams Stereo Headset The Jabra Evolve2 75 USB-A MS Teams Stereo Headset has replaced previous hybrid working standards. Industry-leading call quality thanks to top-notch audio engineering.','<div class=\"row justify-content-center\">\n    <div class=\"col-xl-10\">\n        <div class=\"tp-product-details-desc-item pb-105\">\n            <div class=\"row\">\n                <div class=\"col-lg-6\">\n                    <div class=\"pt-25\">\n                        <span>Galaxy A8 tablet</span>\n                        <h3 class=\"tp-product-details-desc-title\">Your world at a glance</h3>\n                        <p>\n                            With a slim design, a vibrant entertainment system, and <br>\n                            outstanding performance, the new Galaxy Tab A7 is a stylish new <br>\n                            companion for your life.Dive head-first into the things you love, <br>\n                            and easily share your favorite moments. Learn, explore, connect <br>\n                            and be inspired.\n                        </p>\n                    </div>\n                    <div>\n                        <h3 class=\"tp-product-details-desc-title\">Draw inspiration with S Pen</h3>\n                        <p>\n                            S Pen is a bundle of writing instruments in one. Its natural grip, <br>\n                            low latency and impressive pressure sensitivity will make it your go-to for everything from drawing to editing documents. And S Pen won\'t get misplaced thanks.\n                        </p>\n                    </div>\n                </div>\n                <div class=\"col-lg-6\">\n                    <div class=\"tp-product-details-desc-thumb\">\n                        <img src=\"/storage/main/products/product-details-desc-1.jpg\" alt=\"product\">\n                    </div>\n                </div>\n            </div>\n        </div>\n        <div class=\"tp-product-details-desc-item pb-75\">\n            <div class=\"row\">\n                <div class=\"col-lg-7\">\n                    <div class=\"tp-product-details-desc-thumb\">\n                        <img src=\"/storage/main/products/product-details-desc-2.jpg\" alt=\"product\">\n                    </div>\n                </div>\n\n                <div class=\"col-lg-5 order-first order-lg-last\">\n                    <div class=\"des-content-2 pl-40\">\n                        <h3 class=\"tp-product-details-desc-title\">\n                            Carry with <br>\n                            Confidence and style\n                        </h3>\n                        <p>\n                            Wrap your tablet in a sleek case that\'s as stylish as it is convenient. Galaxy Tab S6 Lite Book Cover folds around and clings magnetically, so you can easily gear up as you\'re headed out the door. There\'s even a\n                            compartment for S pen, so you can be sure it doesn\'t get left behind.\n                        </p>\n                    </div>\n                </div>\n            </div>\n        </div>\n        <div class=\"tp-product-details-desc-item\">\n            <div class=\"row\">\n                <div class=\"col-xl-12\">\n                    <div class=\"tp-product-details-desc-banner text-center m-img\">\n                        <h3 class=\"tp-product-details-desc-banner-title tp-product-details-desc-title\">Speed Memory Power = Epic Races</h3>\n                        <img src=\"/storage/main/products/product-details-desc-3.jpg\" alt=\"product\">\n                    </div>\n                </div>\n            </div>\n        </div>\n    </div>\n</div>\n','published','[\"main\\/products\\/product-2.jpg\",\"main\\/products\\/product-16.jpg\",\"main\\/products\\/product-3.jpg\",\"main\\/products\\/product-5.jpg\",\"main\\/products\\/product-7.jpg\"]','[[{\"key\":\"file\",\"value\":null},{\"key\":\"url\",\"value\":\"https:\\/\\/www.youtube.com\\/watch?v=6JYIGclVQdw\"},{\"key\":\"thumbnail\",\"value\":\"main\\/video\\/2.jpg\"}]]','EQ-141-A1',0,19,0,1,'in_stock',0,5,0,0,749,NULL,NULL,NULL,20,12,12,517,NULL,91230,'2025-03-31 21:06:52','2025-03-31 21:06:53',7,0,'Botble\\ACL\\Models\\User',0,NULL,'physical',NULL,NULL,0,0,0,0,2),(58,'EcoTech Marine Radion XR30w G5 Pro LED Light Fixture',NULL,NULL,'published','[\"main\\/products\\/product-details-desc-2.jpg\"]',NULL,'HR-123-A1',0,19,0,1,'in_stock',0,1,1,0,464,NULL,NULL,NULL,15,11,20,738,NULL,0,'2025-03-31 21:06:52','2025-03-31 21:06:53',NULL,0,'Botble\\ACL\\Models\\User',0,NULL,'physical',NULL,NULL,0,0,0,0,NULL),(59,'EcoTech Marine Radion XR30w G5 Pro LED Light Fixture',NULL,NULL,'published','[\"main\\/products\\/product-details-desc-3.jpg\"]',NULL,'HR-123-A1-A2',0,19,0,1,'in_stock',0,1,1,0,464,NULL,NULL,NULL,15,11,20,738,NULL,0,'2025-03-31 21:06:52','2025-03-31 21:06:53',NULL,0,'Botble\\ACL\\Models\\User',0,NULL,'physical',NULL,NULL,0,0,0,0,NULL),(60,'Samsung Galaxy Tab S7+ 12.4-Inch Android Tablet',NULL,NULL,'published','[\"main\\/products\\/product-details-desc-2.jpg\"]',NULL,'D2-138-A1',0,10,0,1,'in_stock',0,2,1,0,1172,NULL,NULL,NULL,18,18,19,761,NULL,0,'2025-03-31 21:06:52','2025-03-31 21:06:53',NULL,0,'Botble\\ACL\\Models\\User',0,NULL,'physical',NULL,NULL,0,0,0,0,NULL),(61,'Samsung Galaxy Tab S7+ 12.4-Inch Android Tablet',NULL,NULL,'published','[\"main\\/products\\/product-19.jpg\"]',NULL,'D2-138-A1-A2',0,10,0,1,'in_stock',0,2,1,0,1172,NULL,NULL,NULL,18,18,19,761,NULL,0,'2025-03-31 21:06:52','2025-03-31 21:06:53',NULL,0,'Botble\\ACL\\Models\\User',0,NULL,'physical',NULL,NULL,0,0,0,0,NULL),(62,'Samsung Galaxy Tab S7+ 12.4-Inch Android Tablet',NULL,NULL,'published','[\"main\\/products\\/product-2.jpg\"]',NULL,'D2-138-A1-A3',0,10,0,1,'in_stock',0,2,1,0,1172,NULL,NULL,NULL,18,18,19,761,NULL,0,'2025-03-31 21:06:52','2025-03-31 21:06:53',NULL,0,'Botble\\ACL\\Models\\User',0,NULL,'physical',NULL,NULL,0,0,0,0,NULL),(63,'Apple MacBook Pro 16-Inch Laptop (Digital)',NULL,NULL,'published','[\"main\\/products\\/product-details-desc-1.jpg\"]',NULL,'PT-146-A1',0,10,0,1,'in_stock',0,3,1,0,734,638.58,NULL,NULL,13,14,10,691,NULL,0,'2025-03-31 21:06:52','2025-03-31 21:06:53',NULL,0,'Botble\\ACL\\Models\\User',0,NULL,'digital',NULL,NULL,0,0,0,0,NULL),(64,'Sony WH-1000XM4 Wireless Noise-Canceling Headphones',NULL,NULL,'published','[\"main\\/products\\/product-10.jpg\"]',NULL,'YF-129-A1',0,12,0,1,'in_stock',0,4,1,0,1039,NULL,NULL,NULL,15,11,17,749,NULL,0,'2025-03-31 21:06:52','2025-03-31 21:06:53',NULL,0,'Botble\\ACL\\Models\\User',0,NULL,'physical',NULL,NULL,0,0,0,0,NULL),(65,'Sony WH-1000XM4 Wireless Noise-Canceling Headphones',NULL,NULL,'published','[\"main\\/products\\/product-details-desc-2.jpg\"]',NULL,'YF-129-A1-A2',0,12,0,1,'in_stock',0,4,1,0,1039,NULL,NULL,NULL,15,11,17,749,NULL,0,'2025-03-31 21:06:52','2025-03-31 21:06:53',NULL,0,'Botble\\ACL\\Models\\User',0,NULL,'physical',NULL,NULL,0,0,0,0,NULL),(66,'Sony WH-1000XM4 Wireless Noise-Canceling Headphones',NULL,NULL,'published','[\"main\\/products\\/product-18.jpg\"]',NULL,'YF-129-A1-A3',0,12,0,1,'in_stock',0,4,1,0,1039,NULL,NULL,NULL,15,11,17,749,NULL,0,'2025-03-31 21:06:52','2025-03-31 21:06:53',NULL,0,'Botble\\ACL\\Models\\User',0,NULL,'physical',NULL,NULL,0,0,0,0,NULL),(67,'Sony WH-1000XM4 Wireless Noise-Canceling Headphones',NULL,NULL,'published','[\"main\\/products\\/product-12.jpg\"]',NULL,'YF-129-A1-A4',0,12,0,1,'in_stock',0,4,1,0,1039,NULL,NULL,NULL,15,11,17,749,NULL,0,'2025-03-31 21:06:52','2025-03-31 21:06:53',NULL,0,'Botble\\ACL\\Models\\User',0,NULL,'physical',NULL,NULL,0,0,0,0,NULL),(68,'Sony WH-1000XM4 Wireless Noise-Canceling Headphones',NULL,NULL,'published','[\"main\\/products\\/product-1.jpg\"]',NULL,'YF-129-A1-A5',0,12,0,1,'in_stock',0,4,1,0,1039,NULL,NULL,NULL,15,11,17,749,NULL,0,'2025-03-31 21:06:52','2025-03-31 21:06:53',NULL,0,'Botble\\ACL\\Models\\User',0,NULL,'physical',NULL,NULL,0,0,0,0,NULL),(69,'DJI Mavic Air 2 Drone',NULL,NULL,'published','[\"main\\/products\\/product-15.jpg\"]',NULL,'CX-146-A1',0,13,0,1,'in_stock',0,1,1,0,1034,NULL,NULL,NULL,11,16,17,743,NULL,0,'2025-03-31 21:06:52','2025-03-31 21:06:53',NULL,0,'Botble\\ACL\\Models\\User',0,NULL,'physical',NULL,NULL,0,0,0,0,NULL),(70,'DJI Mavic Air 2 Drone',NULL,NULL,'published','[\"main\\/products\\/product-5.jpg\"]',NULL,'CX-146-A1-A2',0,13,0,1,'in_stock',0,1,1,0,1034,NULL,NULL,NULL,11,16,17,743,NULL,0,'2025-03-31 21:06:52','2025-03-31 21:06:53',NULL,0,'Botble\\ACL\\Models\\User',0,NULL,'physical',NULL,NULL,0,0,0,0,NULL),(71,'GoPro HERO9 Black Action Camera',NULL,NULL,'published','[\"main\\/products\\/product-20.jpg\"]',NULL,'YN-193-A1',0,20,0,1,'in_stock',0,5,1,0,1499,NULL,NULL,NULL,20,16,19,800,NULL,0,'2025-03-31 21:06:52','2025-03-31 21:06:53',NULL,0,'Botble\\ACL\\Models\\User',0,NULL,'physical',NULL,NULL,0,0,0,0,NULL),(72,'GoPro HERO9 Black Action Camera',NULL,NULL,'published','[\"main\\/products\\/product-5.jpg\"]',NULL,'YN-193-A1-A2',0,20,0,1,'in_stock',0,5,1,0,1499,NULL,NULL,NULL,20,16,19,800,NULL,0,'2025-03-31 21:06:52','2025-03-31 21:06:53',NULL,0,'Botble\\ACL\\Models\\User',0,NULL,'physical',NULL,NULL,0,0,0,0,NULL),(73,'Bose SoundLink Revolve+ Portable Bluetooth Speaker (Digital)',NULL,NULL,'published','[\"main\\/products\\/product-11.jpg\"]',NULL,'BV-123-A1',0,15,0,1,'in_stock',0,4,1,0,2436,2143.68,NULL,NULL,11,14,14,644,NULL,0,'2025-03-31 21:06:52','2025-03-31 21:06:53',NULL,0,'Botble\\ACL\\Models\\User',0,NULL,'digital',NULL,NULL,0,0,0,0,NULL),(74,'Samsung QN90A Neo QLED 4K Smart TV (Digital)',NULL,NULL,'published','[\"main\\/products\\/product-9.jpg\"]',NULL,'MA-192-A1',0,16,0,1,'in_stock',0,4,1,0,605,429.55,NULL,NULL,13,17,11,834,NULL,0,'2025-03-31 21:06:52','2025-03-31 21:06:53',NULL,0,'Botble\\ACL\\Models\\User',0,NULL,'digital',NULL,NULL,0,0,0,0,NULL),(75,'LG OLED C1 Series 4K Smart TV',NULL,NULL,'published','[\"main\\/products\\/product-1.jpg\"]',NULL,'PL-158-A1',0,19,0,1,'in_stock',0,1,1,0,924,NULL,NULL,NULL,14,13,15,617,NULL,0,'2025-03-31 21:06:52','2025-03-31 21:06:53',NULL,0,'Botble\\ACL\\Models\\User',0,NULL,'physical',NULL,NULL,0,0,0,0,NULL),(76,'Apple Watch Series 7',NULL,NULL,'published','[\"main\\/products\\/product-12.jpg\"]',NULL,'QJ-158-A1',0,16,0,1,'in_stock',0,1,1,0,2301,NULL,NULL,NULL,14,10,16,716,NULL,0,'2025-03-31 21:06:52','2025-03-31 21:06:53',NULL,0,'Botble\\ACL\\Models\\User',0,NULL,'physical',NULL,NULL,0,0,0,0,NULL),(77,'Apple Watch Series 7',NULL,NULL,'published','[\"main\\/products\\/product-10.jpg\"]',NULL,'QJ-158-A1-A2',0,16,0,1,'in_stock',0,1,1,0,2301,NULL,NULL,NULL,14,10,16,716,NULL,0,'2025-03-31 21:06:52','2025-03-31 21:06:53',NULL,0,'Botble\\ACL\\Models\\User',0,NULL,'physical',NULL,NULL,0,0,0,0,NULL),(78,'Apple Watch Series 7',NULL,NULL,'published','[\"main\\/products\\/product-3.jpg\"]',NULL,'QJ-158-A1-A3',0,16,0,1,'in_stock',0,1,1,0,2301,NULL,NULL,NULL,14,10,16,716,NULL,0,'2025-03-31 21:06:52','2025-03-31 21:06:53',NULL,0,'Botble\\ACL\\Models\\User',0,NULL,'physical',NULL,NULL,0,0,0,0,NULL),(79,'Apple Watch Series 7',NULL,NULL,'published','[\"main\\/products\\/product-5.jpg\"]',NULL,'QJ-158-A1-A4',0,16,0,1,'in_stock',0,1,1,0,2301,NULL,NULL,NULL,14,10,16,716,NULL,0,'2025-03-31 21:06:53','2025-03-31 21:06:53',NULL,0,'Botble\\ACL\\Models\\User',0,NULL,'physical',NULL,NULL,0,0,0,0,NULL),(80,'Microsoft Surface Pro 8',NULL,NULL,'published','[\"main\\/products\\/product-5.jpg\"]',NULL,'J0-140-A1',0,17,0,1,'in_stock',0,5,1,0,314,NULL,NULL,NULL,17,13,12,725,NULL,0,'2025-03-31 21:06:53','2025-03-31 21:06:53',NULL,0,'Botble\\ACL\\Models\\User',0,NULL,'physical',NULL,NULL,0,0,0,0,NULL),(81,'HP Spectre x360 14-Inch Convertible Laptop (Digital)',NULL,NULL,'published','[\"main\\/products\\/product-5.jpg\"]',NULL,'QD-109-A1',0,16,0,1,'in_stock',0,2,1,0,722,628.14,NULL,NULL,14,12,18,776,NULL,0,'2025-03-31 21:06:53','2025-03-31 21:06:53',NULL,0,'Botble\\ACL\\Models\\User',0,NULL,'digital',NULL,NULL,0,0,0,0,NULL),(82,'Razer Blade 15 Advanced Gaming Laptop',NULL,NULL,'published','[\"main\\/products\\/product-11.jpg\"]',NULL,'FK-101-A1',0,17,0,1,'in_stock',0,4,1,0,1640,NULL,NULL,NULL,17,14,19,790,NULL,0,'2025-03-31 21:06:53','2025-03-31 21:06:53',NULL,0,'Botble\\ACL\\Models\\User',0,NULL,'physical',NULL,NULL,0,0,0,0,NULL),(83,'Razer Blade 15 Advanced Gaming Laptop',NULL,NULL,'published','[\"main\\/products\\/product-details-desc-1.jpg\"]',NULL,'FK-101-A1-A2',0,17,0,1,'in_stock',0,4,1,0,1640,NULL,NULL,NULL,17,14,19,790,NULL,0,'2025-03-31 21:06:53','2025-03-31 21:06:53',NULL,0,'Botble\\ACL\\Models\\User',0,NULL,'physical',NULL,NULL,0,0,0,0,NULL),(84,'Razer Blade 15 Advanced Gaming Laptop',NULL,NULL,'published','[\"main\\/products\\/product-18.jpg\"]',NULL,'FK-101-A1-A3',0,17,0,1,'in_stock',0,4,1,0,1640,NULL,NULL,NULL,17,14,19,790,NULL,0,'2025-03-31 21:06:53','2025-03-31 21:06:53',NULL,0,'Botble\\ACL\\Models\\User',0,NULL,'physical',NULL,NULL,0,0,0,0,NULL),(85,'Elgato Stream Deck XL',NULL,NULL,'published','[\"main\\/products\\/product-18.jpg\"]',NULL,'P8-180-A1',0,15,0,1,'in_stock',0,1,1,0,990,NULL,NULL,NULL,14,20,12,524,NULL,0,'2025-03-31 21:06:53','2025-03-31 21:06:53',NULL,0,'Botble\\ACL\\Models\\User',0,NULL,'physical',NULL,NULL,0,0,0,0,NULL),(86,'Elgato Stream Deck XL',NULL,NULL,'published','[\"main\\/products\\/product-7.jpg\"]',NULL,'P8-180-A1-A2',0,15,0,1,'in_stock',0,1,1,0,990,NULL,NULL,NULL,14,20,12,524,NULL,0,'2025-03-31 21:06:53','2025-03-31 21:06:53',NULL,0,'Botble\\ACL\\Models\\User',0,NULL,'physical',NULL,NULL,0,0,0,0,NULL),(87,'Elgato Stream Deck XL',NULL,NULL,'published','[\"main\\/products\\/product-9.jpg\"]',NULL,'P8-180-A1-A3',0,15,0,1,'in_stock',0,1,1,0,990,NULL,NULL,NULL,14,20,12,524,NULL,0,'2025-03-31 21:06:53','2025-03-31 21:06:53',NULL,0,'Botble\\ACL\\Models\\User',0,NULL,'physical',NULL,NULL,0,0,0,0,NULL),(88,'Xbox Series X Console',NULL,NULL,'published','[\"main\\/products\\/product-4.jpg\"]',NULL,'HF-142-A1',0,12,0,1,'in_stock',0,2,1,0,1863,NULL,NULL,NULL,10,14,12,865,NULL,0,'2025-03-31 21:06:53','2025-03-31 21:06:53',NULL,0,'Botble\\ACL\\Models\\User',0,NULL,'physical',NULL,NULL,0,0,0,0,NULL),(89,'Xbox Series X Console',NULL,NULL,'published','[\"main\\/products\\/product-3.jpg\"]',NULL,'HF-142-A1-A2',0,12,0,1,'in_stock',0,2,1,0,1863,NULL,NULL,NULL,10,14,12,865,NULL,0,'2025-03-31 21:06:53','2025-03-31 21:06:53',NULL,0,'Botble\\ACL\\Models\\User',0,NULL,'physical',NULL,NULL,0,0,0,0,NULL),(90,'Xbox Series X Console',NULL,NULL,'published','[\"main\\/products\\/product-5.jpg\"]',NULL,'HF-142-A1-A3',0,12,0,1,'in_stock',0,2,1,0,1863,NULL,NULL,NULL,10,14,12,865,NULL,0,'2025-03-31 21:06:53','2025-03-31 21:06:53',NULL,0,'Botble\\ACL\\Models\\User',0,NULL,'physical',NULL,NULL,0,0,0,0,NULL),(91,'Oculus Quest 2 VR Headset',NULL,NULL,'published','[\"main\\/products\\/product-11.jpg\"]',NULL,'IX-125-A1',0,18,0,1,'in_stock',0,4,1,0,579,NULL,NULL,NULL,18,10,13,649,NULL,0,'2025-03-31 21:06:53','2025-03-31 21:06:53',NULL,0,'Botble\\ACL\\Models\\User',0,NULL,'physical',NULL,NULL,0,0,0,0,NULL),(92,'Oculus Quest 2 VR Headset',NULL,NULL,'published','[\"main\\/products\\/product-details-desc-2.jpg\"]',NULL,'IX-125-A1-A2',0,18,0,1,'in_stock',0,4,1,0,579,NULL,NULL,NULL,18,10,13,649,NULL,0,'2025-03-31 21:06:53','2025-03-31 21:06:53',NULL,0,'Botble\\ACL\\Models\\User',0,NULL,'physical',NULL,NULL,0,0,0,0,NULL),(93,'Oculus Quest 2 VR Headset',NULL,NULL,'published','[\"main\\/products\\/product-20.jpg\"]',NULL,'IX-125-A1-A3',0,18,0,1,'in_stock',0,4,1,0,579,NULL,NULL,NULL,18,10,13,649,NULL,0,'2025-03-31 21:06:53','2025-03-31 21:06:53',NULL,0,'Botble\\ACL\\Models\\User',0,NULL,'physical',NULL,NULL,0,0,0,0,NULL),(94,'Samsung Odyssey G9 49-Inch Curved Gaming Monitor (Digital)',NULL,NULL,'published','[\"main\\/products\\/product-14.jpg\"]',NULL,'UN-182-A1',0,15,0,1,'in_stock',0,2,1,0,630,459.9,NULL,NULL,18,17,20,619,NULL,0,'2025-03-31 21:06:53','2025-03-31 21:06:53',NULL,0,'Botble\\ACL\\Models\\User',0,NULL,'digital',NULL,NULL,0,0,0,0,NULL),(95,'Samsung Odyssey G9 49-Inch Curved Gaming Monitor (Digital)',NULL,NULL,'published','[\"main\\/products\\/product-details-desc-1.jpg\"]',NULL,'UN-182-A1-A2',0,15,0,1,'in_stock',0,2,1,0,630,567,NULL,NULL,18,17,20,619,NULL,0,'2025-03-31 21:06:53','2025-03-31 21:06:53',NULL,0,'Botble\\ACL\\Models\\User',0,NULL,'digital',NULL,NULL,0,0,0,0,NULL),(96,'ASUS ROG Swift PG279QM 27-Inch Gaming Monitor',NULL,NULL,'published','[\"main\\/products\\/product-8.jpg\"]',NULL,'EG-160-A1',0,17,0,1,'in_stock',0,5,1,0,330,NULL,NULL,NULL,16,13,18,552,NULL,0,'2025-03-31 21:06:53','2025-03-31 21:06:53',NULL,0,'Botble\\ACL\\Models\\User',0,NULL,'physical',NULL,NULL,0,0,0,0,NULL),(97,'ASUS ROG Swift PG279QM 27-Inch Gaming Monitor',NULL,NULL,'published','[\"main\\/products\\/product-details-desc-3.jpg\"]',NULL,'EG-160-A1-A2',0,17,0,1,'in_stock',0,5,1,0,330,NULL,NULL,NULL,16,13,18,552,NULL,0,'2025-03-31 21:06:53','2025-03-31 21:06:53',NULL,0,'Botble\\ACL\\Models\\User',0,NULL,'physical',NULL,NULL,0,0,0,0,NULL),(98,'ASUS ROG Swift PG279QM 27-Inch Gaming Monitor',NULL,NULL,'published','[\"main\\/products\\/product-14.jpg\"]',NULL,'EG-160-A1-A3',0,17,0,1,'in_stock',0,5,1,0,330,NULL,NULL,NULL,16,13,18,552,NULL,0,'2025-03-31 21:06:53','2025-03-31 21:06:53',NULL,0,'Botble\\ACL\\Models\\User',0,NULL,'physical',NULL,NULL,0,0,0,0,NULL),(99,'ASUS ROG Swift PG279QM 27-Inch Gaming Monitor',NULL,NULL,'published','[\"main\\/products\\/product-14.jpg\"]',NULL,'EG-160-A1-A4',0,17,0,1,'in_stock',0,5,1,0,330,NULL,NULL,NULL,16,13,18,552,NULL,0,'2025-03-31 21:06:53','2025-03-31 21:06:53',NULL,0,'Botble\\ACL\\Models\\User',0,NULL,'physical',NULL,NULL,0,0,0,0,NULL),(100,'BenQ EW3280U 32-Inch 4K HDR Entertainment Monitor (Digital)',NULL,NULL,'published','[\"main\\/products\\/product-4.jpg\"]',NULL,'AB-145-A1',0,16,0,1,'in_stock',0,5,1,0,2241,1792.8,NULL,NULL,20,18,19,748,NULL,0,'2025-03-31 21:06:53','2025-03-31 21:06:53',NULL,0,'Botble\\ACL\\Models\\User',0,NULL,'digital',NULL,NULL,0,0,0,0,NULL),(101,'Dell UltraSharp U2720Q 27-Inch 4K USB-C Monitor',NULL,NULL,'published','[\"main\\/products\\/product-details-desc-2.jpg\"]',NULL,'GN-172-A1',0,13,0,1,'in_stock',0,2,1,0,1546,NULL,NULL,NULL,17,17,14,702,NULL,0,'2025-03-31 21:06:53','2025-03-31 21:06:53',NULL,0,'Botble\\ACL\\Models\\User',0,NULL,'physical',NULL,NULL,0,0,0,0,NULL),(102,'Dell UltraSharp U2720Q 27-Inch 4K USB-C Monitor',NULL,NULL,'published','[\"main\\/products\\/product-5.jpg\"]',NULL,'GN-172-A1-A2',0,13,0,1,'in_stock',0,2,1,0,1546,NULL,NULL,NULL,17,17,14,702,NULL,0,'2025-03-31 21:06:53','2025-03-31 21:06:53',NULL,0,'Botble\\ACL\\Models\\User',0,NULL,'physical',NULL,NULL,0,0,0,0,NULL),(103,'Dell UltraSharp U2720Q 27-Inch 4K USB-C Monitor',NULL,NULL,'published','[\"main\\/products\\/product-19.jpg\"]',NULL,'GN-172-A1-A3',0,13,0,1,'in_stock',0,2,1,0,1546,NULL,NULL,NULL,17,17,14,702,NULL,0,'2025-03-31 21:06:53','2025-03-31 21:06:53',NULL,0,'Botble\\ACL\\Models\\User',0,NULL,'physical',NULL,NULL,0,0,0,0,NULL),(104,'HP Z27k G3 4K USB-C Monitor',NULL,NULL,'published','[\"main\\/products\\/product-14.jpg\"]',NULL,'I9-157-A1',0,11,0,1,'in_stock',0,2,1,0,1617,NULL,NULL,NULL,11,18,10,734,NULL,0,'2025-03-31 21:06:53','2025-03-31 21:06:53',NULL,0,'Botble\\ACL\\Models\\User',0,NULL,'physical',NULL,NULL,0,0,0,0,NULL),(105,'HP Z27k G3 4K USB-C Monitor',NULL,NULL,'published','[\"main\\/products\\/product-9.jpg\"]',NULL,'I9-157-A1-A2',0,11,0,1,'in_stock',0,2,1,0,1617,NULL,NULL,NULL,11,18,10,734,NULL,0,'2025-03-31 21:06:53','2025-03-31 21:06:53',NULL,0,'Botble\\ACL\\Models\\User',0,NULL,'physical',NULL,NULL,0,0,0,0,NULL),(106,'HP Z27k G3 4K USB-C Monitor',NULL,NULL,'published','[\"main\\/products\\/product-13.jpg\"]',NULL,'I9-157-A1-A3',0,11,0,1,'in_stock',0,2,1,0,1617,NULL,NULL,NULL,11,18,10,734,NULL,0,'2025-03-31 21:06:53','2025-03-31 21:06:53',NULL,0,'Botble\\ACL\\Models\\User',0,NULL,'physical',NULL,NULL,0,0,0,0,NULL),(107,'LG 27UK850-W 27-Inch 4K UHD IPS Monitor',NULL,NULL,'published','[\"main\\/products\\/product-7.jpg\"]',NULL,'RW-142-A1',0,14,0,1,'in_stock',0,1,1,0,1177,NULL,NULL,NULL,12,10,16,744,NULL,0,'2025-03-31 21:06:53','2025-03-31 21:06:53',NULL,0,'Botble\\ACL\\Models\\User',0,NULL,'physical',NULL,NULL,0,0,0,0,NULL),(108,'LG 27UK850-W 27-Inch 4K UHD IPS Monitor',NULL,NULL,'published','[\"main\\/products\\/product-9.jpg\"]',NULL,'RW-142-A1-A2',0,14,0,1,'in_stock',0,1,1,0,1177,NULL,NULL,NULL,12,10,16,744,NULL,0,'2025-03-31 21:06:53','2025-03-31 21:06:53',NULL,0,'Botble\\ACL\\Models\\User',0,NULL,'physical',NULL,NULL,0,0,0,0,NULL),(109,'LG 27UK850-W 27-Inch 4K UHD IPS Monitor',NULL,NULL,'published','[\"main\\/products\\/product-6.jpg\"]',NULL,'RW-142-A1-A3',0,14,0,1,'in_stock',0,1,1,0,1177,NULL,NULL,NULL,12,10,16,744,NULL,0,'2025-03-31 21:06:53','2025-03-31 21:06:53',NULL,0,'Botble\\ACL\\Models\\User',0,NULL,'physical',NULL,NULL,0,0,0,0,NULL),(110,'LG 27UK850-W 27-Inch 4K UHD IPS Monitor',NULL,NULL,'published','[\"main\\/products\\/product-8.jpg\"]',NULL,'RW-142-A1-A4',0,14,0,1,'in_stock',0,1,1,0,1177,NULL,NULL,NULL,12,10,16,744,NULL,0,'2025-03-31 21:06:53','2025-03-31 21:06:53',NULL,0,'Botble\\ACL\\Models\\User',0,NULL,'physical',NULL,NULL,0,0,0,0,NULL),(111,'Samsung Odyssey G7 32-Inch Curved Gaming Monitor (Digital)',NULL,NULL,'published','[\"main\\/products\\/product-4.jpg\"]',NULL,'QR-161-A1',0,19,0,1,'in_stock',0,4,1,0,512,445.44,NULL,NULL,10,15,20,574,NULL,0,'2025-03-31 21:06:53','2025-03-31 21:06:53',NULL,0,'Botble\\ACL\\Models\\User',0,NULL,'digital',NULL,NULL,0,0,0,0,NULL),(112,'Samsung Odyssey G7 32-Inch Curved Gaming Monitor (Digital)',NULL,NULL,'published','[\"main\\/products\\/product-details-desc-2.jpg\"]',NULL,'QR-161-A1-A2',0,19,0,1,'in_stock',0,4,1,0,512,394.24,NULL,NULL,10,15,20,574,NULL,0,'2025-03-31 21:06:53','2025-03-31 21:06:53',NULL,0,'Botble\\ACL\\Models\\User',0,NULL,'digital',NULL,NULL,0,0,0,0,NULL),(113,'TCL 6-Series 4K UHD Dolby Vision HDR QLED Roku Smart TV',NULL,NULL,'published','[\"main\\/products\\/product-14.jpg\"]',NULL,'V4-105-A1',0,20,0,1,'in_stock',0,4,1,0,2438,NULL,NULL,NULL,12,14,12,788,NULL,0,'2025-03-31 21:06:53','2025-03-31 21:06:53',NULL,0,'Botble\\ACL\\Models\\User',0,NULL,'physical',NULL,NULL,0,0,0,0,NULL),(114,'TCL 6-Series 4K UHD Dolby Vision HDR QLED Roku Smart TV',NULL,NULL,'published','[\"main\\/products\\/product-details-desc-2.jpg\"]',NULL,'V4-105-A1-A2',0,20,0,1,'in_stock',0,4,1,0,2438,NULL,NULL,NULL,12,14,12,788,NULL,0,'2025-03-31 21:06:53','2025-03-31 21:06:53',NULL,0,'Botble\\ACL\\Models\\User',0,NULL,'physical',NULL,NULL,0,0,0,0,NULL),(115,'TCL 6-Series 4K UHD Dolby Vision HDR QLED Roku Smart TV',NULL,NULL,'published','[\"main\\/products\\/product-20.jpg\"]',NULL,'V4-105-A1-A3',0,20,0,1,'in_stock',0,4,1,0,2438,NULL,NULL,NULL,12,14,12,788,NULL,0,'2025-03-31 21:06:53','2025-03-31 21:06:53',NULL,0,'Botble\\ACL\\Models\\User',0,NULL,'physical',NULL,NULL,0,0,0,0,NULL),(116,'Samsung QN85A Neo QLED 4K Smart TV',NULL,NULL,'published','[\"main\\/products\\/product-7.jpg\"]',NULL,'GM-125-A1',0,10,0,1,'in_stock',0,3,1,0,2158,NULL,NULL,NULL,18,10,14,693,NULL,0,'2025-03-31 21:06:53','2025-03-31 21:06:53',NULL,0,'Botble\\ACL\\Models\\User',0,NULL,'physical',NULL,NULL,0,0,0,0,NULL),(117,'Samsung QN85A Neo QLED 4K Smart TV',NULL,NULL,'published','[\"main\\/products\\/product-10.jpg\"]',NULL,'GM-125-A1-A2',0,10,0,1,'in_stock',0,3,1,0,2158,NULL,NULL,NULL,18,10,14,693,NULL,0,'2025-03-31 21:06:53','2025-03-31 21:06:53',NULL,0,'Botble\\ACL\\Models\\User',0,NULL,'physical',NULL,NULL,0,0,0,0,NULL),(118,'Sony A90J 4K OLED Smart TV',NULL,NULL,'published','[\"main\\/products\\/product-15.jpg\"]',NULL,'1E-163-A1',0,14,0,1,'in_stock',0,5,1,0,989,NULL,NULL,NULL,17,12,17,867,NULL,0,'2025-03-31 21:06:53','2025-03-31 21:06:53',NULL,0,'Botble\\ACL\\Models\\User',0,NULL,'physical',NULL,NULL,0,0,0,0,NULL),(119,'Sony A90J 4K OLED Smart TV',NULL,NULL,'published','[\"main\\/products\\/product-20.jpg\"]',NULL,'1E-163-A1-A2',0,14,0,1,'in_stock',0,5,1,0,989,NULL,NULL,NULL,17,12,17,867,NULL,0,'2025-03-31 21:06:53','2025-03-31 21:06:53',NULL,0,'Botble\\ACL\\Models\\User',0,NULL,'physical',NULL,NULL,0,0,0,0,NULL),(120,'NVIDIA SHIELD TV Pro (Digital)',NULL,NULL,'published','[\"main\\/products\\/product-1.jpg\"]',NULL,'EH-130-A1',0,18,0,1,'in_stock',0,3,1,0,2268,1973.16,NULL,NULL,20,12,17,659,NULL,0,'2025-03-31 21:06:53','2025-03-31 21:06:53',NULL,0,'Botble\\ACL\\Models\\User',0,NULL,'digital',NULL,NULL,0,0,0,0,NULL),(121,'NVIDIA SHIELD TV Pro (Digital)',NULL,NULL,'published','[\"main\\/products\\/product-6.jpg\"]',NULL,'EH-130-A1-A2',0,18,0,1,'in_stock',0,3,1,0,2268,1587.6,NULL,NULL,20,12,17,659,NULL,0,'2025-03-31 21:06:53','2025-03-31 21:06:53',NULL,0,'Botble\\ACL\\Models\\User',0,NULL,'digital',NULL,NULL,0,0,0,0,NULL),(122,'Sonos Beam Gen 2 Soundbar',NULL,NULL,'published','[\"main\\/products\\/product-6.jpg\"]',NULL,'LI-186-A1',0,14,0,1,'in_stock',0,2,1,0,1905,NULL,NULL,NULL,19,12,11,677,NULL,0,'2025-03-31 21:06:53','2025-03-31 21:06:53',NULL,0,'Botble\\ACL\\Models\\User',0,NULL,'physical',NULL,NULL,0,0,0,0,NULL),(123,'Sonos Beam Gen 2 Soundbar',NULL,NULL,'published','[\"main\\/products\\/product-12.jpg\"]',NULL,'LI-186-A1-A2',0,14,0,1,'in_stock',0,2,1,0,1905,NULL,NULL,NULL,19,12,11,677,NULL,0,'2025-03-31 21:06:53','2025-03-31 21:06:53',NULL,0,'Botble\\ACL\\Models\\User',0,NULL,'physical',NULL,NULL,0,0,0,0,NULL),(124,'Sennheiser Ambeo Soundbar (Digital)',NULL,NULL,'published','[\"main\\/products\\/product-11.jpg\"]',NULL,'AB-104-A1',0,13,0,1,'in_stock',0,4,1,0,1275,892.5,NULL,NULL,14,18,12,509,NULL,0,'2025-03-31 21:06:53','2025-03-31 21:06:53',NULL,0,'Botble\\ACL\\Models\\User',0,NULL,'digital',NULL,NULL,0,0,0,0,NULL),(125,'Sony HT-A9 Home Theater System',NULL,NULL,'published','[\"main\\/products\\/product-16.jpg\"]',NULL,'EQ-141-A1',0,19,0,1,'in_stock',0,5,1,0,749,NULL,NULL,NULL,20,12,12,517,NULL,0,'2025-03-31 21:06:53','2025-03-31 21:06:53',NULL,0,'Botble\\ACL\\Models\\User',0,NULL,'physical',NULL,NULL,0,0,0,0,NULL),(126,'Sony HT-A9 Home Theater System',NULL,NULL,'published','[\"main\\/products\\/product-3.jpg\"]',NULL,'EQ-141-A1-A2',0,19,0,1,'in_stock',0,5,1,0,749,NULL,NULL,NULL,20,12,12,517,NULL,0,'2025-03-31 21:06:53','2025-03-31 21:06:53',NULL,0,'Botble\\ACL\\Models\\User',0,NULL,'physical',NULL,NULL,0,0,0,0,NULL),(127,'Sony HT-A9 Home Theater System',NULL,NULL,'published','[\"main\\/products\\/product-5.jpg\"]',NULL,'EQ-141-A1-A3',0,19,0,1,'in_stock',0,5,1,0,749,NULL,NULL,NULL,20,12,12,517,NULL,0,'2025-03-31 21:06:53','2025-03-31 21:06:53',NULL,0,'Botble\\ACL\\Models\\User',0,NULL,'physical',NULL,NULL,0,0,0,0,NULL),(128,'Sony HT-A9 Home Theater System',NULL,NULL,'published','[\"main\\/products\\/product-7.jpg\"]',NULL,'EQ-141-A1-A4',0,19,0,1,'in_stock',0,5,1,0,749,NULL,NULL,NULL,20,12,12,517,NULL,0,'2025-03-31 21:06:53','2025-03-31 21:06:53',NULL,0,'Botble\\ACL\\Models\\User',0,NULL,'physical',NULL,NULL,0,0,0,0,NULL),(129,'Sony HT-A9 Home Theater System',NULL,NULL,'published','[\"main\\/products\\/product-2.jpg\"]',NULL,'EQ-141-A1-A5',0,19,0,1,'in_stock',0,5,1,0,749,NULL,NULL,NULL,20,12,12,517,NULL,0,'2025-03-31 21:06:53','2025-03-31 21:06:53',NULL,0,'Botble\\ACL\\Models\\User',0,NULL,'physical',NULL,NULL,0,0,0,0,NULL);

--
