--
-- Host: 127.0.0.1    Database: shofy
-- ------------------------------------------------------


--
-- Table structure for table `activations`
--

CREATE TABLE `activations` (
  `id` bigint unsigned NOT NULL AUTO_INCREMENT,
  `user_id` bigint unsigned NOT NULL,
  `code` varchar(120) COLLATE utf8mb4_unicode_ci NOT NULL,
  `completed` tinyint(1) NOT NULL DEFAULT '0',
  `completed_at` timestamp NULL DEFAULT NULL,
  `created_at` timestamp NULL DEFAULT NULL,
  `updated_at` timestamp NULL DEFAULT NULL,
  PRIMARY KEY (`id`),
  KEY `activations_user_id_index` (`user_id`)
) ENGINE=InnoDB AUTO_INCREMENT=2 DEFAULT CHARSET=utf8mb4 COLLATE=utf8mb4_unicode_ci;

--
-- Dumping data for table `activations`
--

INSERT INTO `activations` VALUES (1,1,'TBedKMZVy77DTmuYxMGTdB6JXjlGoLJb',1,'2025-03-31 21:08:11','2025-03-31 21:08:11','2025-03-31 21:08:11');

--
-- Table structure for table `admin_notifications`
--

CREATE TABLE `admin_notifications` (
  `id` bigint unsigned NOT NULL AUTO_INCREMENT,
  `title` varchar(191) COLLATE utf8mb4_unicode_ci NOT NULL,
  `action_label` varchar(191) COLLATE utf8mb4_unicode_ci DEFAULT NULL,
  `action_url` varchar(191) COLLATE utf8mb4_unicode_ci DEFAULT NULL,
  `description` varchar(400) COLLATE utf8mb4_unicode_ci DEFAULT NULL,
  `read_at` timestamp NULL DEFAULT NULL,
  `created_at` timestamp NULL DEFAULT NULL,
  `updated_at` timestamp NULL DEFAULT NULL,
  `permission` varchar(191) COLLATE utf8mb4_unicode_ci DEFAULT NULL,
  PRIMARY KEY (`id`)
) ENGINE=InnoDB DEFAULT CHARSET=utf8mb4 COLLATE=utf8mb4_unicode_ci;

--
-- Dumping data for table `admin_notifications`
--


--
-- Table structure for table `ads_translations`
--

CREATE TABLE `ads_translations` (
  `lang_code` varchar(191) COLLATE utf8mb4_unicode_ci NOT NULL,
  `ads_id` bigint unsigned NOT NULL,
  `name` varchar(191) COLLATE utf8mb4_unicode_ci DEFAULT NULL,
  `image` varchar(191) COLLATE utf8mb4_unicode_ci DEFAULT NULL,
  `url` varchar(191) COLLATE utf8mb4_unicode_ci DEFAULT NULL,
  PRIMARY KEY (`lang_code`,`ads_id`)
) ENGINE=InnoDB DEFAULT CHARSET=utf8mb4 COLLATE=utf8mb4_unicode_ci;

--
-- Dumping data for table `ads_translations`
--


--
-- Table structure for table `announcements`
--

CREATE TABLE `announcements` (
  `id` bigint unsigned NOT NULL AUTO_INCREMENT,
  `name` varchar(191) COLLATE utf8mb4_unicode_ci NOT NULL,
  `content` text COLLATE utf8mb4_unicode_ci NOT NULL,
  `has_action` tinyint(1) NOT NULL DEFAULT '0',
  `action_label` varchar(60) COLLATE utf8mb4_unicode_ci DEFAULT NULL,
  `action_url` varchar(400) COLLATE utf8mb4_unicode_ci DEFAULT NULL,
  `action_open_new_tab` tinyint(1) NOT NULL DEFAULT '0',
  `dismissible` tinyint(1) NOT NULL DEFAULT '0',
  `start_date` datetime DEFAULT NULL,
  `end_date` datetime DEFAULT NULL,
  `is_active` tinyint(1) NOT NULL DEFAULT '1',
  `created_at` timestamp NULL DEFAULT NULL,
  `updated_at` timestamp NULL DEFAULT NULL,
  PRIMARY KEY (`id`)
) ENGINE=InnoDB AUTO_INCREMENT=4 DEFAULT CHARSET=utf8mb4 COLLATE=utf8mb4_unicode_ci;

--
-- Dumping data for table `announcements`
--

INSERT INTO `announcements` VALUES (1,'Announcement 1','🍇 Fresh arrivals just in! Shop now for quality groceries and elevate your meals!',0,NULL,NULL,0,1,'2025-04-01 04:08:20',NULL,1,'2025-03-31 21:08:20','2025-03-31 21:08:20'),(2,'Announcement 2','🚀 Explore new flavors hassle-free. Enjoy free delivery on orders over $50!',0,NULL,NULL,0,1,'2025-04-01 04:08:20',NULL,1,'2025-03-31 21:08:20','2025-03-31 21:08:20'),(3,'Announcement 3','🌽 Quality guaranteed! Hassle-free returns within 30 days for your peace of mind.',0,NULL,NULL,0,1,'2025-04-01 04:08:20',NULL,1,'2025-03-31 21:08:20','2025-03-31 21:08:20');

--
-- Table structure for table `announcements_translations`
--

CREATE TABLE `announcements_translations` (
  `lang_code` varchar(191) COLLATE utf8mb4_unicode_ci NOT NULL,
  `announcements_id` bigint unsigned NOT NULL,
  `content` text COLLATE utf8mb4_unicode_ci,
  `action_label` varchar(60) COLLATE utf8mb4_unicode_ci DEFAULT NULL,
  PRIMARY KEY (`lang_code`,`announcements_id`)
) ENGINE=InnoDB DEFAULT CHARSET=utf8mb4 COLLATE=utf8mb4_unicode_ci;

--
-- Dumping data for table `announcements_translations`
--


--
-- Table structure for table `audit_histories`
--

CREATE TABLE `audit_histories` (
  `id` bigint unsigned NOT NULL AUTO_INCREMENT,
  `user_id` bigint unsigned NOT NULL,
  `module` varchar(60) COLLATE utf8mb4_unicode_ci NOT NULL,
  `request` longtext COLLATE utf8mb4_unicode_ci,
  `action` varchar(120) COLLATE utf8mb4_unicode_ci NOT NULL,
  `user_agent` text COLLATE utf8mb4_unicode_ci,
  `ip_address` varchar(45) COLLATE utf8mb4_unicode_ci DEFAULT NULL,
  `reference_user` bigint unsigned NOT NULL,
  `reference_id` bigint unsigned NOT NULL,
  `reference_name` varchar(191) COLLATE utf8mb4_unicode_ci NOT NULL,
  `type` varchar(20) COLLATE utf8mb4_unicode_ci NOT NULL,
  `created_at` timestamp NULL DEFAULT NULL,
  `updated_at` timestamp NULL DEFAULT NULL,
  PRIMARY KEY (`id`),
  KEY `audit_histories_user_id_index` (`user_id`),
  KEY `audit_histories_module_index` (`module`)
) ENGINE=InnoDB DEFAULT CHARSET=utf8mb4 COLLATE=utf8mb4_unicode_ci;

--
-- Dumping data for table `audit_histories`
--


--
-- Table structure for table `cache`
--

CREATE TABLE `cache` (
  `key` varchar(191) COLLATE utf8mb4_unicode_ci NOT NULL,
  `value` mediumtext COLLATE utf8mb4_unicode_ci NOT NULL,
  `expiration` int NOT NULL,
  PRIMARY KEY (`key`)
) ENGINE=InnoDB DEFAULT CHARSET=utf8mb4 COLLATE=utf8mb4_unicode_ci;

--
-- Dumping data for table `cache`
--


--
-- Table structure for table `cache_locks`
--

CREATE TABLE `cache_locks` (
  `key` varchar(191) COLLATE utf8mb4_unicode_ci NOT NULL,
  `owner` varchar(191) COLLATE utf8mb4_unicode_ci NOT NULL,
  `expiration` int NOT NULL,
  PRIMARY KEY (`key`)
) ENGINE=InnoDB DEFAULT CHARSET=utf8mb4 COLLATE=utf8mb4_unicode_ci;

--
-- Dumping data for table `cache_locks`
--


--
-- Table structure for table `categories`
--

CREATE TABLE `categories` (
  `id` bigint unsigned NOT NULL AUTO_INCREMENT,
  `name` varchar(120) COLLATE utf8mb4_unicode_ci NOT NULL,
  `parent_id` bigint unsigned NOT NULL DEFAULT '0',
  `description` varchar(400) COLLATE utf8mb4_unicode_ci DEFAULT NULL,
  `status` varchar(60) COLLATE utf8mb4_unicode_ci NOT NULL DEFAULT 'published',
  `author_id` bigint unsigned DEFAULT NULL,
  `author_type` varchar(191) COLLATE utf8mb4_unicode_ci NOT NULL DEFAULT 'Botble\\ACL\\Models\\User',
  `icon` varchar(60) COLLATE utf8mb4_unicode_ci DEFAULT NULL,
  `order` int unsigned NOT NULL DEFAULT '0',
  `is_featured` tinyint NOT NULL DEFAULT '0',
  `is_default` tinyint unsigned NOT NULL DEFAULT '0',
  `created_at` timestamp NULL DEFAULT NULL,
  `updated_at` timestamp NULL DEFAULT NULL,
  PRIMARY KEY (`id`),
  KEY `categories_parent_id_index` (`parent_id`),
  KEY `categories_status_index` (`status`),
  KEY `categories_created_at_index` (`created_at`)
) ENGINE=InnoDB AUTO_INCREMENT=7 DEFAULT CHARSET=utf8mb4 COLLATE=utf8mb4_unicode_ci;

--
-- Dumping data for table `categories`
--

INSERT INTO `categories` VALUES (1,'Crisp Bread &amp; Cake',0,'Illo eius omnis adipisci odio perferendis similique. Fuga quae ab consequuntur voluptate tempore maiores. Neque vitae quas deserunt. Quisquam voluptatibus dolorum qui ipsam culpa quibusdam.','published',1,'Botble\\ACL\\Models\\User',NULL,0,0,0,'2025-03-31 21:08:17','2025-03-31 21:08:17'),(2,'Fashion',0,'Dolorem magni saepe ipsum qui pariatur praesentium. Voluptatem exercitationem voluptatem voluptatibus. Ea tenetur debitis sunt pariatur est autem est. Dolor doloremque voluptatem ut alias.','published',1,'Botble\\ACL\\Models\\User',NULL,0,1,0,'2025-03-31 21:08:17','2025-03-31 21:08:17'),(3,'Electronic',0,'Dolorem odit odio quidem molestiae. Sunt id tenetur et voluptatibus. Consequatur eos ab sed et est corrupti reiciendis. Omnis qui exercitationem voluptate dolor qui repellendus.','published',1,'Botble\\ACL\\Models\\User',NULL,0,1,0,'2025-03-31 21:08:17','2025-03-31 21:08:17'),(4,'Commercial',0,'Aspernatur eum sit nesciunt autem vitae aliquid. Id hic sapiente id est est laborum. Asperiores doloremque nihil similique quod et hic.','published',1,'Botble\\ACL\\Models\\User',NULL,0,1,0,'2025-03-31 21:08:17','2025-03-31 21:08:17'),(5,'Organic Fruits',0,'Ducimus modi suscipit voluptate rerum nulla sit. Debitis ut architecto quia vitae ut sapiente deleniti. Architecto voluptatum voluptas deserunt voluptas dolores. Ipsum in quis culpa et neque ut.','published',1,'Botble\\ACL\\Models\\User',NULL,0,1,0,'2025-03-31 21:08:17','2025-03-31 21:08:17'),(6,'Ecological',0,'Voluptas aspernatur odio sed expedita ab ipsa rem. Velit commodi assumenda dignissimos at aut rem. Illo accusantium quo recusandae ut et. Nobis saepe sunt quia sunt suscipit quisquam.','published',1,'Botble\\ACL\\Models\\User',NULL,0,1,0,'2025-03-31 21:08:17','2025-03-31 21:08:17');

--
-- Table structure for table `categories_translations`
--

CREATE TABLE `categories_translations` (
  `lang_code` varchar(20) COLLATE utf8mb4_unicode_ci NOT NULL,
  `categories_id` bigint unsigned NOT NULL,
  `name` varchar(191) COLLATE utf8mb4_unicode_ci DEFAULT NULL,
  `description` varchar(400) COLLATE utf8mb4_unicode_ci DEFAULT NULL,
  PRIMARY KEY (`lang_code`,`categories_id`)
) ENGINE=InnoDB DEFAULT CHARSET=utf8mb4 COLLATE=utf8mb4_unicode_ci;

--
-- Dumping data for table `categories_translations`
--


--
-- Table structure for table `cities`
--

CREATE TABLE `cities` (
  `id` bigint unsigned NOT NULL AUTO_INCREMENT,
  `name` varchar(120) COLLATE utf8mb4_unicode_ci NOT NULL,
  `slug` varchar(120) COLLATE utf8mb4_unicode_ci DEFAULT NULL,
  `state_id` bigint unsigned DEFAULT NULL,
  `country_id` bigint unsigned DEFAULT NULL,
  `record_id` varchar(40) COLLATE utf8mb4_unicode_ci DEFAULT NULL,
  `order` tinyint NOT NULL DEFAULT '0',
  `image` varchar(191) COLLATE utf8mb4_unicode_ci DEFAULT NULL,
  `is_default` tinyint unsigned NOT NULL DEFAULT '0',
  `status` varchar(60) COLLATE utf8mb4_unicode_ci NOT NULL DEFAULT 'published',
  `created_at` timestamp NULL DEFAULT NULL,
  `updated_at` timestamp NULL DEFAULT NULL,
  `zip_code` varchar(20) COLLATE utf8mb4_unicode_ci DEFAULT NULL,
  PRIMARY KEY (`id`),
  UNIQUE KEY `cities_slug_unique` (`slug`)
) ENGINE=InnoDB DEFAULT CHARSET=utf8mb4 COLLATE=utf8mb4_unicode_ci;

--
-- Dumping data for table `cities`
--


--
-- Table structure for table `cities_translations`
--

CREATE TABLE `cities_translations` (
  `lang_code` varchar(20) COLLATE utf8mb4_unicode_ci NOT NULL,
  `cities_id` bigint unsigned NOT NULL,
  `name` varchar(120) COLLATE utf8mb4_unicode_ci DEFAULT NULL,
  `slug` varchar(120) COLLATE utf8mb4_unicode_ci DEFAULT NULL,
  PRIMARY KEY (`lang_code`,`cities_id`)
) ENGINE=InnoDB DEFAULT CHARSET=utf8mb4 COLLATE=utf8mb4_unicode_ci;

--
-- Dumping data for table `cities_translations`
--


--
-- Table structure for table `contact_custom_field_options`
--

CREATE TABLE `contact_custom_field_options` (
  `id` bigint unsigned NOT NULL AUTO_INCREMENT,
  `custom_field_id` bigint unsigned NOT NULL,
  `label` varchar(191) COLLATE utf8mb4_unicode_ci DEFAULT NULL,
  `value` varchar(191) COLLATE utf8mb4_unicode_ci NOT NULL,
  `order` int NOT NULL DEFAULT '999',
  `created_at` timestamp NULL DEFAULT NULL,
  `updated_at` timestamp NULL DEFAULT NULL,
  PRIMARY KEY (`id`)
) ENGINE=InnoDB DEFAULT CHARSET=utf8mb4 COLLATE=utf8mb4_unicode_ci;

--
-- Dumping data for table `contact_custom_field_options`
--


--
-- Table structure for table `contact_custom_field_options_translations`
--

CREATE TABLE `contact_custom_field_options_translations` (
  `contact_custom_field_options_id` bigint unsigned NOT NULL,
  `lang_code` varchar(191) COLLATE utf8mb4_unicode_ci NOT NULL,
  `label` varchar(191) COLLATE utf8mb4_unicode_ci DEFAULT NULL,
  `value` varchar(191) COLLATE utf8mb4_unicode_ci DEFAULT NULL,
  PRIMARY KEY (`lang_code`,`contact_custom_field_options_id`)
) ENGINE=InnoDB DEFAULT CHARSET=utf8mb4 COLLATE=utf8mb4_unicode_ci;

--
-- Dumping data for table `contact_custom_field_options_translations`
--


--
-- Table structure for table `contact_custom_fields`
--

CREATE TABLE `contact_custom_fields` (
  `id` bigint unsigned NOT NULL AUTO_INCREMENT,
  `type` varchar(191) COLLATE utf8mb4_unicode_ci NOT NULL,
  `required` tinyint(1) NOT NULL DEFAULT '0',
  `name` varchar(191) COLLATE utf8mb4_unicode_ci NOT NULL,
  `placeholder` varchar(191) COLLATE utf8mb4_unicode_ci DEFAULT NULL,
  `order` int NOT NULL DEFAULT '999',
  `status` varchar(191) COLLATE utf8mb4_unicode_ci NOT NULL DEFAULT 'published',
  `created_at` timestamp NULL DEFAULT NULL,
  `updated_at` timestamp NULL DEFAULT NULL,
  PRIMARY KEY (`id`)
) ENGINE=InnoDB DEFAULT CHARSET=utf8mb4 COLLATE=utf8mb4_unicode_ci;

--
-- Dumping data for table `contact_custom_fields`
--


--
-- Table structure for table `contact_custom_fields_translations`
--

CREATE TABLE `contact_custom_fields_translations` (
  `contact_custom_fields_id` bigint unsigned NOT NULL,
  `lang_code` varchar(191) COLLATE utf8mb4_unicode_ci NOT NULL,
  `name` varchar(191) COLLATE utf8mb4_unicode_ci DEFAULT NULL,
  `placeholder` varchar(191) COLLATE utf8mb4_unicode_ci DEFAULT NULL,
  PRIMARY KEY (`lang_code`,`contact_custom_fields_id`)
) ENGINE=InnoDB DEFAULT CHARSET=utf8mb4 COLLATE=utf8mb4_unicode_ci;

--
-- Dumping data for table `contact_custom_fields_translations`
--


--
-- Table structure for table `contact_replies`
--

CREATE TABLE `contact_replies` (
  `id` bigint unsigned NOT NULL AUTO_INCREMENT,
  `message` longtext COLLATE utf8mb4_unicode_ci NOT NULL,
  `contact_id` bigint unsigned NOT NULL,
  `created_at` timestamp NULL DEFAULT NULL,
  `updated_at` timestamp NULL DEFAULT NULL,
  PRIMARY KEY (`id`)
) ENGINE=InnoDB DEFAULT CHARSET=utf8mb4 COLLATE=utf8mb4_unicode_ci;

--
-- Dumping data for table `contact_replies`
--


--
-- Table structure for table `contacts`
--

CREATE TABLE `contacts` (
  `id` bigint unsigned NOT NULL AUTO_INCREMENT,
  `name` varchar(60) COLLATE utf8mb4_unicode_ci NOT NULL,
  `email` varchar(60) COLLATE utf8mb4_unicode_ci DEFAULT NULL,
  `phone` varchar(60) COLLATE utf8mb4_unicode_ci DEFAULT NULL,
  `address` varchar(120) COLLATE utf8mb4_unicode_ci DEFAULT NULL,
  `subject` varchar(120) COLLATE utf8mb4_unicode_ci DEFAULT NULL,
  `content` longtext COLLATE utf8mb4_unicode_ci NOT NULL,
  `custom_fields` text COLLATE utf8mb4_unicode_ci,
  `status` varchar(60) COLLATE utf8mb4_unicode_ci NOT NULL DEFAULT 'unread',
  `created_at` timestamp NULL DEFAULT NULL,
  `updated_at` timestamp NULL DEFAULT NULL,
  PRIMARY KEY (`id`)
) ENGINE=InnoDB AUTO_INCREMENT=11 DEFAULT CHARSET=utf8mb4 COLLATE=utf8mb4_unicode_ci;

--
-- Dumping data for table `contacts`
--

INSERT INTO `contacts` VALUES (1,'Treva Bosco MD','sydni.little@example.com','+19599770087','956 Wyman Gateway\nEast Devonte, MT 53567','Debitis sunt molestiae expedita.','Dolores eos rem corrupti dolore laborum eum. Reiciendis consequuntur adipisci suscipit et sequi. Sit officia repellendus reprehenderit esse et. Placeat eos qui laudantium iure delectus id. Velit eveniet explicabo corporis. Numquam dolore ut maiores architecto consequatur consequatur voluptas. Ut molestiae magnam ea non tempora sunt earum. Iste voluptates nemo error sint ut placeat et.',NULL,'unread','2025-03-31 21:08:15','2025-03-31 21:08:15'),(2,'Granville Sporer','hwaters@example.org','+1.256.853.0067','73104 Candida Lodge\nMajorbury, NE 99884','Odio qui dolores voluptates et nihil.','Accusantium beatae laboriosam qui dolores voluptatem itaque quis sed. Voluptatibus est aut aut aut aperiam dicta cupiditate. Excepturi tempore consequatur iste et. Voluptatem animi rem est. Dolores nulla iure quia nihil. Enim eveniet id eum possimus magnam. Molestiae in quos cupiditate quo. Ut voluptatem facere minus et voluptas. A explicabo veniam est numquam et dolorem. Rem iste blanditiis eos consequatur dolore saepe.',NULL,'read','2025-03-31 21:08:15','2025-03-31 21:08:15'),(3,'Mr. Winfield Jerde','eryn39@example.net','812.570.2014','54185 Hoeger Road\nLorenzmouth, NC 72164','Amet dolores id quam sunt rem expedita.','Eveniet quibusdam non placeat aut est sapiente magnam. Veniam corporis voluptatibus alias eos veritatis. Velit ut magni ad rerum omnis aut. Qui odit odit totam. Nisi ex atque aut sint. Sed aut a esse explicabo. Nihil odit dolor tenetur voluptas aut nam. Est rem et atque fuga ullam. Hic non eligendi possimus qui sint consequatur. Explicabo facere unde voluptate dolor. Cum dicta molestias aspernatur voluptas.',NULL,'unread','2025-03-31 21:08:15','2025-03-31 21:08:15'),(4,'Judson Feeney Jr.','sadie.mraz@example.org','+1.458.668.3345','93413 Abagail Trafficway Suite 749\nElimouth, CA 87135-8354','Velit est aut iste.','Earum sint sint et eos repellat. Ipsa sit quis ex ut omnis qui. Similique repellendus repudiandae soluta vel quas vel perspiciatis. Non aspernatur sunt modi omnis. Nihil provident id non ipsam et exercitationem. Animi enim in aut. Placeat optio neque veniam omnis nihil vel voluptate. Pariatur quia officia qui et alias deserunt quis. Cupiditate minima rerum reprehenderit.',NULL,'unread','2025-03-31 21:08:15','2025-03-31 21:08:15'),(5,'Herbert Murray','trantow.rahul@example.org','1-401-498-0373','460 Giles Islands Suite 694\nNorth Sterlingborough, ND 80454','Veritatis at tempore debitis aut tempora.','Unde sed dicta non inventore qui laudantium. Laborum possimus quia et voluptatem voluptates nisi est. Corporis aliquam dolores et sit ut possimus eius. Facere earum veniam sequi facere molestiae rem porro. Id qui nihil dolorum et. Quasi dicta ipsa aut dolor ipsam vero est. Rerum asperiores nemo aut repellat id voluptatem quis. Voluptas iusto inventore optio aut inventore cumque. Voluptatibus quam velit sunt animi omnis excepturi enim reprehenderit.',NULL,'unread','2025-03-31 21:08:15','2025-03-31 21:08:15'),(6,'Ms. Laurence Cruickshank','fermin.quigley@example.net','480.505.8541','242 John Manors\nSylvesterstad, KS 93159-7646','Deleniti iste a voluptatibus.','Et et velit optio deserunt iure ex et. Aperiam expedita recusandae consequatur qui. Asperiores voluptatum voluptates natus est dolor et ut. Dolorum culpa delectus id ut exercitationem necessitatibus. Non optio itaque est quia praesentium qui. Repellendus animi quia quos facilis. Optio ipsa similique voluptatem nihil consequuntur nihil qui.',NULL,'read','2025-03-31 21:08:15','2025-03-31 21:08:15'),(7,'Miss Adrianna Watsica','ladarius65@example.org','+1-737-226-2715','16309 Kelsi Shores Suite 550\nBarryside, NH 44976-8842','Reprehenderit est eligendi omnis quis qui.','Non id nisi corrupti necessitatibus explicabo eligendi rerum. Voluptas omnis eaque ducimus est totam impedit ut. Dignissimos et sint exercitationem nisi aut. Placeat ipsa omnis odit consequatur amet quasi quia ratione. Quae optio maiores eum quo eius dolore ex. Illum inventore optio suscipit qui aliquam. Ducimus dicta nihil laudantium asperiores minima porro. Est consequatur ducimus et.',NULL,'unread','2025-03-31 21:08:15','2025-03-31 21:08:15'),(8,'Adalberto Rohan','berge.ally@example.net','(614) 482-2571','6017 Tremblay Drive Apt. 585\nPort Madilynmouth, OR 03411','Quia harum voluptas ullam est odio officia.','Molestiae vitae quo debitis voluptatem. Atque tempore adipisci quam hic maxime. Dolores autem id aut cumque consectetur quis blanditiis. Ipsa sit voluptate vero vel. Consequatur error corrupti expedita ducimus dolorem deserunt adipisci. Vero doloremque inventore et dolores et. Ab sint maiores aperiam aut eos enim quam.',NULL,'read','2025-03-31 21:08:15','2025-03-31 21:08:15'),(9,'Elenora Murphy V','hilbert36@example.com','+1.854.823.1934','944 Marlee Locks Apt. 283\nPort Burnice, NE 83652-8221','At et quas ut ipsa et ab nemo debitis.','Voluptas recusandae a tempora sed voluptas quia velit. Saepe consequatur voluptas suscipit reprehenderit quia repellendus laborum. Consequatur esse aut aspernatur voluptas ratione ut. Qui qui aut est nesciunt nesciunt doloribus vel fuga. Veniam animi non dolor. Et earum ut sapiente ut. Voluptas dolorem non voluptatem consectetur quisquam deserunt. Quaerat et quos exercitationem officiis. Vel sapiente est et aliquid. Cumque eum culpa nihil. Praesentium hic nihil qui alias quidem sed alias aut.',NULL,'unread','2025-03-31 21:08:15','2025-03-31 21:08:15'),(10,'Mrs. Sonya Rohan III','edgardo.rodriguez@example.net','540-686-2264','99278 Ophelia Springs Suite 637\nNorth Murlchester, AR 38289','Ut deserunt molestias enim quae illum.','Sapiente error rerum aut alias assumenda ipsam. Vero libero cupiditate atque voluptas minima. Ut commodi aut quis quae voluptatem quia. Dolorem in fuga sit explicabo magnam. Rem dolores quibusdam nisi numquam eligendi animi. Officia corporis quis ipsa consectetur similique id. Maiores aut aut velit laborum. Pariatur velit velit totam rerum rem odit dolorem quia. Non ut quisquam unde velit corporis tempore possimus. Laborum esse quasi qui et et illo. Esse qui ut magnam est voluptatibus.',NULL,'read','2025-03-31 21:08:15','2025-03-31 21:08:15');

--
-- Table structure for table `countries`
--

CREATE TABLE `countries` (
  `id` bigint unsigned NOT NULL AUTO_INCREMENT,
  `name` varchar(120) COLLATE utf8mb4_unicode_ci NOT NULL,
  `nationality` varchar(120) COLLATE utf8mb4_unicode_ci DEFAULT NULL,
  `order` tinyint NOT NULL DEFAULT '0',
  `image` varchar(191) COLLATE utf8mb4_unicode_ci DEFAULT NULL,
  `is_default` tinyint unsigned NOT NULL DEFAULT '0',
  `status` varchar(60) COLLATE utf8mb4_unicode_ci NOT NULL DEFAULT 'published',
  `created_at` timestamp NULL DEFAULT NULL,
  `updated_at` timestamp NULL DEFAULT NULL,
  `code` varchar(10) COLLATE utf8mb4_unicode_ci DEFAULT NULL,
  PRIMARY KEY (`id`)
) ENGINE=InnoDB DEFAULT CHARSET=utf8mb4 COLLATE=utf8mb4_unicode_ci;

--
-- Dumping data for table `countries`
--


--
-- Table structure for table `countries_translations`
--

CREATE TABLE `countries_translations` (
  `lang_code` varchar(20) COLLATE utf8mb4_unicode_ci NOT NULL,
  `countries_id` bigint unsigned NOT NULL,
  `name` varchar(120) COLLATE utf8mb4_unicode_ci DEFAULT NULL,
  `nationality` varchar(120) COLLATE utf8mb4_unicode_ci DEFAULT NULL,
  PRIMARY KEY (`lang_code`,`countries_id`)
) ENGINE=InnoDB DEFAULT CHARSET=utf8mb4 COLLATE=utf8mb4_unicode_ci;

--
-- Dumping data for table `countries_translations`
--


--
-- Table structure for table `dashboard_widget_settings`
--

CREATE TABLE `dashboard_widget_settings` (
  `id` bigint unsigned NOT NULL AUTO_INCREMENT,
  `settings` text COLLATE utf8mb4_unicode_ci,
  `user_id` bigint unsigned NOT NULL,
  `widget_id` bigint unsigned NOT NULL,
  `order` tinyint unsigned NOT NULL DEFAULT '0',
  `status` tinyint unsigned NOT NULL DEFAULT '1',
  `created_at` timestamp NULL DEFAULT NULL,
  `updated_at` timestamp NULL DEFAULT NULL,
  PRIMARY KEY (`id`),
  KEY `dashboard_widget_settings_user_id_index` (`user_id`),
  KEY `dashboard_widget_settings_widget_id_index` (`widget_id`)
) ENGINE=InnoDB DEFAULT CHARSET=utf8mb4 COLLATE=utf8mb4_unicode_ci;

--
-- Dumping data for table `dashboard_widget_settings`
--


--
-- Table structure for table `dashboard_widgets`
--

CREATE TABLE `dashboard_widgets` (
  `id` bigint unsigned NOT NULL AUTO_INCREMENT,
  `name` varchar(120) COLLATE utf8mb4_unicode_ci NOT NULL,
  `created_at` timestamp NULL DEFAULT NULL,
  `updated_at` timestamp NULL DEFAULT NULL,
  PRIMARY KEY (`id`)
) ENGINE=InnoDB DEFAULT CHARSET=utf8mb4 COLLATE=utf8mb4_unicode_ci;

--
-- Dumping data for table `dashboard_widgets`
--


--
-- Table structure for table `ec_brands`
--

CREATE TABLE `ec_brands` (
  `id` bigint unsigned NOT NULL AUTO_INCREMENT,
  `name` varchar(191) COLLATE utf8mb4_unicode_ci NOT NULL,
  `description` mediumtext COLLATE utf8mb4_unicode_ci,
  `website` varchar(191) COLLATE utf8mb4_unicode_ci DEFAULT NULL,
  `logo` varchar(191) COLLATE utf8mb4_unicode_ci DEFAULT NULL,
  `status` varchar(60) COLLATE utf8mb4_unicode_ci NOT NULL DEFAULT 'published',
  `order` tinyint unsigned NOT NULL DEFAULT '0',
  `is_featured` tinyint unsigned NOT NULL DEFAULT '0',
  `created_at` timestamp NULL DEFAULT NULL,
  `updated_at` timestamp NULL DEFAULT NULL,
  PRIMARY KEY (`id`)
) ENGINE=InnoDB AUTO_INCREMENT=6 DEFAULT CHARSET=utf8mb4 COLLATE=utf8mb4_unicode_ci;

--
-- Dumping data for table `ec_brands`
--

INSERT INTO `ec_brands` VALUES (1,'FoodPound','New Snacks Release',NULL,'main/brands/1.png','published',0,1,'2025-03-31 21:08:11','2025-03-31 21:08:11'),(2,'iTea JSC','Happy Tea 100% Organic. From $29.9',NULL,'main/brands/2.png','published',1,1,'2025-03-31 21:08:11','2025-03-31 21:08:11'),(3,'Soda Brand','Fresh Meat Sausage. BUY 2 GET 1!',NULL,'main/brands/3.png','published',2,1,'2025-03-31 21:08:11','2025-03-31 21:08:11'),(4,'Shofy','Fresh Meat Sausage. BUY 2 GET 1!',NULL,'main/brands/4.png','published',3,1,'2025-03-31 21:08:11','2025-03-31 21:08:11'),(5,'Soda Brand','Fresh Meat Sausage. BUY 2 GET 1!',NULL,'main/brands/5.png','published',4,1,'2025-03-31 21:08:11','2025-03-31 21:08:11');

--
-- Table structure for table `ec_brands_translations`
--

CREATE TABLE `ec_brands_translations` (
  `lang_code` varchar(191) COLLATE utf8mb4_unicode_ci NOT NULL,
  `ec_brands_id` bigint unsigned NOT NULL,
  `name` varchar(191) COLLATE utf8mb4_unicode_ci DEFAULT NULL,
  `description` mediumtext COLLATE utf8mb4_unicode_ci,
  PRIMARY KEY (`lang_code`,`ec_brands_id`)
) ENGINE=InnoDB DEFAULT CHARSET=utf8mb4 COLLATE=utf8mb4_unicode_ci;

--
-- Dumping data for table `ec_brands_translations`
--


--
-- Table structure for table `ec_cart`
--

CREATE TABLE `ec_cart` (
  `identifier` varchar(60) COLLATE utf8mb4_unicode_ci NOT NULL,
  `instance` varchar(60) COLLATE utf8mb4_unicode_ci NOT NULL,
  `content` longtext COLLATE utf8mb4_unicode_ci NOT NULL,
  `created_at` timestamp NULL DEFAULT NULL,
  `updated_at` timestamp NULL DEFAULT NULL,
  PRIMARY KEY (`identifier`,`instance`)
) ENGINE=InnoDB DEFAULT CHARSET=utf8mb4 COLLATE=utf8mb4_unicode_ci;

--
-- Dumping data for table `ec_cart`
--


--
-- Table structure for table `ec_currencies`
--

CREATE TABLE `ec_currencies` (
  `id` bigint unsigned NOT NULL AUTO_INCREMENT,
  `title` varchar(191) COLLATE utf8mb4_unicode_ci NOT NULL,
  `symbol` varchar(10) COLLATE utf8mb4_unicode_ci NOT NULL,
  `is_prefix_symbol` tinyint unsigned NOT NULL DEFAULT '0',
  `decimals` tinyint unsigned DEFAULT '0',
  `order` int unsigned DEFAULT '0',
  `is_default` tinyint NOT NULL DEFAULT '0',
  `exchange_rate` double NOT NULL DEFAULT '1',
  `created_at` timestamp NULL DEFAULT NULL,
  `updated_at` timestamp NULL DEFAULT NULL,
  PRIMARY KEY (`id`)
) ENGINE=InnoDB AUTO_INCREMENT=5 DEFAULT CHARSET=utf8mb4 COLLATE=utf8mb4_unicode_ci;

--
-- Dumping data for table `ec_currencies`
--

INSERT INTO `ec_currencies` VALUES (1,'USD','$',1,2,0,1,1,'2025-03-31 21:08:11','2025-03-31 21:08:11'),(2,'EUR','€',0,2,1,0,0.84,'2025-03-31 21:08:11','2025-03-31 21:08:11'),(3,'VND','₫',0,0,2,0,23203,'2025-03-31 21:08:11','2025-03-31 21:08:11'),(4,'NGN','₦',1,2,2,0,895.52,'2025-03-31 21:08:11','2025-03-31 21:08:11');

--
-- Table structure for table `ec_customer_addresses`
--

CREATE TABLE `ec_customer_addresses` (
  `id` bigint unsigned NOT NULL AUTO_INCREMENT,
  `name` varchar(191) COLLATE utf8mb4_unicode_ci NOT NULL,
  `email` varchar(60) COLLATE utf8mb4_unicode_ci DEFAULT NULL,
  `phone` varchar(20) COLLATE utf8mb4_unicode_ci DEFAULT NULL,
  `country` varchar(120) COLLATE utf8mb4_unicode_ci DEFAULT NULL,
  `state` varchar(120) COLLATE utf8mb4_unicode_ci DEFAULT NULL,
  `city` varchar(120) COLLATE utf8mb4_unicode_ci DEFAULT NULL,
  `address` varchar(191) COLLATE utf8mb4_unicode_ci DEFAULT NULL,
  `customer_id` bigint unsigned NOT NULL,
  `is_default` tinyint unsigned NOT NULL DEFAULT '0',
  `created_at` timestamp NULL DEFAULT NULL,
  `updated_at` timestamp NULL DEFAULT NULL,
  `zip_code` varchar(20) COLLATE utf8mb4_unicode_ci DEFAULT NULL,
  PRIMARY KEY (`id`)
) ENGINE=InnoDB AUTO_INCREMENT=13 DEFAULT CHARSET=utf8mb4 COLLATE=utf8mb4_unicode_ci;

--
-- Dumping data for table `ec_customer_addresses`
--

INSERT INTO `ec_customer_addresses` VALUES (1,'Zander Daniel V','customer@botble.com','+18432486424','LB','Maine','Danniehaven','88237 Bernier Island Suite 476',1,1,'2025-03-31 21:08:13','2025-03-31 21:08:13','35790'),(2,'Zander Daniel V','customer@botble.com','+19798617703','MC','Oklahoma','Gerholdport','32386 Baumbach Mill Apt. 104',1,0,'2025-03-31 21:08:13','2025-03-31 21:08:13','39464-2409'),(3,'Margarete McKenzie','vendor@botble.com','+16147497367','AI','Nebraska','Anyamouth','42736 Terry Cliffs',2,1,'2025-03-31 21:08:13','2025-03-31 21:08:13','32080'),(4,'Margarete McKenzie','vendor@botble.com','+12609093249','SL','New York','East America','406 Gudrun Route Suite 091',2,0,'2025-03-31 21:08:13','2025-03-31 21:08:13','91885'),(5,'Dr. Jaden Jast','arianna.johns@example.net','+14102858628','ZM','Delaware','Brownfort','9927 Russel Bridge',3,1,'2025-03-31 21:08:13','2025-03-31 21:08:13','21629-9845'),(6,'Dr. Marquis Littel','kuvalis.amos@example.org','+18178541128','HN','Alaska','Tayaborough','9244 Amie Mission Suite 177',4,1,'2025-03-31 21:08:14','2025-03-31 21:08:14','05321'),(7,'Kellen Willms','ashlee.nader@example.net','+15637093558','CI','Montana','Jabarishire','885 Tabitha Estates Suite 425',5,1,'2025-03-31 21:08:14','2025-03-31 21:08:14','39526-2391'),(8,'Telly Hessel','maryam.little@example.com','+12246526153','MF','Colorado','Louhaven','292 Kirlin Manors Apt. 270',6,1,'2025-03-31 21:08:14','2025-03-31 21:08:14','43570'),(9,'Carlos Hane','donna22@example.com','+17027909868','CR','Mississippi','Goldnerfort','4590 Tremblay Plain',7,1,'2025-03-31 21:08:14','2025-03-31 21:08:14','64075'),(10,'Brice Ferry','dasia19@example.org','+18169731433','PG','Colorado','Lake Flaviostad','91558 Karlie Grove',8,1,'2025-03-31 21:08:15','2025-03-31 21:08:15','50895'),(11,'Mr. Myles Rau','vance54@example.com','+16512912552','ID','Georgia','Shieldsville','506 Roel Lodge',9,1,'2025-03-31 21:08:15','2025-03-31 21:08:15','52814-7576'),(12,'Ramon Hagenes','blaze.donnelly@example.net','+15617646342','FJ','Alabama','Anamouth','9316 Jedidiah Ridges Suite 900',10,1,'2025-03-31 21:08:15','2025-03-31 21:08:15','26903-0319');

--
-- Table structure for table `ec_customer_password_resets`
--

CREATE TABLE `ec_customer_password_resets` (
  `email` varchar(191) COLLATE utf8mb4_unicode_ci NOT NULL,
  `token` varchar(191) COLLATE utf8mb4_unicode_ci NOT NULL,
  `created_at` timestamp NULL DEFAULT NULL,
  KEY `ec_customer_password_resets_email_index` (`email`),
  KEY `ec_customer_password_resets_token_index` (`token`)
) ENGINE=InnoDB DEFAULT CHARSET=utf8mb4 COLLATE=utf8mb4_unicode_ci;

--
-- Dumping data for table `ec_customer_password_resets`
--


--
-- Table structure for table `ec_customer_recently_viewed_products`
--

CREATE TABLE `ec_customer_recently_viewed_products` (
  `id` bigint unsigned NOT NULL AUTO_INCREMENT,
  `customer_id` bigint unsigned NOT NULL,
  `product_id` bigint unsigned NOT NULL,
  PRIMARY KEY (`id`)
) ENGINE=InnoDB DEFAULT CHARSET=utf8mb4 COLLATE=utf8mb4_unicode_ci;

--
-- Dumping data for table `ec_customer_recently_viewed_products`
--


--
-- Table structure for table `ec_customer_used_coupons`
--

CREATE TABLE `ec_customer_used_coupons` (
  `discount_id` bigint unsigned NOT NULL,
  `customer_id` bigint unsigned NOT NULL,
  PRIMARY KEY (`discount_id`,`customer_id`)
) ENGINE=InnoDB DEFAULT CHARSET=utf8mb4 COLLATE=utf8mb4_unicode_ci;

--
-- Dumping data for table `ec_customer_used_coupons`
--


--
-- Table structure for table `ec_discount_customers`
--

CREATE TABLE `ec_discount_customers` (
  `discount_id` bigint unsigned NOT NULL,
  `customer_id` bigint unsigned NOT NULL,
  PRIMARY KEY (`discount_id`,`customer_id`)
) ENGINE=InnoDB DEFAULT CHARSET=utf8mb4 COLLATE=utf8mb4_unicode_ci;

--
-- Dumping data for table `ec_discount_customers`
--


--
-- Table structure for table `ec_discount_product_categories`
--

CREATE TABLE `ec_discount_product_categories` (
  `discount_id` bigint unsigned NOT NULL,
  `product_category_id` bigint unsigned NOT NULL,
  PRIMARY KEY (`discount_id`,`product_category_id`)
) ENGINE=InnoDB DEFAULT CHARSET=utf8mb4 COLLATE=utf8mb4_unicode_ci;

--
-- Dumping data for table `ec_discount_product_categories`
--


--
-- Table structure for table `ec_discount_product_collections`
--

CREATE TABLE `ec_discount_product_collections` (
  `discount_id` bigint unsigned NOT NULL,
  `product_collection_id` bigint unsigned NOT NULL,
  PRIMARY KEY (`discount_id`,`product_collection_id`)
) ENGINE=InnoDB DEFAULT CHARSET=utf8mb4 COLLATE=utf8mb4_unicode_ci;

--
-- Dumping data for table `ec_discount_product_collections`
--


--
-- Table structure for table `ec_discount_products`
--

CREATE TABLE `ec_discount_products` (
  `discount_id` bigint unsigned NOT NULL,
  `product_id` bigint unsigned NOT NULL,
  PRIMARY KEY (`discount_id`,`product_id`)
) ENGINE=InnoDB DEFAULT CHARSET=utf8mb4 COLLATE=utf8mb4_unicode_ci;

--
-- Dumping data for table `ec_discount_products`
--


--
-- Table structure for table `ec_discounts`
--

CREATE TABLE `ec_discounts` (
  `id` bigint unsigned NOT NULL AUTO_INCREMENT,
  `title` varchar(120) COLLATE utf8mb4_unicode_ci DEFAULT NULL,
  `code` varchar(20) COLLATE utf8mb4_unicode_ci DEFAULT NULL,
  `start_date` datetime DEFAULT NULL,
  `end_date` datetime DEFAULT NULL,
  `quantity` int DEFAULT NULL,
  `total_used` int unsigned NOT NULL DEFAULT '0',
  `value` double DEFAULT NULL,
  `type` varchar(60) COLLATE utf8mb4_unicode_ci DEFAULT 'coupon',
  `can_use_with_promotion` tinyint(1) NOT NULL DEFAULT '0',
  `can_use_with_flash_sale` tinyint(1) NOT NULL DEFAULT '0',
  `discount_on` varchar(20) COLLATE utf8mb4_unicode_ci DEFAULT NULL,
  `product_quantity` int unsigned DEFAULT NULL,
  `type_option` varchar(100) COLLATE utf8mb4_unicode_ci NOT NULL DEFAULT 'amount',
  `target` varchar(100) COLLATE utf8mb4_unicode_ci NOT NULL DEFAULT 'all-orders',
  `min_order_price` decimal(15,2) DEFAULT NULL,
  `apply_via_url` tinyint(1) NOT NULL DEFAULT '0',
  `display_at_checkout` tinyint(1) NOT NULL DEFAULT '0',
  `created_at` timestamp NULL DEFAULT NULL,
  `updated_at` timestamp NULL DEFAULT NULL,
  `store_id` bigint unsigned DEFAULT NULL,
  `description` varchar(400) COLLATE utf8mb4_unicode_ci DEFAULT NULL,
  PRIMARY KEY (`id`),
  UNIQUE KEY `ec_discounts_code_unique` (`code`)
) ENGINE=InnoDB AUTO_INCREMENT=11 DEFAULT CHARSET=utf8mb4 COLLATE=utf8mb4_unicode_ci;

--
-- Dumping data for table `ec_discounts`
--

INSERT INTO `ec_discounts` VALUES (1,'Discount 1','UV9QZGEC1ASP','2025-03-31 04:08:17','2025-04-22 04:08:17',NULL,0,143,'coupon',0,0,NULL,NULL,'same-price','all-orders',NULL,0,1,'2025-03-31 21:08:17','2025-03-31 21:08:17',NULL,NULL),(2,'Discount 2','WVR0FVGYK0OE','2025-03-31 04:08:17',NULL,NULL,0,861,'coupon',0,0,NULL,NULL,'amount','all-orders',NULL,0,1,'2025-03-31 21:08:17','2025-03-31 21:08:17',NULL,NULL),(3,'Discount 3','3AJVNNZQXVCG','2025-03-31 04:08:17',NULL,NULL,0,26,'coupon',0,0,NULL,NULL,'percentage','all-orders',NULL,0,1,'2025-03-31 21:08:17','2025-03-31 21:08:17',NULL,NULL),(4,'Discount 4','G7WTR3MITBDK','2025-03-31 04:08:17','2025-04-19 04:08:17',NULL,0,541,'coupon',0,0,NULL,NULL,'amount','all-orders',NULL,0,1,'2025-03-31 21:08:17','2025-03-31 21:08:17',NULL,NULL),(5,'Discount 5','ZMCRIZL61RK7','2025-03-31 04:08:17','2025-04-03 04:08:17',NULL,0,850,'coupon',0,0,NULL,NULL,'amount','all-orders',NULL,0,1,'2025-03-31 21:08:17','2025-03-31 21:08:17',NULL,NULL),(6,'Discount 6','RE2EHL7UGSUN','2025-03-31 04:08:17','2025-04-16 04:08:17',NULL,0,948,'coupon',0,0,NULL,NULL,'amount','all-orders',NULL,0,1,'2025-03-31 21:08:17','2025-03-31 21:08:17',NULL,NULL),(7,'Discount 7','NBJHSNGR8ARZ','2025-03-31 04:08:17','2025-04-14 04:08:17',NULL,0,110,'coupon',0,0,NULL,NULL,'shipping','all-orders',NULL,0,1,'2025-03-31 21:08:17','2025-03-31 21:08:17',NULL,NULL),(8,'Discount 8','TFJK9XUGAG8Z','2025-03-31 04:08:17','2025-04-15 04:08:17',NULL,0,51,'coupon',0,0,NULL,NULL,'percentage','all-orders',NULL,0,1,'2025-03-31 21:08:17','2025-03-31 21:08:17',NULL,NULL),(9,'Discount 9','DCY3IDTPLIYB','2025-03-31 04:08:17','2025-04-30 04:08:17',NULL,0,34,'coupon',0,0,NULL,NULL,'same-price','all-orders',NULL,0,1,'2025-03-31 21:08:17','2025-03-31 21:08:17',NULL,NULL),(10,'Discount 10','9FHN7JPSGFIA','2025-03-31 04:08:17',NULL,NULL,0,46,'coupon',0,0,NULL,NULL,'percentage','all-orders',NULL,0,1,'2025-03-31 21:08:17','2025-03-31 21:08:17',NULL,NULL);

--
-- Table structure for table `ec_flash_sale_products`
--

CREATE TABLE `ec_flash_sale_products` (
  `flash_sale_id` bigint unsigned NOT NULL,
  `product_id` bigint unsigned NOT NULL,
  `price` double unsigned DEFAULT NULL,
  `quantity` int unsigned DEFAULT NULL,
  `sold` int unsigned NOT NULL DEFAULT '0'
) ENGINE=InnoDB DEFAULT CHARSET=utf8mb4 COLLATE=utf8mb4_unicode_ci;

--
-- Dumping data for table `ec_flash_sale_products`
--

INSERT INTO `ec_flash_sale_products` VALUES (1,1,699.84,20,3),(1,2,690.2,12,2),(1,3,343.14,9,1),(1,4,190.26,11,4),(1,5,648.66,14,3),(1,6,328.6,10,2),(1,7,1886.59,6,1),(1,8,543.744,19,4),(1,9,1212.2,6,1),(1,10,833,7,3);

--
-- Table structure for table `ec_flash_sales`
--

CREATE TABLE `ec_flash_sales` (
  `id` bigint unsigned NOT NULL AUTO_INCREMENT,
  `name` varchar(191) COLLATE utf8mb4_unicode_ci NOT NULL,
  `end_date` datetime NOT NULL,
  `status` varchar(60) COLLATE utf8mb4_unicode_ci NOT NULL DEFAULT 'published',
  `created_at` timestamp NULL DEFAULT NULL,
  `updated_at` timestamp NULL DEFAULT NULL,
  PRIMARY KEY (`id`)
) ENGINE=InnoDB AUTO_INCREMENT=2 DEFAULT CHARSET=utf8mb4 COLLATE=utf8mb4_unicode_ci;

--
-- Dumping data for table `ec_flash_sales`
--

INSERT INTO `ec_flash_sales` VALUES (1,'Winter Sale','2025-07-24 00:00:00','published','2025-03-31 21:08:24','2025-03-31 21:08:24');

--
-- Table structure for table `ec_flash_sales_translations`
--

CREATE TABLE `ec_flash_sales_translations` (
  `lang_code` varchar(191) COLLATE utf8mb4_unicode_ci NOT NULL,
  `ec_flash_sales_id` bigint unsigned NOT NULL,
  `name` varchar(191) COLLATE utf8mb4_unicode_ci DEFAULT NULL,
  PRIMARY KEY (`lang_code`,`ec_flash_sales_id`)
) ENGINE=InnoDB DEFAULT CHARSET=utf8mb4 COLLATE=utf8mb4_unicode_ci;

--
-- Dumping data for table `ec_flash_sales_translations`
--


--
-- Table structure for table `ec_global_option_value`
--

CREATE TABLE `ec_global_option_value` (
  `id` bigint unsigned NOT NULL AUTO_INCREMENT,
  `option_id` bigint unsigned NOT NULL COMMENT 'option id',
  `option_value` tinytext COLLATE utf8mb4_unicode_ci COMMENT 'option value',
  `affect_price` double DEFAULT NULL COMMENT 'value of price of this option affect',
  `order` int NOT NULL DEFAULT '9999',
  `affect_type` tinyint NOT NULL DEFAULT '0' COMMENT '0. fixed 1. percent',
  `created_at` timestamp NULL DEFAULT NULL,
  `updated_at` timestamp NULL DEFAULT NULL,
  PRIMARY KEY (`id`)
) ENGINE=InnoDB AUTO_INCREMENT=13 DEFAULT CHARSET=utf8mb4 COLLATE=utf8mb4_unicode_ci;

--
-- Dumping data for table `ec_global_option_value`
--

INSERT INTO `ec_global_option_value` VALUES (1,1,'1 Year',0,9999,0,'2025-03-31 21:08:17','2025-03-31 21:08:17'),(2,1,'2 Year',10,9999,0,'2025-03-31 21:08:17','2025-03-31 21:08:17'),(3,1,'3 Year',20,9999,0,'2025-03-31 21:08:17','2025-03-31 21:08:17'),(4,2,'4GB',0,9999,0,'2025-03-31 21:08:17','2025-03-31 21:08:17'),(5,2,'8GB',10,9999,0,'2025-03-31 21:08:17','2025-03-31 21:08:17'),(6,2,'16GB',20,9999,0,'2025-03-31 21:08:17','2025-03-31 21:08:17'),(7,3,'Core i5',0,9999,0,'2025-03-31 21:08:17','2025-03-31 21:08:17'),(8,3,'Core i7',10,9999,0,'2025-03-31 21:08:17','2025-03-31 21:08:17'),(9,3,'Core i9',20,9999,0,'2025-03-31 21:08:17','2025-03-31 21:08:17'),(10,4,'128GB',0,9999,0,'2025-03-31 21:08:17','2025-03-31 21:08:17'),(11,4,'256GB',10,9999,0,'2025-03-31 21:08:17','2025-03-31 21:08:17'),(12,4,'512GB',20,9999,0,'2025-03-31 21:08:17','2025-03-31 21:08:17');

--
-- Table structure for table `ec_global_option_value_translations`
--

CREATE TABLE `ec_global_option_value_translations` (
  `lang_code` varchar(191) COLLATE utf8mb4_unicode_ci NOT NULL,
  `ec_global_option_value_id` bigint unsigned NOT NULL,
  `option_value` varchar(191) COLLATE utf8mb4_unicode_ci DEFAULT NULL,
  PRIMARY KEY (`lang_code`,`ec_global_option_value_id`)
) ENGINE=InnoDB DEFAULT CHARSET=utf8mb4 COLLATE=utf8mb4_unicode_ci;

--
-- Dumping data for table `ec_global_option_value_translations`
--


--
-- Table structure for table `ec_global_options`
--

CREATE TABLE `ec_global_options` (
  `id` bigint unsigned NOT NULL AUTO_INCREMENT,
  `name` varchar(191) COLLATE utf8mb4_unicode_ci NOT NULL COMMENT 'Name of options',
  `option_type` varchar(191) COLLATE utf8mb4_unicode_ci NOT NULL COMMENT 'option type',
  `required` tinyint(1) NOT NULL DEFAULT '0' COMMENT 'Checked if this option is required',
  `created_at` timestamp NULL DEFAULT NULL,
  `updated_at` timestamp NULL DEFAULT NULL,
  PRIMARY KEY (`id`)
) ENGINE=InnoDB AUTO_INCREMENT=5 DEFAULT CHARSET=utf8mb4 COLLATE=utf8mb4_unicode_ci;

--
-- Dumping data for table `ec_global_options`
--

INSERT INTO `ec_global_options` VALUES (1,'Warranty','Botble\\Ecommerce\\Option\\OptionType\\RadioButton',1,'2025-03-31 21:08:17','2025-03-31 21:08:17'),(2,'RAM','Botble\\Ecommerce\\Option\\OptionType\\RadioButton',1,'2025-03-31 21:08:17','2025-03-31 21:08:17'),(3,'CPU','Botble\\Ecommerce\\Option\\OptionType\\RadioButton',1,'2025-03-31 21:08:17','2025-03-31 21:08:17'),(4,'HDD','Botble\\Ecommerce\\Option\\OptionType\\Dropdown',0,'2025-03-31 21:08:17','2025-03-31 21:08:17');

--
-- Table structure for table `ec_global_options_translations`
--

CREATE TABLE `ec_global_options_translations` (
  `lang_code` varchar(191) COLLATE utf8mb4_unicode_ci NOT NULL,
  `ec_global_options_id` bigint unsigned NOT NULL,
  `name` varchar(191) COLLATE utf8mb4_unicode_ci DEFAULT NULL,
  PRIMARY KEY (`lang_code`,`ec_global_options_id`)
) ENGINE=InnoDB DEFAULT CHARSET=utf8mb4 COLLATE=utf8mb4_unicode_ci;

--
-- Dumping data for table `ec_global_options_translations`
--


--
-- Table structure for table `ec_grouped_products`
--

CREATE TABLE `ec_grouped_products` (
  `id` bigint unsigned NOT NULL AUTO_INCREMENT,
  `parent_product_id` bigint unsigned NOT NULL,
  `product_id` bigint unsigned NOT NULL,
  `fixed_qty` int NOT NULL DEFAULT '1',
  PRIMARY KEY (`id`)
) ENGINE=InnoDB DEFAULT CHARSET=utf8mb4 COLLATE=utf8mb4_unicode_ci;

--
-- Dumping data for table `ec_grouped_products`
--


--
-- Table structure for table `ec_invoice_items`
--

CREATE TABLE `ec_invoice_items` (
  `id` bigint unsigned NOT NULL AUTO_INCREMENT,
  `invoice_id` bigint unsigned NOT NULL,
  `reference_type` varchar(191) COLLATE utf8mb4_unicode_ci NOT NULL,
  `reference_id` bigint unsigned NOT NULL,
  `name` varchar(191) COLLATE utf8mb4_unicode_ci NOT NULL,
  `description` varchar(400) COLLATE utf8mb4_unicode_ci DEFAULT NULL,
  `image` varchar(191) COLLATE utf8mb4_unicode_ci DEFAULT NULL,
  `qty` int unsigned NOT NULL,
  `price` decimal(15,2) NOT NULL DEFAULT '0.00',
  `sub_total` decimal(15,2) unsigned NOT NULL,
  `tax_amount` decimal(15,2) unsigned NOT NULL DEFAULT '0.00',
  `discount_amount` decimal(15,2) unsigned NOT NULL DEFAULT '0.00',
  `amount` decimal(15,2) unsigned NOT NULL,
  `options` text COLLATE utf8mb4_unicode_ci,
  `created_at` timestamp NULL DEFAULT NULL,
  `updated_at` timestamp NULL DEFAULT NULL,
  PRIMARY KEY (`id`),
  KEY `ec_invoice_items_reference_type_reference_id_index` (`reference_type`,`reference_id`)
) ENGINE=InnoDB DEFAULT CHARSET=utf8mb4 COLLATE=utf8mb4_unicode_ci;

--
-- Dumping data for table `ec_invoice_items`
--


--
-- Table structure for table `ec_invoices`
--

CREATE TABLE `ec_invoices` (
  `id` bigint unsigned NOT NULL AUTO_INCREMENT,
  `reference_type` varchar(191) COLLATE utf8mb4_unicode_ci NOT NULL,
  `reference_id` bigint unsigned NOT NULL,
  `code` varchar(191) COLLATE utf8mb4_unicode_ci NOT NULL,
  `customer_name` varchar(191) COLLATE utf8mb4_unicode_ci DEFAULT NULL,
  `company_name` varchar(191) COLLATE utf8mb4_unicode_ci DEFAULT NULL,
  `company_logo` varchar(191) COLLATE utf8mb4_unicode_ci DEFAULT NULL,
  `customer_email` varchar(191) COLLATE utf8mb4_unicode_ci DEFAULT NULL,
  `customer_phone` varchar(191) COLLATE utf8mb4_unicode_ci DEFAULT NULL,
  `customer_address` varchar(191) COLLATE utf8mb4_unicode_ci DEFAULT NULL,
  `customer_tax_id` varchar(191) COLLATE utf8mb4_unicode_ci DEFAULT NULL,
  `sub_total` decimal(15,2) unsigned NOT NULL,
  `tax_amount` decimal(15,2) unsigned NOT NULL DEFAULT '0.00',
  `shipping_amount` decimal(15,2) unsigned NOT NULL DEFAULT '0.00',
  `discount_amount` decimal(15,2) unsigned NOT NULL DEFAULT '0.00',
  `shipping_option` varchar(60) COLLATE utf8mb4_unicode_ci DEFAULT NULL,
  `shipping_method` varchar(60) COLLATE utf8mb4_unicode_ci NOT NULL DEFAULT 'default',
  `coupon_code` varchar(120) COLLATE utf8mb4_unicode_ci DEFAULT NULL,
  `discount_description` varchar(191) COLLATE utf8mb4_unicode_ci DEFAULT NULL,
  `amount` decimal(15,2) unsigned NOT NULL,
  `description` text COLLATE utf8mb4_unicode_ci,
  `payment_id` bigint unsigned DEFAULT NULL,
  `status` varchar(191) COLLATE utf8mb4_unicode_ci NOT NULL DEFAULT 'pending',
  `paid_at` timestamp NULL DEFAULT NULL,
  `created_at` timestamp NULL DEFAULT NULL,
  `updated_at` timestamp NULL DEFAULT NULL,
  PRIMARY KEY (`id`),
  UNIQUE KEY `ec_invoices_code_unique` (`code`),
  KEY `ec_invoices_reference_type_reference_id_index` (`reference_type`,`reference_id`),
  KEY `ec_invoices_payment_id_index` (`payment_id`),
  KEY `ec_invoices_status_index` (`status`)
) ENGINE=InnoDB DEFAULT CHARSET=utf8mb4 COLLATE=utf8mb4_unicode_ci;

--
-- Dumping data for table `ec_invoices`
--


--
-- Table structure for table `ec_option_value`
--

CREATE TABLE `ec_option_value` (
  `id` bigint unsigned NOT NULL AUTO_INCREMENT,
  `option_id` bigint unsigned NOT NULL COMMENT 'option id',
  `option_value` tinytext COLLATE utf8mb4_unicode_ci COMMENT 'option value',
  `affect_price` double DEFAULT NULL COMMENT 'value of price of this option affect',
  `order` int NOT NULL DEFAULT '9999',
  `affect_type` tinyint NOT NULL DEFAULT '0' COMMENT '0. fixed 1. percent',
  `created_at` timestamp NULL DEFAULT NULL,
  `updated_at` timestamp NULL DEFAULT NULL,
  PRIMARY KEY (`id`)
) ENGINE=InnoDB DEFAULT CHARSET=utf8mb4 COLLATE=utf8mb4_unicode_ci;

--
-- Dumping data for table `ec_option_value`
--


--
-- Table structure for table `ec_option_value_translations`
--

CREATE TABLE `ec_option_value_translations` (
  `lang_code` varchar(191) COLLATE utf8mb4_unicode_ci NOT NULL,
  `ec_option_value_id` bigint unsigned NOT NULL,
  `option_value` varchar(191) COLLATE utf8mb4_unicode_ci DEFAULT NULL,
  PRIMARY KEY (`lang_code`,`ec_option_value_id`)
) ENGINE=InnoDB DEFAULT CHARSET=utf8mb4 COLLATE=utf8mb4_unicode_ci;

--
-- Dumping data for table `ec_option_value_translations`
--


--
-- Table structure for table `ec_options`
--

CREATE TABLE `ec_options` (
  `id` bigint unsigned NOT NULL AUTO_INCREMENT,
  `name` varchar(191) COLLATE utf8mb4_unicode_ci NOT NULL COMMENT 'Name of options',
  `option_type` varchar(191) COLLATE utf8mb4_unicode_ci DEFAULT NULL COMMENT 'option type',
  `product_id` bigint unsigned NOT NULL DEFAULT '0',
  `order` int NOT NULL DEFAULT '9999',
  `required` tinyint(1) NOT NULL DEFAULT '0' COMMENT 'Checked if this option is required',
  `created_at` timestamp NULL DEFAULT NULL,
  `updated_at` timestamp NULL DEFAULT NULL,
  PRIMARY KEY (`id`)
) ENGINE=InnoDB DEFAULT CHARSET=utf8mb4 COLLATE=utf8mb4_unicode_ci;

--
-- Dumping data for table `ec_options`
--


--
-- Table structure for table `ec_options_translations`
--

CREATE TABLE `ec_options_translations` (
  `lang_code` varchar(191) COLLATE utf8mb4_unicode_ci NOT NULL,
  `ec_options_id` bigint unsigned NOT NULL,
  `name` varchar(191) COLLATE utf8mb4_unicode_ci DEFAULT NULL,
  PRIMARY KEY (`lang_code`,`ec_options_id`)
) ENGINE=InnoDB DEFAULT CHARSET=utf8mb4 COLLATE=utf8mb4_unicode_ci;

--
-- Dumping data for table `ec_options_translations`
--


--
-- Table structure for table `ec_order_addresses`
--

CREATE TABLE `ec_order_addresses` (
  `id` bigint unsigned NOT NULL AUTO_INCREMENT,
  `name` varchar(191) COLLATE utf8mb4_unicode_ci NOT NULL,
  `phone` varchar(20) COLLATE utf8mb4_unicode_ci DEFAULT NULL,
  `email` varchar(191) COLLATE utf8mb4_unicode_ci DEFAULT NULL,
  `country` varchar(120) COLLATE utf8mb4_unicode_ci DEFAULT NULL,
  `state` varchar(120) COLLATE utf8mb4_unicode_ci DEFAULT NULL,
  `city` varchar(120) COLLATE utf8mb4_unicode_ci DEFAULT NULL,
  `address` varchar(191) COLLATE utf8mb4_unicode_ci DEFAULT NULL,
  `order_id` bigint unsigned NOT NULL,
  `zip_code` varchar(20) COLLATE utf8mb4_unicode_ci DEFAULT NULL,
  `type` varchar(60) COLLATE utf8mb4_unicode_ci NOT NULL DEFAULT 'shipping_address',
  PRIMARY KEY (`id`)
) ENGINE=InnoDB DEFAULT CHARSET=utf8mb4 COLLATE=utf8mb4_unicode_ci;

--
-- Dumping data for table `ec_order_addresses`
--


--
-- Table structure for table `ec_order_histories`
--

CREATE TABLE `ec_order_histories` (
  `id` bigint unsigned NOT NULL AUTO_INCREMENT,
  `action` varchar(120) COLLATE utf8mb4_unicode_ci NOT NULL,
  `description` varchar(400) COLLATE utf8mb4_unicode_ci DEFAULT NULL,
  `user_id` bigint unsigned DEFAULT NULL,
  `order_id` bigint unsigned NOT NULL,
  `extras` text COLLATE utf8mb4_unicode_ci,
  `created_at` timestamp NULL DEFAULT NULL,
  `updated_at` timestamp NULL DEFAULT NULL,
  PRIMARY KEY (`id`)
) ENGINE=InnoDB DEFAULT CHARSET=utf8mb4 COLLATE=utf8mb4_unicode_ci;

--
-- Dumping data for table `ec_order_histories`
--


--
-- Table structure for table `ec_order_product`
--

CREATE TABLE `ec_order_product` (
  `id` bigint unsigned NOT NULL AUTO_INCREMENT,
  `order_id` bigint unsigned NOT NULL,
  `qty` int NOT NULL,
  `price` decimal(15,2) NOT NULL,
  `tax_amount` decimal(15,2) NOT NULL,
  `options` text COLLATE utf8mb4_unicode_ci,
  `product_options` text COLLATE utf8mb4_unicode_ci COMMENT 'product option data',
  `product_id` bigint unsigned DEFAULT NULL,
  `product_name` varchar(191) COLLATE utf8mb4_unicode_ci NOT NULL,
  `product_image` varchar(191) COLLATE utf8mb4_unicode_ci DEFAULT NULL,
  `weight` double DEFAULT '0',
  `restock_quantity` int unsigned DEFAULT '0',
  `created_at` timestamp NULL DEFAULT NULL,
  `updated_at` timestamp NULL DEFAULT NULL,
  `product_type` varchar(60) COLLATE utf8mb4_unicode_ci NOT NULL DEFAULT 'physical',
  `times_downloaded` int NOT NULL DEFAULT '0',
  `license_code` char(36) COLLATE utf8mb4_unicode_ci DEFAULT NULL,
  `downloaded_at` timestamp NULL DEFAULT NULL,
  PRIMARY KEY (`id`)
) ENGINE=InnoDB DEFAULT CHARSET=utf8mb4 COLLATE=utf8mb4_unicode_ci;

--
-- Dumping data for table `ec_order_product`
--


--
-- Table structure for table `ec_order_referrals`
--

CREATE TABLE `ec_order_referrals` (
  `id` bigint unsigned NOT NULL AUTO_INCREMENT,
  `ip` varchar(39) COLLATE utf8mb4_unicode_ci DEFAULT NULL,
  `landing_domain` varchar(191) COLLATE utf8mb4_unicode_ci DEFAULT NULL,
  `landing_page` varchar(191) COLLATE utf8mb4_unicode_ci DEFAULT NULL,
  `landing_params` varchar(191) COLLATE utf8mb4_unicode_ci DEFAULT NULL,
  `referral` varchar(191) COLLATE utf8mb4_unicode_ci DEFAULT NULL,
  `gclid` varchar(191) COLLATE utf8mb4_unicode_ci DEFAULT NULL,
  `fclid` varchar(191) COLLATE utf8mb4_unicode_ci DEFAULT NULL,
  `utm_source` varchar(191) COLLATE utf8mb4_unicode_ci DEFAULT NULL,
  `utm_campaign` varchar(191) COLLATE utf8mb4_unicode_ci DEFAULT NULL,
  `utm_medium` varchar(191) COLLATE utf8mb4_unicode_ci DEFAULT NULL,
  `utm_term` varchar(191) COLLATE utf8mb4_unicode_ci DEFAULT NULL,
  `utm_content` varchar(191) COLLATE utf8mb4_unicode_ci DEFAULT NULL,
  `referrer_url` text COLLATE utf8mb4_unicode_ci,
  `referrer_domain` varchar(191) COLLATE utf8mb4_unicode_ci DEFAULT NULL,
  `order_id` bigint unsigned DEFAULT NULL,
  `created_at` timestamp NULL DEFAULT NULL,
  `updated_at` timestamp NULL DEFAULT NULL,
  PRIMARY KEY (`id`),
  KEY `ec_order_referrals_order_id_index` (`order_id`)
) ENGINE=InnoDB DEFAULT CHARSET=utf8mb4 COLLATE=utf8mb4_unicode_ci;

--
-- Dumping data for table `ec_order_referrals`
--


--
-- Table structure for table `ec_order_return_histories`
--

CREATE TABLE `ec_order_return_histories` (
  `id` bigint unsigned NOT NULL AUTO_INCREMENT,
  `user_id` bigint unsigned DEFAULT NULL,
  `order_return_id` bigint unsigned NOT NULL,
  `action` varchar(191) COLLATE utf8mb4_unicode_ci NOT NULL,
  `description` varchar(400) COLLATE utf8mb4_unicode_ci DEFAULT NULL,
  `reason` varchar(191) COLLATE utf8mb4_unicode_ci DEFAULT NULL,
  `created_at` timestamp NULL DEFAULT NULL,
  `updated_at` timestamp NULL DEFAULT NULL,
  PRIMARY KEY (`id`)
) ENGINE=InnoDB DEFAULT CHARSET=utf8mb4 COLLATE=utf8mb4_unicode_ci;

--
-- Dumping data for table `ec_order_return_histories`
--


--
-- Table structure for table `ec_order_return_items`
--

CREATE TABLE `ec_order_return_items` (
  `id` bigint unsigned NOT NULL AUTO_INCREMENT,
  `order_return_id` bigint unsigned NOT NULL COMMENT 'Order return id',
  `order_product_id` bigint unsigned NOT NULL COMMENT 'Order product id',
  `product_id` bigint unsigned NOT NULL COMMENT 'Product id',
  `product_name` varchar(191) COLLATE utf8mb4_unicode_ci NOT NULL,
  `product_image` varchar(191) COLLATE utf8mb4_unicode_ci DEFAULT NULL,
  `qty` int NOT NULL COMMENT 'Quantity return',
  `price` decimal(15,2) NOT NULL COMMENT 'Price Product',
  `reason` text COLLATE utf8mb4_unicode_ci,
  `created_at` timestamp NULL DEFAULT NULL,
  `updated_at` timestamp NULL DEFAULT NULL,
  `refund_amount` decimal(12,2) DEFAULT '0.00',
  PRIMARY KEY (`id`)
) ENGINE=InnoDB DEFAULT CHARSET=utf8mb4 COLLATE=utf8mb4_unicode_ci;

--
-- Dumping data for table `ec_order_return_items`
--


--
-- Table structure for table `ec_order_returns`
--

CREATE TABLE `ec_order_returns` (
  `id` bigint unsigned NOT NULL AUTO_INCREMENT,
  `code` varchar(191) COLLATE utf8mb4_unicode_ci DEFAULT NULL,
  `order_id` bigint unsigned NOT NULL COMMENT 'Order ID',
  `store_id` bigint unsigned DEFAULT NULL COMMENT 'Store ID',
  `user_id` bigint unsigned NOT NULL COMMENT 'Customer ID',
  `reason` text COLLATE utf8mb4_unicode_ci COMMENT 'Reason return order',
  `order_status` varchar(191) COLLATE utf8mb4_unicode_ci DEFAULT NULL COMMENT 'Order current status',
  `return_status` varchar(191) COLLATE utf8mb4_unicode_ci NOT NULL COMMENT 'Return status',
  `created_at` timestamp NULL DEFAULT NULL,
  `updated_at` timestamp NULL DEFAULT NULL,
  PRIMARY KEY (`id`),
  UNIQUE KEY `ec_order_returns_code_unique` (`code`)
) ENGINE=InnoDB DEFAULT CHARSET=utf8mb4 COLLATE=utf8mb4_unicode_ci;

--
-- Dumping data for table `ec_order_returns`
--


--
-- Table structure for table `ec_order_tax_information`
--

CREATE TABLE `ec_order_tax_information` (
  `id` bigint unsigned NOT NULL AUTO_INCREMENT,
  `order_id` bigint unsigned NOT NULL,
  `company_name` varchar(120) COLLATE utf8mb4_unicode_ci NOT NULL,
  `company_address` varchar(191) COLLATE utf8mb4_unicode_ci NOT NULL,
  `company_tax_code` varchar(20) COLLATE utf8mb4_unicode_ci NOT NULL,
  `company_email` varchar(60) COLLATE utf8mb4_unicode_ci NOT NULL,
  `created_at` timestamp NULL DEFAULT NULL,
  `updated_at` timestamp NULL DEFAULT NULL,
  PRIMARY KEY (`id`),
  KEY `ec_order_tax_information_order_id_index` (`order_id`)
) ENGINE=InnoDB DEFAULT CHARSET=utf8mb4 COLLATE=utf8mb4_unicode_ci;

--
-- Dumping data for table `ec_order_tax_information`
--


--
-- Table structure for table `ec_orders`
--

CREATE TABLE `ec_orders` (
  `id` bigint unsigned NOT NULL AUTO_INCREMENT,
  `code` varchar(191) COLLATE utf8mb4_unicode_ci DEFAULT NULL,
  `user_id` bigint unsigned NOT NULL,
  `shipping_option` varchar(60) COLLATE utf8mb4_unicode_ci DEFAULT NULL,
  `shipping_method` varchar(60) COLLATE utf8mb4_unicode_ci NOT NULL DEFAULT 'default',
  `status` varchar(120) COLLATE utf8mb4_unicode_ci NOT NULL DEFAULT 'pending',
  `amount` decimal(15,2) NOT NULL,
  `tax_amount` decimal(15,2) DEFAULT NULL,
  `shipping_amount` decimal(15,2) DEFAULT NULL,
  `description` text COLLATE utf8mb4_unicode_ci,
  `coupon_code` varchar(120) COLLATE utf8mb4_unicode_ci DEFAULT NULL,
  `discount_amount` decimal(15,2) DEFAULT NULL,
  `sub_total` decimal(15,2) NOT NULL,
  `is_confirmed` tinyint(1) NOT NULL DEFAULT '0',
  `discount_description` varchar(191) COLLATE utf8mb4_unicode_ci DEFAULT NULL,
  `is_finished` tinyint(1) DEFAULT '0',
  `cancellation_reason` varchar(191) COLLATE utf8mb4_unicode_ci DEFAULT NULL,
  `cancellation_reason_description` varchar(191) COLLATE utf8mb4_unicode_ci DEFAULT NULL,
  `completed_at` timestamp NULL DEFAULT NULL,
  `token` varchar(120) COLLATE utf8mb4_unicode_ci DEFAULT NULL,
  `payment_id` bigint unsigned DEFAULT NULL,
  `created_at` timestamp NULL DEFAULT NULL,
  `updated_at` timestamp NULL DEFAULT NULL,
  `store_id` bigint unsigned DEFAULT NULL,
  `proof_file` varchar(191) COLLATE utf8mb4_unicode_ci DEFAULT NULL,
  `private_notes` text COLLATE utf8mb4_unicode_ci,
  PRIMARY KEY (`id`),
  UNIQUE KEY `ec_orders_code_unique` (`code`),
  KEY `ec_orders_user_id_status_created_at_index` (`user_id`,`status`,`created_at`)
) ENGINE=InnoDB DEFAULT CHARSET=utf8mb4 COLLATE=utf8mb4_unicode_ci;

--
-- Dumping data for table `ec_orders`
--


--
-- Table structure for table `ec_product_attribute_sets`
--

CREATE TABLE `ec_product_attribute_sets` (
  `id` bigint unsigned NOT NULL AUTO_INCREMENT,
  `title` varchar(120) COLLATE utf8mb4_unicode_ci NOT NULL,
  `slug` varchar(120) COLLATE utf8mb4_unicode_ci DEFAULT NULL,
  `display_layout` varchar(191) COLLATE utf8mb4_unicode_ci NOT NULL DEFAULT 'swatch_dropdown',
  `is_searchable` tinyint unsigned NOT NULL DEFAULT '1',
  `is_comparable` tinyint unsigned NOT NULL DEFAULT '1',
  `is_use_in_product_listing` tinyint unsigned NOT NULL DEFAULT '0',
  `status` varchar(60) COLLATE utf8mb4_unicode_ci NOT NULL DEFAULT 'published',
  `order` tinyint unsigned NOT NULL DEFAULT '0',
  `created_at` timestamp NULL DEFAULT NULL,
  `updated_at` timestamp NULL DEFAULT NULL,
  `use_image_from_product_variation` tinyint unsigned NOT NULL DEFAULT '0',
  PRIMARY KEY (`id`)
) ENGINE=InnoDB AUTO_INCREMENT=5 DEFAULT CHARSET=utf8mb4 COLLATE=utf8mb4_unicode_ci;

--
-- Dumping data for table `ec_product_attribute_sets`
--

INSERT INTO `ec_product_attribute_sets` VALUES (1,'Color','color','visual',1,1,1,'published',0,'2025-03-31 21:08:11','2025-03-31 21:08:11',0),(2,'Size','size','text',1,1,1,'published',1,'2025-03-31 21:08:11','2025-03-31 21:08:11',0),(3,'Weight','weight','text',1,1,1,'published',0,'2025-03-31 21:08:11','2025-03-31 21:08:11',0),(4,'Boxes','boxes','text',1,1,1,'published',1,'2025-03-31 21:08:11','2025-03-31 21:08:11',0);

--
-- Table structure for table `ec_product_attribute_sets_translations`
--

CREATE TABLE `ec_product_attribute_sets_translations` (
  `lang_code` varchar(191) COLLATE utf8mb4_unicode_ci NOT NULL,
  `ec_product_attribute_sets_id` bigint unsigned NOT NULL,
  `title` varchar(191) COLLATE utf8mb4_unicode_ci DEFAULT NULL,
  PRIMARY KEY (`lang_code`,`ec_product_attribute_sets_id`)
) ENGINE=InnoDB DEFAULT CHARSET=utf8mb4 COLLATE=utf8mb4_unicode_ci;

--
-- Dumping data for table `ec_product_attribute_sets_translations`
--


--
-- Table structure for table `ec_product_attributes`
--

CREATE TABLE `ec_product_attributes` (
  `id` bigint unsigned NOT NULL AUTO_INCREMENT,
  `attribute_set_id` bigint unsigned NOT NULL,
  `title` varchar(120) COLLATE utf8mb4_unicode_ci NOT NULL,
  `slug` varchar(120) COLLATE utf8mb4_unicode_ci DEFAULT NULL,
  `color` varchar(120) COLLATE utf8mb4_unicode_ci DEFAULT NULL,
  `image` varchar(191) COLLATE utf8mb4_unicode_ci DEFAULT NULL,
  `is_default` tinyint unsigned NOT NULL DEFAULT '0',
  `order` tinyint unsigned NOT NULL DEFAULT '0',
  `created_at` timestamp NULL DEFAULT NULL,
  `updated_at` timestamp NULL DEFAULT NULL,
  PRIMARY KEY (`id`),
  KEY `attribute_set_status_index` (`attribute_set_id`)
) ENGINE=InnoDB AUTO_INCREMENT=21 DEFAULT CHARSET=utf8mb4 COLLATE=utf8mb4_unicode_ci;

--
-- Dumping data for table `ec_product_attributes`
--

INSERT INTO `ec_product_attributes` VALUES (1,1,'Green','green','#5FB7D4',NULL,1,1,'2025-03-31 21:08:11','2025-03-31 21:08:11'),(2,1,'Blue','blue','#333333',NULL,0,2,'2025-03-31 21:08:11','2025-03-31 21:08:11'),(3,1,'Red','red','#DA323F',NULL,0,3,'2025-03-31 21:08:11','2025-03-31 21:08:11'),(4,1,'Black','black','#2F366C',NULL,0,4,'2025-03-31 21:08:11','2025-03-31 21:08:11'),(5,1,'Brown','brown','#87554B',NULL,0,5,'2025-03-31 21:08:11','2025-03-31 21:08:11'),(6,2,'S','s',NULL,NULL,1,1,'2025-03-31 21:08:11','2025-03-31 21:08:11'),(7,2,'M','m',NULL,NULL,0,2,'2025-03-31 21:08:11','2025-03-31 21:08:11'),(8,2,'L','l',NULL,NULL,0,3,'2025-03-31 21:08:11','2025-03-31 21:08:11'),(9,2,'XL','xl',NULL,NULL,0,4,'2025-03-31 21:08:11','2025-03-31 21:08:11'),(10,2,'XXL','xxl',NULL,NULL,0,5,'2025-03-31 21:08:11','2025-03-31 21:08:11'),(11,3,'1KG','1kg',NULL,NULL,1,1,'2025-03-31 21:08:11','2025-03-31 21:08:11'),(12,3,'2KG','2kg',NULL,NULL,0,2,'2025-03-31 21:08:11','2025-03-31 21:08:11'),(13,3,'3KG','3kg',NULL,NULL,0,3,'2025-03-31 21:08:11','2025-03-31 21:08:11'),(14,3,'4KG','4kg',NULL,NULL,0,4,'2025-03-31 21:08:11','2025-03-31 21:08:11'),(15,3,'5KG','5kg',NULL,NULL,0,5,'2025-03-31 21:08:11','2025-03-31 21:08:11'),(16,4,'1 Box','1-box',NULL,NULL,1,1,'2025-03-31 21:08:11','2025-03-31 21:08:11'),(17,4,'2 Boxes','2-boxes',NULL,NULL,0,2,'2025-03-31 21:08:11','2025-03-31 21:08:11'),(18,4,'3 Boxes','3-boxes',NULL,NULL,0,3,'2025-03-31 21:08:11','2025-03-31 21:08:11'),(19,4,'4 Boxes','4-boxes',NULL,NULL,0,4,'2025-03-31 21:08:11','2025-03-31 21:08:11'),(20,4,'5 Boxes','5-boxes',NULL,NULL,0,5,'2025-03-31 21:08:11','2025-03-31 21:08:11');

--
-- Table structure for table `ec_product_attributes_translations`
--

CREATE TABLE `ec_product_attributes_translations` (
  `lang_code` varchar(191) COLLATE utf8mb4_unicode_ci NOT NULL,
  `ec_product_attributes_id` bigint unsigned NOT NULL,
  `title` varchar(191) COLLATE utf8mb4_unicode_ci DEFAULT NULL,
  PRIMARY KEY (`lang_code`,`ec_product_attributes_id`)
) ENGINE=InnoDB DEFAULT CHARSET=utf8mb4 COLLATE=utf8mb4_unicode_ci;

--
-- Dumping data for table `ec_product_attributes_translations`
--


--
-- Table structure for table `ec_product_categories`
--

CREATE TABLE `ec_product_categories` (
  `id` bigint unsigned NOT NULL AUTO_INCREMENT,
  `name` varchar(191) COLLATE utf8mb4_unicode_ci NOT NULL,
  `parent_id` bigint unsigned NOT NULL DEFAULT '0',
  `description` mediumtext COLLATE utf8mb4_unicode_ci,
  `status` varchar(60) COLLATE utf8mb4_unicode_ci NOT NULL DEFAULT 'published',
  `order` int unsigned NOT NULL DEFAULT '0',
  `image` varchar(191) COLLATE utf8mb4_unicode_ci DEFAULT NULL,
  `is_featured` tinyint unsigned NOT NULL DEFAULT '0',
  `created_at` timestamp NULL DEFAULT NULL,
  `updated_at` timestamp NULL DEFAULT NULL,
  `icon` varchar(191) COLLATE utf8mb4_unicode_ci DEFAULT NULL,
  `icon_image` varchar(191) COLLATE utf8mb4_unicode_ci DEFAULT NULL,
  PRIMARY KEY (`id`),
  KEY `ec_product_categories_parent_id_status_created_at_index` (`parent_id`,`status`,`created_at`),
  KEY `ec_product_categories_parent_id_status_index` (`parent_id`,`status`)
) ENGINE=InnoDB AUTO_INCREMENT=21 DEFAULT CHARSET=utf8mb4 COLLATE=utf8mb4_unicode_ci;

--
-- Dumping data for table `ec_product_categories`
--

INSERT INTO `ec_product_categories` VALUES (1,'Frozen Food',0,NULL,'published',0,'grocery/product-categories/1.jpg',1,'2025-03-31 21:08:21','2025-03-31 21:08:21',NULL,NULL),(2,'Baby Food',1,NULL,'published',0,NULL,0,'2025-03-31 21:08:21','2025-03-31 21:08:21',NULL,NULL),(3,'Strawberry',1,NULL,'published',1,NULL,0,'2025-03-31 21:08:21','2025-03-31 21:08:21',NULL,NULL),(4,'Ice Cream',1,NULL,'published',2,NULL,0,'2025-03-31 21:08:21','2025-03-31 21:08:21',NULL,NULL),(5,'Meat & Seafood',0,NULL,'published',1,'grocery/product-categories/2.jpg',1,'2025-03-31 21:08:21','2025-03-31 21:08:21',NULL,NULL),(6,'Chicken',5,NULL,'published',0,NULL,0,'2025-03-31 21:08:21','2025-03-31 21:08:21',NULL,NULL),(7,'Fish',5,NULL,'published',1,NULL,0,'2025-03-31 21:08:21','2025-03-31 21:08:21',NULL,NULL),(8,'Beef',5,NULL,'published',2,NULL,0,'2025-03-31 21:08:21','2025-03-31 21:08:21',NULL,NULL),(9,'Milk & Dairy',0,NULL,'published',2,'grocery/product-categories/3.jpg',1,'2025-03-31 21:08:21','2025-03-31 21:08:21',NULL,NULL),(10,'Milk',9,NULL,'published',0,NULL,0,'2025-03-31 21:08:21','2025-03-31 21:08:21',NULL,NULL),(11,'Cheese',9,NULL,'published',1,NULL,0,'2025-03-31 21:08:21','2025-03-31 21:08:21',NULL,NULL),(12,'Yogurt',9,NULL,'published',2,NULL,0,'2025-03-31 21:08:21','2025-03-31 21:08:21',NULL,NULL),(13,'Beverages',0,NULL,'published',3,'grocery/product-categories/4.jpg',1,'2025-03-31 21:08:21','2025-03-31 21:08:21',NULL,NULL),(14,'Vegetables',0,NULL,'published',4,'grocery/product-categories/5.jpg',1,'2025-03-31 21:08:21','2025-03-31 21:08:21',NULL,NULL),(15,'Carrot',14,NULL,'published',0,NULL,0,'2025-03-31 21:08:21','2025-03-31 21:08:21',NULL,NULL),(16,'Tomato',14,NULL,'published',1,NULL,0,'2025-03-31 21:08:21','2025-03-31 21:08:21',NULL,NULL),(17,'Potato',14,NULL,'published',2,NULL,0,'2025-03-31 21:08:21','2025-03-31 21:08:21',NULL,NULL),(18,'Fruits',0,NULL,'published',5,'grocery/product-categories/6.jpg',1,'2025-03-31 21:08:21','2025-03-31 21:08:21',NULL,NULL),(19,'Banana',18,NULL,'published',0,NULL,0,'2025-03-31 21:08:21','2025-03-31 21:08:21',NULL,NULL),(20,'Mango',18,NULL,'published',1,NULL,0,'2025-03-31 21:08:21','2025-03-31 21:08:21',NULL,NULL);

--
-- Table structure for table `ec_product_categories_translations`
--

CREATE TABLE `ec_product_categories_translations` (
  `lang_code` varchar(191) COLLATE utf8mb4_unicode_ci NOT NULL,
  `ec_product_categories_id` bigint unsigned NOT NULL,
  `name` varchar(191) COLLATE utf8mb4_unicode_ci DEFAULT NULL,
  `description` mediumtext COLLATE utf8mb4_unicode_ci,
  PRIMARY KEY (`lang_code`,`ec_product_categories_id`)
) ENGINE=InnoDB DEFAULT CHARSET=utf8mb4 COLLATE=utf8mb4_unicode_ci;

--
-- Dumping data for table `ec_product_categories_translations`
--


--
-- Table structure for table `ec_product_categorizables`
--

CREATE TABLE `ec_product_categorizables` (
  `category_id` bigint unsigned NOT NULL,
  `reference_id` bigint unsigned NOT NULL,
  `reference_type` varchar(120) COLLATE utf8mb4_unicode_ci NOT NULL,
  PRIMARY KEY (`category_id`,`reference_id`,`reference_type`),
  KEY `ec_product_categorizables_category_id_index` (`category_id`),
  KEY `ec_product_categorizables_reference_id_index` (`reference_id`),
  KEY `ec_product_categorizables_reference_type_index` (`reference_type`)
) ENGINE=InnoDB DEFAULT CHARSET=utf8mb4 COLLATE=utf8mb4_unicode_ci;

--
-- Dumping data for table `ec_product_categorizables`
--


--
-- Table structure for table `ec_product_category_product`
--

CREATE TABLE `ec_product_category_product` (
  `category_id` bigint unsigned NOT NULL,
  `product_id` bigint unsigned NOT NULL,
  PRIMARY KEY (`product_id`,`category_id`),
  KEY `ec_product_category_product_category_id_index` (`category_id`),
  KEY `ec_product_category_product_product_id_index` (`product_id`)
) ENGINE=InnoDB DEFAULT CHARSET=utf8mb4 COLLATE=utf8mb4_unicode_ci;

--
-- Dumping data for table `ec_product_category_product`
--

INSERT INTO `ec_product_category_product` VALUES (1,4),(1,8),(1,11),(1,14),(1,28),(1,29),(1,30),(2,2),(2,14),(2,25),(2,26),(2,30),(3,6),(3,24),(3,25),(3,27),(4,3),(4,7),(4,8),(4,16),(4,24),(4,26),(4,27),(5,4),(5,13),(5,17),(6,7),(6,9),(6,11),(6,13),(6,22),(6,29),(7,1),(7,10),(7,16),(7,21),(7,23),(8,4),(8,12),(8,18),(8,20),(8,21),(8,22),(8,25),(8,29),(9,2),(9,12),(9,15),(9,19),(9,30),(10,2),(10,4),(10,8),(10,15),(10,23),(10,24),(10,28),(11,3),(11,10),(11,22),(12,6),(12,9),(12,13),(12,17),(12,23),(13,1),(13,5),(13,7),(13,9),(13,12),(13,18),(13,19),(13,21),(13,27),(13,28),(13,29),(14,6),(14,15),(14,17),(14,18),(14,20),(14,30),(15,3),(15,5),(15,11),(15,21),(15,24),(15,25),(15,26),(16,7),(16,10),(16,14),(16,16),(16,18),(16,26),(17,1),(17,2),(17,3),(17,6),(17,9),(17,10),(17,11),(17,14),(17,20),(17,28),(18,5),(18,8),(18,16),(19,1),(19,5),(19,12),(19,19),(19,20),(19,22),(19,27),(20,13),(20,15),(20,17),(20,19),(20,23);

--
-- Table structure for table `ec_product_collection_products`
--

CREATE TABLE `ec_product_collection_products` (
  `product_collection_id` bigint unsigned NOT NULL,
  `product_id` bigint unsigned NOT NULL,
  PRIMARY KEY (`product_id`,`product_collection_id`),
  KEY `ec_product_collection_products_product_collection_id_index` (`product_collection_id`),
  KEY `ec_product_collection_products_product_id_index` (`product_id`)
) ENGINE=InnoDB DEFAULT CHARSET=utf8mb4 COLLATE=utf8mb4_unicode_ci;

--
-- Dumping data for table `ec_product_collection_products`
--

INSERT INTO `ec_product_collection_products` VALUES (1,3),(1,5),(1,10),(1,11),(1,13),(1,19),(1,21),(1,23),(1,24),(1,26),(1,28),(2,7),(2,9),(2,15),(2,17),(2,20),(2,25),(3,1),(3,2),(3,14),(3,18),(3,29),(3,30),(4,4),(4,6),(4,8),(4,12),(4,16),(4,22),(4,27);

--
-- Table structure for table `ec_product_collections`
--

CREATE TABLE `ec_product_collections` (
  `id` bigint unsigned NOT NULL AUTO_INCREMENT,
  `name` varchar(191) COLLATE utf8mb4_unicode_ci NOT NULL,
  `slug` varchar(191) COLLATE utf8mb4_unicode_ci NOT NULL,
  `description` varchar(400) COLLATE utf8mb4_unicode_ci DEFAULT NULL,
  `image` varchar(191) COLLATE utf8mb4_unicode_ci DEFAULT NULL,
  `status` varchar(60) COLLATE utf8mb4_unicode_ci NOT NULL DEFAULT 'published',
  `created_at` timestamp NULL DEFAULT NULL,
  `updated_at` timestamp NULL DEFAULT NULL,
  `is_featured` tinyint unsigned NOT NULL DEFAULT '0',
  PRIMARY KEY (`id`)
) ENGINE=InnoDB AUTO_INCREMENT=5 DEFAULT CHARSET=utf8mb4 COLLATE=utf8mb4_unicode_ci;

--
-- Dumping data for table `ec_product_collections`
--

INSERT INTO `ec_product_collections` VALUES (1,'Weekly Gadget Spotlight','weekly-gadget-spotlight',NULL,NULL,'published','2025-03-31 21:08:21','2025-03-31 21:08:21',0),(2,'Electronics Trendsetters','electronics-trendsetters',NULL,NULL,'published','2025-03-31 21:08:21','2025-03-31 21:08:21',0),(3,'Digital Workspace Gear','digital-workspace-gear',NULL,NULL,'published','2025-03-31 21:08:21','2025-03-31 21:08:21',0),(4,'Cutting-Edge Tech Showcase','cutting-edge-tech-showcase',NULL,NULL,'published','2025-03-31 21:08:21','2025-03-31 21:08:21',0);

--
-- Table structure for table `ec_product_collections_translations`
--

CREATE TABLE `ec_product_collections_translations` (
  `lang_code` varchar(191) COLLATE utf8mb4_unicode_ci NOT NULL,
  `ec_product_collections_id` bigint unsigned NOT NULL,
  `name` varchar(191) COLLATE utf8mb4_unicode_ci DEFAULT NULL,
  `description` varchar(400) COLLATE utf8mb4_unicode_ci DEFAULT NULL,
  PRIMARY KEY (`lang_code`,`ec_product_collections_id`)
) ENGINE=InnoDB DEFAULT CHARSET=utf8mb4 COLLATE=utf8mb4_unicode_ci;

--
-- Dumping data for table `ec_product_collections_translations`
--


--
-- Table structure for table `ec_product_cross_sale_relations`
--

CREATE TABLE `ec_product_cross_sale_relations` (
  `from_product_id` bigint unsigned NOT NULL,
  `to_product_id` bigint unsigned NOT NULL,
  `is_variant` tinyint(1) NOT NULL DEFAULT '0',
  `price` decimal(15,2) DEFAULT '0.00',
  `price_type` varchar(191) COLLATE utf8mb4_unicode_ci NOT NULL DEFAULT 'fixed',
  `apply_to_all_variations` tinyint(1) NOT NULL DEFAULT '1',
  PRIMARY KEY (`from_product_id`,`to_product_id`),
  KEY `ec_product_cross_sale_relations_from_product_id_index` (`from_product_id`),
  KEY `ec_product_cross_sale_relations_to_product_id_index` (`to_product_id`)
) ENGINE=InnoDB DEFAULT CHARSET=utf8mb4 COLLATE=utf8mb4_unicode_ci;

--
-- Dumping data for table `ec_product_cross_sale_relations`
--

INSERT INTO `ec_product_cross_sale_relations` VALUES (1,5,0,0.00,'fixed',1),(1,10,0,0.00,'fixed',1),(1,11,0,0.00,'fixed',1),(1,13,0,0.00,'fixed',1),(1,21,0,0.00,'fixed',1),(1,22,0,0.00,'fixed',1),(1,30,0,0.00,'fixed',1),(2,4,0,0.00,'fixed',1),(2,5,0,0.00,'fixed',1),(2,11,0,0.00,'fixed',1),(2,17,0,0.00,'fixed',1),(2,20,0,0.00,'fixed',1),(2,30,0,0.00,'fixed',1),(3,1,0,0.00,'fixed',1),(3,5,0,0.00,'fixed',1),(3,6,0,0.00,'fixed',1),(3,9,0,0.00,'fixed',1),(3,10,0,0.00,'fixed',1),(3,23,0,0.00,'fixed',1),(4,2,0,0.00,'fixed',1),(4,21,0,0.00,'fixed',1),(4,26,0,0.00,'fixed',1),(4,28,0,0.00,'fixed',1),(4,30,0,0.00,'fixed',1),(5,12,0,0.00,'fixed',1),(5,13,0,0.00,'fixed',1),(5,16,0,0.00,'fixed',1),(5,20,0,0.00,'fixed',1),(5,21,0,0.00,'fixed',1),(5,25,0,0.00,'fixed',1),(5,28,0,0.00,'fixed',1),(6,4,0,0.00,'fixed',1),(6,5,0,0.00,'fixed',1),(6,9,0,0.00,'fixed',1),(6,12,0,0.00,'fixed',1),(6,24,0,0.00,'fixed',1),(6,25,0,0.00,'fixed',1),(6,29,0,0.00,'fixed',1),(7,9,0,0.00,'fixed',1),(7,19,0,0.00,'fixed',1),(7,20,0,0.00,'fixed',1),(7,24,0,0.00,'fixed',1),(7,26,0,0.00,'fixed',1),(7,29,0,0.00,'fixed',1),(8,9,0,0.00,'fixed',1),(8,16,0,0.00,'fixed',1),(8,19,0,0.00,'fixed',1),(8,26,0,0.00,'fixed',1),(8,30,0,0.00,'fixed',1),(9,3,0,0.00,'fixed',1),(9,4,0,0.00,'fixed',1),(9,5,0,0.00,'fixed',1),(9,7,0,0.00,'fixed',1),(9,14,0,0.00,'fixed',1),(9,27,0,0.00,'fixed',1),(9,28,0,0.00,'fixed',1),(10,4,0,0.00,'fixed',1),(10,12,0,0.00,'fixed',1),(10,18,0,0.00,'fixed',1),(10,22,0,0.00,'fixed',1),(10,26,0,0.00,'fixed',1),(11,2,0,0.00,'fixed',1),(11,3,0,0.00,'fixed',1),(11,24,0,0.00,'fixed',1),(11,26,0,0.00,'fixed',1),(11,27,0,0.00,'fixed',1),(11,28,0,0.00,'fixed',1),(12,8,0,0.00,'fixed',1),(12,11,0,0.00,'fixed',1),(12,13,0,0.00,'fixed',1),(12,15,0,0.00,'fixed',1),(12,25,0,0.00,'fixed',1),(12,26,0,0.00,'fixed',1),(12,28,0,0.00,'fixed',1),(13,4,0,0.00,'fixed',1),(13,7,0,0.00,'fixed',1),(13,15,0,0.00,'fixed',1),(13,17,0,0.00,'fixed',1),(13,25,0,0.00,'fixed',1),(13,26,0,0.00,'fixed',1),(14,2,0,0.00,'fixed',1),(14,7,0,0.00,'fixed',1),(14,12,0,0.00,'fixed',1),(14,13,0,0.00,'fixed',1),(14,16,0,0.00,'fixed',1),(14,23,0,0.00,'fixed',1),(14,25,0,0.00,'fixed',1),(15,6,0,0.00,'fixed',1),(15,10,0,0.00,'fixed',1),(15,16,0,0.00,'fixed',1),(15,20,0,0.00,'fixed',1),(15,22,0,0.00,'fixed',1),(15,26,0,0.00,'fixed',1),(15,28,0,0.00,'fixed',1),(16,2,0,0.00,'fixed',1),(16,24,0,0.00,'fixed',1),(16,25,0,0.00,'fixed',1),(16,27,0,0.00,'fixed',1),(16,30,0,0.00,'fixed',1),(17,9,0,0.00,'fixed',1),(17,10,0,0.00,'fixed',1),(17,13,0,0.00,'fixed',1),(17,15,0,0.00,'fixed',1),(17,20,0,0.00,'fixed',1),(18,3,0,0.00,'fixed',1),(18,6,0,0.00,'fixed',1),(18,7,0,0.00,'fixed',1),(18,26,0,0.00,'fixed',1),(18,28,0,0.00,'fixed',1),(18,30,0,0.00,'fixed',1),(19,6,0,0.00,'fixed',1),(19,10,0,0.00,'fixed',1),(19,11,0,0.00,'fixed',1),(19,17,0,0.00,'fixed',1),(19,22,0,0.00,'fixed',1),(19,29,0,0.00,'fixed',1),(20,7,0,0.00,'fixed',1),(20,13,0,0.00,'fixed',1),(20,18,0,0.00,'fixed',1),(20,21,0,0.00,'fixed',1),(20,23,0,0.00,'fixed',1),(20,24,0,0.00,'fixed',1),(20,27,0,0.00,'fixed',1),(21,7,0,0.00,'fixed',1),(21,15,0,0.00,'fixed',1),(21,16,0,0.00,'fixed',1),(21,17,0,0.00,'fixed',1),(21,23,0,0.00,'fixed',1),(21,24,0,0.00,'fixed',1),(21,28,0,0.00,'fixed',1),(22,5,0,0.00,'fixed',1),(22,8,0,0.00,'fixed',1),(22,16,0,0.00,'fixed',1),(22,19,0,0.00,'fixed',1),(22,21,0,0.00,'fixed',1),(22,23,0,0.00,'fixed',1),(23,3,0,0.00,'fixed',1),(23,4,0,0.00,'fixed',1),(23,7,0,0.00,'fixed',1),(23,9,0,0.00,'fixed',1),(23,12,0,0.00,'fixed',1),(23,24,0,0.00,'fixed',1),(23,25,0,0.00,'fixed',1),(24,5,0,0.00,'fixed',1),(24,7,0,0.00,'fixed',1),(24,9,0,0.00,'fixed',1),(24,10,0,0.00,'fixed',1),(24,14,0,0.00,'fixed',1),(24,21,0,0.00,'fixed',1),(24,25,0,0.00,'fixed',1),(25,7,0,0.00,'fixed',1),(25,8,0,0.00,'fixed',1),(25,12,0,0.00,'fixed',1),(25,16,0,0.00,'fixed',1),(25,17,0,0.00,'fixed',1),(25,19,0,0.00,'fixed',1),(26,2,0,0.00,'fixed',1),(26,3,0,0.00,'fixed',1),(26,4,0,0.00,'fixed',1),(26,11,0,0.00,'fixed',1),(26,28,0,0.00,'fixed',1),(26,29,0,0.00,'fixed',1),(27,4,0,0.00,'fixed',1),(27,11,0,0.00,'fixed',1),(27,12,0,0.00,'fixed',1),(27,14,0,0.00,'fixed',1),(27,20,0,0.00,'fixed',1),(27,22,0,0.00,'fixed',1),(28,1,0,0.00,'fixed',1),(28,5,0,0.00,'fixed',1),(28,8,0,0.00,'fixed',1),(28,24,0,0.00,'fixed',1),(28,27,0,0.00,'fixed',1),(28,29,0,0.00,'fixed',1),(29,13,0,0.00,'fixed',1),(29,19,0,0.00,'fixed',1),(29,20,0,0.00,'fixed',1),(29,21,0,0.00,'fixed',1),(29,22,0,0.00,'fixed',1),(29,23,0,0.00,'fixed',1),(30,1,0,0.00,'fixed',1),(30,2,0,0.00,'fixed',1),(30,10,0,0.00,'fixed',1),(30,20,0,0.00,'fixed',1),(30,22,0,0.00,'fixed',1),(30,28,0,0.00,'fixed',1),(30,29,0,0.00,'fixed',1);

--
-- Table structure for table `ec_product_files`
--

CREATE TABLE `ec_product_files` (
  `id` bigint unsigned NOT NULL AUTO_INCREMENT,
  `product_id` bigint unsigned DEFAULT NULL,
  `url` varchar(400) COLLATE utf8mb4_unicode_ci DEFAULT NULL,
  `extras` mediumtext COLLATE utf8mb4_unicode_ci,
  `created_at` timestamp NULL DEFAULT NULL,
  `updated_at` timestamp NULL DEFAULT NULL,
  PRIMARY KEY (`id`),
  KEY `ec_product_files_product_id_index` (`product_id`)
) ENGINE=InnoDB AUTO_INCREMENT=26 DEFAULT CHARSET=utf8mb4 COLLATE=utf8mb4_unicode_ci;

--
-- Dumping data for table `ec_product_files`
--

INSERT INTO `ec_product_files` VALUES (1,4,'ecommerce/digital-product-files/product-16.jpg','{\"filename\":\"product-16.jpg\",\"url\":\"ecommerce\\/digital-product-files\\/product-16.jpg\",\"mime_type\":\"image\\/jpeg\",\"size\":9803,\"modified\":\"2025-04-01 04:08:23\",\"name\":\"product-16\",\"extension\":\"jpg\"}','2025-03-31 21:08:23','2025-03-31 21:08:23'),(2,4,'ecommerce/digital-product-files/product-14.jpg','{\"filename\":\"product-14.jpg\",\"url\":\"ecommerce\\/digital-product-files\\/product-14.jpg\",\"mime_type\":\"image\\/jpeg\",\"size\":9803,\"modified\":\"2025-04-01 04:08:23\",\"name\":\"product-14\",\"extension\":\"jpg\"}','2025-03-31 21:08:23','2025-03-31 21:08:23'),(3,8,'ecommerce/digital-product-files/product-7.jpg','{\"filename\":\"product-7.jpg\",\"url\":\"ecommerce\\/digital-product-files\\/product-7.jpg\",\"mime_type\":\"image\\/jpeg\",\"size\":9803,\"modified\":\"2025-04-01 04:08:23\",\"name\":\"product-7\",\"extension\":\"jpg\"}','2025-03-31 21:08:23','2025-03-31 21:08:23'),(4,8,'ecommerce/digital-product-files/product-17.jpg','{\"filename\":\"product-17.jpg\",\"url\":\"ecommerce\\/digital-product-files\\/product-17.jpg\",\"mime_type\":\"image\\/jpeg\",\"size\":9803,\"modified\":\"2025-04-01 04:08:23\",\"name\":\"product-17\",\"extension\":\"jpg\"}','2025-03-31 21:08:23','2025-03-31 21:08:23'),(5,12,'ecommerce/digital-product-files/product-4.jpg','{\"filename\":\"product-4.jpg\",\"url\":\"ecommerce\\/digital-product-files\\/product-4.jpg\",\"mime_type\":\"image\\/jpeg\",\"size\":9803,\"modified\":\"2025-04-01 04:08:23\",\"name\":\"product-4\",\"extension\":\"jpg\"}','2025-03-31 21:08:23','2025-03-31 21:08:23'),(6,12,'ecommerce/digital-product-files/product-3.jpg','{\"filename\":\"product-3.jpg\",\"url\":\"ecommerce\\/digital-product-files\\/product-3.jpg\",\"mime_type\":\"image\\/jpeg\",\"size\":9803,\"modified\":\"2025-04-01 04:08:23\",\"name\":\"product-3\",\"extension\":\"jpg\"}','2025-03-31 21:08:23','2025-03-31 21:08:23'),(7,16,'ecommerce/digital-product-files/product-1.jpg','{\"filename\":\"product-1.jpg\",\"url\":\"ecommerce\\/digital-product-files\\/product-1.jpg\",\"mime_type\":\"image\\/jpeg\",\"size\":9803,\"modified\":\"2025-04-01 04:08:23\",\"name\":\"product-1\",\"extension\":\"jpg\"}','2025-03-31 21:08:23','2025-03-31 21:08:23'),(8,16,'ecommerce/digital-product-files/product-14.jpg','{\"filename\":\"product-14.jpg\",\"url\":\"ecommerce\\/digital-product-files\\/product-14.jpg\",\"mime_type\":\"image\\/jpeg\",\"size\":9803,\"modified\":\"2025-04-01 04:08:23\",\"name\":\"product-14\",\"extension\":\"jpg\"}','2025-03-31 21:08:23','2025-03-31 21:08:23'),(9,20,'ecommerce/digital-product-files/product-details-desc-3.jpg','{\"filename\":\"product-details-desc-3.jpg\",\"url\":\"ecommerce\\/digital-product-files\\/product-details-desc-3.jpg\",\"mime_type\":\"image\\/jpeg\",\"size\":9803,\"modified\":\"2025-04-01 04:08:23\",\"name\":\"product-details-desc-3\",\"extension\":\"jpg\"}','2025-03-31 21:08:23','2025-03-31 21:08:23'),(10,20,'ecommerce/digital-product-files/product-16.jpg','{\"filename\":\"product-16.jpg\",\"url\":\"ecommerce\\/digital-product-files\\/product-16.jpg\",\"mime_type\":\"image\\/jpeg\",\"size\":9803,\"modified\":\"2025-04-01 04:08:23\",\"name\":\"product-16\",\"extension\":\"jpg\"}','2025-03-31 21:08:23','2025-03-31 21:08:23'),(11,24,'ecommerce/digital-product-files/product-5.jpg','{\"filename\":\"product-5.jpg\",\"url\":\"ecommerce\\/digital-product-files\\/product-5.jpg\",\"mime_type\":\"image\\/jpeg\",\"size\":9803,\"modified\":\"2025-04-01 04:08:23\",\"name\":\"product-5\",\"extension\":\"jpg\"}','2025-03-31 21:08:23','2025-03-31 21:08:23'),(12,24,'ecommerce/digital-product-files/product-details-desc-3.jpg','{\"filename\":\"product-details-desc-3.jpg\",\"url\":\"ecommerce\\/digital-product-files\\/product-details-desc-3.jpg\",\"mime_type\":\"image\\/jpeg\",\"size\":9803,\"modified\":\"2025-04-01 04:08:23\",\"name\":\"product-details-desc-3\",\"extension\":\"jpg\"}','2025-03-31 21:08:23','2025-03-31 21:08:23'),(13,28,'ecommerce/digital-product-files/product-8.jpg','{\"filename\":\"product-8.jpg\",\"url\":\"ecommerce\\/digital-product-files\\/product-8.jpg\",\"mime_type\":\"image\\/jpeg\",\"size\":9803,\"modified\":\"2025-04-01 04:08:23\",\"name\":\"product-8\",\"extension\":\"jpg\"}','2025-03-31 21:08:23','2025-03-31 21:08:23'),(14,28,'ecommerce/digital-product-files/product-14.jpg','{\"filename\":\"product-14.jpg\",\"url\":\"ecommerce\\/digital-product-files\\/product-14.jpg\",\"mime_type\":\"image\\/jpeg\",\"size\":9803,\"modified\":\"2025-04-01 04:08:23\",\"name\":\"product-14\",\"extension\":\"jpg\"}','2025-03-31 21:08:23','2025-03-31 21:08:23'),(15,39,'ecommerce/digital-product-files/product-17.jpg','{\"filename\":\"product-17.jpg\",\"url\":\"ecommerce\\/digital-product-files\\/product-17.jpg\",\"mime_type\":\"image\\/jpeg\",\"size\":9803,\"modified\":\"2025-04-01 04:08:23\",\"name\":\"product-17\",\"extension\":\"jpg\"}','2025-03-31 21:08:23','2025-03-31 21:08:23'),(16,40,'ecommerce/digital-product-files/product-11.jpg','{\"filename\":\"product-11.jpg\",\"url\":\"ecommerce\\/digital-product-files\\/product-11.jpg\",\"mime_type\":\"image\\/jpeg\",\"size\":9803,\"modified\":\"2025-04-01 04:08:23\",\"name\":\"product-11\",\"extension\":\"jpg\"}','2025-03-31 21:08:23','2025-03-31 21:08:23'),(17,41,'ecommerce/digital-product-files/product-14.jpg','{\"filename\":\"product-14.jpg\",\"url\":\"ecommerce\\/digital-product-files\\/product-14.jpg\",\"mime_type\":\"image\\/jpeg\",\"size\":9803,\"modified\":\"2025-04-01 04:08:23\",\"name\":\"product-14\",\"extension\":\"jpg\"}','2025-03-31 21:08:23','2025-03-31 21:08:23'),(18,42,'ecommerce/digital-product-files/product-18.jpg','{\"filename\":\"product-18.jpg\",\"url\":\"ecommerce\\/digital-product-files\\/product-18.jpg\",\"mime_type\":\"image\\/jpeg\",\"size\":9803,\"modified\":\"2025-04-01 04:08:23\",\"name\":\"product-18\",\"extension\":\"jpg\"}','2025-03-31 21:08:23','2025-03-31 21:08:23'),(19,46,'ecommerce/digital-product-files/product-3.jpg','{\"filename\":\"product-3.jpg\",\"url\":\"ecommerce\\/digital-product-files\\/product-3.jpg\",\"mime_type\":\"image\\/jpeg\",\"size\":9803,\"modified\":\"2025-04-01 04:08:23\",\"name\":\"product-3\",\"extension\":\"jpg\"}','2025-03-31 21:08:23','2025-03-31 21:08:23'),(20,47,'ecommerce/digital-product-files/product-16.jpg','{\"filename\":\"product-16.jpg\",\"url\":\"ecommerce\\/digital-product-files\\/product-16.jpg\",\"mime_type\":\"image\\/jpeg\",\"size\":9803,\"modified\":\"2025-04-01 04:08:23\",\"name\":\"product-16\",\"extension\":\"jpg\"}','2025-03-31 21:08:23','2025-03-31 21:08:23'),(21,48,'ecommerce/digital-product-files/product-4.jpg','{\"filename\":\"product-4.jpg\",\"url\":\"ecommerce\\/digital-product-files\\/product-4.jpg\",\"mime_type\":\"image\\/jpeg\",\"size\":9803,\"modified\":\"2025-04-01 04:08:23\",\"name\":\"product-4\",\"extension\":\"jpg\"}','2025-03-31 21:08:23','2025-03-31 21:08:23'),(22,60,'ecommerce/digital-product-files/product-details-desc-3.jpg','{\"filename\":\"product-details-desc-3.jpg\",\"url\":\"ecommerce\\/digital-product-files\\/product-details-desc-3.jpg\",\"mime_type\":\"image\\/jpeg\",\"size\":9803,\"modified\":\"2025-04-01 04:08:23\",\"name\":\"product-details-desc-3\",\"extension\":\"jpg\"}','2025-03-31 21:08:23','2025-03-31 21:08:23'),(23,61,'ecommerce/digital-product-files/product-16.jpg','{\"filename\":\"product-16.jpg\",\"url\":\"ecommerce\\/digital-product-files\\/product-16.jpg\",\"mime_type\":\"image\\/jpeg\",\"size\":9803,\"modified\":\"2025-04-01 04:08:23\",\"name\":\"product-16\",\"extension\":\"jpg\"}','2025-03-31 21:08:23','2025-03-31 21:08:23'),(24,62,'ecommerce/digital-product-files/product-details-desc-1.jpg','{\"filename\":\"product-details-desc-1.jpg\",\"url\":\"ecommerce\\/digital-product-files\\/product-details-desc-1.jpg\",\"mime_type\":\"image\\/jpeg\",\"size\":9803,\"modified\":\"2025-04-01 04:08:23\",\"name\":\"product-details-desc-1\",\"extension\":\"jpg\"}','2025-03-31 21:08:23','2025-03-31 21:08:23'),(25,63,'ecommerce/digital-product-files/product-details-desc-2.jpg','{\"filename\":\"product-details-desc-2.jpg\",\"url\":\"ecommerce\\/digital-product-files\\/product-details-desc-2.jpg\",\"mime_type\":\"image\\/jpeg\",\"size\":9803,\"modified\":\"2025-04-01 04:08:23\",\"name\":\"product-details-desc-2\",\"extension\":\"jpg\"}','2025-03-31 21:08:23','2025-03-31 21:08:23');

--
-- Table structure for table `ec_product_label_products`
--

CREATE TABLE `ec_product_label_products` (
  `product_label_id` bigint unsigned NOT NULL,
  `product_id` bigint unsigned NOT NULL,
  PRIMARY KEY (`product_label_id`,`product_id`),
  KEY `ec_product_label_products_product_label_id_index` (`product_label_id`),
  KEY `ec_product_label_products_product_id_index` (`product_id`)
) ENGINE=InnoDB DEFAULT CHARSET=utf8mb4 COLLATE=utf8mb4_unicode_ci;

--
-- Dumping data for table `ec_product_label_products`
--

INSERT INTO `ec_product_label_products` VALUES (1,3),(1,12),(1,15),(1,18),(1,21),(1,24),(1,27),(2,6),(2,9),(2,30);

--
-- Table structure for table `ec_product_labels`
--

CREATE TABLE `ec_product_labels` (
  `id` bigint unsigned NOT NULL AUTO_INCREMENT,
  `name` varchar(191) COLLATE utf8mb4_unicode_ci NOT NULL,
  `color` varchar(120) COLLATE utf8mb4_unicode_ci DEFAULT NULL,
  `status` varchar(60) COLLATE utf8mb4_unicode_ci NOT NULL DEFAULT 'published',
  `created_at` timestamp NULL DEFAULT NULL,
  `updated_at` timestamp NULL DEFAULT NULL,
  `text_color` varchar(120) COLLATE utf8mb4_unicode_ci DEFAULT NULL,
  PRIMARY KEY (`id`)
) ENGINE=InnoDB AUTO_INCREMENT=4 DEFAULT CHARSET=utf8mb4 COLLATE=utf8mb4_unicode_ci;

--
-- Dumping data for table `ec_product_labels`
--

INSERT INTO `ec_product_labels` VALUES (1,'Hot','#AC2200','published','2025-03-31 21:08:11','2025-03-31 21:08:11',NULL),(2,'New','#006554','published','2025-03-31 21:08:11','2025-03-31 21:08:11',NULL),(3,'Sale','#9A3B00','published','2025-03-31 21:08:11','2025-03-31 21:08:11',NULL);

--
-- Table structure for table `ec_product_labels_translations`
--

CREATE TABLE `ec_product_labels_translations` (
  `lang_code` varchar(191) COLLATE utf8mb4_unicode_ci NOT NULL,
  `ec_product_labels_id` bigint unsigned NOT NULL,
  `name` varchar(191) COLLATE utf8mb4_unicode_ci DEFAULT NULL,
  `description` varchar(400) COLLATE utf8mb4_unicode_ci DEFAULT NULL,
  PRIMARY KEY (`lang_code`,`ec_product_labels_id`)
) ENGINE=InnoDB DEFAULT CHARSET=utf8mb4 COLLATE=utf8mb4_unicode_ci;

--
-- Dumping data for table `ec_product_labels_translations`
--


--
-- Table structure for table `ec_product_related_relations`
--

CREATE TABLE `ec_product_related_relations` (
  `from_product_id` bigint unsigned NOT NULL,
  `to_product_id` bigint unsigned NOT NULL,
  PRIMARY KEY (`from_product_id`,`to_product_id`),
  KEY `ec_product_related_relations_from_product_id_index` (`from_product_id`),
  KEY `ec_product_related_relations_to_product_id_index` (`to_product_id`)
) ENGINE=InnoDB DEFAULT CHARSET=utf8mb4 COLLATE=utf8mb4_unicode_ci;

--
-- Dumping data for table `ec_product_related_relations`
--


--
-- Table structure for table `ec_product_specification_attribute`
--

CREATE TABLE `ec_product_specification_attribute` (
  `product_id` bigint unsigned NOT NULL,
  `attribute_id` bigint unsigned NOT NULL,
  `value` text COLLATE utf8mb4_unicode_ci,
  `hidden` tinyint(1) NOT NULL DEFAULT '0',
  `order` tinyint NOT NULL DEFAULT '0',
  PRIMARY KEY (`product_id`,`attribute_id`)
) ENGINE=InnoDB DEFAULT CHARSET=utf8mb4 COLLATE=utf8mb4_unicode_ci;

--
-- Dumping data for table `ec_product_specification_attribute`
--

INSERT INTO `ec_product_specification_attribute` VALUES (1,6,'70.94 cm',0,0),(1,7,'39.63 cm',0,0),(1,8,'2560x1440',0,0),(2,6,'6.32 cm',0,0),(2,7,'12.2 cm',0,0),(2,8,'3840x2160',0,0),(3,6,'22.7 cm',0,0),(3,7,'61.05 cm',0,0),(3,8,'3840x2160',0,0),(4,6,'17.2 cm',0,0),(4,7,'33.92 cm',0,0),(4,8,'1920x1080',0,0),(5,1,'5.38 cm',0,0),(5,2,'49.79 cm',0,0),(5,3,'57.01 cm',0,0),(5,4,'30.07 cm',0,0),(5,5,'82.56 cm',0,0),(6,6,'71.17 cm',0,0),(6,7,'53.81 cm',0,0),(6,8,'2560x1440',0,0),(7,6,'83.96 cm',0,0),(7,7,'74.78 cm',0,0),(7,8,'3840x2160',0,0),(8,1,'99.36 cm',0,0),(8,2,'62.39 cm',0,0),(8,3,'50.13 cm',0,0),(8,4,'62.39 cm',0,0),(8,5,'17.04 cm',0,0),(9,6,'91.77 cm',0,0),(9,7,'89.71 cm',0,0),(9,8,'3840x2160',0,0),(10,1,'87.96 cm',0,0),(10,2,'27.38 cm',0,0),(10,3,'2.99 cm',0,0),(10,4,'33.33 cm',0,0),(10,5,'74.46 cm',0,0),(11,6,'68.78 cm',0,0),(11,7,'24.24 cm',0,0),(11,8,'1920x1080',0,0),(12,1,'22.68 cm',0,0),(12,2,'57.74 cm',0,0),(12,3,'40.58 cm',0,0),(12,4,'45.7 cm',0,0),(12,5,'22.93 cm',0,0),(13,1,'22.19 cm',0,0),(13,2,'82.74 cm',0,0),(13,3,'67.67 cm',0,0),(13,4,'66.53 cm',0,0),(13,5,'9.5 cm',0,0),(14,6,'85.07 cm',0,0),(14,7,'74.11 cm',0,0),(14,8,'2560x1440',0,0),(15,6,'36.08 cm',0,0),(15,7,'63.41 cm',0,0),(15,8,'1920x1080',0,0),(16,6,'48.03 cm',0,0),(16,7,'4.26 cm',0,0),(16,8,'3840x2160',0,0),(17,6,'87.28 cm',0,0),(17,7,'92.41 cm',0,0),(17,8,'1920x1080',0,0),(18,1,'81.35 cm',0,0),(18,2,'82.9 cm',0,0),(18,3,'75.3 cm',0,0),(18,4,'57.38 cm',0,0),(18,5,'79.84 cm',0,0),(19,6,'27.77 cm',0,0),(19,7,'89.08 cm',0,0),(19,8,'1920x1080',0,0),(20,6,'67.73 cm',0,0),(20,7,'32.14 cm',0,0),(20,8,'2560x1440',0,0),(21,6,'91.25 cm',0,0),(21,7,'67.95 cm',0,0),(21,8,'3840x2160',0,0),(22,1,'22.96 cm',0,0),(22,2,'44.15 cm',0,0),(22,3,'62.11 cm',0,0),(22,4,'80.58 cm',0,0),(22,5,'96.94 cm',0,0),(23,6,'6.76 cm',0,0),(23,7,'74.58 cm',0,0),(23,8,'2560x1440',0,0),(24,6,'39.3 cm',0,0),(24,7,'89.63 cm',0,0),(24,8,'2560x1440',0,0),(25,1,'38.88 cm',0,0),(25,2,'78.1 cm',0,0),(25,3,'94.21 cm',0,0),(25,4,'30.67 cm',0,0),(25,5,'58.62 cm',0,0),(26,6,'76.34 cm',0,0),(26,7,'1.13 cm',0,0),(26,8,'2560x1440',0,0),(27,1,'77.35 cm',0,0),(27,2,'31.53 cm',0,0),(27,3,'66.36 cm',0,0),(27,4,'36.06 cm',0,0),(27,5,'19.85 cm',0,0),(28,6,'25.87 cm',0,0),(28,7,'21.08 cm',0,0),(28,8,'2560x1440',0,0),(29,1,'11.15 cm',0,0),(29,2,'62.99 cm',0,0),(29,3,'78.22 cm',0,0),(29,4,'61.47 cm',0,0),(29,5,'5.03 cm',0,0),(30,1,'28.17 cm',0,0),(30,2,'25.29 cm',0,0),(30,3,'25.01 cm',0,0),(30,4,'47.73 cm',0,0),(30,5,'4.73 cm',0,0);

--
-- Table structure for table `ec_product_tag_product`
--

CREATE TABLE `ec_product_tag_product` (
  `product_id` bigint unsigned NOT NULL,
  `tag_id` bigint unsigned NOT NULL,
  PRIMARY KEY (`product_id`,`tag_id`),
  KEY `ec_product_tag_product_product_id_index` (`product_id`),
  KEY `ec_product_tag_product_tag_id_index` (`tag_id`)
) ENGINE=InnoDB DEFAULT CHARSET=utf8mb4 COLLATE=utf8mb4_unicode_ci;

--
-- Dumping data for table `ec_product_tag_product`
--

INSERT INTO `ec_product_tag_product` VALUES (1,1),(1,4),(1,5),(2,1),(2,5),(2,6),(3,3),(3,5),(3,6),(4,2),(4,4),(4,5),(5,3),(5,4),(5,5),(6,2),(6,5),(6,6),(7,1),(7,2),(7,5),(8,2),(8,4),(8,6),(9,1),(9,3),(9,6),(10,1),(10,4),(10,6),(11,1),(11,3),(11,5),(12,1),(12,2),(12,4),(13,4),(13,5),(13,6),(14,1),(14,5),(14,6),(15,2),(15,4),(15,5),(16,2),(16,3),(16,5),(17,1),(17,2),(17,6),(18,1),(18,2),(18,3),(19,3),(19,5),(19,6),(20,1),(20,2),(20,6),(21,1),(21,2),(21,4),(22,1),(22,2),(22,5),(23,2),(23,3),(23,6),(24,1),(24,4),(24,5),(25,1),(25,3),(25,6),(26,1),(26,3),(26,5),(27,2),(27,3),(27,5),(28,1),(28,3),(28,6),(29,2),(29,4),(29,6),(30,1),(30,2),(30,6);

--
-- Table structure for table `ec_product_tags`
--

CREATE TABLE `ec_product_tags` (
  `id` bigint unsigned NOT NULL AUTO_INCREMENT,
  `name` varchar(120) COLLATE utf8mb4_unicode_ci NOT NULL,
  `description` varchar(400) COLLATE utf8mb4_unicode_ci DEFAULT NULL,
  `status` varchar(60) COLLATE utf8mb4_unicode_ci NOT NULL DEFAULT 'published',
  `created_at` timestamp NULL DEFAULT NULL,
  `updated_at` timestamp NULL DEFAULT NULL,
  PRIMARY KEY (`id`)
) ENGINE=InnoDB AUTO_INCREMENT=7 DEFAULT CHARSET=utf8mb4 COLLATE=utf8mb4_unicode_ci;

--
-- Dumping data for table `ec_product_tags`
--

INSERT INTO `ec_product_tags` VALUES (1,'Electronic',NULL,'published','2025-03-31 21:08:15','2025-03-31 21:08:15'),(2,'Mobile',NULL,'published','2025-03-31 21:08:15','2025-03-31 21:08:15'),(3,'Iphone',NULL,'published','2025-03-31 21:08:15','2025-03-31 21:08:15'),(4,'Printer',NULL,'published','2025-03-31 21:08:15','2025-03-31 21:08:15'),(5,'Office',NULL,'published','2025-03-31 21:08:15','2025-03-31 21:08:15'),(6,'IT',NULL,'published','2025-03-31 21:08:15','2025-03-31 21:08:15');

--
-- Table structure for table `ec_product_tags_translations`
--

CREATE TABLE `ec_product_tags_translations` (
  `lang_code` varchar(191) COLLATE utf8mb4_unicode_ci NOT NULL,
  `ec_product_tags_id` bigint unsigned NOT NULL,
  `name` varchar(191) COLLATE utf8mb4_unicode_ci DEFAULT NULL,
  PRIMARY KEY (`lang_code`,`ec_product_tags_id`)
) ENGINE=InnoDB DEFAULT CHARSET=utf8mb4 COLLATE=utf8mb4_unicode_ci;

--
-- Dumping data for table `ec_product_tags_translations`
--


--
-- Table structure for table `ec_product_up_sale_relations`
--

CREATE TABLE `ec_product_up_sale_relations` (
  `from_product_id` bigint unsigned NOT NULL,
  `to_product_id` bigint unsigned NOT NULL,
  PRIMARY KEY (`from_product_id`,`to_product_id`),
  KEY `ec_product_up_sale_relations_from_product_id_index` (`from_product_id`),
  KEY `ec_product_up_sale_relations_to_product_id_index` (`to_product_id`)
) ENGINE=InnoDB DEFAULT CHARSET=utf8mb4 COLLATE=utf8mb4_unicode_ci;

--
-- Dumping data for table `ec_product_up_sale_relations`
--


--
-- Table structure for table `ec_product_variation_items`
--

CREATE TABLE `ec_product_variation_items` (
  `id` bigint unsigned NOT NULL AUTO_INCREMENT,
  `attribute_id` bigint unsigned NOT NULL,
  `variation_id` bigint unsigned NOT NULL,
  PRIMARY KEY (`id`),
  UNIQUE KEY `ec_product_variation_items_attribute_id_variation_id_unique` (`attribute_id`,`variation_id`),
  KEY `attribute_variation_index` (`attribute_id`,`variation_id`)
) ENGINE=InnoDB AUTO_INCREMENT=71 DEFAULT CHARSET=utf8mb4 COLLATE=utf8mb4_unicode_ci;

--
-- Dumping data for table `ec_product_variation_items`
--

INSERT INTO `ec_product_variation_items` VALUES (21,1,11),(33,1,17),(35,1,18),(5,2,3),(27,2,14),(31,2,16),(41,2,21),(47,2,24),(3,3,2),(7,3,4),(9,3,5),(25,3,13),(1,4,1),(15,4,8),(17,4,9),(29,4,15),(39,4,20),(45,4,23),(11,5,6),(13,5,7),(19,5,10),(23,5,12),(37,5,19),(43,5,22),(2,6,1),(16,6,8),(18,6,9),(30,6,15),(40,6,20),(10,7,5),(48,7,24),(6,8,3),(14,8,7),(26,8,13),(32,8,16),(38,8,19),(46,8,23),(4,9,2),(12,9,6),(22,9,11),(24,9,12),(28,9,14),(42,9,21),(44,9,22),(8,10,4),(20,10,10),(34,10,17),(36,10,18),(49,11,25),(59,11,30),(69,11,35),(51,12,26),(53,12,27),(61,12,31),(63,13,32),(65,13,33),(55,15,28),(57,15,29),(67,15,34),(54,16,27),(60,16,30),(52,17,26),(56,17,28),(64,17,32),(70,17,35),(58,18,29),(50,20,25),(62,20,31),(66,20,33),(68,20,34);

--
-- Table structure for table `ec_product_variations`
--

CREATE TABLE `ec_product_variations` (
  `id` bigint unsigned NOT NULL AUTO_INCREMENT,
  `product_id` bigint unsigned DEFAULT NULL,
  `configurable_product_id` bigint unsigned NOT NULL,
  `is_default` tinyint NOT NULL DEFAULT '0',
  PRIMARY KEY (`id`),
  UNIQUE KEY `ec_product_variations_product_id_configurable_product_id_unique` (`product_id`,`configurable_product_id`),
  KEY `configurable_product_index` (`product_id`,`configurable_product_id`)
) ENGINE=InnoDB AUTO_INCREMENT=36 DEFAULT CHARSET=utf8mb4 COLLATE=utf8mb4_unicode_ci;

--
-- Dumping data for table `ec_product_variations`
--

INSERT INTO `ec_product_variations` VALUES (1,31,1,1),(2,32,1,0),(3,33,1,0),(4,34,1,0),(5,35,3,1),(6,36,3,0),(7,37,5,1),(8,38,5,0),(9,39,8,1),(10,40,8,0),(11,41,8,0),(12,42,8,0),(13,43,9,1),(14,44,9,0),(15,45,9,0),(16,46,12,1),(17,47,12,0),(18,48,12,0),(19,49,13,1),(20,50,13,0),(21,51,13,0),(22,52,13,0),(23,53,14,1),(24,54,14,0),(25,55,17,1),(26,56,22,1),(27,57,22,0),(28,58,22,0),(29,59,22,0),(30,60,24,1),(31,61,24,0),(32,62,24,0),(33,63,24,0),(34,64,26,1),(35,65,26,0);

--
-- Table structure for table `ec_product_views`
--

CREATE TABLE `ec_product_views` (
  `id` bigint unsigned NOT NULL AUTO_INCREMENT,
  `product_id` bigint unsigned NOT NULL,
  `views` int NOT NULL DEFAULT '1',
  `date` date NOT NULL DEFAULT '2025-04-01',
  PRIMARY KEY (`id`),
  UNIQUE KEY `ec_product_views_product_id_date_unique` (`product_id`,`date`),
  KEY `ec_product_views_product_id_index` (`product_id`)
) ENGINE=InnoDB DEFAULT CHARSET=utf8mb4 COLLATE=utf8mb4_unicode_ci;

--
-- Dumping data for table `ec_product_views`
--


--
-- Table structure for table `ec_product_with_attribute_set`
--

CREATE TABLE `ec_product_with_attribute_set` (
  `attribute_set_id` bigint unsigned NOT NULL,
  `product_id` bigint unsigned NOT NULL,
  `order` tinyint unsigned NOT NULL DEFAULT '0',
  PRIMARY KEY (`product_id`,`attribute_set_id`)
) ENGINE=InnoDB DEFAULT CHARSET=utf8mb4 COLLATE=utf8mb4_unicode_ci;

--
-- Dumping data for table `ec_product_with_attribute_set`
--

INSERT INTO `ec_product_with_attribute_set` VALUES (1,1,0),(2,1,0),(1,3,0),(2,3,0),(1,5,0),(2,5,0),(1,8,0),(2,8,0),(1,9,0),(2,9,0),(1,12,0),(2,12,0),(1,13,0),(2,13,0),(1,14,0),(2,14,0),(3,17,0),(4,17,0),(3,22,0),(4,22,0),(3,24,0),(4,24,0),(3,26,0),(4,26,0);

--
-- Table structure for table `ec_products`
--

CREATE TABLE `ec_products` (
  `id` bigint unsigned NOT NULL AUTO_INCREMENT,
  `name` varchar(191) COLLATE utf8mb4_unicode_ci NOT NULL,
  `description` text COLLATE utf8mb4_unicode_ci,
  `content` longtext COLLATE utf8mb4_unicode_ci,
  `status` varchar(60) COLLATE utf8mb4_unicode_ci NOT NULL DEFAULT 'published',
  `images` text COLLATE utf8mb4_unicode_ci,
  `video_media` text COLLATE utf8mb4_unicode_ci,
  `sku` varchar(191) COLLATE utf8mb4_unicode_ci DEFAULT NULL,
  `order` int unsigned NOT NULL DEFAULT '0',
  `quantity` int unsigned DEFAULT NULL,
  `allow_checkout_when_out_of_stock` tinyint unsigned NOT NULL DEFAULT '0',
  `with_storehouse_management` tinyint unsigned NOT NULL DEFAULT '0',
  `stock_status` varchar(191) COLLATE utf8mb4_unicode_ci DEFAULT 'in_stock',
  `is_featured` tinyint unsigned NOT NULL DEFAULT '0',
  `brand_id` bigint unsigned DEFAULT NULL,
  `is_variation` tinyint NOT NULL DEFAULT '0',
  `sale_type` tinyint NOT NULL DEFAULT '0',
  `price` double unsigned DEFAULT NULL,
  `sale_price` double unsigned DEFAULT NULL,
  `start_date` timestamp NULL DEFAULT NULL,
  `end_date` timestamp NULL DEFAULT NULL,
  `length` double DEFAULT NULL,
  `wide` double DEFAULT NULL,
  `height` double DEFAULT NULL,
  `weight` double DEFAULT NULL,
  `tax_id` bigint unsigned DEFAULT NULL,
  `views` bigint NOT NULL DEFAULT '0',
  `created_at` timestamp NULL DEFAULT NULL,
  `updated_at` timestamp NULL DEFAULT NULL,
  `store_id` bigint unsigned DEFAULT NULL,
  `created_by_id` bigint unsigned DEFAULT '0',
  `created_by_type` varchar(191) COLLATE utf8mb4_unicode_ci NOT NULL DEFAULT 'Botble\\ACL\\Models\\User',
  `approved_by` bigint unsigned DEFAULT '0',
  `image` varchar(191) COLLATE utf8mb4_unicode_ci DEFAULT NULL,
  `product_type` varchar(60) COLLATE utf8mb4_unicode_ci DEFAULT 'physical',
  `barcode` varchar(50) COLLATE utf8mb4_unicode_ci DEFAULT NULL,
  `cost_per_item` double DEFAULT NULL,
  `generate_license_code` tinyint(1) NOT NULL DEFAULT '0',
  `minimum_order_quantity` int unsigned DEFAULT '0',
  `maximum_order_quantity` int unsigned DEFAULT '0',
  `notify_attachment_updated` tinyint(1) NOT NULL DEFAULT '0',
  `specification_table_id` bigint unsigned DEFAULT NULL,
  PRIMARY KEY (`id`),
  KEY `ec_products_brand_id_status_is_variation_created_at_index` (`brand_id`,`status`,`is_variation`,`created_at`),
  KEY `sale_type_index` (`sale_type`),
  KEY `start_date_index` (`start_date`),
  KEY `end_date_index` (`end_date`),
  KEY `sale_price_index` (`sale_price`),
  KEY `is_variation_index` (`is_variation`),
  KEY `ec_products_sku_index` (`sku`)
) ENGINE=InnoDB AUTO_INCREMENT=66 DEFAULT CHARSET=utf8mb4 COLLATE=utf8mb4_unicode_ci;

--
-- Dumping data for table `ec_products`
--

INSERT INTO `ec_products` VALUES (1,'Organic Apples','Sweet corn, a delicious and versatile vegetable.','<div class=\"row justify-content-center\">\n    <div class=\"col-xl-10\">\n        <div class=\"tp-product-details-desc-item pb-105\">\n            <div class=\"row\">\n                <div class=\"col-lg-6\">\n                    <div class=\"pt-25\">\n                        <span>Organic Avocado</span>\n                        <h3 class=\"tp-product-details-desc-title\">Freshness You Can Taste</h3>\n                        <p>\n                            Indulge in the rich, creamy texture and vibrant flavor of our organic avocados. Sourced from sustainable farms, each avocado is handpicked to ensure peak ripeness and quality. Whether sliced on toast or mashed into guacamole, our avocados are the perfect addition to any meal.\n                        </p>\n                    </div>\n                    <div>\n                        <h3 class=\"tp-product-details-desc-title\">Nutrient-Rich Goodness</h3>\n                        <p>\n                            Packed with essential vitamins and minerals, our organic avocados are not only delicious but also incredibly nutritious. High in heart-healthy fats and fiber, they\'re an excellent choice for grocerytaining a balanced diet. Add them to salads, smoothies, or sandwiches for a nutritious boost.\n                        </p>\n                    </div>\n                </div>\n                <div class=\"col-lg-6\">\n                    <div class=\"tp-product-details-desc-thumb\">\n                        <img src=\"/storage/grocery/products/product-1.jpg\" alt=\"Organic Avocado\">\n                    </div>\n                </div>\n            </div>\n        </div>\n        <div class=\"tp-product-details-desc-item pb-75\">\n            <div class=\"row\">\n                <div class=\"col-lg-7\">\n                    <div class=\"tp-product-details-desc-thumb\">\n                        <img src=\"/storage/grocery/products/product-2.jpg\" alt=\"Sliced Avocado\">\n                    </div>\n                </div>\n\n                <div class=\"col-lg-5 order-first order-lg-last\">\n                    <div class=\"des-content-2 pl-40\">\n                        <h3 class=\"tp-product-details-desc-title\">\n                            Convenient Packaging\n                        </h3>\n                        <p>\n                            Our organic avocados come carefully packaged to preserve their freshness. Each avocado is nestled in eco-friendly padding to prevent bruising during transit. Rest assured that when you open your package, you\'ll find perfectly ripe avocados ready to enjoy.\n                        </p>\n                    </div>\n                </div>\n            </div>\n        </div>\n        <div class=\"tp-product-details-desc-item\">\n            <div class=\"row\">\n                <div class=\"col-xl-12\">\n                    <div class=\"tp-product-details-desc-banner text-center m-img\">\n                        <h3 class=\"tp-product-details-desc-banner-title tp-product-details-desc-title\">Grown with Care</h3>\n                        <img src=\"/storage/grocery/products/product-3.jpg\" alt=\"Avocado Farm\">\n                    </div>\n                </div>\n            </div>\n        </div>\n    </div>\n</div>\n','published','[\"main\\/products\\/product-7.jpg\",\"main\\/products\\/product-1.jpg\",\"main\\/products\\/product-8.jpg\",\"main\\/products\\/product-13.jpg\",\"main\\/products\\/product-19.jpg\",\"main\\/products\\/product-3.jpg\"]','[]','3B-187-A1',0,16,0,1,'in_stock',1,5,0,0,1458,NULL,NULL,NULL,15,13,18,686,NULL,129848,'2025-03-31 21:08:22','2025-03-31 21:08:23',3,0,'Botble\\ACL\\Models\\User',0,NULL,'physical',NULL,NULL,0,0,0,0,2),(2,'Whole Grain Bread','Balsamic salad dressing to enhance the flavor of your salads.','<div class=\"row justify-content-center\">\n    <div class=\"col-xl-10\">\n        <div class=\"tp-product-details-desc-item pb-105\">\n            <div class=\"row\">\n                <div class=\"col-lg-6\">\n                    <div class=\"pt-25\">\n                        <span>Organic Avocado</span>\n                        <h3 class=\"tp-product-details-desc-title\">Freshness You Can Taste</h3>\n                        <p>\n                            Indulge in the rich, creamy texture and vibrant flavor of our organic avocados. Sourced from sustainable farms, each avocado is handpicked to ensure peak ripeness and quality. Whether sliced on toast or mashed into guacamole, our avocados are the perfect addition to any meal.\n                        </p>\n                    </div>\n                    <div>\n                        <h3 class=\"tp-product-details-desc-title\">Nutrient-Rich Goodness</h3>\n                        <p>\n                            Packed with essential vitamins and minerals, our organic avocados are not only delicious but also incredibly nutritious. High in heart-healthy fats and fiber, they\'re an excellent choice for grocerytaining a balanced diet. Add them to salads, smoothies, or sandwiches for a nutritious boost.\n                        </p>\n                    </div>\n                </div>\n                <div class=\"col-lg-6\">\n                    <div class=\"tp-product-details-desc-thumb\">\n                        <img src=\"/storage/grocery/products/product-1.jpg\" alt=\"Organic Avocado\">\n                    </div>\n                </div>\n            </div>\n        </div>\n        <div class=\"tp-product-details-desc-item pb-75\">\n            <div class=\"row\">\n                <div class=\"col-lg-7\">\n                    <div class=\"tp-product-details-desc-thumb\">\n                        <img src=\"/storage/grocery/products/product-2.jpg\" alt=\"Sliced Avocado\">\n                    </div>\n                </div>\n\n                <div class=\"col-lg-5 order-first order-lg-last\">\n                    <div class=\"des-content-2 pl-40\">\n                        <h3 class=\"tp-product-details-desc-title\">\n                            Convenient Packaging\n                        </h3>\n                        <p>\n                            Our organic avocados come carefully packaged to preserve their freshness. Each avocado is nestled in eco-friendly padding to prevent bruising during transit. Rest assured that when you open your package, you\'ll find perfectly ripe avocados ready to enjoy.\n                        </p>\n                    </div>\n                </div>\n            </div>\n        </div>\n        <div class=\"tp-product-details-desc-item\">\n            <div class=\"row\">\n                <div class=\"col-xl-12\">\n                    <div class=\"tp-product-details-desc-banner text-center m-img\">\n                        <h3 class=\"tp-product-details-desc-banner-title tp-product-details-desc-title\">Grown with Care</h3>\n                        <img src=\"/storage/grocery/products/product-3.jpg\" alt=\"Avocado Farm\">\n                    </div>\n                </div>\n            </div>\n        </div>\n    </div>\n</div>\n','published','[\"main\\/products\\/product-details-desc-3.jpg\",\"main\\/products\\/product-20.jpg\",\"main\\/products\\/product-14.jpg\",\"main\\/products\\/product-2.jpg\"]','[[{\"key\":\"file\",\"value\":\"main\\/video\\/video-1.mp4\"},{\"key\":\"url\",\"value\":null},{\"key\":\"thumbnail\",\"value\":\"main\\/video\\/1.jpg\"}]]','KT-133',0,10,0,1,'in_stock',1,2,0,0,1282,1190,NULL,NULL,15,20,20,628,NULL,171948,'2025-03-31 21:08:22','2025-03-31 21:08:23',8,0,'Botble\\ACL\\Models\\User',0,NULL,'physical',NULL,NULL,0,0,0,0,2),(3,'Free-Range Eggs','Fresh and crisp organic apples for a healthy snack or delicious recipes.','<div class=\"row justify-content-center\">\n    <div class=\"col-xl-10\">\n        <div class=\"tp-product-details-desc-item pb-105\">\n            <div class=\"row\">\n                <div class=\"col-lg-6\">\n                    <div class=\"pt-25\">\n                        <span>Organic Avocado</span>\n                        <h3 class=\"tp-product-details-desc-title\">Freshness You Can Taste</h3>\n                        <p>\n                            Indulge in the rich, creamy texture and vibrant flavor of our organic avocados. Sourced from sustainable farms, each avocado is handpicked to ensure peak ripeness and quality. Whether sliced on toast or mashed into guacamole, our avocados are the perfect addition to any meal.\n                        </p>\n                    </div>\n                    <div>\n                        <h3 class=\"tp-product-details-desc-title\">Nutrient-Rich Goodness</h3>\n                        <p>\n                            Packed with essential vitamins and minerals, our organic avocados are not only delicious but also incredibly nutritious. High in heart-healthy fats and fiber, they\'re an excellent choice for grocerytaining a balanced diet. Add them to salads, smoothies, or sandwiches for a nutritious boost.\n                        </p>\n                    </div>\n                </div>\n                <div class=\"col-lg-6\">\n                    <div class=\"tp-product-details-desc-thumb\">\n                        <img src=\"/storage/grocery/products/product-1.jpg\" alt=\"Organic Avocado\">\n                    </div>\n                </div>\n            </div>\n        </div>\n        <div class=\"tp-product-details-desc-item pb-75\">\n            <div class=\"row\">\n                <div class=\"col-lg-7\">\n                    <div class=\"tp-product-details-desc-thumb\">\n                        <img src=\"/storage/grocery/products/product-2.jpg\" alt=\"Sliced Avocado\">\n                    </div>\n                </div>\n\n                <div class=\"col-lg-5 order-first order-lg-last\">\n                    <div class=\"des-content-2 pl-40\">\n                        <h3 class=\"tp-product-details-desc-title\">\n                            Convenient Packaging\n                        </h3>\n                        <p>\n                            Our organic avocados come carefully packaged to preserve their freshness. Each avocado is nestled in eco-friendly padding to prevent bruising during transit. Rest assured that when you open your package, you\'ll find perfectly ripe avocados ready to enjoy.\n                        </p>\n                    </div>\n                </div>\n            </div>\n        </div>\n        <div class=\"tp-product-details-desc-item\">\n            <div class=\"row\">\n                <div class=\"col-xl-12\">\n                    <div class=\"tp-product-details-desc-banner text-center m-img\">\n                        <h3 class=\"tp-product-details-desc-banner-title tp-product-details-desc-title\">Grown with Care</h3>\n                        <img src=\"/storage/grocery/products/product-3.jpg\" alt=\"Avocado Farm\">\n                    </div>\n                </div>\n            </div>\n        </div>\n    </div>\n</div>\n','published','[\"main\\/products\\/product-3.jpg\",\"main\\/products\\/product-9.jpg\",\"main\\/products\\/product-18.jpg\"]','[[{\"key\":\"file\",\"value\":\"main\\/video\\/video-1.mp4\"},{\"key\":\"url\",\"value\":null},{\"key\":\"thumbnail\",\"value\":\"main\\/video\\/1.jpg\"}]]','TO-174-A1',0,12,0,1,'in_stock',1,3,0,0,798,NULL,NULL,NULL,17,13,10,598,NULL,74001,'2025-03-31 21:08:22','2025-03-31 21:08:23',3,0,'Botble\\ACL\\Models\\User',0,NULL,'physical',NULL,NULL,0,0,0,0,2),(4,'Fresh Salmon Fillet (Digital)','Creamy almond butter for a tasty and nutritious spread.','<div class=\"row justify-content-center\">\n    <div class=\"col-xl-10\">\n        <div class=\"tp-product-details-desc-item pb-105\">\n            <div class=\"row\">\n                <div class=\"col-lg-6\">\n                    <div class=\"pt-25\">\n                        <span>Organic Avocado</span>\n                        <h3 class=\"tp-product-details-desc-title\">Freshness You Can Taste</h3>\n                        <p>\n                            Indulge in the rich, creamy texture and vibrant flavor of our organic avocados. Sourced from sustainable farms, each avocado is handpicked to ensure peak ripeness and quality. Whether sliced on toast or mashed into guacamole, our avocados are the perfect addition to any meal.\n                        </p>\n                    </div>\n                    <div>\n                        <h3 class=\"tp-product-details-desc-title\">Nutrient-Rich Goodness</h3>\n                        <p>\n                            Packed with essential vitamins and minerals, our organic avocados are not only delicious but also incredibly nutritious. High in heart-healthy fats and fiber, they\'re an excellent choice for grocerytaining a balanced diet. Add them to salads, smoothies, or sandwiches for a nutritious boost.\n                        </p>\n                    </div>\n                </div>\n                <div class=\"col-lg-6\">\n                    <div class=\"tp-product-details-desc-thumb\">\n                        <img src=\"/storage/grocery/products/product-1.jpg\" alt=\"Organic Avocado\">\n                    </div>\n                </div>\n            </div>\n        </div>\n        <div class=\"tp-product-details-desc-item pb-75\">\n            <div class=\"row\">\n                <div class=\"col-lg-7\">\n                    <div class=\"tp-product-details-desc-thumb\">\n                        <img src=\"/storage/grocery/products/product-2.jpg\" alt=\"Sliced Avocado\">\n                    </div>\n                </div>\n\n                <div class=\"col-lg-5 order-first order-lg-last\">\n                    <div class=\"des-content-2 pl-40\">\n                        <h3 class=\"tp-product-details-desc-title\">\n                            Convenient Packaging\n                        </h3>\n                        <p>\n                            Our organic avocados come carefully packaged to preserve their freshness. Each avocado is nestled in eco-friendly padding to prevent bruising during transit. Rest assured that when you open your package, you\'ll find perfectly ripe avocados ready to enjoy.\n                        </p>\n                    </div>\n                </div>\n            </div>\n        </div>\n        <div class=\"tp-product-details-desc-item\">\n            <div class=\"row\">\n                <div class=\"col-xl-12\">\n                    <div class=\"tp-product-details-desc-banner text-center m-img\">\n                        <h3 class=\"tp-product-details-desc-banner-title tp-product-details-desc-title\">Grown with Care</h3>\n                        <img src=\"/storage/grocery/products/product-3.jpg\" alt=\"Avocado Farm\">\n                    </div>\n                </div>\n            </div>\n        </div>\n    </div>\n</div>\n','published','[\"main\\/products\\/product-16.jpg\",\"main\\/products\\/product-14.jpg\",\"main\\/products\\/product-1.jpg\",\"main\\/products\\/product-19.jpg\"]','[]','3J-171',0,14,0,1,'in_stock',0,5,0,0,1852,302,NULL,NULL,12,12,12,789,NULL,14166,'2025-03-31 21:08:22','2025-03-31 21:08:23',8,0,'Botble\\ACL\\Models\\User',0,NULL,'digital',NULL,NULL,0,0,0,0,2),(5,'Organic Spinach','Quinoa flour, a gluten-free alternative for baking.','<div class=\"row justify-content-center\">\n    <div class=\"col-xl-10\">\n        <div class=\"tp-product-details-desc-item pb-105\">\n            <div class=\"row\">\n                <div class=\"col-lg-6\">\n                    <div class=\"pt-25\">\n                        <span>Organic Avocado</span>\n                        <h3 class=\"tp-product-details-desc-title\">Freshness You Can Taste</h3>\n                        <p>\n                            Indulge in the rich, creamy texture and vibrant flavor of our organic avocados. Sourced from sustainable farms, each avocado is handpicked to ensure peak ripeness and quality. Whether sliced on toast or mashed into guacamole, our avocados are the perfect addition to any meal.\n                        </p>\n                    </div>\n                    <div>\n                        <h3 class=\"tp-product-details-desc-title\">Nutrient-Rich Goodness</h3>\n                        <p>\n                            Packed with essential vitamins and minerals, our organic avocados are not only delicious but also incredibly nutritious. High in heart-healthy fats and fiber, they\'re an excellent choice for grocerytaining a balanced diet. Add them to salads, smoothies, or sandwiches for a nutritious boost.\n                        </p>\n                    </div>\n                </div>\n                <div class=\"col-lg-6\">\n                    <div class=\"tp-product-details-desc-thumb\">\n                        <img src=\"/storage/grocery/products/product-1.jpg\" alt=\"Organic Avocado\">\n                    </div>\n                </div>\n            </div>\n        </div>\n        <div class=\"tp-product-details-desc-item pb-75\">\n            <div class=\"row\">\n                <div class=\"col-lg-7\">\n                    <div class=\"tp-product-details-desc-thumb\">\n                        <img src=\"/storage/grocery/products/product-2.jpg\" alt=\"Sliced Avocado\">\n                    </div>\n                </div>\n\n                <div class=\"col-lg-5 order-first order-lg-last\">\n                    <div class=\"des-content-2 pl-40\">\n                        <h3 class=\"tp-product-details-desc-title\">\n                            Convenient Packaging\n                        </h3>\n                        <p>\n                            Our organic avocados come carefully packaged to preserve their freshness. Each avocado is nestled in eco-friendly padding to prevent bruising during transit. Rest assured that when you open your package, you\'ll find perfectly ripe avocados ready to enjoy.\n                        </p>\n                    </div>\n                </div>\n            </div>\n        </div>\n        <div class=\"tp-product-details-desc-item\">\n            <div class=\"row\">\n                <div class=\"col-xl-12\">\n                    <div class=\"tp-product-details-desc-banner text-center m-img\">\n                        <h3 class=\"tp-product-details-desc-banner-title tp-product-details-desc-title\">Grown with Care</h3>\n                        <img src=\"/storage/grocery/products/product-3.jpg\" alt=\"Avocado Farm\">\n                    </div>\n                </div>\n            </div>\n        </div>\n    </div>\n</div>\n','published','[\"main\\/products\\/product-8.jpg\",\"main\\/products\\/product-details-desc-2.jpg\",\"main\\/products\\/product-19.jpg\",\"main\\/products\\/product-15.jpg\",\"main\\/products\\/product-9.jpg\",\"main\\/products\\/product-16.jpg\",\"main\\/products\\/product-12.jpg\",\"main\\/products\\/product-2.jpg\"]','[]','60-121-A1',0,15,0,1,'in_stock',1,1,0,0,1707,NULL,NULL,NULL,10,12,18,838,NULL,61084,'2025-03-31 21:08:22','2025-03-31 21:08:23',6,0,'Botble\\ACL\\Models\\User',0,NULL,'physical',NULL,NULL,0,0,0,0,1),(6,'Grass-Fed Ground Beef','Cottage cheese, a protein-rich and versatile dairy product.','<div class=\"row justify-content-center\">\n    <div class=\"col-xl-10\">\n        <div class=\"tp-product-details-desc-item pb-105\">\n            <div class=\"row\">\n                <div class=\"col-lg-6\">\n                    <div class=\"pt-25\">\n                        <span>Organic Avocado</span>\n                        <h3 class=\"tp-product-details-desc-title\">Freshness You Can Taste</h3>\n                        <p>\n                            Indulge in the rich, creamy texture and vibrant flavor of our organic avocados. Sourced from sustainable farms, each avocado is handpicked to ensure peak ripeness and quality. Whether sliced on toast or mashed into guacamole, our avocados are the perfect addition to any meal.\n                        </p>\n                    </div>\n                    <div>\n                        <h3 class=\"tp-product-details-desc-title\">Nutrient-Rich Goodness</h3>\n                        <p>\n                            Packed with essential vitamins and minerals, our organic avocados are not only delicious but also incredibly nutritious. High in heart-healthy fats and fiber, they\'re an excellent choice for grocerytaining a balanced diet. Add them to salads, smoothies, or sandwiches for a nutritious boost.\n                        </p>\n                    </div>\n                </div>\n                <div class=\"col-lg-6\">\n                    <div class=\"tp-product-details-desc-thumb\">\n                        <img src=\"/storage/grocery/products/product-1.jpg\" alt=\"Organic Avocado\">\n                    </div>\n                </div>\n            </div>\n        </div>\n        <div class=\"tp-product-details-desc-item pb-75\">\n            <div class=\"row\">\n                <div class=\"col-lg-7\">\n                    <div class=\"tp-product-details-desc-thumb\">\n                        <img src=\"/storage/grocery/products/product-2.jpg\" alt=\"Sliced Avocado\">\n                    </div>\n                </div>\n\n                <div class=\"col-lg-5 order-first order-lg-last\">\n                    <div class=\"des-content-2 pl-40\">\n                        <h3 class=\"tp-product-details-desc-title\">\n                            Convenient Packaging\n                        </h3>\n                        <p>\n                            Our organic avocados come carefully packaged to preserve their freshness. Each avocado is nestled in eco-friendly padding to prevent bruising during transit. Rest assured that when you open your package, you\'ll find perfectly ripe avocados ready to enjoy.\n                        </p>\n                    </div>\n                </div>\n            </div>\n        </div>\n        <div class=\"tp-product-details-desc-item\">\n            <div class=\"row\">\n                <div class=\"col-xl-12\">\n                    <div class=\"tp-product-details-desc-banner text-center m-img\">\n                        <h3 class=\"tp-product-details-desc-banner-title tp-product-details-desc-title\">Grown with Care</h3>\n                        <img src=\"/storage/grocery/products/product-3.jpg\" alt=\"Avocado Farm\">\n                    </div>\n                </div>\n            </div>\n        </div>\n    </div>\n</div>\n','published','[\"main\\/products\\/product-12.jpg\",\"main\\/products\\/product-20.jpg\",\"main\\/products\\/product-8.jpg\",\"main\\/products\\/product-14.jpg\"]','[[{\"key\":\"file\",\"value\":\"main\\/video\\/video-2.mp4\"},{\"key\":\"url\",\"value\":null},{\"key\":\"thumbnail\",\"value\":\"main\\/video\\/2.jpg\"}]]','YM-148',0,15,0,1,'in_stock',0,4,0,0,1232,620,NULL,NULL,12,12,15,812,NULL,99266,'2025-03-31 21:08:22','2025-03-31 21:08:23',2,0,'Botble\\ACL\\Models\\User',0,NULL,'physical',NULL,NULL,0,0,0,0,2),(7,'Almond Milk','Whole pineapple for a tropical and refreshing treat.','<div class=\"row justify-content-center\">\n    <div class=\"col-xl-10\">\n        <div class=\"tp-product-details-desc-item pb-105\">\n            <div class=\"row\">\n                <div class=\"col-lg-6\">\n                    <div class=\"pt-25\">\n                        <span>Organic Avocado</span>\n                        <h3 class=\"tp-product-details-desc-title\">Freshness You Can Taste</h3>\n                        <p>\n                            Indulge in the rich, creamy texture and vibrant flavor of our organic avocados. Sourced from sustainable farms, each avocado is handpicked to ensure peak ripeness and quality. Whether sliced on toast or mashed into guacamole, our avocados are the perfect addition to any meal.\n                        </p>\n                    </div>\n                    <div>\n                        <h3 class=\"tp-product-details-desc-title\">Nutrient-Rich Goodness</h3>\n                        <p>\n                            Packed with essential vitamins and minerals, our organic avocados are not only delicious but also incredibly nutritious. High in heart-healthy fats and fiber, they\'re an excellent choice for grocerytaining a balanced diet. Add them to salads, smoothies, or sandwiches for a nutritious boost.\n                        </p>\n                    </div>\n                </div>\n                <div class=\"col-lg-6\">\n                    <div class=\"tp-product-details-desc-thumb\">\n                        <img src=\"/storage/grocery/products/product-1.jpg\" alt=\"Organic Avocado\">\n                    </div>\n                </div>\n            </div>\n        </div>\n        <div class=\"tp-product-details-desc-item pb-75\">\n            <div class=\"row\">\n                <div class=\"col-lg-7\">\n                    <div class=\"tp-product-details-desc-thumb\">\n                        <img src=\"/storage/grocery/products/product-2.jpg\" alt=\"Sliced Avocado\">\n                    </div>\n                </div>\n\n                <div class=\"col-lg-5 order-first order-lg-last\">\n                    <div class=\"des-content-2 pl-40\">\n                        <h3 class=\"tp-product-details-desc-title\">\n                            Convenient Packaging\n                        </h3>\n                        <p>\n                            Our organic avocados come carefully packaged to preserve their freshness. Each avocado is nestled in eco-friendly padding to prevent bruising during transit. Rest assured that when you open your package, you\'ll find perfectly ripe avocados ready to enjoy.\n                        </p>\n                    </div>\n                </div>\n            </div>\n        </div>\n        <div class=\"tp-product-details-desc-item\">\n            <div class=\"row\">\n                <div class=\"col-xl-12\">\n                    <div class=\"tp-product-details-desc-banner text-center m-img\">\n                        <h3 class=\"tp-product-details-desc-banner-title tp-product-details-desc-title\">Grown with Care</h3>\n                        <img src=\"/storage/grocery/products/product-3.jpg\" alt=\"Avocado Farm\">\n                    </div>\n                </div>\n            </div>\n        </div>\n    </div>\n</div>\n','published','[\"main\\/products\\/product-16.jpg\",\"main\\/products\\/product-15.jpg\",\"main\\/products\\/product-6.jpg\",\"main\\/products\\/product-details-desc-3.jpg\",\"main\\/products\\/product-20.jpg\",\"main\\/products\\/product-10.jpg\",\"main\\/products\\/product-14.jpg\"]','[[{\"key\":\"file\",\"value\":\"main\\/video\\/video-1.mp4\"},{\"key\":\"url\",\"value\":null},{\"key\":\"thumbnail\",\"value\":\"main\\/video\\/1.jpg\"}]]','SE-199',0,14,0,1,'in_stock',1,3,0,0,2364,2273,NULL,NULL,16,12,17,888,NULL,104093,'2025-03-31 21:08:22','2025-03-31 21:08:23',2,0,'Botble\\ACL\\Models\\User',0,NULL,'physical',NULL,NULL,0,0,0,0,2),(8,'Quinoa (Digital)','Cottage cheese, a protein-rich and versatile dairy product.','<div class=\"row justify-content-center\">\n    <div class=\"col-xl-10\">\n        <div class=\"tp-product-details-desc-item pb-105\">\n            <div class=\"row\">\n                <div class=\"col-lg-6\">\n                    <div class=\"pt-25\">\n                        <span>Organic Avocado</span>\n                        <h3 class=\"tp-product-details-desc-title\">Freshness You Can Taste</h3>\n                        <p>\n                            Indulge in the rich, creamy texture and vibrant flavor of our organic avocados. Sourced from sustainable farms, each avocado is handpicked to ensure peak ripeness and quality. Whether sliced on toast or mashed into guacamole, our avocados are the perfect addition to any meal.\n                        </p>\n                    </div>\n                    <div>\n                        <h3 class=\"tp-product-details-desc-title\">Nutrient-Rich Goodness</h3>\n                        <p>\n                            Packed with essential vitamins and minerals, our organic avocados are not only delicious but also incredibly nutritious. High in heart-healthy fats and fiber, they\'re an excellent choice for grocerytaining a balanced diet. Add them to salads, smoothies, or sandwiches for a nutritious boost.\n                        </p>\n                    </div>\n                </div>\n                <div class=\"col-lg-6\">\n                    <div class=\"tp-product-details-desc-thumb\">\n                        <img src=\"/storage/grocery/products/product-1.jpg\" alt=\"Organic Avocado\">\n                    </div>\n                </div>\n            </div>\n        </div>\n        <div class=\"tp-product-details-desc-item pb-75\">\n            <div class=\"row\">\n                <div class=\"col-lg-7\">\n                    <div class=\"tp-product-details-desc-thumb\">\n                        <img src=\"/storage/grocery/products/product-2.jpg\" alt=\"Sliced Avocado\">\n                    </div>\n                </div>\n\n                <div class=\"col-lg-5 order-first order-lg-last\">\n                    <div class=\"des-content-2 pl-40\">\n                        <h3 class=\"tp-product-details-desc-title\">\n                            Convenient Packaging\n                        </h3>\n                        <p>\n                            Our organic avocados come carefully packaged to preserve their freshness. Each avocado is nestled in eco-friendly padding to prevent bruising during transit. Rest assured that when you open your package, you\'ll find perfectly ripe avocados ready to enjoy.\n                        </p>\n                    </div>\n                </div>\n            </div>\n        </div>\n        <div class=\"tp-product-details-desc-item\">\n            <div class=\"row\">\n                <div class=\"col-xl-12\">\n                    <div class=\"tp-product-details-desc-banner text-center m-img\">\n                        <h3 class=\"tp-product-details-desc-banner-title tp-product-details-desc-title\">Grown with Care</h3>\n                        <img src=\"/storage/grocery/products/product-3.jpg\" alt=\"Avocado Farm\">\n                    </div>\n                </div>\n            </div>\n        </div>\n    </div>\n</div>\n','published','[\"main\\/products\\/product-7.jpg\",\"main\\/products\\/product-17.jpg\",\"main\\/products\\/product-11.jpg\",\"main\\/products\\/product-14.jpg\",\"main\\/products\\/product-18.jpg\"]','[]','JO-162-A1',0,10,0,1,'in_stock',0,2,0,0,944,755.2,NULL,NULL,16,20,16,555,NULL,167315,'2025-03-31 21:08:22','2025-03-31 21:08:23',1,0,'Botble\\ACL\\Models\\User',0,NULL,'digital',NULL,NULL,0,0,0,0,1),(9,'Avocado','Creamy almond butter for a tasty and nutritious spread.','<div class=\"row justify-content-center\">\n    <div class=\"col-xl-10\">\n        <div class=\"tp-product-details-desc-item pb-105\">\n            <div class=\"row\">\n                <div class=\"col-lg-6\">\n                    <div class=\"pt-25\">\n                        <span>Organic Avocado</span>\n                        <h3 class=\"tp-product-details-desc-title\">Freshness You Can Taste</h3>\n                        <p>\n                            Indulge in the rich, creamy texture and vibrant flavor of our organic avocados. Sourced from sustainable farms, each avocado is handpicked to ensure peak ripeness and quality. Whether sliced on toast or mashed into guacamole, our avocados are the perfect addition to any meal.\n                        </p>\n                    </div>\n                    <div>\n                        <h3 class=\"tp-product-details-desc-title\">Nutrient-Rich Goodness</h3>\n                        <p>\n                            Packed with essential vitamins and minerals, our organic avocados are not only delicious but also incredibly nutritious. High in heart-healthy fats and fiber, they\'re an excellent choice for grocerytaining a balanced diet. Add them to salads, smoothies, or sandwiches for a nutritious boost.\n                        </p>\n                    </div>\n                </div>\n                <div class=\"col-lg-6\">\n                    <div class=\"tp-product-details-desc-thumb\">\n                        <img src=\"/storage/grocery/products/product-1.jpg\" alt=\"Organic Avocado\">\n                    </div>\n                </div>\n            </div>\n        </div>\n        <div class=\"tp-product-details-desc-item pb-75\">\n            <div class=\"row\">\n                <div class=\"col-lg-7\">\n                    <div class=\"tp-product-details-desc-thumb\">\n                        <img src=\"/storage/grocery/products/product-2.jpg\" alt=\"Sliced Avocado\">\n                    </div>\n                </div>\n\n                <div class=\"col-lg-5 order-first order-lg-last\">\n                    <div class=\"des-content-2 pl-40\">\n                        <h3 class=\"tp-product-details-desc-title\">\n                            Convenient Packaging\n                        </h3>\n                        <p>\n                            Our organic avocados come carefully packaged to preserve their freshness. Each avocado is nestled in eco-friendly padding to prevent bruising during transit. Rest assured that when you open your package, you\'ll find perfectly ripe avocados ready to enjoy.\n                        </p>\n                    </div>\n                </div>\n            </div>\n        </div>\n        <div class=\"tp-product-details-desc-item\">\n            <div class=\"row\">\n                <div class=\"col-xl-12\">\n                    <div class=\"tp-product-details-desc-banner text-center m-img\">\n                        <h3 class=\"tp-product-details-desc-banner-title tp-product-details-desc-title\">Grown with Care</h3>\n                        <img src=\"/storage/grocery/products/product-3.jpg\" alt=\"Avocado Farm\">\n                    </div>\n                </div>\n            </div>\n        </div>\n    </div>\n</div>\n','published','[\"main\\/products\\/product-4.jpg\",\"main\\/products\\/product-15.jpg\",\"main\\/products\\/product-9.jpg\",\"main\\/products\\/product-details-desc-3.jpg\",\"main\\/products\\/product-16.jpg\",\"main\\/products\\/product-details-desc-2.jpg\"]','[[{\"key\":\"file\",\"value\":\"main\\/video\\/video-1.mp4\"},{\"key\":\"url\",\"value\":null},{\"key\":\"thumbnail\",\"value\":\"main\\/video\\/1.jpg\"}]]','LF-127-A1',0,10,0,1,'in_stock',1,5,0,0,2090,NULL,NULL,NULL,11,19,18,518,NULL,185326,'2025-03-31 21:08:22','2025-03-31 21:08:23',2,0,'Botble\\ACL\\Models\\User',0,NULL,'physical',NULL,NULL,0,0,0,0,2),(10,'Greek Yogurt','Fresh and crisp organic apples for a healthy snack or delicious recipes.','<div class=\"row justify-content-center\">\n    <div class=\"col-xl-10\">\n        <div class=\"tp-product-details-desc-item pb-105\">\n            <div class=\"row\">\n                <div class=\"col-lg-6\">\n                    <div class=\"pt-25\">\n                        <span>Organic Avocado</span>\n                        <h3 class=\"tp-product-details-desc-title\">Freshness You Can Taste</h3>\n                        <p>\n                            Indulge in the rich, creamy texture and vibrant flavor of our organic avocados. Sourced from sustainable farms, each avocado is handpicked to ensure peak ripeness and quality. Whether sliced on toast or mashed into guacamole, our avocados are the perfect addition to any meal.\n                        </p>\n                    </div>\n                    <div>\n                        <h3 class=\"tp-product-details-desc-title\">Nutrient-Rich Goodness</h3>\n                        <p>\n                            Packed with essential vitamins and minerals, our organic avocados are not only delicious but also incredibly nutritious. High in heart-healthy fats and fiber, they\'re an excellent choice for grocerytaining a balanced diet. Add them to salads, smoothies, or sandwiches for a nutritious boost.\n                        </p>\n                    </div>\n                </div>\n                <div class=\"col-lg-6\">\n                    <div class=\"tp-product-details-desc-thumb\">\n                        <img src=\"/storage/grocery/products/product-1.jpg\" alt=\"Organic Avocado\">\n                    </div>\n                </div>\n            </div>\n        </div>\n        <div class=\"tp-product-details-desc-item pb-75\">\n            <div class=\"row\">\n                <div class=\"col-lg-7\">\n                    <div class=\"tp-product-details-desc-thumb\">\n                        <img src=\"/storage/grocery/products/product-2.jpg\" alt=\"Sliced Avocado\">\n                    </div>\n                </div>\n\n                <div class=\"col-lg-5 order-first order-lg-last\">\n                    <div class=\"des-content-2 pl-40\">\n                        <h3 class=\"tp-product-details-desc-title\">\n                            Convenient Packaging\n                        </h3>\n                        <p>\n                            Our organic avocados come carefully packaged to preserve their freshness. Each avocado is nestled in eco-friendly padding to prevent bruising during transit. Rest assured that when you open your package, you\'ll find perfectly ripe avocados ready to enjoy.\n                        </p>\n                    </div>\n                </div>\n            </div>\n        </div>\n        <div class=\"tp-product-details-desc-item\">\n            <div class=\"row\">\n                <div class=\"col-xl-12\">\n                    <div class=\"tp-product-details-desc-banner text-center m-img\">\n                        <h3 class=\"tp-product-details-desc-banner-title tp-product-details-desc-title\">Grown with Care</h3>\n                        <img src=\"/storage/grocery/products/product-3.jpg\" alt=\"Avocado Farm\">\n                    </div>\n                </div>\n            </div>\n        </div>\n    </div>\n</div>\n','published','[\"main\\/products\\/product-14.jpg\",\"main\\/products\\/product-details-desc-3.jpg\",\"main\\/products\\/product-19.jpg\",\"main\\/products\\/product-3.jpg\",\"main\\/products\\/product-20.jpg\",\"main\\/products\\/product-13.jpg\"]','[]','1Y-174',0,15,0,1,'in_stock',1,2,0,0,2367,1666,NULL,NULL,14,14,17,806,NULL,98981,'2025-03-31 21:08:22','2025-03-31 21:08:23',6,0,'Botble\\ACL\\Models\\User',0,NULL,'physical',NULL,NULL,0,0,0,0,1),(11,'Sweet Potatoes','Balsamic salad dressing to enhance the flavor of your salads.','<div class=\"row justify-content-center\">\n    <div class=\"col-xl-10\">\n        <div class=\"tp-product-details-desc-item pb-105\">\n            <div class=\"row\">\n                <div class=\"col-lg-6\">\n                    <div class=\"pt-25\">\n                        <span>Organic Avocado</span>\n                        <h3 class=\"tp-product-details-desc-title\">Freshness You Can Taste</h3>\n                        <p>\n                            Indulge in the rich, creamy texture and vibrant flavor of our organic avocados. Sourced from sustainable farms, each avocado is handpicked to ensure peak ripeness and quality. Whether sliced on toast or mashed into guacamole, our avocados are the perfect addition to any meal.\n                        </p>\n                    </div>\n                    <div>\n                        <h3 class=\"tp-product-details-desc-title\">Nutrient-Rich Goodness</h3>\n                        <p>\n                            Packed with essential vitamins and minerals, our organic avocados are not only delicious but also incredibly nutritious. High in heart-healthy fats and fiber, they\'re an excellent choice for grocerytaining a balanced diet. Add them to salads, smoothies, or sandwiches for a nutritious boost.\n                        </p>\n                    </div>\n                </div>\n                <div class=\"col-lg-6\">\n                    <div class=\"tp-product-details-desc-thumb\">\n                        <img src=\"/storage/grocery/products/product-1.jpg\" alt=\"Organic Avocado\">\n                    </div>\n                </div>\n            </div>\n        </div>\n        <div class=\"tp-product-details-desc-item pb-75\">\n            <div class=\"row\">\n                <div class=\"col-lg-7\">\n                    <div class=\"tp-product-details-desc-thumb\">\n                        <img src=\"/storage/grocery/products/product-2.jpg\" alt=\"Sliced Avocado\">\n                    </div>\n                </div>\n\n                <div class=\"col-lg-5 order-first order-lg-last\">\n                    <div class=\"des-content-2 pl-40\">\n                        <h3 class=\"tp-product-details-desc-title\">\n                            Convenient Packaging\n                        </h3>\n                        <p>\n                            Our organic avocados come carefully packaged to preserve their freshness. Each avocado is nestled in eco-friendly padding to prevent bruising during transit. Rest assured that when you open your package, you\'ll find perfectly ripe avocados ready to enjoy.\n                        </p>\n                    </div>\n                </div>\n            </div>\n        </div>\n        <div class=\"tp-product-details-desc-item\">\n            <div class=\"row\">\n                <div class=\"col-xl-12\">\n                    <div class=\"tp-product-details-desc-banner text-center m-img\">\n                        <h3 class=\"tp-product-details-desc-banner-title tp-product-details-desc-title\">Grown with Care</h3>\n                        <img src=\"/storage/grocery/products/product-3.jpg\" alt=\"Avocado Farm\">\n                    </div>\n                </div>\n            </div>\n        </div>\n    </div>\n</div>\n','published','[\"main\\/products\\/product-18.jpg\",\"main\\/products\\/product-10.jpg\",\"main\\/products\\/product-2.jpg\",\"main\\/products\\/product-details-desc-2.jpg\"]','[[{\"key\":\"file\",\"value\":\"main\\/video\\/video-2.mp4\"},{\"key\":\"url\",\"value\":null},{\"key\":\"thumbnail\",\"value\":\"main\\/video\\/2.jpg\"}]]','CF-102',0,19,0,1,'in_stock',0,5,0,0,258,131,NULL,NULL,16,17,18,753,NULL,73949,'2025-03-31 21:08:22','2025-03-31 21:08:23',2,0,'Botble\\ACL\\Models\\User',0,NULL,'physical',NULL,NULL,0,0,0,0,2),(12,'Organic Cherry Tomatoes (Digital)','Green tea bags for a soothing and antioxidant-rich beverage.','<div class=\"row justify-content-center\">\n    <div class=\"col-xl-10\">\n        <div class=\"tp-product-details-desc-item pb-105\">\n            <div class=\"row\">\n                <div class=\"col-lg-6\">\n                    <div class=\"pt-25\">\n                        <span>Organic Avocado</span>\n                        <h3 class=\"tp-product-details-desc-title\">Freshness You Can Taste</h3>\n                        <p>\n                            Indulge in the rich, creamy texture and vibrant flavor of our organic avocados. Sourced from sustainable farms, each avocado is handpicked to ensure peak ripeness and quality. Whether sliced on toast or mashed into guacamole, our avocados are the perfect addition to any meal.\n                        </p>\n                    </div>\n                    <div>\n                        <h3 class=\"tp-product-details-desc-title\">Nutrient-Rich Goodness</h3>\n                        <p>\n                            Packed with essential vitamins and minerals, our organic avocados are not only delicious but also incredibly nutritious. High in heart-healthy fats and fiber, they\'re an excellent choice for grocerytaining a balanced diet. Add them to salads, smoothies, or sandwiches for a nutritious boost.\n                        </p>\n                    </div>\n                </div>\n                <div class=\"col-lg-6\">\n                    <div class=\"tp-product-details-desc-thumb\">\n                        <img src=\"/storage/grocery/products/product-1.jpg\" alt=\"Organic Avocado\">\n                    </div>\n                </div>\n            </div>\n        </div>\n        <div class=\"tp-product-details-desc-item pb-75\">\n            <div class=\"row\">\n                <div class=\"col-lg-7\">\n                    <div class=\"tp-product-details-desc-thumb\">\n                        <img src=\"/storage/grocery/products/product-2.jpg\" alt=\"Sliced Avocado\">\n                    </div>\n                </div>\n\n                <div class=\"col-lg-5 order-first order-lg-last\">\n                    <div class=\"des-content-2 pl-40\">\n                        <h3 class=\"tp-product-details-desc-title\">\n                            Convenient Packaging\n                        </h3>\n                        <p>\n                            Our organic avocados come carefully packaged to preserve their freshness. Each avocado is nestled in eco-friendly padding to prevent bruising during transit. Rest assured that when you open your package, you\'ll find perfectly ripe avocados ready to enjoy.\n                        </p>\n                    </div>\n                </div>\n            </div>\n        </div>\n        <div class=\"tp-product-details-desc-item\">\n            <div class=\"row\">\n                <div class=\"col-xl-12\">\n                    <div class=\"tp-product-details-desc-banner text-center m-img\">\n                        <h3 class=\"tp-product-details-desc-banner-title tp-product-details-desc-title\">Grown with Care</h3>\n                        <img src=\"/storage/grocery/products/product-3.jpg\" alt=\"Avocado Farm\">\n                    </div>\n                </div>\n            </div>\n        </div>\n    </div>\n</div>\n','published','[\"main\\/products\\/product-4.jpg\",\"main\\/products\\/product-3.jpg\",\"main\\/products\\/product-16.jpg\"]','[]','HP-111-A1',0,17,0,1,'in_stock',1,3,0,0,621,521.64,NULL,NULL,10,16,15,861,NULL,36374,'2025-03-31 21:08:22','2025-03-31 21:08:23',4,0,'Botble\\ACL\\Models\\User',0,NULL,'digital',NULL,NULL,0,0,0,0,1),(13,'Honeycrisp Apples','Creamy almond butter for a tasty and nutritious spread.','<div class=\"row justify-content-center\">\n    <div class=\"col-xl-10\">\n        <div class=\"tp-product-details-desc-item pb-105\">\n            <div class=\"row\">\n                <div class=\"col-lg-6\">\n                    <div class=\"pt-25\">\n                        <span>Organic Avocado</span>\n                        <h3 class=\"tp-product-details-desc-title\">Freshness You Can Taste</h3>\n                        <p>\n                            Indulge in the rich, creamy texture and vibrant flavor of our organic avocados. Sourced from sustainable farms, each avocado is handpicked to ensure peak ripeness and quality. Whether sliced on toast or mashed into guacamole, our avocados are the perfect addition to any meal.\n                        </p>\n                    </div>\n                    <div>\n                        <h3 class=\"tp-product-details-desc-title\">Nutrient-Rich Goodness</h3>\n                        <p>\n                            Packed with essential vitamins and minerals, our organic avocados are not only delicious but also incredibly nutritious. High in heart-healthy fats and fiber, they\'re an excellent choice for grocerytaining a balanced diet. Add them to salads, smoothies, or sandwiches for a nutritious boost.\n                        </p>\n                    </div>\n                </div>\n                <div class=\"col-lg-6\">\n                    <div class=\"tp-product-details-desc-thumb\">\n                        <img src=\"/storage/grocery/products/product-1.jpg\" alt=\"Organic Avocado\">\n                    </div>\n                </div>\n            </div>\n        </div>\n        <div class=\"tp-product-details-desc-item pb-75\">\n            <div class=\"row\">\n                <div class=\"col-lg-7\">\n                    <div class=\"tp-product-details-desc-thumb\">\n                        <img src=\"/storage/grocery/products/product-2.jpg\" alt=\"Sliced Avocado\">\n                    </div>\n                </div>\n\n                <div class=\"col-lg-5 order-first order-lg-last\">\n                    <div class=\"des-content-2 pl-40\">\n                        <h3 class=\"tp-product-details-desc-title\">\n                            Convenient Packaging\n                        </h3>\n                        <p>\n                            Our organic avocados come carefully packaged to preserve their freshness. Each avocado is nestled in eco-friendly padding to prevent bruising during transit. Rest assured that when you open your package, you\'ll find perfectly ripe avocados ready to enjoy.\n                        </p>\n                    </div>\n                </div>\n            </div>\n        </div>\n        <div class=\"tp-product-details-desc-item\">\n            <div class=\"row\">\n                <div class=\"col-xl-12\">\n                    <div class=\"tp-product-details-desc-banner text-center m-img\">\n                        <h3 class=\"tp-product-details-desc-banner-title tp-product-details-desc-title\">Grown with Care</h3>\n                        <img src=\"/storage/grocery/products/product-3.jpg\" alt=\"Avocado Farm\">\n                    </div>\n                </div>\n            </div>\n        </div>\n    </div>\n</div>\n','published','[\"main\\/products\\/product-8.jpg\",\"main\\/products\\/product-19.jpg\",\"main\\/products\\/product-12.jpg\",\"main\\/products\\/product-18.jpg\"]','[]','9Z-146-A1',0,14,0,1,'in_stock',1,3,0,0,710,NULL,NULL,NULL,10,20,13,713,NULL,4973,'2025-03-31 21:08:22','2025-03-31 21:08:23',1,0,'Botble\\ACL\\Models\\User',0,NULL,'physical',NULL,NULL,0,0,0,0,1),(14,'Brown Rice','Fresh and crisp organic apples for a healthy snack or delicious recipes.','<div class=\"row justify-content-center\">\n    <div class=\"col-xl-10\">\n        <div class=\"tp-product-details-desc-item pb-105\">\n            <div class=\"row\">\n                <div class=\"col-lg-6\">\n                    <div class=\"pt-25\">\n                        <span>Organic Avocado</span>\n                        <h3 class=\"tp-product-details-desc-title\">Freshness You Can Taste</h3>\n                        <p>\n                            Indulge in the rich, creamy texture and vibrant flavor of our organic avocados. Sourced from sustainable farms, each avocado is handpicked to ensure peak ripeness and quality. Whether sliced on toast or mashed into guacamole, our avocados are the perfect addition to any meal.\n                        </p>\n                    </div>\n                    <div>\n                        <h3 class=\"tp-product-details-desc-title\">Nutrient-Rich Goodness</h3>\n                        <p>\n                            Packed with essential vitamins and minerals, our organic avocados are not only delicious but also incredibly nutritious. High in heart-healthy fats and fiber, they\'re an excellent choice for grocerytaining a balanced diet. Add them to salads, smoothies, or sandwiches for a nutritious boost.\n                        </p>\n                    </div>\n                </div>\n                <div class=\"col-lg-6\">\n                    <div class=\"tp-product-details-desc-thumb\">\n                        <img src=\"/storage/grocery/products/product-1.jpg\" alt=\"Organic Avocado\">\n                    </div>\n                </div>\n            </div>\n        </div>\n        <div class=\"tp-product-details-desc-item pb-75\">\n            <div class=\"row\">\n                <div class=\"col-lg-7\">\n                    <div class=\"tp-product-details-desc-thumb\">\n                        <img src=\"/storage/grocery/products/product-2.jpg\" alt=\"Sliced Avocado\">\n                    </div>\n                </div>\n\n                <div class=\"col-lg-5 order-first order-lg-last\">\n                    <div class=\"des-content-2 pl-40\">\n                        <h3 class=\"tp-product-details-desc-title\">\n                            Convenient Packaging\n                        </h3>\n                        <p>\n                            Our organic avocados come carefully packaged to preserve their freshness. Each avocado is nestled in eco-friendly padding to prevent bruising during transit. Rest assured that when you open your package, you\'ll find perfectly ripe avocados ready to enjoy.\n                        </p>\n                    </div>\n                </div>\n            </div>\n        </div>\n        <div class=\"tp-product-details-desc-item\">\n            <div class=\"row\">\n                <div class=\"col-xl-12\">\n                    <div class=\"tp-product-details-desc-banner text-center m-img\">\n                        <h3 class=\"tp-product-details-desc-banner-title tp-product-details-desc-title\">Grown with Care</h3>\n                        <img src=\"/storage/grocery/products/product-3.jpg\" alt=\"Avocado Farm\">\n                    </div>\n                </div>\n            </div>\n        </div>\n    </div>\n</div>\n','published','[\"main\\/products\\/product-4.jpg\",\"main\\/products\\/product-14.jpg\",\"main\\/products\\/product-3.jpg\",\"main\\/products\\/product-13.jpg\"]','[]','WP-178-A1',0,11,0,1,'in_stock',1,1,0,0,1111,NULL,NULL,NULL,12,11,10,876,NULL,20327,'2025-03-31 21:08:22','2025-03-31 21:08:23',6,0,'Botble\\ACL\\Models\\User',0,NULL,'physical',NULL,NULL,0,0,0,0,2),(15,'Organic Chicken Breast','Creamy almond butter for a tasty and nutritious spread.','<div class=\"row justify-content-center\">\n    <div class=\"col-xl-10\">\n        <div class=\"tp-product-details-desc-item pb-105\">\n            <div class=\"row\">\n                <div class=\"col-lg-6\">\n                    <div class=\"pt-25\">\n                        <span>Organic Avocado</span>\n                        <h3 class=\"tp-product-details-desc-title\">Freshness You Can Taste</h3>\n                        <p>\n                            Indulge in the rich, creamy texture and vibrant flavor of our organic avocados. Sourced from sustainable farms, each avocado is handpicked to ensure peak ripeness and quality. Whether sliced on toast or mashed into guacamole, our avocados are the perfect addition to any meal.\n                        </p>\n                    </div>\n                    <div>\n                        <h3 class=\"tp-product-details-desc-title\">Nutrient-Rich Goodness</h3>\n                        <p>\n                            Packed with essential vitamins and minerals, our organic avocados are not only delicious but also incredibly nutritious. High in heart-healthy fats and fiber, they\'re an excellent choice for grocerytaining a balanced diet. Add them to salads, smoothies, or sandwiches for a nutritious boost.\n                        </p>\n                    </div>\n                </div>\n                <div class=\"col-lg-6\">\n                    <div class=\"tp-product-details-desc-thumb\">\n                        <img src=\"/storage/grocery/products/product-1.jpg\" alt=\"Organic Avocado\">\n                    </div>\n                </div>\n            </div>\n        </div>\n        <div class=\"tp-product-details-desc-item pb-75\">\n            <div class=\"row\">\n                <div class=\"col-lg-7\">\n                    <div class=\"tp-product-details-desc-thumb\">\n                        <img src=\"/storage/grocery/products/product-2.jpg\" alt=\"Sliced Avocado\">\n                    </div>\n                </div>\n\n                <div class=\"col-lg-5 order-first order-lg-last\">\n                    <div class=\"des-content-2 pl-40\">\n                        <h3 class=\"tp-product-details-desc-title\">\n                            Convenient Packaging\n                        </h3>\n                        <p>\n                            Our organic avocados come carefully packaged to preserve their freshness. Each avocado is nestled in eco-friendly padding to prevent bruising during transit. Rest assured that when you open your package, you\'ll find perfectly ripe avocados ready to enjoy.\n                        </p>\n                    </div>\n                </div>\n            </div>\n        </div>\n        <div class=\"tp-product-details-desc-item\">\n            <div class=\"row\">\n                <div class=\"col-xl-12\">\n                    <div class=\"tp-product-details-desc-banner text-center m-img\">\n                        <h3 class=\"tp-product-details-desc-banner-title tp-product-details-desc-title\">Grown with Care</h3>\n                        <img src=\"/storage/grocery/products/product-3.jpg\" alt=\"Avocado Farm\">\n                    </div>\n                </div>\n            </div>\n        </div>\n    </div>\n</div>\n','published','[\"main\\/products\\/product-details-desc-3.jpg\",\"main\\/products\\/product-19.jpg\",\"main\\/products\\/product-11.jpg\",\"main\\/products\\/product-details-desc-1.jpg\",\"main\\/products\\/product-16.jpg\",\"main\\/products\\/product-8.jpg\"]','[[{\"key\":\"file\",\"value\":\"main\\/video\\/video-1.mp4\"},{\"key\":\"url\",\"value\":null},{\"key\":\"thumbnail\",\"value\":\"main\\/video\\/1.jpg\"}]]','FJ-101',0,17,0,1,'in_stock',1,1,0,0,2272,1082,NULL,NULL,13,17,11,742,NULL,101129,'2025-03-31 21:08:22','2025-03-31 21:08:23',5,0,'Botble\\ACL\\Models\\User',0,NULL,'physical',NULL,NULL,0,0,0,0,2),(16,'Extra Virgin Olive Oil (Digital)','Sweet and juicy organic strawberries for a delightful treat.','<div class=\"row justify-content-center\">\n    <div class=\"col-xl-10\">\n        <div class=\"tp-product-details-desc-item pb-105\">\n            <div class=\"row\">\n                <div class=\"col-lg-6\">\n                    <div class=\"pt-25\">\n                        <span>Organic Avocado</span>\n                        <h3 class=\"tp-product-details-desc-title\">Freshness You Can Taste</h3>\n                        <p>\n                            Indulge in the rich, creamy texture and vibrant flavor of our organic avocados. Sourced from sustainable farms, each avocado is handpicked to ensure peak ripeness and quality. Whether sliced on toast or mashed into guacamole, our avocados are the perfect addition to any meal.\n                        </p>\n                    </div>\n                    <div>\n                        <h3 class=\"tp-product-details-desc-title\">Nutrient-Rich Goodness</h3>\n                        <p>\n                            Packed with essential vitamins and minerals, our organic avocados are not only delicious but also incredibly nutritious. High in heart-healthy fats and fiber, they\'re an excellent choice for grocerytaining a balanced diet. Add them to salads, smoothies, or sandwiches for a nutritious boost.\n                        </p>\n                    </div>\n                </div>\n                <div class=\"col-lg-6\">\n                    <div class=\"tp-product-details-desc-thumb\">\n                        <img src=\"/storage/grocery/products/product-1.jpg\" alt=\"Organic Avocado\">\n                    </div>\n                </div>\n            </div>\n        </div>\n        <div class=\"tp-product-details-desc-item pb-75\">\n            <div class=\"row\">\n                <div class=\"col-lg-7\">\n                    <div class=\"tp-product-details-desc-thumb\">\n                        <img src=\"/storage/grocery/products/product-2.jpg\" alt=\"Sliced Avocado\">\n                    </div>\n                </div>\n\n                <div class=\"col-lg-5 order-first order-lg-last\">\n                    <div class=\"des-content-2 pl-40\">\n                        <h3 class=\"tp-product-details-desc-title\">\n                            Convenient Packaging\n                        </h3>\n                        <p>\n                            Our organic avocados come carefully packaged to preserve their freshness. Each avocado is nestled in eco-friendly padding to prevent bruising during transit. Rest assured that when you open your package, you\'ll find perfectly ripe avocados ready to enjoy.\n                        </p>\n                    </div>\n                </div>\n            </div>\n        </div>\n        <div class=\"tp-product-details-desc-item\">\n            <div class=\"row\">\n                <div class=\"col-xl-12\">\n                    <div class=\"tp-product-details-desc-banner text-center m-img\">\n                        <h3 class=\"tp-product-details-desc-banner-title tp-product-details-desc-title\">Grown with Care</h3>\n                        <img src=\"/storage/grocery/products/product-3.jpg\" alt=\"Avocado Farm\">\n                    </div>\n                </div>\n            </div>\n        </div>\n    </div>\n</div>\n','published','[\"main\\/products\\/product-1.jpg\",\"main\\/products\\/product-14.jpg\",\"main\\/products\\/product-9.jpg\",\"main\\/products\\/product-3.jpg\"]','[[{\"key\":\"file\",\"value\":\"main\\/video\\/video-1.mp4\"},{\"key\":\"url\",\"value\":null},{\"key\":\"thumbnail\",\"value\":\"main\\/video\\/1.jpg\"}]]','9S-115',0,10,0,1,'in_stock',1,5,0,0,2240,342,NULL,NULL,16,12,10,881,NULL,86590,'2025-03-31 21:08:22','2025-03-31 21:08:23',3,0,'Botble\\ACL\\Models\\User',0,NULL,'digital',NULL,NULL,0,0,0,0,2),(17,'Cucumber','Cottage cheese, a protein-rich and versatile dairy product.','<div class=\"row justify-content-center\">\n    <div class=\"col-xl-10\">\n        <div class=\"tp-product-details-desc-item pb-105\">\n            <div class=\"row\">\n                <div class=\"col-lg-6\">\n                    <div class=\"pt-25\">\n                        <span>Organic Avocado</span>\n                        <h3 class=\"tp-product-details-desc-title\">Freshness You Can Taste</h3>\n                        <p>\n                            Indulge in the rich, creamy texture and vibrant flavor of our organic avocados. Sourced from sustainable farms, each avocado is handpicked to ensure peak ripeness and quality. Whether sliced on toast or mashed into guacamole, our avocados are the perfect addition to any meal.\n                        </p>\n                    </div>\n                    <div>\n                        <h3 class=\"tp-product-details-desc-title\">Nutrient-Rich Goodness</h3>\n                        <p>\n                            Packed with essential vitamins and minerals, our organic avocados are not only delicious but also incredibly nutritious. High in heart-healthy fats and fiber, they\'re an excellent choice for grocerytaining a balanced diet. Add them to salads, smoothies, or sandwiches for a nutritious boost.\n                        </p>\n                    </div>\n                </div>\n                <div class=\"col-lg-6\">\n                    <div class=\"tp-product-details-desc-thumb\">\n                        <img src=\"/storage/grocery/products/product-1.jpg\" alt=\"Organic Avocado\">\n                    </div>\n                </div>\n            </div>\n        </div>\n        <div class=\"tp-product-details-desc-item pb-75\">\n            <div class=\"row\">\n                <div class=\"col-lg-7\">\n                    <div class=\"tp-product-details-desc-thumb\">\n                        <img src=\"/storage/grocery/products/product-2.jpg\" alt=\"Sliced Avocado\">\n                    </div>\n                </div>\n\n                <div class=\"col-lg-5 order-first order-lg-last\">\n                    <div class=\"des-content-2 pl-40\">\n                        <h3 class=\"tp-product-details-desc-title\">\n                            Convenient Packaging\n                        </h3>\n                        <p>\n                            Our organic avocados come carefully packaged to preserve their freshness. Each avocado is nestled in eco-friendly padding to prevent bruising during transit. Rest assured that when you open your package, you\'ll find perfectly ripe avocados ready to enjoy.\n                        </p>\n                    </div>\n                </div>\n            </div>\n        </div>\n        <div class=\"tp-product-details-desc-item\">\n            <div class=\"row\">\n                <div class=\"col-xl-12\">\n                    <div class=\"tp-product-details-desc-banner text-center m-img\">\n                        <h3 class=\"tp-product-details-desc-banner-title tp-product-details-desc-title\">Grown with Care</h3>\n                        <img src=\"/storage/grocery/products/product-3.jpg\" alt=\"Avocado Farm\">\n                    </div>\n                </div>\n            </div>\n        </div>\n    </div>\n</div>\n','published','[\"main\\/products\\/product-20.jpg\",\"main\\/products\\/product-details-desc-2.jpg\",\"main\\/products\\/product-12.jpg\",\"main\\/products\\/product-15.jpg\",\"main\\/products\\/product-14.jpg\",\"main\\/products\\/product-17.jpg\",\"main\\/products\\/product-2.jpg\",\"main\\/products\\/product-16.jpg\"]','[[{\"key\":\"file\",\"value\":\"main\\/video\\/video-2.mp4\"},{\"key\":\"url\",\"value\":null},{\"key\":\"thumbnail\",\"value\":\"main\\/video\\/2.jpg\"}]]','8F-151-A1',0,13,0,1,'in_stock',0,5,0,0,1239,NULL,NULL,NULL,11,10,17,731,NULL,23598,'2025-03-31 21:08:22','2025-03-31 21:08:23',7,0,'Botble\\ACL\\Models\\User',0,NULL,'physical',NULL,NULL,0,0,0,0,2),(18,'Black Beans','Creamy almond butter for a tasty and nutritious spread.','<div class=\"row justify-content-center\">\n    <div class=\"col-xl-10\">\n        <div class=\"tp-product-details-desc-item pb-105\">\n            <div class=\"row\">\n                <div class=\"col-lg-6\">\n                    <div class=\"pt-25\">\n                        <span>Organic Avocado</span>\n                        <h3 class=\"tp-product-details-desc-title\">Freshness You Can Taste</h3>\n                        <p>\n                            Indulge in the rich, creamy texture and vibrant flavor of our organic avocados. Sourced from sustainable farms, each avocado is handpicked to ensure peak ripeness and quality. Whether sliced on toast or mashed into guacamole, our avocados are the perfect addition to any meal.\n                        </p>\n                    </div>\n                    <div>\n                        <h3 class=\"tp-product-details-desc-title\">Nutrient-Rich Goodness</h3>\n                        <p>\n                            Packed with essential vitamins and minerals, our organic avocados are not only delicious but also incredibly nutritious. High in heart-healthy fats and fiber, they\'re an excellent choice for grocerytaining a balanced diet. Add them to salads, smoothies, or sandwiches for a nutritious boost.\n                        </p>\n                    </div>\n                </div>\n                <div class=\"col-lg-6\">\n                    <div class=\"tp-product-details-desc-thumb\">\n                        <img src=\"/storage/grocery/products/product-1.jpg\" alt=\"Organic Avocado\">\n                    </div>\n                </div>\n            </div>\n        </div>\n        <div class=\"tp-product-details-desc-item pb-75\">\n            <div class=\"row\">\n                <div class=\"col-lg-7\">\n                    <div class=\"tp-product-details-desc-thumb\">\n                        <img src=\"/storage/grocery/products/product-2.jpg\" alt=\"Sliced Avocado\">\n                    </div>\n                </div>\n\n                <div class=\"col-lg-5 order-first order-lg-last\">\n                    <div class=\"des-content-2 pl-40\">\n                        <h3 class=\"tp-product-details-desc-title\">\n                            Convenient Packaging\n                        </h3>\n                        <p>\n                            Our organic avocados come carefully packaged to preserve their freshness. Each avocado is nestled in eco-friendly padding to prevent bruising during transit. Rest assured that when you open your package, you\'ll find perfectly ripe avocados ready to enjoy.\n                        </p>\n                    </div>\n                </div>\n            </div>\n        </div>\n        <div class=\"tp-product-details-desc-item\">\n            <div class=\"row\">\n                <div class=\"col-xl-12\">\n                    <div class=\"tp-product-details-desc-banner text-center m-img\">\n                        <h3 class=\"tp-product-details-desc-banner-title tp-product-details-desc-title\">Grown with Care</h3>\n                        <img src=\"/storage/grocery/products/product-3.jpg\" alt=\"Avocado Farm\">\n                    </div>\n                </div>\n            </div>\n        </div>\n    </div>\n</div>\n','published','[\"main\\/products\\/product-20.jpg\",\"main\\/products\\/product-details-desc-3.jpg\",\"main\\/products\\/product-12.jpg\"]','[]','RG-187',0,12,0,1,'in_stock',0,2,0,0,1073,946,NULL,NULL,16,16,18,846,NULL,123893,'2025-03-31 21:08:22','2025-03-31 21:08:23',8,0,'Botble\\ACL\\Models\\User',0,NULL,'physical',NULL,NULL,0,0,0,0,1),(19,'Chia Seeds','Cottage cheese, a protein-rich and versatile dairy product.','<div class=\"row justify-content-center\">\n    <div class=\"col-xl-10\">\n        <div class=\"tp-product-details-desc-item pb-105\">\n            <div class=\"row\">\n                <div class=\"col-lg-6\">\n                    <div class=\"pt-25\">\n                        <span>Organic Avocado</span>\n                        <h3 class=\"tp-product-details-desc-title\">Freshness You Can Taste</h3>\n                        <p>\n                            Indulge in the rich, creamy texture and vibrant flavor of our organic avocados. Sourced from sustainable farms, each avocado is handpicked to ensure peak ripeness and quality. Whether sliced on toast or mashed into guacamole, our avocados are the perfect addition to any meal.\n                        </p>\n                    </div>\n                    <div>\n                        <h3 class=\"tp-product-details-desc-title\">Nutrient-Rich Goodness</h3>\n                        <p>\n                            Packed with essential vitamins and minerals, our organic avocados are not only delicious but also incredibly nutritious. High in heart-healthy fats and fiber, they\'re an excellent choice for grocerytaining a balanced diet. Add them to salads, smoothies, or sandwiches for a nutritious boost.\n                        </p>\n                    </div>\n                </div>\n                <div class=\"col-lg-6\">\n                    <div class=\"tp-product-details-desc-thumb\">\n                        <img src=\"/storage/grocery/products/product-1.jpg\" alt=\"Organic Avocado\">\n                    </div>\n                </div>\n            </div>\n        </div>\n        <div class=\"tp-product-details-desc-item pb-75\">\n            <div class=\"row\">\n                <div class=\"col-lg-7\">\n                    <div class=\"tp-product-details-desc-thumb\">\n                        <img src=\"/storage/grocery/products/product-2.jpg\" alt=\"Sliced Avocado\">\n                    </div>\n                </div>\n\n                <div class=\"col-lg-5 order-first order-lg-last\">\n                    <div class=\"des-content-2 pl-40\">\n                        <h3 class=\"tp-product-details-desc-title\">\n                            Convenient Packaging\n                        </h3>\n                        <p>\n                            Our organic avocados come carefully packaged to preserve their freshness. Each avocado is nestled in eco-friendly padding to prevent bruising during transit. Rest assured that when you open your package, you\'ll find perfectly ripe avocados ready to enjoy.\n                        </p>\n                    </div>\n                </div>\n            </div>\n        </div>\n        <div class=\"tp-product-details-desc-item\">\n            <div class=\"row\">\n                <div class=\"col-xl-12\">\n                    <div class=\"tp-product-details-desc-banner text-center m-img\">\n                        <h3 class=\"tp-product-details-desc-banner-title tp-product-details-desc-title\">Grown with Care</h3>\n                        <img src=\"/storage/grocery/products/product-3.jpg\" alt=\"Avocado Farm\">\n                    </div>\n                </div>\n            </div>\n        </div>\n    </div>\n</div>\n','published','[\"main\\/products\\/product-15.jpg\",\"main\\/products\\/product-18.jpg\",\"main\\/products\\/product-10.jpg\",\"main\\/products\\/product-details-desc-1.jpg\",\"main\\/products\\/product-9.jpg\",\"main\\/products\\/product-11.jpg\",\"main\\/products\\/product-details-desc-3.jpg\"]','[[{\"key\":\"file\",\"value\":null},{\"key\":\"url\",\"value\":\"https:\\/\\/www.youtube.com\\/watch?v=6JYIGclVQdw\"},{\"key\":\"thumbnail\",\"value\":\"main\\/video\\/2.jpg\"}]]','CU-160',0,15,0,1,'in_stock',1,2,0,0,1077,381,NULL,NULL,20,13,19,788,NULL,76250,'2025-03-31 21:08:22','2025-03-31 21:08:23',6,0,'Botble\\ACL\\Models\\User',0,NULL,'physical',NULL,NULL,0,0,0,0,2),(20,'Whole Wheat Pasta (Digital)','Quinoa flour, a gluten-free alternative for baking.','<div class=\"row justify-content-center\">\n    <div class=\"col-xl-10\">\n        <div class=\"tp-product-details-desc-item pb-105\">\n            <div class=\"row\">\n                <div class=\"col-lg-6\">\n                    <div class=\"pt-25\">\n                        <span>Organic Avocado</span>\n                        <h3 class=\"tp-product-details-desc-title\">Freshness You Can Taste</h3>\n                        <p>\n                            Indulge in the rich, creamy texture and vibrant flavor of our organic avocados. Sourced from sustainable farms, each avocado is handpicked to ensure peak ripeness and quality. Whether sliced on toast or mashed into guacamole, our avocados are the perfect addition to any meal.\n                        </p>\n                    </div>\n                    <div>\n                        <h3 class=\"tp-product-details-desc-title\">Nutrient-Rich Goodness</h3>\n                        <p>\n                            Packed with essential vitamins and minerals, our organic avocados are not only delicious but also incredibly nutritious. High in heart-healthy fats and fiber, they\'re an excellent choice for grocerytaining a balanced diet. Add them to salads, smoothies, or sandwiches for a nutritious boost.\n                        </p>\n                    </div>\n                </div>\n                <div class=\"col-lg-6\">\n                    <div class=\"tp-product-details-desc-thumb\">\n                        <img src=\"/storage/grocery/products/product-1.jpg\" alt=\"Organic Avocado\">\n                    </div>\n                </div>\n            </div>\n        </div>\n        <div class=\"tp-product-details-desc-item pb-75\">\n            <div class=\"row\">\n                <div class=\"col-lg-7\">\n                    <div class=\"tp-product-details-desc-thumb\">\n                        <img src=\"/storage/grocery/products/product-2.jpg\" alt=\"Sliced Avocado\">\n                    </div>\n                </div>\n\n                <div class=\"col-lg-5 order-first order-lg-last\">\n                    <div class=\"des-content-2 pl-40\">\n                        <h3 class=\"tp-product-details-desc-title\">\n                            Convenient Packaging\n                        </h3>\n                        <p>\n                            Our organic avocados come carefully packaged to preserve their freshness. Each avocado is nestled in eco-friendly padding to prevent bruising during transit. Rest assured that when you open your package, you\'ll find perfectly ripe avocados ready to enjoy.\n                        </p>\n                    </div>\n                </div>\n            </div>\n        </div>\n        <div class=\"tp-product-details-desc-item\">\n            <div class=\"row\">\n                <div class=\"col-xl-12\">\n                    <div class=\"tp-product-details-desc-banner text-center m-img\">\n                        <h3 class=\"tp-product-details-desc-banner-title tp-product-details-desc-title\">Grown with Care</h3>\n                        <img src=\"/storage/grocery/products/product-3.jpg\" alt=\"Avocado Farm\">\n                    </div>\n                </div>\n            </div>\n        </div>\n    </div>\n</div>\n','published','[\"main\\/products\\/product-details-desc-3.jpg\",\"main\\/products\\/product-16.jpg\",\"main\\/products\\/product-8.jpg\"]','[]','VX-189',0,16,0,1,'in_stock',0,2,0,0,444,160,NULL,NULL,15,15,14,541,NULL,195581,'2025-03-31 21:08:22','2025-03-31 21:08:23',3,0,'Botble\\ACL\\Models\\User',0,NULL,'digital',NULL,NULL,0,0,0,0,2),(21,'Mixed Nuts','Sweet and juicy organic strawberries for a delightful treat.','<div class=\"row justify-content-center\">\n    <div class=\"col-xl-10\">\n        <div class=\"tp-product-details-desc-item pb-105\">\n            <div class=\"row\">\n                <div class=\"col-lg-6\">\n                    <div class=\"pt-25\">\n                        <span>Organic Avocado</span>\n                        <h3 class=\"tp-product-details-desc-title\">Freshness You Can Taste</h3>\n                        <p>\n                            Indulge in the rich, creamy texture and vibrant flavor of our organic avocados. Sourced from sustainable farms, each avocado is handpicked to ensure peak ripeness and quality. Whether sliced on toast or mashed into guacamole, our avocados are the perfect addition to any meal.\n                        </p>\n                    </div>\n                    <div>\n                        <h3 class=\"tp-product-details-desc-title\">Nutrient-Rich Goodness</h3>\n                        <p>\n                            Packed with essential vitamins and minerals, our organic avocados are not only delicious but also incredibly nutritious. High in heart-healthy fats and fiber, they\'re an excellent choice for grocerytaining a balanced diet. Add them to salads, smoothies, or sandwiches for a nutritious boost.\n                        </p>\n                    </div>\n                </div>\n                <div class=\"col-lg-6\">\n                    <div class=\"tp-product-details-desc-thumb\">\n                        <img src=\"/storage/grocery/products/product-1.jpg\" alt=\"Organic Avocado\">\n                    </div>\n                </div>\n            </div>\n        </div>\n        <div class=\"tp-product-details-desc-item pb-75\">\n            <div class=\"row\">\n                <div class=\"col-lg-7\">\n                    <div class=\"tp-product-details-desc-thumb\">\n                        <img src=\"/storage/grocery/products/product-2.jpg\" alt=\"Sliced Avocado\">\n                    </div>\n                </div>\n\n                <div class=\"col-lg-5 order-first order-lg-last\">\n                    <div class=\"des-content-2 pl-40\">\n                        <h3 class=\"tp-product-details-desc-title\">\n                            Convenient Packaging\n                        </h3>\n                        <p>\n                            Our organic avocados come carefully packaged to preserve their freshness. Each avocado is nestled in eco-friendly padding to prevent bruising during transit. Rest assured that when you open your package, you\'ll find perfectly ripe avocados ready to enjoy.\n                        </p>\n                    </div>\n                </div>\n            </div>\n        </div>\n        <div class=\"tp-product-details-desc-item\">\n            <div class=\"row\">\n                <div class=\"col-xl-12\">\n                    <div class=\"tp-product-details-desc-banner text-center m-img\">\n                        <h3 class=\"tp-product-details-desc-banner-title tp-product-details-desc-title\">Grown with Care</h3>\n                        <img src=\"/storage/grocery/products/product-3.jpg\" alt=\"Avocado Farm\">\n                    </div>\n                </div>\n            </div>\n        </div>\n    </div>\n</div>\n','published','[\"main\\/products\\/product-1.jpg\",\"main\\/products\\/product-3.jpg\",\"main\\/products\\/product-details-desc-3.jpg\",\"main\\/products\\/product-17.jpg\"]','[[{\"key\":\"file\",\"value\":\"main\\/video\\/video-2.mp4\"},{\"key\":\"url\",\"value\":null},{\"key\":\"thumbnail\",\"value\":\"main\\/video\\/2.jpg\"}]]','FV-161',0,12,0,1,'in_stock',1,1,0,0,1448,1145,NULL,NULL,12,19,10,780,NULL,199961,'2025-03-31 21:08:23','2025-03-31 21:08:23',6,0,'Botble\\ACL\\Models\\User',0,NULL,'physical',NULL,NULL,0,0,0,0,2),(22,'Green Tea Bags','Creamy almond butter for a tasty and nutritious spread.','<div class=\"row justify-content-center\">\n    <div class=\"col-xl-10\">\n        <div class=\"tp-product-details-desc-item pb-105\">\n            <div class=\"row\">\n                <div class=\"col-lg-6\">\n                    <div class=\"pt-25\">\n                        <span>Organic Avocado</span>\n                        <h3 class=\"tp-product-details-desc-title\">Freshness You Can Taste</h3>\n                        <p>\n                            Indulge in the rich, creamy texture and vibrant flavor of our organic avocados. Sourced from sustainable farms, each avocado is handpicked to ensure peak ripeness and quality. Whether sliced on toast or mashed into guacamole, our avocados are the perfect addition to any meal.\n                        </p>\n                    </div>\n                    <div>\n                        <h3 class=\"tp-product-details-desc-title\">Nutrient-Rich Goodness</h3>\n                        <p>\n                            Packed with essential vitamins and minerals, our organic avocados are not only delicious but also incredibly nutritious. High in heart-healthy fats and fiber, they\'re an excellent choice for grocerytaining a balanced diet. Add them to salads, smoothies, or sandwiches for a nutritious boost.\n                        </p>\n                    </div>\n                </div>\n                <div class=\"col-lg-6\">\n                    <div class=\"tp-product-details-desc-thumb\">\n                        <img src=\"/storage/grocery/products/product-1.jpg\" alt=\"Organic Avocado\">\n                    </div>\n                </div>\n            </div>\n        </div>\n        <div class=\"tp-product-details-desc-item pb-75\">\n            <div class=\"row\">\n                <div class=\"col-lg-7\">\n                    <div class=\"tp-product-details-desc-thumb\">\n                        <img src=\"/storage/grocery/products/product-2.jpg\" alt=\"Sliced Avocado\">\n                    </div>\n                </div>\n\n                <div class=\"col-lg-5 order-first order-lg-last\">\n                    <div class=\"des-content-2 pl-40\">\n                        <h3 class=\"tp-product-details-desc-title\">\n                            Convenient Packaging\n                        </h3>\n                        <p>\n                            Our organic avocados come carefully packaged to preserve their freshness. Each avocado is nestled in eco-friendly padding to prevent bruising during transit. Rest assured that when you open your package, you\'ll find perfectly ripe avocados ready to enjoy.\n                        </p>\n                    </div>\n                </div>\n            </div>\n        </div>\n        <div class=\"tp-product-details-desc-item\">\n            <div class=\"row\">\n                <div class=\"col-xl-12\">\n                    <div class=\"tp-product-details-desc-banner text-center m-img\">\n                        <h3 class=\"tp-product-details-desc-banner-title tp-product-details-desc-title\">Grown with Care</h3>\n                        <img src=\"/storage/grocery/products/product-3.jpg\" alt=\"Avocado Farm\">\n                    </div>\n                </div>\n            </div>\n        </div>\n    </div>\n</div>\n','published','[\"main\\/products\\/product-5.jpg\",\"main\\/products\\/product-2.jpg\",\"main\\/products\\/product-4.jpg\",\"main\\/products\\/product-details-desc-3.jpg\",\"main\\/products\\/product-18.jpg\",\"main\\/products\\/product-17.jpg\",\"main\\/products\\/product-19.jpg\",\"main\\/products\\/product-1.jpg\"]','[[{\"key\":\"file\",\"value\":null},{\"key\":\"url\",\"value\":\"https:\\/\\/www.youtube.com\\/watch?v=6JYIGclVQdw\"},{\"key\":\"thumbnail\",\"value\":\"main\\/video\\/1.jpg\"}]]','LQ-134-A1',0,17,0,1,'in_stock',0,4,0,0,1388,NULL,NULL,NULL,13,13,14,665,NULL,123351,'2025-03-31 21:08:23','2025-03-31 21:08:23',1,0,'Botble\\ACL\\Models\\User',0,NULL,'physical',NULL,NULL,0,0,0,0,1),(23,'Organic Strawberries','A mix of nuts for a tasty and energy-boosting trail mix.','<div class=\"row justify-content-center\">\n    <div class=\"col-xl-10\">\n        <div class=\"tp-product-details-desc-item pb-105\">\n            <div class=\"row\">\n                <div class=\"col-lg-6\">\n                    <div class=\"pt-25\">\n                        <span>Organic Avocado</span>\n                        <h3 class=\"tp-product-details-desc-title\">Freshness You Can Taste</h3>\n                        <p>\n                            Indulge in the rich, creamy texture and vibrant flavor of our organic avocados. Sourced from sustainable farms, each avocado is handpicked to ensure peak ripeness and quality. Whether sliced on toast or mashed into guacamole, our avocados are the perfect addition to any meal.\n                        </p>\n                    </div>\n                    <div>\n                        <h3 class=\"tp-product-details-desc-title\">Nutrient-Rich Goodness</h3>\n                        <p>\n                            Packed with essential vitamins and minerals, our organic avocados are not only delicious but also incredibly nutritious. High in heart-healthy fats and fiber, they\'re an excellent choice for grocerytaining a balanced diet. Add them to salads, smoothies, or sandwiches for a nutritious boost.\n                        </p>\n                    </div>\n                </div>\n                <div class=\"col-lg-6\">\n                    <div class=\"tp-product-details-desc-thumb\">\n                        <img src=\"/storage/grocery/products/product-1.jpg\" alt=\"Organic Avocado\">\n                    </div>\n                </div>\n            </div>\n        </div>\n        <div class=\"tp-product-details-desc-item pb-75\">\n            <div class=\"row\">\n                <div class=\"col-lg-7\">\n                    <div class=\"tp-product-details-desc-thumb\">\n                        <img src=\"/storage/grocery/products/product-2.jpg\" alt=\"Sliced Avocado\">\n                    </div>\n                </div>\n\n                <div class=\"col-lg-5 order-first order-lg-last\">\n                    <div class=\"des-content-2 pl-40\">\n                        <h3 class=\"tp-product-details-desc-title\">\n                            Convenient Packaging\n                        </h3>\n                        <p>\n                            Our organic avocados come carefully packaged to preserve their freshness. Each avocado is nestled in eco-friendly padding to prevent bruising during transit. Rest assured that when you open your package, you\'ll find perfectly ripe avocados ready to enjoy.\n                        </p>\n                    </div>\n                </div>\n            </div>\n        </div>\n        <div class=\"tp-product-details-desc-item\">\n            <div class=\"row\">\n                <div class=\"col-xl-12\">\n                    <div class=\"tp-product-details-desc-banner text-center m-img\">\n                        <h3 class=\"tp-product-details-desc-banner-title tp-product-details-desc-title\">Grown with Care</h3>\n                        <img src=\"/storage/grocery/products/product-3.jpg\" alt=\"Avocado Farm\">\n                    </div>\n                </div>\n            </div>\n        </div>\n    </div>\n</div>\n','published','[\"main\\/products\\/product-16.jpg\",\"main\\/products\\/product-6.jpg\",\"main\\/products\\/product-18.jpg\",\"main\\/products\\/product-details-desc-2.jpg\",\"main\\/products\\/product-12.jpg\",\"main\\/products\\/product-19.jpg\"]','[[{\"key\":\"file\",\"value\":\"main\\/video\\/video-1.mp4\"},{\"key\":\"url\",\"value\":null},{\"key\":\"thumbnail\",\"value\":\"main\\/video\\/1.jpg\"}]]','03-108',0,17,0,1,'in_stock',0,1,0,0,647,320,NULL,NULL,19,16,13,559,NULL,121108,'2025-03-31 21:08:23','2025-03-31 21:08:23',1,0,'Botble\\ACL\\Models\\User',0,NULL,'physical',NULL,NULL,0,0,0,0,2),(24,'Quinoa Flour (Digital)','Quinoa flour, a gluten-free alternative for baking.','<div class=\"row justify-content-center\">\n    <div class=\"col-xl-10\">\n        <div class=\"tp-product-details-desc-item pb-105\">\n            <div class=\"row\">\n                <div class=\"col-lg-6\">\n                    <div class=\"pt-25\">\n                        <span>Organic Avocado</span>\n                        <h3 class=\"tp-product-details-desc-title\">Freshness You Can Taste</h3>\n                        <p>\n                            Indulge in the rich, creamy texture and vibrant flavor of our organic avocados. Sourced from sustainable farms, each avocado is handpicked to ensure peak ripeness and quality. Whether sliced on toast or mashed into guacamole, our avocados are the perfect addition to any meal.\n                        </p>\n                    </div>\n                    <div>\n                        <h3 class=\"tp-product-details-desc-title\">Nutrient-Rich Goodness</h3>\n                        <p>\n                            Packed with essential vitamins and minerals, our organic avocados are not only delicious but also incredibly nutritious. High in heart-healthy fats and fiber, they\'re an excellent choice for grocerytaining a balanced diet. Add them to salads, smoothies, or sandwiches for a nutritious boost.\n                        </p>\n                    </div>\n                </div>\n                <div class=\"col-lg-6\">\n                    <div class=\"tp-product-details-desc-thumb\">\n                        <img src=\"/storage/grocery/products/product-1.jpg\" alt=\"Organic Avocado\">\n                    </div>\n                </div>\n            </div>\n        </div>\n        <div class=\"tp-product-details-desc-item pb-75\">\n            <div class=\"row\">\n                <div class=\"col-lg-7\">\n                    <div class=\"tp-product-details-desc-thumb\">\n                        <img src=\"/storage/grocery/products/product-2.jpg\" alt=\"Sliced Avocado\">\n                    </div>\n                </div>\n\n                <div class=\"col-lg-5 order-first order-lg-last\">\n                    <div class=\"des-content-2 pl-40\">\n                        <h3 class=\"tp-product-details-desc-title\">\n                            Convenient Packaging\n                        </h3>\n                        <p>\n                            Our organic avocados come carefully packaged to preserve their freshness. Each avocado is nestled in eco-friendly padding to prevent bruising during transit. Rest assured that when you open your package, you\'ll find perfectly ripe avocados ready to enjoy.\n                        </p>\n                    </div>\n                </div>\n            </div>\n        </div>\n        <div class=\"tp-product-details-desc-item\">\n            <div class=\"row\">\n                <div class=\"col-xl-12\">\n                    <div class=\"tp-product-details-desc-banner text-center m-img\">\n                        <h3 class=\"tp-product-details-desc-banner-title tp-product-details-desc-title\">Grown with Care</h3>\n                        <img src=\"/storage/grocery/products/product-3.jpg\" alt=\"Avocado Farm\">\n                    </div>\n                </div>\n            </div>\n        </div>\n    </div>\n</div>\n','published','[\"main\\/products\\/product-5.jpg\",\"main\\/products\\/product-details-desc-3.jpg\",\"main\\/products\\/product-16.jpg\",\"main\\/products\\/product-details-desc-1.jpg\",\"main\\/products\\/product-details-desc-2.jpg\",\"main\\/products\\/product-7.jpg\",\"main\\/products\\/product-19.jpg\",\"main\\/products\\/product-14.jpg\"]','[[{\"key\":\"file\",\"value\":null},{\"key\":\"url\",\"value\":\"https:\\/\\/www.youtube.com\\/watch?v=6JYIGclVQdw\"},{\"key\":\"thumbnail\",\"value\":\"main\\/video\\/1.jpg\"}]]','TH-167-A1',0,18,0,1,'in_stock',1,2,0,0,422,299.62,NULL,NULL,19,18,19,532,NULL,60083,'2025-03-31 21:08:23','2025-03-31 21:08:23',1,0,'Botble\\ACL\\Models\\User',0,NULL,'digital',NULL,NULL,0,0,0,0,2),(25,'Organic Baby Kale','Cottage cheese, a protein-rich and versatile dairy product.','<div class=\"row justify-content-center\">\n    <div class=\"col-xl-10\">\n        <div class=\"tp-product-details-desc-item pb-105\">\n            <div class=\"row\">\n                <div class=\"col-lg-6\">\n                    <div class=\"pt-25\">\n                        <span>Organic Avocado</span>\n                        <h3 class=\"tp-product-details-desc-title\">Freshness You Can Taste</h3>\n                        <p>\n                            Indulge in the rich, creamy texture and vibrant flavor of our organic avocados. Sourced from sustainable farms, each avocado is handpicked to ensure peak ripeness and quality. Whether sliced on toast or mashed into guacamole, our avocados are the perfect addition to any meal.\n                        </p>\n                    </div>\n                    <div>\n                        <h3 class=\"tp-product-details-desc-title\">Nutrient-Rich Goodness</h3>\n                        <p>\n                            Packed with essential vitamins and minerals, our organic avocados are not only delicious but also incredibly nutritious. High in heart-healthy fats and fiber, they\'re an excellent choice for grocerytaining a balanced diet. Add them to salads, smoothies, or sandwiches for a nutritious boost.\n                        </p>\n                    </div>\n                </div>\n                <div class=\"col-lg-6\">\n                    <div class=\"tp-product-details-desc-thumb\">\n                        <img src=\"/storage/grocery/products/product-1.jpg\" alt=\"Organic Avocado\">\n                    </div>\n                </div>\n            </div>\n        </div>\n        <div class=\"tp-product-details-desc-item pb-75\">\n            <div class=\"row\">\n                <div class=\"col-lg-7\">\n                    <div class=\"tp-product-details-desc-thumb\">\n                        <img src=\"/storage/grocery/products/product-2.jpg\" alt=\"Sliced Avocado\">\n                    </div>\n                </div>\n\n                <div class=\"col-lg-5 order-first order-lg-last\">\n                    <div class=\"des-content-2 pl-40\">\n                        <h3 class=\"tp-product-details-desc-title\">\n                            Convenient Packaging\n                        </h3>\n                        <p>\n                            Our organic avocados come carefully packaged to preserve their freshness. Each avocado is nestled in eco-friendly padding to prevent bruising during transit. Rest assured that when you open your package, you\'ll find perfectly ripe avocados ready to enjoy.\n                        </p>\n                    </div>\n                </div>\n            </div>\n        </div>\n        <div class=\"tp-product-details-desc-item\">\n            <div class=\"row\">\n                <div class=\"col-xl-12\">\n                    <div class=\"tp-product-details-desc-banner text-center m-img\">\n                        <h3 class=\"tp-product-details-desc-banner-title tp-product-details-desc-title\">Grown with Care</h3>\n                        <img src=\"/storage/grocery/products/product-3.jpg\" alt=\"Avocado Farm\">\n                    </div>\n                </div>\n            </div>\n        </div>\n    </div>\n</div>\n','published','[\"main\\/products\\/product-3.jpg\",\"main\\/products\\/product-4.jpg\",\"main\\/products\\/product-2.jpg\",\"main\\/products\\/product-7.jpg\",\"main\\/products\\/product-18.jpg\",\"main\\/products\\/product-17.jpg\",\"main\\/products\\/product-12.jpg\"]','[[{\"key\":\"file\",\"value\":null},{\"key\":\"url\",\"value\":\"https:\\/\\/www.youtube.com\\/watch?v=6JYIGclVQdw\"},{\"key\":\"thumbnail\",\"value\":\"main\\/video\\/2.jpg\"}]]','WS-123',0,16,0,1,'in_stock',0,2,0,0,2118,165,NULL,NULL,18,13,15,851,NULL,51524,'2025-03-31 21:08:23','2025-03-31 21:08:23',4,0,'Botble\\ACL\\Models\\User',0,NULL,'physical',NULL,NULL,0,0,0,0,1),(26,'Salad Dressing','Whole wheat pasta, a healthier alternative with a nutty flavor.','<div class=\"row justify-content-center\">\n    <div class=\"col-xl-10\">\n        <div class=\"tp-product-details-desc-item pb-105\">\n            <div class=\"row\">\n                <div class=\"col-lg-6\">\n                    <div class=\"pt-25\">\n                        <span>Organic Avocado</span>\n                        <h3 class=\"tp-product-details-desc-title\">Freshness You Can Taste</h3>\n                        <p>\n                            Indulge in the rich, creamy texture and vibrant flavor of our organic avocados. Sourced from sustainable farms, each avocado is handpicked to ensure peak ripeness and quality. Whether sliced on toast or mashed into guacamole, our avocados are the perfect addition to any meal.\n                        </p>\n                    </div>\n                    <div>\n                        <h3 class=\"tp-product-details-desc-title\">Nutrient-Rich Goodness</h3>\n                        <p>\n                            Packed with essential vitamins and minerals, our organic avocados are not only delicious but also incredibly nutritious. High in heart-healthy fats and fiber, they\'re an excellent choice for grocerytaining a balanced diet. Add them to salads, smoothies, or sandwiches for a nutritious boost.\n                        </p>\n                    </div>\n                </div>\n                <div class=\"col-lg-6\">\n                    <div class=\"tp-product-details-desc-thumb\">\n                        <img src=\"/storage/grocery/products/product-1.jpg\" alt=\"Organic Avocado\">\n                    </div>\n                </div>\n            </div>\n        </div>\n        <div class=\"tp-product-details-desc-item pb-75\">\n            <div class=\"row\">\n                <div class=\"col-lg-7\">\n                    <div class=\"tp-product-details-desc-thumb\">\n                        <img src=\"/storage/grocery/products/product-2.jpg\" alt=\"Sliced Avocado\">\n                    </div>\n                </div>\n\n                <div class=\"col-lg-5 order-first order-lg-last\">\n                    <div class=\"des-content-2 pl-40\">\n                        <h3 class=\"tp-product-details-desc-title\">\n                            Convenient Packaging\n                        </h3>\n                        <p>\n                            Our organic avocados come carefully packaged to preserve their freshness. Each avocado is nestled in eco-friendly padding to prevent bruising during transit. Rest assured that when you open your package, you\'ll find perfectly ripe avocados ready to enjoy.\n                        </p>\n                    </div>\n                </div>\n            </div>\n        </div>\n        <div class=\"tp-product-details-desc-item\">\n            <div class=\"row\">\n                <div class=\"col-xl-12\">\n                    <div class=\"tp-product-details-desc-banner text-center m-img\">\n                        <h3 class=\"tp-product-details-desc-banner-title tp-product-details-desc-title\">Grown with Care</h3>\n                        <img src=\"/storage/grocery/products/product-3.jpg\" alt=\"Avocado Farm\">\n                    </div>\n                </div>\n            </div>\n        </div>\n    </div>\n</div>\n','published','[\"main\\/products\\/product-5.jpg\",\"main\\/products\\/product-17.jpg\",\"main\\/products\\/product-12.jpg\"]','[[{\"key\":\"file\",\"value\":\"main\\/video\\/video-1.mp4\"},{\"key\":\"url\",\"value\":null},{\"key\":\"thumbnail\",\"value\":\"main\\/video\\/1.jpg\"}]]','4G-195-A1',0,16,0,1,'in_stock',0,4,0,0,401,NULL,NULL,NULL,17,14,14,510,NULL,61834,'2025-03-31 21:08:23','2025-03-31 21:08:23',2,0,'Botble\\ACL\\Models\\User',0,NULL,'physical',NULL,NULL,0,0,0,0,2),(27,'Sweet Corn','Creamy almond butter for a tasty and nutritious spread.','<div class=\"row justify-content-center\">\n    <div class=\"col-xl-10\">\n        <div class=\"tp-product-details-desc-item pb-105\">\n            <div class=\"row\">\n                <div class=\"col-lg-6\">\n                    <div class=\"pt-25\">\n                        <span>Organic Avocado</span>\n                        <h3 class=\"tp-product-details-desc-title\">Freshness You Can Taste</h3>\n                        <p>\n                            Indulge in the rich, creamy texture and vibrant flavor of our organic avocados. Sourced from sustainable farms, each avocado is handpicked to ensure peak ripeness and quality. Whether sliced on toast or mashed into guacamole, our avocados are the perfect addition to any meal.\n                        </p>\n                    </div>\n                    <div>\n                        <h3 class=\"tp-product-details-desc-title\">Nutrient-Rich Goodness</h3>\n                        <p>\n                            Packed with essential vitamins and minerals, our organic avocados are not only delicious but also incredibly nutritious. High in heart-healthy fats and fiber, they\'re an excellent choice for grocerytaining a balanced diet. Add them to salads, smoothies, or sandwiches for a nutritious boost.\n                        </p>\n                    </div>\n                </div>\n                <div class=\"col-lg-6\">\n                    <div class=\"tp-product-details-desc-thumb\">\n                        <img src=\"/storage/grocery/products/product-1.jpg\" alt=\"Organic Avocado\">\n                    </div>\n                </div>\n            </div>\n        </div>\n        <div class=\"tp-product-details-desc-item pb-75\">\n            <div class=\"row\">\n                <div class=\"col-lg-7\">\n                    <div class=\"tp-product-details-desc-thumb\">\n                        <img src=\"/storage/grocery/products/product-2.jpg\" alt=\"Sliced Avocado\">\n                    </div>\n                </div>\n\n                <div class=\"col-lg-5 order-first order-lg-last\">\n                    <div class=\"des-content-2 pl-40\">\n                        <h3 class=\"tp-product-details-desc-title\">\n                            Convenient Packaging\n                        </h3>\n                        <p>\n                            Our organic avocados come carefully packaged to preserve their freshness. Each avocado is nestled in eco-friendly padding to prevent bruising during transit. Rest assured that when you open your package, you\'ll find perfectly ripe avocados ready to enjoy.\n                        </p>\n                    </div>\n                </div>\n            </div>\n        </div>\n        <div class=\"tp-product-details-desc-item\">\n            <div class=\"row\">\n                <div class=\"col-xl-12\">\n                    <div class=\"tp-product-details-desc-banner text-center m-img\">\n                        <h3 class=\"tp-product-details-desc-banner-title tp-product-details-desc-title\">Grown with Care</h3>\n                        <img src=\"/storage/grocery/products/product-3.jpg\" alt=\"Avocado Farm\">\n                    </div>\n                </div>\n            </div>\n        </div>\n    </div>\n</div>\n','published','[\"main\\/products\\/product-15.jpg\",\"main\\/products\\/product-14.jpg\",\"main\\/products\\/product-12.jpg\",\"main\\/products\\/product-18.jpg\"]','[[{\"key\":\"file\",\"value\":\"main\\/video\\/video-1.mp4\"},{\"key\":\"url\",\"value\":null},{\"key\":\"thumbnail\",\"value\":\"main\\/video\\/1.jpg\"}]]','RK-199',0,20,0,1,'in_stock',1,1,0,0,1492,831,NULL,NULL,12,14,19,829,NULL,134441,'2025-03-31 21:08:23','2025-03-31 21:08:23',1,0,'Botble\\ACL\\Models\\User',0,NULL,'physical',NULL,NULL,0,0,0,0,1),(28,'Almond Butter (Digital)','Quinoa flour, a gluten-free alternative for baking.','<div class=\"row justify-content-center\">\n    <div class=\"col-xl-10\">\n        <div class=\"tp-product-details-desc-item pb-105\">\n            <div class=\"row\">\n                <div class=\"col-lg-6\">\n                    <div class=\"pt-25\">\n                        <span>Organic Avocado</span>\n                        <h3 class=\"tp-product-details-desc-title\">Freshness You Can Taste</h3>\n                        <p>\n                            Indulge in the rich, creamy texture and vibrant flavor of our organic avocados. Sourced from sustainable farms, each avocado is handpicked to ensure peak ripeness and quality. Whether sliced on toast or mashed into guacamole, our avocados are the perfect addition to any meal.\n                        </p>\n                    </div>\n                    <div>\n                        <h3 class=\"tp-product-details-desc-title\">Nutrient-Rich Goodness</h3>\n                        <p>\n                            Packed with essential vitamins and minerals, our organic avocados are not only delicious but also incredibly nutritious. High in heart-healthy fats and fiber, they\'re an excellent choice for grocerytaining a balanced diet. Add them to salads, smoothies, or sandwiches for a nutritious boost.\n                        </p>\n                    </div>\n                </div>\n                <div class=\"col-lg-6\">\n                    <div class=\"tp-product-details-desc-thumb\">\n                        <img src=\"/storage/grocery/products/product-1.jpg\" alt=\"Organic Avocado\">\n                    </div>\n                </div>\n            </div>\n        </div>\n        <div class=\"tp-product-details-desc-item pb-75\">\n            <div class=\"row\">\n                <div class=\"col-lg-7\">\n                    <div class=\"tp-product-details-desc-thumb\">\n                        <img src=\"/storage/grocery/products/product-2.jpg\" alt=\"Sliced Avocado\">\n                    </div>\n                </div>\n\n                <div class=\"col-lg-5 order-first order-lg-last\">\n                    <div class=\"des-content-2 pl-40\">\n                        <h3 class=\"tp-product-details-desc-title\">\n                            Convenient Packaging\n                        </h3>\n                        <p>\n                            Our organic avocados come carefully packaged to preserve their freshness. Each avocado is nestled in eco-friendly padding to prevent bruising during transit. Rest assured that when you open your package, you\'ll find perfectly ripe avocados ready to enjoy.\n                        </p>\n                    </div>\n                </div>\n            </div>\n        </div>\n        <div class=\"tp-product-details-desc-item\">\n            <div class=\"row\">\n                <div class=\"col-xl-12\">\n                    <div class=\"tp-product-details-desc-banner text-center m-img\">\n                        <h3 class=\"tp-product-details-desc-banner-title tp-product-details-desc-title\">Grown with Care</h3>\n                        <img src=\"/storage/grocery/products/product-3.jpg\" alt=\"Avocado Farm\">\n                    </div>\n                </div>\n            </div>\n        </div>\n    </div>\n</div>\n','published','[\"main\\/products\\/product-8.jpg\",\"main\\/products\\/product-14.jpg\",\"main\\/products\\/product-3.jpg\",\"main\\/products\\/product-6.jpg\",\"main\\/products\\/product-details-desc-2.jpg\",\"main\\/products\\/product-1.jpg\",\"main\\/products\\/product-13.jpg\"]','[[{\"key\":\"file\",\"value\":null},{\"key\":\"url\",\"value\":\"https:\\/\\/www.youtube.com\\/watch?v=6JYIGclVQdw\"},{\"key\":\"thumbnail\",\"value\":\"main\\/video\\/1.jpg\"}]]','XT-132',0,13,0,1,'in_stock',1,1,0,0,671,36,NULL,NULL,15,17,12,893,NULL,27203,'2025-03-31 21:08:23','2025-03-31 21:08:23',4,0,'Botble\\ACL\\Models\\User',0,NULL,'digital',NULL,NULL,0,0,0,0,2),(29,'Whole Pineapple','Sweet and juicy organic strawberries for a delightful treat.','<div class=\"row justify-content-center\">\n    <div class=\"col-xl-10\">\n        <div class=\"tp-product-details-desc-item pb-105\">\n            <div class=\"row\">\n                <div class=\"col-lg-6\">\n                    <div class=\"pt-25\">\n                        <span>Organic Avocado</span>\n                        <h3 class=\"tp-product-details-desc-title\">Freshness You Can Taste</h3>\n                        <p>\n                            Indulge in the rich, creamy texture and vibrant flavor of our organic avocados. Sourced from sustainable farms, each avocado is handpicked to ensure peak ripeness and quality. Whether sliced on toast or mashed into guacamole, our avocados are the perfect addition to any meal.\n                        </p>\n                    </div>\n                    <div>\n                        <h3 class=\"tp-product-details-desc-title\">Nutrient-Rich Goodness</h3>\n                        <p>\n                            Packed with essential vitamins and minerals, our organic avocados are not only delicious but also incredibly nutritious. High in heart-healthy fats and fiber, they\'re an excellent choice for grocerytaining a balanced diet. Add them to salads, smoothies, or sandwiches for a nutritious boost.\n                        </p>\n                    </div>\n                </div>\n                <div class=\"col-lg-6\">\n                    <div class=\"tp-product-details-desc-thumb\">\n                        <img src=\"/storage/grocery/products/product-1.jpg\" alt=\"Organic Avocado\">\n                    </div>\n                </div>\n            </div>\n        </div>\n        <div class=\"tp-product-details-desc-item pb-75\">\n            <div class=\"row\">\n                <div class=\"col-lg-7\">\n                    <div class=\"tp-product-details-desc-thumb\">\n                        <img src=\"/storage/grocery/products/product-2.jpg\" alt=\"Sliced Avocado\">\n                    </div>\n                </div>\n\n                <div class=\"col-lg-5 order-first order-lg-last\">\n                    <div class=\"des-content-2 pl-40\">\n                        <h3 class=\"tp-product-details-desc-title\">\n                            Convenient Packaging\n                        </h3>\n                        <p>\n                            Our organic avocados come carefully packaged to preserve their freshness. Each avocado is nestled in eco-friendly padding to prevent bruising during transit. Rest assured that when you open your package, you\'ll find perfectly ripe avocados ready to enjoy.\n                        </p>\n                    </div>\n                </div>\n            </div>\n        </div>\n        <div class=\"tp-product-details-desc-item\">\n            <div class=\"row\">\n                <div class=\"col-xl-12\">\n                    <div class=\"tp-product-details-desc-banner text-center m-img\">\n                        <h3 class=\"tp-product-details-desc-banner-title tp-product-details-desc-title\">Grown with Care</h3>\n                        <img src=\"/storage/grocery/products/product-3.jpg\" alt=\"Avocado Farm\">\n                    </div>\n                </div>\n            </div>\n        </div>\n    </div>\n</div>\n','published','[\"main\\/products\\/product-20.jpg\",\"main\\/products\\/product-8.jpg\",\"main\\/products\\/product-13.jpg\",\"main\\/products\\/product-9.jpg\",\"main\\/products\\/product-14.jpg\",\"main\\/products\\/product-7.jpg\",\"main\\/products\\/product-details-desc-1.jpg\",\"main\\/products\\/product-details-desc-3.jpg\"]','[[{\"key\":\"file\",\"value\":\"main\\/video\\/video-1.mp4\"},{\"key\":\"url\",\"value\":null},{\"key\":\"thumbnail\",\"value\":\"main\\/video\\/1.jpg\"}]]','GC-113',0,19,0,1,'in_stock',1,2,0,0,1422,153,NULL,NULL,20,14,20,573,NULL,104145,'2025-03-31 21:08:23','2025-03-31 21:08:23',3,0,'Botble\\ACL\\Models\\User',0,NULL,'physical',NULL,NULL,0,0,0,0,1),(30,'Cottage Cheese','A mix of nuts for a tasty and energy-boosting trail mix.','<div class=\"row justify-content-center\">\n    <div class=\"col-xl-10\">\n        <div class=\"tp-product-details-desc-item pb-105\">\n            <div class=\"row\">\n                <div class=\"col-lg-6\">\n                    <div class=\"pt-25\">\n                        <span>Organic Avocado</span>\n                        <h3 class=\"tp-product-details-desc-title\">Freshness You Can Taste</h3>\n                        <p>\n                            Indulge in the rich, creamy texture and vibrant flavor of our organic avocados. Sourced from sustainable farms, each avocado is handpicked to ensure peak ripeness and quality. Whether sliced on toast or mashed into guacamole, our avocados are the perfect addition to any meal.\n                        </p>\n                    </div>\n                    <div>\n                        <h3 class=\"tp-product-details-desc-title\">Nutrient-Rich Goodness</h3>\n                        <p>\n                            Packed with essential vitamins and minerals, our organic avocados are not only delicious but also incredibly nutritious. High in heart-healthy fats and fiber, they\'re an excellent choice for grocerytaining a balanced diet. Add them to salads, smoothies, or sandwiches for a nutritious boost.\n                        </p>\n                    </div>\n                </div>\n                <div class=\"col-lg-6\">\n                    <div class=\"tp-product-details-desc-thumb\">\n                        <img src=\"/storage/grocery/products/product-1.jpg\" alt=\"Organic Avocado\">\n                    </div>\n                </div>\n            </div>\n        </div>\n        <div class=\"tp-product-details-desc-item pb-75\">\n            <div class=\"row\">\n                <div class=\"col-lg-7\">\n                    <div class=\"tp-product-details-desc-thumb\">\n                        <img src=\"/storage/grocery/products/product-2.jpg\" alt=\"Sliced Avocado\">\n                    </div>\n                </div>\n\n                <div class=\"col-lg-5 order-first order-lg-last\">\n                    <div class=\"des-content-2 pl-40\">\n                        <h3 class=\"tp-product-details-desc-title\">\n                            Convenient Packaging\n                        </h3>\n                        <p>\n                            Our organic avocados come carefully packaged to preserve their freshness. Each avocado is nestled in eco-friendly padding to prevent bruising during transit. Rest assured that when you open your package, you\'ll find perfectly ripe avocados ready to enjoy.\n                        </p>\n                    </div>\n                </div>\n            </div>\n        </div>\n        <div class=\"tp-product-details-desc-item\">\n            <div class=\"row\">\n                <div class=\"col-xl-12\">\n                    <div class=\"tp-product-details-desc-banner text-center m-img\">\n                        <h3 class=\"tp-product-details-desc-banner-title tp-product-details-desc-title\">Grown with Care</h3>\n                        <img src=\"/storage/grocery/products/product-3.jpg\" alt=\"Avocado Farm\">\n                    </div>\n                </div>\n            </div>\n        </div>\n    </div>\n</div>\n','published','[\"main\\/products\\/product-9.jpg\",\"main\\/products\\/product-1.jpg\",\"main\\/products\\/product-14.jpg\",\"main\\/products\\/product-6.jpg\",\"main\\/products\\/product-details-desc-3.jpg\",\"main\\/products\\/product-12.jpg\",\"main\\/products\\/product-20.jpg\",\"main\\/products\\/product-16.jpg\"]','[]','BF-186',0,16,0,1,'in_stock',1,3,0,0,310,155,NULL,NULL,17,13,20,654,NULL,119652,'2025-03-31 21:08:23','2025-03-31 21:08:23',1,0,'Botble\\ACL\\Models\\User',0,NULL,'physical',NULL,NULL,0,0,0,0,1),(31,'Organic Apples',NULL,NULL,'published','[\"main\\/products\\/product-1.jpg\"]',NULL,'3B-187-A1',0,16,0,1,'in_stock',0,5,1,0,1458,NULL,NULL,NULL,15,13,18,686,NULL,0,'2025-03-31 21:08:23','2025-03-31 21:08:23',NULL,0,'Botble\\ACL\\Models\\User',0,NULL,'physical',NULL,NULL,0,0,0,0,NULL),(32,'Organic Apples',NULL,NULL,'published','[\"main\\/products\\/product-8.jpg\"]',NULL,'3B-187-A1-A2',0,16,0,1,'in_stock',0,5,1,0,1458,NULL,NULL,NULL,15,13,18,686,NULL,0,'2025-03-31 21:08:23','2025-03-31 21:08:23',NULL,0,'Botble\\ACL\\Models\\User',0,NULL,'physical',NULL,NULL,0,0,0,0,NULL),(33,'Organic Apples',NULL,NULL,'published','[\"main\\/products\\/product-13.jpg\"]',NULL,'3B-187-A1-A3',0,16,0,1,'in_stock',0,5,1,0,1458,NULL,NULL,NULL,15,13,18,686,NULL,0,'2025-03-31 21:08:23','2025-03-31 21:08:23',NULL,0,'Botble\\ACL\\Models\\User',0,NULL,'physical',NULL,NULL,0,0,0,0,NULL),(34,'Organic Apples',NULL,NULL,'published','[\"main\\/products\\/product-19.jpg\"]',NULL,'3B-187-A1-A4',0,16,0,1,'in_stock',0,5,1,0,1458,NULL,NULL,NULL,15,13,18,686,NULL,0,'2025-03-31 21:08:23','2025-03-31 21:08:23',NULL,0,'Botble\\ACL\\Models\\User',0,NULL,'physical',NULL,NULL,0,0,0,0,NULL),(35,'Free-Range Eggs',NULL,NULL,'published','[\"main\\/products\\/product-9.jpg\"]',NULL,'TO-174-A1',0,12,0,1,'in_stock',0,3,1,0,798,NULL,NULL,NULL,17,13,10,598,NULL,0,'2025-03-31 21:08:23','2025-03-31 21:08:23',NULL,0,'Botble\\ACL\\Models\\User',0,NULL,'physical',NULL,NULL,0,0,0,0,NULL),(36,'Free-Range Eggs',NULL,NULL,'published','[\"main\\/products\\/product-18.jpg\"]',NULL,'TO-174-A1-A2',0,12,0,1,'in_stock',0,3,1,0,798,NULL,NULL,NULL,17,13,10,598,NULL,0,'2025-03-31 21:08:23','2025-03-31 21:08:23',NULL,0,'Botble\\ACL\\Models\\User',0,NULL,'physical',NULL,NULL,0,0,0,0,NULL),(37,'Organic Spinach',NULL,NULL,'published','[\"main\\/products\\/product-details-desc-2.jpg\"]',NULL,'60-121-A1',0,15,0,1,'in_stock',0,1,1,0,1707,NULL,NULL,NULL,10,12,18,838,NULL,0,'2025-03-31 21:08:23','2025-03-31 21:08:23',NULL,0,'Botble\\ACL\\Models\\User',0,NULL,'physical',NULL,NULL,0,0,0,0,NULL),(38,'Organic Spinach',NULL,NULL,'published','[\"main\\/products\\/product-19.jpg\"]',NULL,'60-121-A1-A2',0,15,0,1,'in_stock',0,1,1,0,1707,NULL,NULL,NULL,10,12,18,838,NULL,0,'2025-03-31 21:08:23','2025-03-31 21:08:23',NULL,0,'Botble\\ACL\\Models\\User',0,NULL,'physical',NULL,NULL,0,0,0,0,NULL),(39,'Quinoa (Digital)',NULL,NULL,'published','[\"main\\/products\\/product-17.jpg\"]',NULL,'JO-162-A1',0,10,0,1,'in_stock',0,2,1,0,944,755.2,NULL,NULL,16,20,16,555,NULL,0,'2025-03-31 21:08:23','2025-03-31 21:08:23',NULL,0,'Botble\\ACL\\Models\\User',0,NULL,'digital',NULL,NULL,0,0,0,0,NULL),(40,'Quinoa (Digital)',NULL,NULL,'published','[\"main\\/products\\/product-11.jpg\"]',NULL,'JO-162-A1-A2',0,10,0,1,'in_stock',0,2,1,0,944,679.68,NULL,NULL,16,20,16,555,NULL,0,'2025-03-31 21:08:23','2025-03-31 21:08:23',NULL,0,'Botble\\ACL\\Models\\User',0,NULL,'digital',NULL,NULL,0,0,0,0,NULL),(41,'Quinoa (Digital)',NULL,NULL,'published','[\"main\\/products\\/product-14.jpg\"]',NULL,'JO-162-A1-A3',0,10,0,1,'in_stock',0,2,1,0,944,736.32,NULL,NULL,16,20,16,555,NULL,0,'2025-03-31 21:08:23','2025-03-31 21:08:23',NULL,0,'Botble\\ACL\\Models\\User',0,NULL,'digital',NULL,NULL,0,0,0,0,NULL),(42,'Quinoa (Digital)',NULL,NULL,'published','[\"main\\/products\\/product-18.jpg\"]',NULL,'JO-162-A1-A4',0,10,0,1,'in_stock',0,2,1,0,944,726.88,NULL,NULL,16,20,16,555,NULL,0,'2025-03-31 21:08:23','2025-03-31 21:08:23',NULL,0,'Botble\\ACL\\Models\\User',0,NULL,'digital',NULL,NULL,0,0,0,0,NULL),(43,'Avocado',NULL,NULL,'published','[\"main\\/products\\/product-15.jpg\"]',NULL,'LF-127-A1',0,10,0,1,'in_stock',0,5,1,0,2090,NULL,NULL,NULL,11,19,18,518,NULL,0,'2025-03-31 21:08:23','2025-03-31 21:08:23',NULL,0,'Botble\\ACL\\Models\\User',0,NULL,'physical',NULL,NULL,0,0,0,0,NULL),(44,'Avocado',NULL,NULL,'published','[\"main\\/products\\/product-9.jpg\"]',NULL,'LF-127-A1-A2',0,10,0,1,'in_stock',0,5,1,0,2090,NULL,NULL,NULL,11,19,18,518,NULL,0,'2025-03-31 21:08:23','2025-03-31 21:08:23',NULL,0,'Botble\\ACL\\Models\\User',0,NULL,'physical',NULL,NULL,0,0,0,0,NULL),(45,'Avocado',NULL,NULL,'published','[\"main\\/products\\/product-details-desc-3.jpg\"]',NULL,'LF-127-A1-A3',0,10,0,1,'in_stock',0,5,1,0,2090,NULL,NULL,NULL,11,19,18,518,NULL,0,'2025-03-31 21:08:23','2025-03-31 21:08:23',NULL,0,'Botble\\ACL\\Models\\User',0,NULL,'physical',NULL,NULL,0,0,0,0,NULL),(46,'Organic Cherry Tomatoes (Digital)',NULL,NULL,'published','[\"main\\/products\\/product-3.jpg\"]',NULL,'HP-111-A1',0,17,0,1,'in_stock',0,3,1,0,621,521.64,NULL,NULL,10,16,15,861,NULL,0,'2025-03-31 21:08:23','2025-03-31 21:08:23',NULL,0,'Botble\\ACL\\Models\\User',0,NULL,'digital',NULL,NULL,0,0,0,0,NULL),(47,'Organic Cherry Tomatoes (Digital)',NULL,NULL,'published','[\"main\\/products\\/product-16.jpg\"]',NULL,'HP-111-A1-A2',0,17,0,1,'in_stock',0,3,1,0,621,453.33,NULL,NULL,10,16,15,861,NULL,0,'2025-03-31 21:08:23','2025-03-31 21:08:23',NULL,0,'Botble\\ACL\\Models\\User',0,NULL,'digital',NULL,NULL,0,0,0,0,NULL),(48,'Organic Cherry Tomatoes (Digital)',NULL,NULL,'published','[\"main\\/products\\/product-4.jpg\"]',NULL,'HP-111-A1-A3',0,17,0,1,'in_stock',0,3,1,0,621,509.22,NULL,NULL,10,16,15,861,NULL,0,'2025-03-31 21:08:23','2025-03-31 21:08:23',NULL,0,'Botble\\ACL\\Models\\User',0,NULL,'digital',NULL,NULL,0,0,0,0,NULL),(49,'Honeycrisp Apples',NULL,NULL,'published','[\"main\\/products\\/product-19.jpg\"]',NULL,'9Z-146-A1',0,14,0,1,'in_stock',0,3,1,0,710,NULL,NULL,NULL,10,20,13,713,NULL,0,'2025-03-31 21:08:23','2025-03-31 21:08:23',NULL,0,'Botble\\ACL\\Models\\User',0,NULL,'physical',NULL,NULL,0,0,0,0,NULL),(50,'Honeycrisp Apples',NULL,NULL,'published','[\"main\\/products\\/product-12.jpg\"]',NULL,'9Z-146-A1-A2',0,14,0,1,'in_stock',0,3,1,0,710,NULL,NULL,NULL,10,20,13,713,NULL,0,'2025-03-31 21:08:23','2025-03-31 21:08:23',NULL,0,'Botble\\ACL\\Models\\User',0,NULL,'physical',NULL,NULL,0,0,0,0,NULL),(51,'Honeycrisp Apples',NULL,NULL,'published','[\"main\\/products\\/product-18.jpg\"]',NULL,'9Z-146-A1-A3',0,14,0,1,'in_stock',0,3,1,0,710,NULL,NULL,NULL,10,20,13,713,NULL,0,'2025-03-31 21:08:23','2025-03-31 21:08:23',NULL,0,'Botble\\ACL\\Models\\User',0,NULL,'physical',NULL,NULL,0,0,0,0,NULL),(52,'Honeycrisp Apples',NULL,NULL,'published','[\"main\\/products\\/product-8.jpg\"]',NULL,'9Z-146-A1-A4',0,14,0,1,'in_stock',0,3,1,0,710,NULL,NULL,NULL,10,20,13,713,NULL,0,'2025-03-31 21:08:23','2025-03-31 21:08:23',NULL,0,'Botble\\ACL\\Models\\User',0,NULL,'physical',NULL,NULL,0,0,0,0,NULL),(53,'Brown Rice',NULL,NULL,'published','[\"main\\/products\\/product-14.jpg\"]',NULL,'WP-178-A1',0,11,0,1,'in_stock',0,1,1,0,1111,NULL,NULL,NULL,12,11,10,876,NULL,0,'2025-03-31 21:08:23','2025-03-31 21:08:23',NULL,0,'Botble\\ACL\\Models\\User',0,NULL,'physical',NULL,NULL,0,0,0,0,NULL),(54,'Brown Rice',NULL,NULL,'published','[\"main\\/products\\/product-3.jpg\"]',NULL,'WP-178-A1-A2',0,11,0,1,'in_stock',0,1,1,0,1111,NULL,NULL,NULL,12,11,10,876,NULL,0,'2025-03-31 21:08:23','2025-03-31 21:08:23',NULL,0,'Botble\\ACL\\Models\\User',0,NULL,'physical',NULL,NULL,0,0,0,0,NULL),(55,'Cucumber',NULL,NULL,'published','[\"main\\/products\\/product-details-desc-2.jpg\"]',NULL,'8F-151-A1',0,13,0,1,'in_stock',0,5,1,0,1239,NULL,NULL,NULL,11,10,17,731,NULL,0,'2025-03-31 21:08:23','2025-03-31 21:08:23',NULL,0,'Botble\\ACL\\Models\\User',0,NULL,'physical',NULL,NULL,0,0,0,0,NULL),(56,'Green Tea Bags',NULL,NULL,'published','[\"main\\/products\\/product-2.jpg\"]',NULL,'LQ-134-A1',0,17,0,1,'in_stock',0,4,1,0,1388,NULL,NULL,NULL,13,13,14,665,NULL,0,'2025-03-31 21:08:23','2025-03-31 21:08:23',NULL,0,'Botble\\ACL\\Models\\User',0,NULL,'physical',NULL,NULL,0,0,0,0,NULL),(57,'Green Tea Bags',NULL,NULL,'published','[\"main\\/products\\/product-4.jpg\"]',NULL,'LQ-134-A1-A2',0,17,0,1,'in_stock',0,4,1,0,1388,NULL,NULL,NULL,13,13,14,665,NULL,0,'2025-03-31 21:08:23','2025-03-31 21:08:23',NULL,0,'Botble\\ACL\\Models\\User',0,NULL,'physical',NULL,NULL,0,0,0,0,NULL),(58,'Green Tea Bags',NULL,NULL,'published','[\"main\\/products\\/product-details-desc-3.jpg\"]',NULL,'LQ-134-A1-A3',0,17,0,1,'in_stock',0,4,1,0,1388,NULL,NULL,NULL,13,13,14,665,NULL,0,'2025-03-31 21:08:23','2025-03-31 21:08:23',NULL,0,'Botble\\ACL\\Models\\User',0,NULL,'physical',NULL,NULL,0,0,0,0,NULL),(59,'Green Tea Bags',NULL,NULL,'published','[\"main\\/products\\/product-18.jpg\"]',NULL,'LQ-134-A1-A4',0,17,0,1,'in_stock',0,4,1,0,1388,NULL,NULL,NULL,13,13,14,665,NULL,0,'2025-03-31 21:08:23','2025-03-31 21:08:23',NULL,0,'Botble\\ACL\\Models\\User',0,NULL,'physical',NULL,NULL,0,0,0,0,NULL),(60,'Quinoa Flour (Digital)',NULL,NULL,'published','[\"main\\/products\\/product-details-desc-3.jpg\"]',NULL,'TH-167-A1',0,18,0,1,'in_stock',0,2,1,0,422,299.62,NULL,NULL,19,18,19,532,NULL,0,'2025-03-31 21:08:23','2025-03-31 21:08:23',NULL,0,'Botble\\ACL\\Models\\User',0,NULL,'digital',NULL,NULL,0,0,0,0,NULL),(61,'Quinoa Flour (Digital)',NULL,NULL,'published','[\"main\\/products\\/product-16.jpg\"]',NULL,'TH-167-A1-A2',0,18,0,1,'in_stock',0,2,1,0,422,379.8,NULL,NULL,19,18,19,532,NULL,0,'2025-03-31 21:08:23','2025-03-31 21:08:23',NULL,0,'Botble\\ACL\\Models\\User',0,NULL,'digital',NULL,NULL,0,0,0,0,NULL),(62,'Quinoa Flour (Digital)',NULL,NULL,'published','[\"main\\/products\\/product-details-desc-1.jpg\"]',NULL,'TH-167-A1-A3',0,18,0,1,'in_stock',0,2,1,0,422,303.84,NULL,NULL,19,18,19,532,NULL,0,'2025-03-31 21:08:23','2025-03-31 21:08:23',NULL,0,'Botble\\ACL\\Models\\User',0,NULL,'digital',NULL,NULL,0,0,0,0,NULL),(63,'Quinoa Flour (Digital)',NULL,NULL,'published','[\"main\\/products\\/product-details-desc-2.jpg\"]',NULL,'TH-167-A1-A4',0,18,0,1,'in_stock',0,2,1,0,422,375.58,NULL,NULL,19,18,19,532,NULL,0,'2025-03-31 21:08:23','2025-03-31 21:08:23',NULL,0,'Botble\\ACL\\Models\\User',0,NULL,'digital',NULL,NULL,0,0,0,0,NULL),(64,'Salad Dressing',NULL,NULL,'published','[\"main\\/products\\/product-17.jpg\"]',NULL,'4G-195-A1',0,16,0,1,'in_stock',0,4,1,0,401,NULL,NULL,NULL,17,14,14,510,NULL,0,'2025-03-31 21:08:23','2025-03-31 21:08:23',NULL,0,'Botble\\ACL\\Models\\User',0,NULL,'physical',NULL,NULL,0,0,0,0,NULL),(65,'Salad Dressing',NULL,NULL,'published','[\"main\\/products\\/product-12.jpg\"]',NULL,'4G-195-A1-A2',0,16,0,1,'in_stock',0,4,1,0,401,NULL,NULL,NULL,17,14,14,510,NULL,0,'2025-03-31 21:08:23','2025-03-31 21:08:23',NULL,0,'Botble\\ACL\\Models\\User',0,NULL,'physical',NULL,NULL,0,0,0,0,NULL);

--
